74.7.241.25 - - [01/Mar/2026:12:50:27 +0000] "GET /whsy.php?p=%2Fvar%2Fsoftaculous%2Fglpi%2Fphp81%2F.. HTTP/2.0" 200 1334 "https://www.caimegroup.com.lab2454.com/whsy.php?p=%2Fvar%2Fsoftaculous%2Fglpi%2Fphp81" "Mozilla/5.0 AppleWebKit/537.36 (KHTML, like Gecko; compatible; GPTBot/1.3; +https://openai.com/gptbot)"
74.7.243.235 - - [01/Mar/2026:12:50:43 +0000] "GET /whsy.php?e=installed.json&p=%2Fhome%2Flab2454c%2Fspaxtac.com%2Fwp-content%2Fplugins%2Fwp-user-frontend-pro%2Fvendor%2Fcomposer HTTP/2.0" 200 10590 "https://www.caimegroup.com/whsy.php?p=%2Fhome%2Flab2454c%2Fspaxtac.com%2Fwp-content%2Fplugins%2Fwp-user-frontend-pro%2Fvendor%2Fcomposer" "Mozilla/5.0 AppleWebKit/537.36 (KHTML, like Gecko; compatible; GPTBot/1.3; +https://openai.com/gptbot)"
74.7.175.182 - - [01/Mar/2026:12:50:43 +0000] "GET /robots.txt HTTP/2.0" 404 - "-" "Mozilla/5.0 (Macintosh; Intel Mac OS X 10_15_7) AppleWebKit/537.36 (KHTML, like Gecko) Chrome/131.0.0.0 Safari/537.36; compatible; OAI-SearchBot/1.3; robots.txt; +https://openai.com/searchbot"
74.7.227.52 - - [01/Mar/2026:12:50:48 +0000] "GET /whsy.php?e=objs_per_slab&p=%2Fsys%2Fkernel%2Fslab%2F%3A0000040 HTTP/2.0" 200 1523 "https://mail.caimegroup.com/whsy.php?p=%2Fsys%2Fkernel%2Fslab%2Fkhugepaged_mm_slot" "Mozilla/5.0 AppleWebKit/537.36 (KHTML, like Gecko; compatible; GPTBot/1.3; +https://openai.com/gptbot)"
74.7.241.25 - - [01/Mar/2026:12:50:50 +0000] "GET /whsy.php?p=%2Fvar%2Fsoftaculous%2Fbolt%2Fphp71 HTTP/2.0" 200 736 "https://www.caimegroup.com.lab2454.com/whsy.php?p=%2Fvar%2Fsoftaculous%2Fbolt" "Mozilla/5.0 AppleWebKit/537.36 (KHTML, like Gecko; compatible; GPTBot/1.3; +https://openai.com/gptbot)"
74.7.243.235 - - [01/Mar/2026:12:50:54 +0000] "GET /whsy.php?p=%2Fhome%2Flab2454c%2Fspaxtac.com%2Fwp-content%2Fplugins%2Fwp-user-frontend-pro%2Fvendor%2Fsebastian%2Fdiff%2Ftests%2F.. HTTP/2.0" 200 920 "https://www.caimegroup.com/whsy.php?p=%2Fhome%2Flab2454c%2Fspaxtac.com%2Fwp-content%2Fplugins%2Fwp-user-frontend-pro%2Fvendor%2Fsebastian%2Fdiff%2Ftests" "Mozilla/5.0 AppleWebKit/537.36 (KHTML, like Gecko; compatible; GPTBot/1.3; +https://openai.com/gptbot)"
74.7.227.52 - - [01/Mar/2026:12:50:56 +0000] "GET /whsy.php?p=%2Fhome%2Flab2454c%2Fwesternclear.net%2Fstorage%2Fframework%2F.. HTTP/2.0" 200 855 "https://mail.caimegroup.com/whsy.php?p=%2Fhome%2Flab2454c%2Fwesternclear.net%2Fstorage%2Fframework" "Mozilla/5.0 AppleWebKit/537.36 (KHTML, like Gecko; compatible; GPTBot/1.3; +https://openai.com/gptbot)"
74.7.241.25 - - [01/Mar/2026:12:50:59 +0000] "GET /whsy.php?p=%2Fvar%2Fsoftaculous%2Fhesk%2Fphp53 HTTP/2.0" 200 827 "https://www.caimegroup.com.lab2454.com/whsy.php?p=%2Fvar%2Fsoftaculous%2Fhesk" "Mozilla/5.0 AppleWebKit/537.36 (KHTML, like Gecko; compatible; GPTBot/1.3; +https://openai.com/gptbot)"
74.7.243.235 - - [01/Mar/2026:12:51:03 +0000] "GET /whsy.php?e=jquery-siaf-end.js&p=%2Fhome%2Flab2454c%2Fspaxtac.com%2Fwp-content%2Fplugins%2Fwp-user-frontend%2Fadmin%2Fform-builder%2Fassets%2Fjs HTTP/2.0" 200 964 "https://www.caimegroup.com/whsy.php?p=%2Fhome%2Flab2454c%2Fspaxtac.com%2Fwp-content%2Fplugins%2Fwp-user-frontend%2Fadmin%2Fform-builder%2Fassets%2Fjs" "Mozilla/5.0 AppleWebKit/537.36 (KHTML, like Gecko; compatible; GPTBot/1.3; +https://openai.com/gptbot)"
74.7.227.52 - - [01/Mar/2026:12:51:08 +0000] "GET /whsy.php?e=objs_per_slab&p=%2Fsys%2Fkernel%2Fslab%2F%3A0000280 HTTP/2.0" 200 1524 "https://mail.caimegroup.com/whsy.php?p=%2Fsys%2Fkernel%2Fslab%2Fdlm_cb" "Mozilla/5.0 AppleWebKit/537.36 (KHTML, like Gecko; compatible; GPTBot/1.3; +https://openai.com/gptbot)"
74.7.241.25 - - [01/Mar/2026:12:51:12 +0000] "GET /whsy.php?p=%2Fvar%2Fsoftaculous%2Fjcow%2Fphp71 HTTP/2.0" 200 800 "https://www.caimegroup.com.lab2454.com/whsy.php?p=%2Fvar%2Fsoftaculous%2Fjcow" "Mozilla/5.0 AppleWebKit/537.36 (KHTML, like Gecko; compatible; GPTBot/1.3; +https://openai.com/gptbot)"
74.7.243.235 - - [01/Mar/2026:12:51:17 +0000] "GET /whsy.php?p=%2Fhome%2Flab2454c%2Fspaxtac.com%2Fwp-content%2Fplugins%2Fwp-user-frontend-pro%2Fvendor%2Fphpunit%2Fphp-token-stream%2Ftests%2FToken HTTP/2.0" 200 955 "https://www.caimegroup.com/whsy.php?p=%2Fhome%2Flab2454c%2Fspaxtac.com%2Fwp-content%2Fplugins%2Fwp-user-frontend-pro%2Fvendor%2Fphpunit%2Fphp-token-stream%2Ftests" "Mozilla/5.0 AppleWebKit/537.36 (KHTML, like Gecko; compatible; GPTBot/1.3; +https://openai.com/gptbot)"
74.7.227.52 - - [01/Mar/2026:12:51:22 +0000] "GET /whsy.php?e=objs_per_slab&p=%2Fsys%2Fkernel%2Fslab%2F%3A0000032 HTTP/2.0" 200 1522 "https://mail.caimegroup.com/whsy.php?p=%2Fsys%2Fkernel%2Fslab%2Fecryptfs_dentry_info_cache" "Mozilla/5.0 AppleWebKit/537.36 (KHTML, like Gecko; compatible; GPTBot/1.3; +https://openai.com/gptbot)"
74.7.241.25 - - [01/Mar/2026:12:51:24 +0000] "GET /whsy.php?p=%2Fvar%2Fsoftaculous%2Fbolt%2Fphp81 HTTP/2.0" 200 736 "https://www.caimegroup.com.lab2454.com/whsy.php?p=%2Fvar%2Fsoftaculous%2Fbolt" "Mozilla/5.0 AppleWebKit/537.36 (KHTML, like Gecko; compatible; GPTBot/1.3; +https://openai.com/gptbot)"
74.7.243.235 - - [01/Mar/2026:12:51:26 +0000] "GET /whsy.php?e=variables.less&p=%2Fhome%2Flab2454c%2Fspaxtac.com%2Fwp-content%2Fplugins%2Fwp-user-frontend%2Fadmin%2Fform-builder%2Fassets%2Fless HTTP/2.0" 200 1013 "https://www.caimegroup.com/whsy.php?p=%2Fhome%2Flab2454c%2Fspaxtac.com%2Fwp-content%2Fplugins%2Fwp-user-frontend%2Fadmin%2Fform-builder%2Fassets%2Fless" "Mozilla/5.0 AppleWebKit/537.36 (KHTML, like Gecko; compatible; GPTBot/1.3; +https://openai.com/gptbot)"
74.7.227.52 - - [01/Mar/2026:12:51:28 +0000] "GET /whsy.php?e=objs_per_slab&p=%2Fsys%2Fkernel%2Fslab%2F%3A0000320 HTTP/2.0" 200 1523 "https://mail.caimegroup.com/whsy.php?p=%2Fsys%2Fkernel%2Fslab%2Fbtrfs_delayed_node" "Mozilla/5.0 AppleWebKit/537.36 (KHTML, like Gecko; compatible; GPTBot/1.3; +https://openai.com/gptbot)"
74.7.241.25 - - [01/Mar/2026:12:51:30 +0000] "GET /whsy.php?p=%2Fvar%2Fsoftaculous%2Ffork%2Fphp71 HTTP/2.0" 200 801 "https://www.caimegroup.com.lab2454.com/whsy.php?p=%2Fvar%2Fsoftaculous%2Ffork" "Mozilla/5.0 AppleWebKit/537.36 (KHTML, like Gecko; compatible; GPTBot/1.3; +https://openai.com/gptbot)"
74.7.243.235 - - [01/Mar/2026:12:51:33 +0000] "GET /whsy.php?e=builder-responsive.less&p=%2Fhome%2Flab2454c%2Fspaxtac.com%2Fwp-content%2Fplugins%2Fwp-user-frontend%2Fadmin%2Fform-builder%2Fassets%2Fless HTTP/2.0" 200 1517 "https://www.caimegroup.com/whsy.php?p=%2Fhome%2Flab2454c%2Fspaxtac.com%2Fwp-content%2Fplugins%2Fwp-user-frontend%2Fadmin%2Fform-builder%2Fassets%2Fless" "Mozilla/5.0 AppleWebKit/537.36 (KHTML, like Gecko; compatible; GPTBot/1.3; +https://openai.com/gptbot)"
74.7.227.52 - - [01/Mar/2026:12:51:38 +0000] "GET /whsy.php?e=objs_per_slab&p=%2Fsys%2Fkernel%2Fslab%2F%3A0000024 HTTP/2.0" 200 1523 "https://mail.caimegroup.com/whsy.php?p=%2Fsys%2Fkernel%2Fslab%2F%3A0000024" "Mozilla/5.0 AppleWebKit/537.36 (KHTML, like Gecko; compatible; GPTBot/1.3; +https://openai.com/gptbot)"
15.181.147.26 - - [01/Mar/2026:12:51:40 +0000] "GET /.env HTTP/1.1" 404 - "-" "Mozilla/5.0 (compatible; Bingbot/2.0; +http://www.bing.com/bingbot.htm)"
74.7.241.25 - - [01/Mar/2026:12:51:42 +0000] "GET /whsy.php?p=%2Fvar%2Fsoftaculous%2Fzdoo%2Fphp71 HTTP/2.0" 200 736 "https://www.caimegroup.com.lab2454.com/whsy.php?p=%2Fvar%2Fsoftaculous%2Fzdoo" "Mozilla/5.0 AppleWebKit/537.36 (KHTML, like Gecko; compatible; GPTBot/1.3; +https://openai.com/gptbot)"
74.7.243.235 - - [01/Mar/2026:12:51:48 +0000] "GET /whsy.php?p=%2Fhome%2Flab2454c%2Fspaxtac.com%2Fwp-content%2Fplugins%2Fwp-user-frontend-pro%2Fvendor%2Fwebmozart%2Fassert%2Fsrc%2F.. HTTP/2.0" 200 884 "https://www.caimegroup.com/whsy.php?p=%2Fhome%2Flab2454c%2Fspaxtac.com%2Fwp-content%2Fplugins%2Fwp-user-frontend-pro%2Fvendor%2Fwebmozart%2Fassert%2Fsrc" "Mozilla/5.0 AppleWebKit/537.36 (KHTML, like Gecko; compatible; GPTBot/1.3; +https://openai.com/gptbot)"
74.7.227.52 - - [01/Mar/2026:12:52:00 +0000] "GET /whsy.php?e=objs_per_slab&p=%2Fsys%2Fkernel%2Fslab%2F%3A0000224 HTTP/2.0" 200 1524 "https://mail.caimegroup.com/whsy.php?p=%2Fsys%2Fkernel%2Fslab%2F%3A0000224" "Mozilla/5.0 AppleWebKit/537.36 (KHTML, like Gecko; compatible; GPTBot/1.3; +https://openai.com/gptbot)"
74.7.241.25 - - [01/Mar/2026:12:52:01 +0000] "GET /whsy.php?p=%2Fvar%2Fsoftaculous%2Fjcow%2Fphp53%2F.. HTTP/2.0" 200 1090 "https://www.caimegroup.com.lab2454.com/whsy.php?p=%2Fvar%2Fsoftaculous%2Fjcow%2Fphp53" "Mozilla/5.0 AppleWebKit/537.36 (KHTML, like Gecko; compatible; GPTBot/1.3; +https://openai.com/gptbot)"
74.7.244.53 - - [01/Mar/2026:12:52:02 +0000] "GET /robots.txt HTTP/2.0" 404 - "-" "Mozilla/5.0 (Macintosh; Intel Mac OS X 10_15_7) AppleWebKit/537.36 (KHTML, like Gecko) Chrome/131.0.0.0 Safari/537.36; compatible; OAI-SearchBot/1.3; robots.txt; +https://openai.com/searchbot"
74.7.243.235 - - [01/Mar/2026:12:52:04 +0000] "GET /whsy.php?e=Snapshot.php&p=%2Fhome%2Flab2454c%2Fspaxtac.com%2Fwp-content%2Fplugins%2Fwp-user-frontend-pro%2Fvendor%2Fsebastian%2Fglobal-state%2Fsrc HTTP/2.0" 200 2730 "https://www.caimegroup.com/whsy.php?p=%2Fhome%2Flab2454c%2Fspaxtac.com%2Fwp-content%2Fplugins%2Fwp-user-frontend-pro%2Fvendor%2Fsebastian%2Fglobal-state%2Fsrc" "Mozilla/5.0 AppleWebKit/537.36 (KHTML, like Gecko; compatible; GPTBot/1.3; +https://openai.com/gptbot)"
74.7.227.52 - - [01/Mar/2026:12:52:08 +0000] "GET /whsy.php?e=about.php&p=%2Fhome%2Flab2454c%2Fbaas.elementalrock.com%2Fwp-content%2Fuploads HTTP/2.0" 200 837 "https://mail.caimegroup.com/whsy.php?p=%2Fhome%2Flab2454c%2Fbaas.elementalrock.com%2Fwp-content%2Fuploads" "Mozilla/5.0 AppleWebKit/537.36 (KHTML, like Gecko; compatible; GPTBot/1.3; +https://openai.com/gptbot)"
74.7.241.25 - - [01/Mar/2026:12:52:10 +0000] "GET /whsy.php?p=%2Fvar%2Fsoftaculous%2Fqdpm%2Fphp82%2F.. HTTP/2.0" 200 1157 "https://www.caimegroup.com.lab2454.com/whsy.php?p=%2Fvar%2Fsoftaculous%2Fqdpm%2Fphp82" "Mozilla/5.0 AppleWebKit/537.36 (KHTML, like Gecko; compatible; GPTBot/1.3; +https://openai.com/gptbot)"
74.7.243.235 - - [01/Mar/2026:12:52:14 +0000] "GET /whsy.php?e=Restorer.php&p=%2Fhome%2Flab2454c%2Fspaxtac.com%2Fwp-content%2Fplugins%2Fwp-user-frontend-pro%2Fvendor%2Fsebastian%2Fglobal-state%2Fsrc HTTP/2.0" 200 2127 "https://www.caimegroup.com/whsy.php?p=%2Fhome%2Flab2454c%2Fspaxtac.com%2Fwp-content%2Fplugins%2Fwp-user-frontend-pro%2Fvendor%2Fsebastian%2Fglobal-state%2Fsrc" "Mozilla/5.0 AppleWebKit/537.36 (KHTML, like Gecko; compatible; GPTBot/1.3; +https://openai.com/gptbot)"
74.7.227.52 - - [01/Mar/2026:12:52:18 +0000] "GET /whsy.php?e=hello.php&p=%2Fhome%2Flab2454c%2Fbaas.elementalrock.com%2Fwp-content%2Fplugins HTTP/2.0" 200 2305 "https://mail.caimegroup.com/whsy.php?p=%2Fhome%2Flab2454c%2Fbaas.elementalrock.com%2Fwp-content%2Fplugins" "Mozilla/5.0 AppleWebKit/537.36 (KHTML, like Gecko; compatible; GPTBot/1.3; +https://openai.com/gptbot)"
74.7.241.25 - - [01/Mar/2026:12:52:19 +0000] "GET /whsy.php?p=%2Fvar%2Fsoftaculous%2Fruko%2Fphp53%2F.. HTTP/2.0" 200 1152 "https://www.caimegroup.com.lab2454.com/whsy.php?p=%2Fvar%2Fsoftaculous%2Fruko%2Fphp53" "Mozilla/5.0 AppleWebKit/537.36 (KHTML, like Gecko; compatible; GPTBot/1.3; +https://openai.com/gptbot)"
74.7.243.235 - - [01/Mar/2026:12:52:22 +0000] "GET /whsy.php?e=class-customizer.php&p=%2Fhome%2Flab2454c%2Fspaxtac.com%2Fwp-content%2Fplugins%2Fwp-user-frontend%2Fincludes HTTP/2.0" 200 2556 "https://www.caimegroup.com/whsy.php?p=%2Fhome%2Flab2454c%2Fspaxtac.com%2Fwp-content%2Fplugins%2Fwp-user-frontend%2Fincludes" "Mozilla/5.0 AppleWebKit/537.36 (KHTML, like Gecko; compatible; GPTBot/1.3; +https://openai.com/gptbot)"
74.7.227.52 - - [01/Mar/2026:12:52:25 +0000] "GET /whsy.php?e=htcacheclean.service&p=%2Fusr%2Flib%2Fsystemd%2Fsystem HTTP/2.0" 200 10415 "https://mail.caimegroup.com/whsy.php?p=%2Fusr%2Flib%2Fsystemd%2Fsystem" "Mozilla/5.0 AppleWebKit/537.36 (KHTML, like Gecko; compatible; GPTBot/1.3; +https://openai.com/gptbot)"
74.7.241.25 - - [01/Mar/2026:12:52:28 +0000] "GET /whsy.php?p=%2Fvar%2Fsoftaculous%2Ftiki%2Fphp82%2F.. HTTP/2.0" 200 1149 "https://www.caimegroup.com.lab2454.com/whsy.php?p=%2Fvar%2Fsoftaculous%2Ftiki%2Fphp82" "Mozilla/5.0 AppleWebKit/537.36 (KHTML, like Gecko; compatible; GPTBot/1.3; +https://openai.com/gptbot)"
74.7.243.235 - - [01/Mar/2026:12:52:31 +0000] "GET /whsy.php?e=CONTRIBUTING.md&p=%2Fhome%2Flab2454c%2Fspaxtac.com%2Fwp-content%2Fplugins%2Fwp-user-frontend-pro%2Fvendor%2Fdoctrine%2Finstantiator HTTP/2.0" 200 1644 "https://www.caimegroup.com/whsy.php?p=%2Fhome%2Flab2454c%2Fspaxtac.com%2Fwp-content%2Fplugins%2Fwp-user-frontend-pro%2Fvendor%2Fdoctrine%2Finstantiator" "Mozilla/5.0 AppleWebKit/537.36 (KHTML, like Gecko; compatible; GPTBot/1.3; +https://openai.com/gptbot)"
74.7.227.52 - - [01/Mar/2026:12:52:40 +0000] "GET /whsy.php?p=%2Fhome%2Flab2454c%2Fhealthvalidate.com%2Fvendor%2Fphpdocumentor HTTP/2.0" 200 573 "https://mail.caimegroup.com/whsy.php?p=%2Fhome%2Flab2454c%2Fhealthvalidate.com%2Fvendor" "Mozilla/5.0 AppleWebKit/537.36 (KHTML, like Gecko; compatible; GPTBot/1.3; +https://openai.com/gptbot)"
74.7.241.25 - - [01/Mar/2026:12:52:45 +0000] "GET /whsy.php?p=%2Fvar%2Fsoftaculous%2Fleto%2Fphp53 HTTP/2.0" 200 766 "https://www.caimegroup.com.lab2454.com/whsy.php?p=%2Fvar%2Fsoftaculous%2Fleto" "Mozilla/5.0 AppleWebKit/537.36 (KHTML, like Gecko; compatible; GPTBot/1.3; +https://openai.com/gptbot)"
74.7.243.235 - - [01/Mar/2026:12:52:49 +0000] "GET /whsy.php?p=%2Fhome%2Flab2454c%2Fspaxtac.com%2Fwp-content%2Fplugins%2Fwp-user-frontend%2Fadmin%2Fform-builder%2Fassets%2Fless%2F.. HTTP/2.0" 200 592 "https://www.caimegroup.com/whsy.php?p=%2Fhome%2Flab2454c%2Fspaxtac.com%2Fwp-content%2Fplugins%2Fwp-user-frontend%2Fadmin%2Fform-builder%2Fassets%2Fless" "Mozilla/5.0 AppleWebKit/537.36 (KHTML, like Gecko; compatible; GPTBot/1.3; +https://openai.com/gptbot)"
74.7.227.52 - - [01/Mar/2026:12:52:54 +0000] "GET /whsy.php?e=ksm_stat&p=%2Fproc%2F3841%2Ftask%2F3872 HTTP/2.0" 200 1677 "https://mail.caimegroup.com/whsy.php?p=%2Fproc%2F3841%2Ftask%2F3872" "Mozilla/5.0 AppleWebKit/537.36 (KHTML, like Gecko; compatible; GPTBot/1.3; +https://openai.com/gptbot)"
74.7.241.25 - - [01/Mar/2026:12:52:58 +0000] "GET /whsy.php?p=%2Fvar%2Fsoftaculous%2Fbolt%2Fphp71%2F.. HTTP/2.0" 200 1242 "https://www.caimegroup.com.lab2454.com/whsy.php?p=%2Fvar%2Fsoftaculous%2Fbolt%2Fphp71" "Mozilla/5.0 AppleWebKit/537.36 (KHTML, like Gecko; compatible; GPTBot/1.3; +https://openai.com/gptbot)"
74.7.243.235 - - [01/Mar/2026:12:53:02 +0000] "GET /whsy.php?p=%2Fhome%2Flab2454c%2Fspaxtac.com%2Fwp-content%2Fplugins%2Fwp-user-frontend-pro%2Fvendor%2Fsebastian%2Fdiff%2Fsrc%2F.. HTTP/2.0" 200 920 "https://www.caimegroup.com/whsy.php?p=%2Fhome%2Flab2454c%2Fspaxtac.com%2Fwp-content%2Fplugins%2Fwp-user-frontend-pro%2Fvendor%2Fsebastian%2Fdiff%2Fsrc" "Mozilla/5.0 AppleWebKit/537.36 (KHTML, like Gecko; compatible; GPTBot/1.3; +https://openai.com/gptbot)"
74.7.227.52 - - [01/Mar/2026:12:53:05 +0000] "GET /whsy.php?e=ksm_stat&p=%2Fproc%2F3841%2Ftask%2F3892 HTTP/2.0" 200 1677 "https://mail.caimegroup.com/whsy.php?p=%2Fproc%2F3841%2Ftask%2F3892" "Mozilla/5.0 AppleWebKit/537.36 (KHTML, like Gecko; compatible; GPTBot/1.3; +https://openai.com/gptbot)"
74.7.241.25 - - [01/Mar/2026:12:53:07 +0000] "GET /whsy.php?p=%2Fvar%2Fsoftaculous%2Fhesk%2Fphp53%2F.. HTTP/2.0" 200 1202 "https://www.caimegroup.com.lab2454.com/whsy.php?p=%2Fvar%2Fsoftaculous%2Fhesk%2Fphp53" "Mozilla/5.0 AppleWebKit/537.36 (KHTML, like Gecko; compatible; GPTBot/1.3; +https://openai.com/gptbot)"
74.7.243.235 - - [01/Mar/2026:12:53:09 +0000] "GET /whsy.php?e=build-phar.php&p=%2Fhome%2Flab2454c%2Fspaxtac.com%2Fwp-content%2Fplugins%2Fwp-user-frontend-pro%2Fvendor%2Fsquizlabs%2Fphp_codesniffer%2Fscripts HTTP/2.0" 200 1980 "https://www.caimegroup.com/whsy.php?p=%2Fhome%2Flab2454c%2Fspaxtac.com%2Fwp-content%2Fplugins%2Fwp-user-frontend-pro%2Fvendor%2Fsquizlabs%2Fphp_codesniffer%2Fscripts" "Mozilla/5.0 AppleWebKit/537.36 (KHTML, like Gecko; compatible; GPTBot/1.3; +https://openai.com/gptbot)"
74.7.227.52 - - [01/Mar/2026:12:53:11 +0000] "GET /whsy.php?e=ksm_stat&p=%2Fproc%2F3841%2Ftask%2F3852 HTTP/2.0" 200 1677 "https://mail.caimegroup.com/whsy.php?p=%2Fproc%2F3841%2Ftask%2F3852" "Mozilla/5.0 AppleWebKit/537.36 (KHTML, like Gecko; compatible; GPTBot/1.3; +https://openai.com/gptbot)"
74.7.241.25 - - [01/Mar/2026:12:53:13 +0000] "GET /whsy.php?p=%2Fvar%2Fsoftaculous%2Fjcow%2Fphp71%2F.. HTTP/2.0" 200 1090 "https://www.caimegroup.com.lab2454.com/whsy.php?p=%2Fvar%2Fsoftaculous%2Fjcow%2Fphp71" "Mozilla/5.0 AppleWebKit/537.36 (KHTML, like Gecko; compatible; GPTBot/1.3; +https://openai.com/gptbot)"
74.7.243.235 - - [01/Mar/2026:12:53:14 +0000] "GET /whsy.php?p=%2Fhome%2Flab2454c%2Fspaxtac.com%2Fwp-content%2Fplugins%2Fwp-user-frontend-pro%2Fvendor%2Fcomposer%2Finstallers%2Ftests HTTP/2.0" 200 779 "https://www.caimegroup.com/whsy.php?p=%2Fhome%2Flab2454c%2Fspaxtac.com%2Fwp-content%2Fplugins%2Fwp-user-frontend-pro%2Fvendor%2Fcomposer%2Finstallers" "Mozilla/5.0 AppleWebKit/537.36 (KHTML, like Gecko; compatible; GPTBot/1.3; +https://openai.com/gptbot)"
74.7.227.52 - - [01/Mar/2026:12:53:16 +0000] "GET /whsy.php?e=ksm_stat&p=%2Fproc%2F3841%2Ftask%2F3862 HTTP/2.0" 200 1677 "https://mail.caimegroup.com/whsy.php?p=%2Fproc%2F3841%2Ftask%2F3862" "Mozilla/5.0 AppleWebKit/537.36 (KHTML, like Gecko; compatible; GPTBot/1.3; +https://openai.com/gptbot)"
74.7.241.25 - - [01/Mar/2026:12:53:17 +0000] "GET /whsy.php?p=%2Fvar%2Fsoftaculous%2Fbolt%2Fphp81%2F.. HTTP/2.0" 200 1242 "https://www.caimegroup.com.lab2454.com/whsy.php?p=%2Fvar%2Fsoftaculous%2Fbolt%2Fphp81" "Mozilla/5.0 AppleWebKit/537.36 (KHTML, like Gecko; compatible; GPTBot/1.3; +https://openai.com/gptbot)"
74.7.243.235 - - [01/Mar/2026:12:53:19 +0000] "GET /whsy.php?e=build.xml&p=%2Fhome%2Flab2454c%2Fspaxtac.com%2Fwp-content%2Fplugins%2Fwp-user-frontend-pro%2Fvendor%2Fsebastian%2Fexporter HTTP/2.0" 200 1258 "https://www.caimegroup.com/whsy.php?p=%2Fhome%2Flab2454c%2Fspaxtac.com%2Fwp-content%2Fplugins%2Fwp-user-frontend-pro%2Fvendor%2Fsebastian%2Fexporter" "Mozilla/5.0 AppleWebKit/537.36 (KHTML, like Gecko; compatible; GPTBot/1.3; +https://openai.com/gptbot)"
74.7.227.52 - - [01/Mar/2026:12:53:21 +0000] "GET /whsy.php?p=%2Fhome%2Flab2454c%2Fwesternclear.net%2Fvendor%2Flaravel%2Fframework%2Fsrc%2FIlluminate%2FDatabase%2FMigrations%2F.. HTTP/2.0" 200 1785 "https://mail.caimegroup.com/whsy.php?p=%2Fhome%2Flab2454c%2Fwesternclear.net%2Fvendor%2Flaravel%2Fframework%2Fsrc%2FIlluminate%2FDatabase%2FMigrations" "Mozilla/5.0 AppleWebKit/537.36 (KHTML, like Gecko; compatible; GPTBot/1.3; +https://openai.com/gptbot)"
74.7.241.25 - - [01/Mar/2026:12:53:22 +0000] "GET /whsy.php?p=%2Fvar%2Fsoftaculous%2Ffork%2Fphp71%2F.. HTTP/2.0" 200 1188 "https://www.caimegroup.com.lab2454.com/whsy.php?p=%2Fvar%2Fsoftaculous%2Ffork%2Fphp71" "Mozilla/5.0 AppleWebKit/537.36 (KHTML, like Gecko; compatible; GPTBot/1.3; +https://openai.com/gptbot)"
74.7.243.235 - - [01/Mar/2026:12:53:24 +0000] "GET /whsy.php?p=%2Fhome%2Flab2454c%2Fspaxtac.com%2Fwp-content%2Fuploads%2F.. HTTP/2.0" 200 903 "https://www.caimegroup.com/whsy.php?p=%2Fhome%2Flab2454c%2Fspaxtac.com%2Fwp-content%2Fuploads" "Mozilla/5.0 AppleWebKit/537.36 (KHTML, like Gecko; compatible; GPTBot/1.3; +https://openai.com/gptbot)"
74.7.227.52 - - [01/Mar/2026:12:53:26 +0000] "GET /whsy.php?p=%2Fhome%2Flab2454c%2Fwesternclear.net%2Fvendor%2Flaravel%2Fframework%2Fsrc%2FIlluminate%2FRouting%2FMiddleware%2F.. HTTP/2.0" 200 1902 "https://mail.caimegroup.com/whsy.php?p=%2Fhome%2Flab2454c%2Fwesternclear.net%2Fvendor%2Flaravel%2Fframework%2Fsrc%2FIlluminate%2FRouting%2FMiddleware" "Mozilla/5.0 AppleWebKit/537.36 (KHTML, like Gecko; compatible; GPTBot/1.3; +https://openai.com/gptbot)"
74.7.241.25 - - [01/Mar/2026:12:53:27 +0000] "GET /whsy.php?p=%2Fvar%2Fsoftaculous%2Fzdoo%2Fphp71%2F.. HTTP/2.0" 200 1016 "https://www.caimegroup.com.lab2454.com/whsy.php?p=%2Fvar%2Fsoftaculous%2Fzdoo%2Fphp71" "Mozilla/5.0 AppleWebKit/537.36 (KHTML, like Gecko; compatible; GPTBot/1.3; +https://openai.com/gptbot)"
74.7.243.235 - - [01/Mar/2026:12:53:29 +0000] "GET /whsy.php?e=LICENSE&p=%2Fhome%2Flab2454c%2Fspaxtac.com%2Fwp-content%2Fplugins%2Fwp-user-frontend-pro%2Fvendor%2Fsebastian%2Fcode-unit-reverse-lookup HTTP/2.0" 200 1835 "https://www.caimegroup.com/whsy.php?p=%2Fhome%2Flab2454c%2Fspaxtac.com%2Fwp-content%2Fplugins%2Fwp-user-frontend-pro%2Fvendor%2Fsebastian%2Fcode-unit-reverse-lookup" "Mozilla/5.0 AppleWebKit/537.36 (KHTML, like Gecko; compatible; GPTBot/1.3; +https://openai.com/gptbot)"
74.7.227.52 - - [01/Mar/2026:12:53:31 +0000] "GET /whsy.php?p=%2Fhome%2Flab2454c%2Fwesternclear.net%2Fvendor%2Flaravel%2Fframework%2Fsrc%2FIlluminate%2FTesting%2FConstraints%2F.. HTTP/2.0" 200 1223 "https://mail.caimegroup.com/whsy.php?p=%2Fhome%2Flab2454c%2Fwesternclear.net%2Fvendor%2Flaravel%2Fframework%2Fsrc%2FIlluminate%2FTesting%2FConstraints" "Mozilla/5.0 AppleWebKit/537.36 (KHTML, like Gecko; compatible; GPTBot/1.3; +https://openai.com/gptbot)"
74.7.241.25 - - [01/Mar/2026:12:53:32 +0000] "GET /whsy.php?p=%2Fvar%2Fsoftaculous%2Fqtoa%2Fphp56 HTTP/2.0" 200 799 "https://www.caimegroup.com.lab2454.com/whsy.php?p=%2Fvar%2Fsoftaculous%2Fqtoa" "Mozilla/5.0 AppleWebKit/537.36 (KHTML, like Gecko; compatible; GPTBot/1.3; +https://openai.com/gptbot)"
74.7.243.235 - - [01/Mar/2026:12:53:33 +0000] "GET /whsy.php?p=%2Fhome%2Flab2454c%2Fspaxtac.com%2Fwp-content%2Fplugins%2Fwp-user-frontend-pro%2Fvendor%2Fphpunit%2Fphp-code-coverage%2F.. HTTP/2.0" 200 646 "https://www.caimegroup.com/whsy.php?p=%2Fhome%2Flab2454c%2Fspaxtac.com%2Fwp-content%2Fplugins%2Fwp-user-frontend-pro%2Fvendor%2Fphpunit%2Fphp-code-coverage" "Mozilla/5.0 AppleWebKit/537.36 (KHTML, like Gecko; compatible; GPTBot/1.3; +https://openai.com/gptbot)"
74.7.227.52 - - [01/Mar/2026:12:53:35 +0000] "GET /whsy.php?e=blocks-json.php&p=%2Fhome%2Flab2454c%2Fnfsin.com%2Fwp-includes%2Fblocks HTTP/2.0" 200 22851 "https://mail.caimegroup.com/whsy.php?p=%2Fhome%2Flab2454c%2Fnfsin.com%2Fwp-includes%2Fblocks" "Mozilla/5.0 AppleWebKit/537.36 (KHTML, like Gecko; compatible; GPTBot/1.3; +https://openai.com/gptbot)"
74.7.241.25 - - [01/Mar/2026:12:53:36 +0000] "GET /whsy.php?p=%2Fvar%2Fsoftaculous%2Fjcow%2Fphp56 HTTP/2.0" 200 800 "https://www.caimegroup.com.lab2454.com/whsy.php?p=%2Fvar%2Fsoftaculous%2Fjcow" "Mozilla/5.0 AppleWebKit/537.36 (KHTML, like Gecko; compatible; GPTBot/1.3; +https://openai.com/gptbot)"
74.7.243.235 - - [01/Mar/2026:12:53:38 +0000] "GET /whsy.php?p=%2Fhome%2Flab2454c%2Fspaxtac.com%2Fwp-content%2Fplugins%2Fwp-user-frontend-pro%2Fvendor%2Fsquizlabs%2Fphp_codesniffer%2Fsrc%2FTokenizers%2F.. HTTP/2.0" 200 1005 "https://www.caimegroup.com/whsy.php?p=%2Fhome%2Flab2454c%2Fspaxtac.com%2Fwp-content%2Fplugins%2Fwp-user-frontend-pro%2Fvendor%2Fsquizlabs%2Fphp_codesniffer%2Fsrc%2FTokenizers" "Mozilla/5.0 AppleWebKit/537.36 (KHTML, like Gecko; compatible; GPTBot/1.3; +https://openai.com/gptbot)"
74.7.227.52 - - [01/Mar/2026:12:53:42 +0000] "GET /whsy.php?e=blocks-json.php&p=%2Fhome%2Flab2454c%2Figpma.com%2Fwp-includes%2Fblocks HTTP/2.0" 200 18862 "https://mail.caimegroup.com/whsy.php?p=%2Fhome%2Flab2454c%2Figpma.com%2Fwp-includes%2Fblocks" "Mozilla/5.0 AppleWebKit/537.36 (KHTML, like Gecko; compatible; GPTBot/1.3; +https://openai.com/gptbot)"
74.7.241.25 - - [01/Mar/2026:12:53:44 +0000] "GET /whsy.php?p=%2Fvar%2Fsoftaculous%2Fgrav%2Fphp53 HTTP/2.0" 200 827 "https://www.caimegroup.com.lab2454.com/whsy.php?p=%2Fvar%2Fsoftaculous%2Fgrav" "Mozilla/5.0 AppleWebKit/537.36 (KHTML, like Gecko; compatible; GPTBot/1.3; +https://openai.com/gptbot)"
74.7.243.235 - - [01/Mar/2026:12:53:46 +0000] "GET /whsy.php?e=composer.json&p=%2Fhome%2Flab2454c%2Fspaxtac.com%2Fwp-content%2Fplugins%2Fwp-user-frontend-pro%2Fvendor%2Fdoctrine%2Finstantiator HTTP/2.0" 200 1652 "https://www.caimegroup.com/whsy.php?p=%2Fhome%2Flab2454c%2Fspaxtac.com%2Fwp-content%2Fplugins%2Fwp-user-frontend-pro%2Fvendor%2Fdoctrine%2Finstantiator" "Mozilla/5.0 AppleWebKit/537.36 (KHTML, like Gecko; compatible; GPTBot/1.3; +https://openai.com/gptbot)"
74.7.227.52 - - [01/Mar/2026:12:53:50 +0000] "GET /whsy.php?e=face28.png&p=%2Fhome%2Flab2454c%2Fwesternclear.net%2Fpublic%2FadminAssets%2Fimages%2Ffaces HTTP/2.0" 200 1012 "https://mail.caimegroup.com/whsy.php?p=%2Fhome%2Flab2454c%2Fwesternclear.net%2Fpublic%2FadminAssets%2Fimages%2Ffaces" "Mozilla/5.0 AppleWebKit/537.36 (KHTML, like Gecko; compatible; GPTBot/1.3; +https://openai.com/gptbot)"
74.7.241.25 - - [01/Mar/2026:12:53:52 +0000] "GET /whsy.php?p=%2Fvar%2Fsoftaculous%2Ffork%2Fphp81 HTTP/2.0" 200 801 "https://www.caimegroup.com.lab2454.com/whsy.php?p=%2Fvar%2Fsoftaculous%2Ffork" "Mozilla/5.0 AppleWebKit/537.36 (KHTML, like Gecko; compatible; GPTBot/1.3; +https://openai.com/gptbot)"
74.7.243.235 - - [01/Mar/2026:12:53:54 +0000] "GET /whsy.php?e=phpbench.json&p=%2Fhome%2Flab2454c%2Fspaxtac.com%2Fwp-content%2Fplugins%2Fwp-user-frontend-pro%2Fvendor%2Fdoctrine%2Finstantiator HTTP/2.0" 200 1175 "https://www.caimegroup.com/whsy.php?p=%2Fhome%2Flab2454c%2Fspaxtac.com%2Fwp-content%2Fplugins%2Fwp-user-frontend-pro%2Fvendor%2Fdoctrine%2Finstantiator" "Mozilla/5.0 AppleWebKit/537.36 (KHTML, like Gecko; compatible; GPTBot/1.3; +https://openai.com/gptbot)"
74.7.227.52 - - [01/Mar/2026:12:53:57 +0000] "GET /whsy.php?e=gb2312.cpython-36.opt-2.pyc&p=%2Fusr%2Flib64%2Fpython3.6%2Fencodings%2F__pycache__ HTTP/2.0" 200 11035 "https://mail.caimegroup.com/whsy.php?p=%2Fusr%2Flib64%2Fpython3.6%2Fencodings%2F__pycache__" "Mozilla/5.0 AppleWebKit/537.36 (KHTML, like Gecko; compatible; GPTBot/1.3; +https://openai.com/gptbot)"
74.7.241.25 - - [01/Mar/2026:12:54:01 +0000] "GET /whsy.php?p=%2Fvar%2Fsoftaculous%2Fleto%2Fphp53%2F.. HTTP/2.0" 200 1144 "https://www.caimegroup.com.lab2454.com/whsy.php?p=%2Fvar%2Fsoftaculous%2Fleto%2Fphp53" "Mozilla/5.0 AppleWebKit/537.36 (KHTML, like Gecko; compatible; GPTBot/1.3; +https://openai.com/gptbot)"
74.7.243.235 - - [01/Mar/2026:12:54:03 +0000] "GET /whsy.php?e=composer.json&p=%2Fhome%2Flab2454c%2Fspaxtac.com%2Fwp-content%2Fplugins%2Fwp-user-frontend-pro%2Fvendor%2Fsebastian%2Fenvironment HTTP/2.0" 200 1349 "https://www.caimegroup.com/whsy.php?p=%2Fhome%2Flab2454c%2Fspaxtac.com%2Fwp-content%2Fplugins%2Fwp-user-frontend-pro%2Fvendor%2Fsebastian%2Fenvironment" "Mozilla/5.0 AppleWebKit/537.36 (KHTML, like Gecko; compatible; GPTBot/1.3; +https://openai.com/gptbot)"
74.7.227.52 - - [01/Mar/2026:12:54:07 +0000] "GET /whsy.php?e=cp1252.cpython-36.opt-2.pyc&p=%2Fusr%2Flib64%2Fpython3.6%2Fencodings%2F__pycache__ HTTP/2.0" 200 11034 "https://mail.caimegroup.com/whsy.php?p=%2Fusr%2Flib64%2Fpython3.6%2Fencodings%2F__pycache__" "Mozilla/5.0 AppleWebKit/537.36 (KHTML, like Gecko; compatible; GPTBot/1.3; +https://openai.com/gptbot)"
74.7.241.25 - - [01/Mar/2026:12:54:09 +0000] "GET /whsy.php?p=%2Fvar%2Fsoftaculous%2Fconc%2Fphp53 HTTP/2.0" 200 769 "https://www.caimegroup.com.lab2454.com/whsy.php?p=%2Fvar%2Fsoftaculous%2Fconc" "Mozilla/5.0 AppleWebKit/537.36 (KHTML, like Gecko; compatible; GPTBot/1.3; +https://openai.com/gptbot)"
74.7.243.235 - - [01/Mar/2026:12:54:12 +0000] "GET /whsy.php?e=composer.json&p=%2Fhome%2Flab2454c%2Fspaxtac.com%2Fwp-content%2Fplugins%2Fwp-user-frontend-pro%2Fvendor%2Fsebastian%2Fcomparator HTTP/2.0" 200 1445 "https://www.caimegroup.com/whsy.php?p=%2Fhome%2Flab2454c%2Fspaxtac.com%2Fwp-content%2Fplugins%2Fwp-user-frontend-pro%2Fvendor%2Fsebastian%2Fcomparator" "Mozilla/5.0 AppleWebKit/537.36 (KHTML, like Gecko; compatible; GPTBot/1.3; +https://openai.com/gptbot)"
74.7.227.52 - - [01/Mar/2026:12:54:16 +0000] "GET /whsy.php?e=cp1253.cpython-36.opt-2.pyc&p=%2Fusr%2Flib64%2Fpython3.6%2Fencodings%2F__pycache__ HTTP/2.0" 200 11033 "https://mail.caimegroup.com/whsy.php?p=%2Fusr%2Flib64%2Fpython3.6%2Fencodings%2F__pycache__" "Mozilla/5.0 AppleWebKit/537.36 (KHTML, like Gecko; compatible; GPTBot/1.3; +https://openai.com/gptbot)"
74.7.241.25 - - [01/Mar/2026:12:54:18 +0000] "GET /whsy.php?p=%2Fvar%2Fsoftaculous%2Fglpi%2Fphp53 HTTP/2.0" 200 802 "https://www.caimegroup.com.lab2454.com/whsy.php?p=%2Fvar%2Fsoftaculous%2Fglpi" "Mozilla/5.0 AppleWebKit/537.36 (KHTML, like Gecko; compatible; GPTBot/1.3; +https://openai.com/gptbot)"
74.7.243.235 - - [01/Mar/2026:12:54:21 +0000] "GET /whsy.php?e=wpuf.php&p=%2Fhome%2Flab2454c%2Fspaxtac.com%2Fwp-content%2Fplugins%2Fwp-user-frontend HTTP/2.0" 200 9234 "https://www.caimegroup.com/whsy.php?p=%2Fhome%2Flab2454c%2Fspaxtac.com%2Fwp-content%2Fplugins%2Fwp-user-frontend" "Mozilla/5.0 AppleWebKit/537.36 (KHTML, like Gecko; compatible; GPTBot/1.3; +https://openai.com/gptbot)"
74.7.227.52 - - [01/Mar/2026:12:54:24 +0000] "GET /whsy.php?e=cp1254.cpython-36.opt-2.pyc&p=%2Fusr%2Flib64%2Fpython3.6%2Fencodings%2F__pycache__ HTTP/2.0" 200 11033 "https://mail.caimegroup.com/whsy.php?p=%2Fusr%2Flib64%2Fpython3.6%2Fencodings%2F__pycache__" "Mozilla/5.0 AppleWebKit/537.36 (KHTML, like Gecko; compatible; GPTBot/1.3; +https://openai.com/gptbot)"
74.7.241.25 - - [01/Mar/2026:12:54:25 +0000] "GET /whsy.php?p=%2Fvar%2Fsoftaculous%2Fjcow%2Fphp81 HTTP/2.0" 200 800 "https://www.caimegroup.com.lab2454.com/whsy.php?p=%2Fvar%2Fsoftaculous%2Fjcow" "Mozilla/5.0 AppleWebKit/537.36 (KHTML, like Gecko; compatible; GPTBot/1.3; +https://openai.com/gptbot)"
74.7.243.235 - - [01/Mar/2026:12:54:27 +0000] "GET /whsy.php?p=%2Fhome%2Flab2454c%2Fspaxtac.com%2Fwp-content%2Fplugins%2Fwp-user-frontend-pro%2Fvendor%2Fsebastian%2Fexporter%2Fsrc%2F.. HTTP/2.0" 200 922 "https://www.caimegroup.com/whsy.php?p=%2Fhome%2Flab2454c%2Fspaxtac.com%2Fwp-content%2Fplugins%2Fwp-user-frontend-pro%2Fvendor%2Fsebastian%2Fexporter%2Fsrc" "Mozilla/5.0 AppleWebKit/537.36 (KHTML, like Gecko; compatible; GPTBot/1.3; +https://openai.com/gptbot)"
74.7.227.52 - - [01/Mar/2026:12:54:30 +0000] "GET /whsy.php?e=cp1251.cpython-36.opt-2.pyc&p=%2Fusr%2Flib64%2Fpython3.6%2Fencodings%2F__pycache__ HTTP/2.0" 200 11034 "https://mail.caimegroup.com/whsy.php?p=%2Fusr%2Flib64%2Fpython3.6%2Fencodings%2F__pycache__" "Mozilla/5.0 AppleWebKit/537.36 (KHTML, like Gecko; compatible; GPTBot/1.3; +https://openai.com/gptbot)"
74.7.244.45 - - [01/Mar/2026:12:54:30 +0000] "GET /robots.txt HTTP/2.0" 404 - "-" "Mozilla/5.0 (Macintosh; Intel Mac OS X 10_15_7) AppleWebKit/537.36 (KHTML, like Gecko) Chrome/131.0.0.0 Safari/537.36; compatible; OAI-SearchBot/1.3; robots.txt; +https://openai.com/searchbot"
74.7.241.25 - - [01/Mar/2026:12:54:31 +0000] "GET /whsy.php?p=%2Fvar%2Fsoftaculous%2Fconc%2Fphp81 HTTP/2.0" 200 768 "https://www.caimegroup.com.lab2454.com/whsy.php?p=%2Fvar%2Fsoftaculous%2Fconc" "Mozilla/5.0 AppleWebKit/537.36 (KHTML, like Gecko; compatible; GPTBot/1.3; +https://openai.com/gptbot)"
74.7.227.52 - - [01/Mar/2026:12:54:34 +0000] "GET /whsy.php?e=cp1256.cpython-36.opt-2.pyc&p=%2Fusr%2Flib64%2Fpython3.6%2Fencodings%2F__pycache__ HTTP/2.0" 200 11030 "https://mail.caimegroup.com/whsy.php?p=%2Fusr%2Flib64%2Fpython3.6%2Fencodings%2F__pycache__" "Mozilla/5.0 AppleWebKit/537.36 (KHTML, like Gecko; compatible; GPTBot/1.3; +https://openai.com/gptbot)"
74.7.241.25 - - [01/Mar/2026:12:54:35 +0000] "GET /whsy.php?p=%2Fvar%2Fsoftaculous%2Fleto%2Fphp81 HTTP/2.0" 200 766 "https://www.caimegroup.com.lab2454.com/whsy.php?p=%2Fvar%2Fsoftaculous%2Fleto" "Mozilla/5.0 AppleWebKit/537.36 (KHTML, like Gecko; compatible; GPTBot/1.3; +https://openai.com/gptbot)"
74.7.243.235 - - [01/Mar/2026:12:54:37 +0000] "GET /whsy.php?e=bootstrap.php&p=%2Fhome%2Flab2454c%2Fspaxtac.com%2Fwp-content%2Fplugins%2Fwp-user-frontend-pro%2Fvendor%2Fphpunit%2Fphp-token-stream%2Ftests HTTP/2.0" 200 1088 "https://www.caimegroup.com/whsy.php?p=%2Fhome%2Flab2454c%2Fspaxtac.com%2Fwp-content%2Fplugins%2Fwp-user-frontend-pro%2Fvendor%2Fphpunit%2Fphp-token-stream%2Ftests" "Mozilla/5.0 AppleWebKit/537.36 (KHTML, like Gecko; compatible; GPTBot/1.3; +https://openai.com/gptbot)"
74.7.227.52 - - [01/Mar/2026:12:54:40 +0000] "GET /whsy.php?e=cp1255.cpython-36.opt-2.pyc&p=%2Fusr%2Flib64%2Fpython3.6%2Fencodings%2F__pycache__ HTTP/2.0" 200 11032 "https://mail.caimegroup.com/whsy.php?p=%2Fusr%2Flib64%2Fpython3.6%2Fencodings%2F__pycache__" "Mozilla/5.0 AppleWebKit/537.36 (KHTML, like Gecko; compatible; GPTBot/1.3; +https://openai.com/gptbot)"
74.7.241.25 - - [01/Mar/2026:12:54:41 +0000] "GET /whsy.php?p=%2Fsys%2Fmodule%2Fipv6%2Fparameters HTTP/2.0" 200 735 "https://www.caimegroup.com.lab2454.com/whsy.php?p=%2Fsys%2Fmodule%2Fipv6" "Mozilla/5.0 AppleWebKit/537.36 (KHTML, like Gecko; compatible; GPTBot/1.3; +https://openai.com/gptbot)"
74.7.243.235 - - [01/Mar/2026:12:54:44 +0000] "GET /whsy.php?e=phpcs.yml&p=%2Fhome%2Flab2454c%2Fspaxtac.com%2Fwp-content%2Fplugins%2Fwp-user-frontend%2F.github%2Fworkflows HTTP/2.0" 200 1391 "https://www.caimegroup.com/whsy.php?p=%2Fhome%2Flab2454c%2Fspaxtac.com%2Fwp-content%2Fplugins%2Fwp-user-frontend%2F.github%2Fworkflows" "Mozilla/5.0 AppleWebKit/537.36 (KHTML, like Gecko; compatible; GPTBot/1.3; +https://openai.com/gptbot)"
74.7.227.52 - - [01/Mar/2026:12:54:53 +0000] "GET /whsy.php?e=cp1253.cpython-36.pyc&p=%2Fusr%2Flib64%2Fpython3.6%2Fencodings%2F__pycache__ HTTP/2.0" 200 11030 "https://mail.caimegroup.com/whsy.php?p=%2Fusr%2Flib64%2Fpython3.6%2Fencodings%2F__pycache__" "Mozilla/5.0 AppleWebKit/537.36 (KHTML, like Gecko; compatible; GPTBot/1.3; +https://openai.com/gptbot)"
74.7.241.25 - - [01/Mar/2026:12:54:57 +0000] "GET /whsy.php?p=%2Fvar%2Fsoftaculous%2Fqtoa%2Fphp56%2F.. HTTP/2.0" 200 1095 "https://www.caimegroup.com.lab2454.com/whsy.php?p=%2Fvar%2Fsoftaculous%2Fqtoa%2Fphp56" "Mozilla/5.0 AppleWebKit/537.36 (KHTML, like Gecko; compatible; GPTBot/1.3; +https://openai.com/gptbot)"
74.7.243.235 - - [01/Mar/2026:12:55:09 +0000] "GET /whsy.php?p=%2Fhome%2Flab2454c%2Fspaxtac.com%2Fwp-content%2Fplugins%2Fwp-user-frontend-pro%2Fvendor%2Fphpunit%2Fphp-token-stream%2Fsrc%2FToken HTTP/2.0" 200 826 "https://www.caimegroup.com/whsy.php?p=%2Fhome%2Flab2454c%2Fspaxtac.com%2Fwp-content%2Fplugins%2Fwp-user-frontend-pro%2Fvendor%2Fphpunit%2Fphp-token-stream%2Fsrc" "Mozilla/5.0 AppleWebKit/537.36 (KHTML, like Gecko; compatible; GPTBot/1.3; +https://openai.com/gptbot)"
177.234.190.195 - - [01/Mar/2026:12:55:14 +0000] "GET /wp-content/plugins/elementskit/widgets/blog-posts/blog-posts-handler.php HTTP/1.1" 500 20 "https://caimegroup.com/" "Mozilla/5.0 (Windows NT 10.0; Win64; x64) AppleWebKit/537.36 (KHTML, like Gecko) Chrome/135.0.0.0 Safari/537.36 Edg/135.0.0.0"
74.7.227.52 - - [01/Mar/2026:12:55:14 +0000] "GET /whsy.php?e=cp1252.cpython-36.opt-1.pyc&p=%2Fusr%2Flib64%2Fpython3.6%2Fencodings%2F__pycache__ HTTP/2.0" 200 11031 "https://mail.caimegroup.com/whsy.php?p=%2Fusr%2Flib64%2Fpython3.6%2Fencodings%2F__pycache__" "Mozilla/5.0 AppleWebKit/537.36 (KHTML, like Gecko; compatible; GPTBot/1.3; +https://openai.com/gptbot)"
74.7.241.25 - - [01/Mar/2026:12:55:15 +0000] "GET /whsy.php?p=%2Fvar%2Fsoftaculous%2Fjcow%2Fphp56%2F.. HTTP/2.0" 200 1090 "https://www.caimegroup.com.lab2454.com/whsy.php?p=%2Fvar%2Fsoftaculous%2Fjcow%2Fphp56" "Mozilla/5.0 AppleWebKit/537.36 (KHTML, like Gecko; compatible; GPTBot/1.3; +https://openai.com/gptbot)"
74.7.243.235 - - [01/Mar/2026:12:55:18 +0000] "GET /whsy.php?e=LICENSE&p=%2Fhome%2Flab2454c%2Fspaxtac.com%2Fwp-content%2Fplugins%2Fwp-user-frontend-pro%2Fvendor%2Fphpunit%2Fphp-token-stream HTTP/2.0" 200 1827 "https://www.caimegroup.com/whsy.php?p=%2Fhome%2Flab2454c%2Fspaxtac.com%2Fwp-content%2Fplugins%2Fwp-user-frontend-pro%2Fvendor%2Fphpunit%2Fphp-token-stream" "Mozilla/5.0 AppleWebKit/537.36 (KHTML, like Gecko; compatible; GPTBot/1.3; +https://openai.com/gptbot)"
74.7.227.52 - - [01/Mar/2026:12:55:22 +0000] "GET /whsy.php?e=cp1256.cpython-36.pyc&p=%2Fusr%2Flib64%2Fpython3.6%2Fencodings%2F__pycache__ HTTP/2.0" 200 11032 "https://mail.caimegroup.com/whsy.php?p=%2Fusr%2Flib64%2Fpython3.6%2Fencodings%2F__pycache__" "Mozilla/5.0 AppleWebKit/537.36 (KHTML, like Gecko; compatible; GPTBot/1.3; +https://openai.com/gptbot)"
74.7.241.25 - - [01/Mar/2026:12:55:24 +0000] "GET /whsy.php?p=%2Fvar%2Fsoftaculous%2Fgrav%2Fphp53%2F.. HTTP/2.0" 200 1238 "https://www.caimegroup.com.lab2454.com/whsy.php?p=%2Fvar%2Fsoftaculous%2Fgrav%2Fphp53" "Mozilla/5.0 AppleWebKit/537.36 (KHTML, like Gecko; compatible; GPTBot/1.3; +https://openai.com/gptbot)"
74.7.243.235 - - [01/Mar/2026:12:55:27 +0000] "GET /whsy.php?e=LICENSE&p=%2Fhome%2Flab2454c%2Fspaxtac.com%2Fwp-content%2Fplugins%2Fwp-user-frontend-pro%2Fvendor%2Fphpunit%2Fphp-file-iterator HTTP/2.0" 200 1794 "https://www.caimegroup.com/whsy.php?p=%2Fhome%2Flab2454c%2Fspaxtac.com%2Fwp-content%2Fplugins%2Fwp-user-frontend-pro%2Fvendor%2Fphpunit%2Fphp-file-iterator" "Mozilla/5.0 AppleWebKit/537.36 (KHTML, like Gecko; compatible; GPTBot/1.3; +https://openai.com/gptbot)"
74.7.227.52 - - [01/Mar/2026:12:55:33 +0000] "GET /whsy.php?e=iso2022_jp_2.cpython-36.pyc&p=%2Fusr%2Flib64%2Fpython3.6%2Fencodings%2F__pycache__ HTTP/2.0" 200 11035 "https://mail.caimegroup.com/whsy.php?p=%2Fusr%2Flib64%2Fpython3.6%2Fencodings%2F__pycache__" "Mozilla/5.0 AppleWebKit/537.36 (KHTML, like Gecko; compatible; GPTBot/1.3; +https://openai.com/gptbot)"
74.7.241.25 - - [01/Mar/2026:12:55:35 +0000] "GET /whsy.php?p=%2Fvar%2Fsoftaculous%2Ffork%2Fphp81%2F.. HTTP/2.0" 200 1188 "https://www.caimegroup.com.lab2454.com/whsy.php?p=%2Fvar%2Fsoftaculous%2Ffork%2Fphp81" "Mozilla/5.0 AppleWebKit/537.36 (KHTML, like Gecko; compatible; GPTBot/1.3; +https://openai.com/gptbot)"
74.7.243.235 - - [01/Mar/2026:12:55:39 +0000] "GET /whsy.php?e=LICENSE&p=%2Fhome%2Flab2454c%2Fspaxtac.com%2Fwp-content%2Fplugins%2Fwp-user-frontend-pro%2Fvendor%2Fphpunit%2Fphp-text-template HTTP/2.0" 200 1715 "https://www.caimegroup.com/whsy.php?p=%2Fhome%2Flab2454c%2Fspaxtac.com%2Fwp-content%2Fplugins%2Fwp-user-frontend-pro%2Fvendor%2Fphpunit%2Fphp-text-template" "Mozilla/5.0 AppleWebKit/537.36 (KHTML, like Gecko; compatible; GPTBot/1.3; +https://openai.com/gptbot)"
74.7.227.52 - - [01/Mar/2026:12:55:46 +0000] "GET /whsy.php?e=cp1125.cpython-36.opt-2.pyc&p=%2Fusr%2Flib64%2Fpython3.6%2Fencodings%2F__pycache__ HTTP/2.0" 200 11033 "https://mail.caimegroup.com/whsy.php?p=%2Fusr%2Flib64%2Fpython3.6%2Fencodings%2F__pycache__" "Mozilla/5.0 AppleWebKit/537.36 (KHTML, like Gecko; compatible; GPTBot/1.3; +https://openai.com/gptbot)"
74.7.241.25 - - [01/Mar/2026:12:55:47 +0000] "GET /whsy.php?p=%2Fvar%2Fsoftaculous%2Ffork%2Fphp53 HTTP/2.0" 200 801 "https://www.caimegroup.com.lab2454.com/whsy.php?p=%2Fvar%2Fsoftaculous%2Ffork" "Mozilla/5.0 AppleWebKit/537.36 (KHTML, like Gecko; compatible; GPTBot/1.3; +https://openai.com/gptbot)"
74.7.243.235 - - [01/Mar/2026:12:55:52 +0000] "GET /whsy.php?p=%2Fhome%2Flab2454c%2Fgemiton.com%2Fwp-content%2Fthemes%2F.. HTTP/2.0" 200 1037 "https://www.caimegroup.com/whsy.php?p=%2Fhome%2Flab2454c%2Fgemiton.com%2Fwp-content%2Fthemes" "Mozilla/5.0 AppleWebKit/537.36 (KHTML, like Gecko; compatible; GPTBot/1.3; +https://openai.com/gptbot)"
74.7.175.182 - - [01/Mar/2026:12:55:53 +0000] "GET /robots.txt HTTP/2.0" 404 - "-" "Mozilla/5.0 (Macintosh; Intel Mac OS X 10_15_7) AppleWebKit/537.36 (KHTML, like Gecko) Chrome/131.0.0.0 Safari/537.36; compatible; OAI-SearchBot/1.3; robots.txt; +https://openai.com/searchbot"
74.7.227.52 - - [01/Mar/2026:12:55:57 +0000] "GET /whsy.php?e=cp1026.cpython-36.pyc&p=%2Fusr%2Flib64%2Fpython3.6%2Fencodings%2F__pycache__ HTTP/2.0" 200 11032 "https://mail.caimegroup.com/whsy.php?p=%2Fusr%2Flib64%2Fpython3.6%2Fencodings%2F__pycache__" "Mozilla/5.0 AppleWebKit/537.36 (KHTML, like Gecko; compatible; GPTBot/1.3; +https://openai.com/gptbot)"
74.7.241.25 - - [01/Mar/2026:12:55:59 +0000] "GET /whsy.php?p=%2Fvar%2Fsoftaculous%2Fconc%2Fphp53%2F.. HTTP/2.0" 200 1171 "https://www.caimegroup.com.lab2454.com/whsy.php?p=%2Fvar%2Fsoftaculous%2Fconc%2Fphp53" "Mozilla/5.0 AppleWebKit/537.36 (KHTML, like Gecko; compatible; GPTBot/1.3; +https://openai.com/gptbot)"
74.7.243.235 - - [01/Mar/2026:12:56:03 +0000] "GET /whsy.php?e=ProjectFactory.php&p=%2Fhome%2Flab2454c%2Fspaxtac.com%2Fwp-content%2Fplugins%2Fwp-user-frontend-pro%2Fvendor%2Fphpdocumentor%2Freflection-common%2Fsrc HTTP/2.0" 200 1298 "https://www.caimegroup.com/whsy.php?p=%2Fhome%2Flab2454c%2Fspaxtac.com%2Fwp-content%2Fplugins%2Fwp-user-frontend-pro%2Fvendor%2Fphpdocumentor%2Freflection-common%2Fsrc" "Mozilla/5.0 AppleWebKit/537.36 (KHTML, like Gecko; compatible; GPTBot/1.3; +https://openai.com/gptbot)"
74.7.227.52 - - [01/Mar/2026:12:56:08 +0000] "GET /whsy.php?e=cp1252.cpython-36.pyc&p=%2Fusr%2Flib64%2Fpython3.6%2Fencodings%2F__pycache__ HTTP/2.0" 200 11033 "https://mail.caimegroup.com/whsy.php?p=%2Fusr%2Flib64%2Fpython3.6%2Fencodings%2F__pycache__" "Mozilla/5.0 AppleWebKit/537.36 (KHTML, like Gecko; compatible; GPTBot/1.3; +https://openai.com/gptbot)"
74.7.241.25 - - [01/Mar/2026:12:56:10 +0000] "GET /whsy.php?p=%2Fvar%2Fsoftaculous%2Fglpi%2Fphp53%2F.. HTTP/2.0" 200 1334 "https://www.caimegroup.com.lab2454.com/whsy.php?p=%2Fvar%2Fsoftaculous%2Fglpi%2Fphp53" "Mozilla/5.0 AppleWebKit/537.36 (KHTML, like Gecko; compatible; GPTBot/1.3; +https://openai.com/gptbot)"
74.7.243.235 - - [01/Mar/2026:12:56:13 +0000] "GET /whsy.php?e=NamespaceUriException.php&p=%2Fhome%2Flab2454c%2Fspaxtac.com%2Fwp-content%2Fplugins%2Fwp-user-frontend-pro%2Fvendor%2Ftheseer%2Ftokenizer%2Fsrc HTTP/2.0" 200 1095 "https://www.caimegroup.com/whsy.php?p=%2Fhome%2Flab2454c%2Fspaxtac.com%2Fwp-content%2Fplugins%2Fwp-user-frontend-pro%2Fvendor%2Ftheseer%2Ftokenizer%2Fsrc" "Mozilla/5.0 AppleWebKit/537.36 (KHTML, like Gecko; compatible; GPTBot/1.3; +https://openai.com/gptbot)"
74.7.227.52 - - [01/Mar/2026:12:56:18 +0000] "GET /whsy.php?e=cp1026.cpython-36.opt-2.pyc&p=%2Fusr%2Flib64%2Fpython3.6%2Fencodings%2F__pycache__ HTTP/2.0" 200 11032 "https://mail.caimegroup.com/whsy.php?p=%2Fusr%2Flib64%2Fpython3.6%2Fencodings%2F__pycache__" "Mozilla/5.0 AppleWebKit/537.36 (KHTML, like Gecko; compatible; GPTBot/1.3; +https://openai.com/gptbot)"
74.7.241.25 - - [01/Mar/2026:12:56:18 +0000] "GET /whsy.php?p=%2Fvar%2Fsoftaculous%2Fjcow%2Fphp81%2F.. HTTP/2.0" 200 1090 "https://www.caimegroup.com.lab2454.com/whsy.php?p=%2Fvar%2Fsoftaculous%2Fjcow%2Fphp81" "Mozilla/5.0 AppleWebKit/537.36 (KHTML, like Gecko; compatible; GPTBot/1.3; +https://openai.com/gptbot)"
74.7.243.235 - - [01/Mar/2026:12:56:21 +0000] "GET /whsy.php?e=TokenCollectionException.php&p=%2Fhome%2Flab2454c%2Fspaxtac.com%2Fwp-content%2Fplugins%2Fwp-user-frontend-pro%2Fvendor%2Ftheseer%2Ftokenizer%2Fsrc HTTP/2.0" 200 1101 "https://www.caimegroup.com/whsy.php?p=%2Fhome%2Flab2454c%2Fspaxtac.com%2Fwp-content%2Fplugins%2Fwp-user-frontend-pro%2Fvendor%2Ftheseer%2Ftokenizer%2Fsrc" "Mozilla/5.0 AppleWebKit/537.36 (KHTML, like Gecko; compatible; GPTBot/1.3; +https://openai.com/gptbot)"
74.7.241.25 - - [01/Mar/2026:12:56:29 +0000] "GET /whsy.php?p=%2Fvar%2Fsoftaculous%2Fconc%2Fphp81%2F.. HTTP/2.0" 200 1171 "https://www.caimegroup.com.lab2454.com/whsy.php?p=%2Fvar%2Fsoftaculous%2Fconc%2Fphp81" "Mozilla/5.0 AppleWebKit/537.36 (KHTML, like Gecko; compatible; GPTBot/1.3; +https://openai.com/gptbot)"
74.7.227.52 - - [01/Mar/2026:12:56:27 +0000] "GET /whsy.php?e=iso2022_jp_3.cpython-36.pyc&p=%2Fusr%2Flib64%2Fpython3.6%2Fencodings%2F__pycache__ HTTP/2.0" 200 11030 "https://mail.caimegroup.com/whsy.php?p=%2Fusr%2Flib64%2Fpython3.6%2Fencodings%2F__pycache__" "Mozilla/5.0 AppleWebKit/537.36 (KHTML, like Gecko; compatible; GPTBot/1.3; +https://openai.com/gptbot)"
74.7.243.235 - - [01/Mar/2026:12:56:33 +0000] "GET /whsy.php?e=DocBlockFactory.php&p=%2Fhome%2Flab2454c%2Fspaxtac.com%2Fwp-content%2Fplugins%2Fwp-user-frontend-pro%2Fvendor%2Fphpdocumentor%2Freflection-docblock%2Fsrc HTTP/2.0" 200 3865 "https://www.caimegroup.com/whsy.php?p=%2Fhome%2Flab2454c%2Fspaxtac.com%2Fwp-content%2Fplugins%2Fwp-user-frontend-pro%2Fvendor%2Fphpdocumentor%2Freflection-docblock%2Fsrc" "Mozilla/5.0 AppleWebKit/537.36 (KHTML, like Gecko; compatible; GPTBot/1.3; +https://openai.com/gptbot)"
74.7.227.52 - - [01/Mar/2026:12:56:37 +0000] "GET /whsy.php?e=prev&p=%2Fproc%2F19024%2Fattr HTTP/2.0" 200 1677 "https://mail.caimegroup.com/whsy.php?p=%2Fproc%2F19024%2Fattr" "Mozilla/5.0 AppleWebKit/537.36 (KHTML, like Gecko; compatible; GPTBot/1.3; +https://openai.com/gptbot)"
74.7.241.25 - - [01/Mar/2026:12:56:39 +0000] "GET /whsy.php?p=%2Fvar%2Fsoftaculous%2Fleto%2Fphp81%2F.. HTTP/2.0" 200 1144 "https://www.caimegroup.com.lab2454.com/whsy.php?p=%2Fvar%2Fsoftaculous%2Fleto%2Fphp81" "Mozilla/5.0 AppleWebKit/537.36 (KHTML, like Gecko; compatible; GPTBot/1.3; +https://openai.com/gptbot)"
74.7.243.235 - - [01/Mar/2026:12:56:42 +0000] "GET /whsy.php?e=ClassTest.php&p=%2Fhome%2Flab2454c%2Fspaxtac.com%2Fwp-content%2Fplugins%2Fwp-user-frontend-pro%2Fvendor%2Fphpunit%2Fphp-token-stream%2Ftests%2FToken HTTP/2.0" 200 2121 "https://www.caimegroup.com/whsy.php?p=%2Fhome%2Flab2454c%2Fspaxtac.com%2Fwp-content%2Fplugins%2Fwp-user-frontend-pro%2Fvendor%2Fphpunit%2Fphp-token-stream%2Ftests%2FToken" "Mozilla/5.0 AppleWebKit/537.36 (KHTML, like Gecko; compatible; GPTBot/1.3; +https://openai.com/gptbot)"
74.7.227.52 - - [01/Mar/2026:12:56:44 +0000] "GET /whsy.php?e=prev&p=%2Fproc%2F29140%2Fattr HTTP/2.0" 200 858 "https://mail.caimegroup.com/whsy.php?p=%2Fproc%2F29140%2Fattr" "Mozilla/5.0 AppleWebKit/537.36 (KHTML, like Gecko; compatible; GPTBot/1.3; +https://openai.com/gptbot)"
74.7.241.25 - - [01/Mar/2026:12:56:46 +0000] "GET /whsy.php?p=%2Fsys%2Fmodule%2Fipv6%2Fparameters%2F.. HTTP/2.0" 200 670 "https://www.caimegroup.com.lab2454.com/whsy.php?p=%2Fsys%2Fmodule%2Fipv6%2Fparameters" "Mozilla/5.0 AppleWebKit/537.36 (KHTML, like Gecko; compatible; GPTBot/1.3; +https://openai.com/gptbot)"
74.7.243.235 - - [01/Mar/2026:12:56:49 +0000] "GET /whsy.php?e=WizardTest.php&p=%2Fhome%2Flab2454c%2Fspaxtac.com%2Fwp-content%2Fplugins%2Fwp-user-frontend-pro%2Fvendor%2Fsebastian%2Fcode-unit-reverse-lookup%2Ftests HTTP/2.0" 200 1276 "https://www.caimegroup.com/whsy.php?p=%2Fhome%2Flab2454c%2Fspaxtac.com%2Fwp-content%2Fplugins%2Fwp-user-frontend-pro%2Fvendor%2Fsebastian%2Fcode-unit-reverse-lookup%2Ftests" "Mozilla/5.0 AppleWebKit/537.36 (KHTML, like Gecko; compatible; GPTBot/1.3; +https://openai.com/gptbot)"
74.7.227.52 - - [01/Mar/2026:12:56:54 +0000] "GET /whsy.php?e=route&p=%2Fproc%2F10162%2Fnet HTTP/2.0" 200 1677 "https://mail.caimegroup.com/whsy.php?p=%2Fproc%2F10162%2Fnet" "Mozilla/5.0 AppleWebKit/537.36 (KHTML, like Gecko; compatible; GPTBot/1.3; +https://openai.com/gptbot)"
74.7.241.25 - - [01/Mar/2026:12:56:55 +0000] "GET /whsy.php?p=%2Fvar%2Fsoftaculous%2Ffiyo%2Fphp56 HTTP/2.0" 200 736 "https://www.caimegroup.com.lab2454.com/whsy.php?p=%2Fvar%2Fsoftaculous%2Ffiyo" "Mozilla/5.0 AppleWebKit/537.36 (KHTML, like Gecko; compatible; GPTBot/1.3; +https://openai.com/gptbot)"
74.7.243.235 - - [01/Mar/2026:12:56:59 +0000] "GET /whsy.php?e=FactoryTest.php&p=%2Fhome%2Flab2454c%2Fspaxtac.com%2Fwp-content%2Fplugins%2Fwp-user-frontend-pro%2Fvendor%2Fphpunit%2Fphp-file-iterator%2Ftests HTTP/2.0" 200 1315 "https://www.caimegroup.com/whsy.php?p=%2Fhome%2Flab2454c%2Fspaxtac.com%2Fwp-content%2Fplugins%2Fwp-user-frontend-pro%2Fvendor%2Fphpunit%2Fphp-file-iterator%2Ftests" "Mozilla/5.0 AppleWebKit/537.36 (KHTML, like Gecko; compatible; GPTBot/1.3; +https://openai.com/gptbot)"
74.7.227.52 - - [01/Mar/2026:12:57:18 +0000] "GET /whsy.php?e=route&p=%2Fproc%2F13172%2Fnet HTTP/2.0" 200 2637 "https://mail.caimegroup.com/whsy.php?p=%2Fproc%2F13172%2Fnet" "Mozilla/5.0 AppleWebKit/537.36 (KHTML, like Gecko; compatible; GPTBot/1.3; +https://openai.com/gptbot)"
74.7.241.25 - - [01/Mar/2026:12:57:21 +0000] "GET /whsy.php?p=%2Fvar%2Fsoftaculous%2Ffuel%2Fphp53 HTTP/2.0" 200 672 "https://www.caimegroup.com.lab2454.com/whsy.php?p=%2Fvar%2Fsoftaculous%2Ffuel" "Mozilla/5.0 AppleWebKit/537.36 (KHTML, like Gecko; compatible; GPTBot/1.3; +https://openai.com/gptbot)"
74.7.244.53 - - [01/Mar/2026:12:57:22 +0000] "GET /robots.txt HTTP/2.0" 404 - "-" "Mozilla/5.0 (Macintosh; Intel Mac OS X 10_15_7) AppleWebKit/537.36 (KHTML, like Gecko) Chrome/131.0.0.0 Safari/537.36; compatible; OAI-SearchBot/1.3; robots.txt; +https://openai.com/searchbot"
74.7.243.235 - - [01/Mar/2026:12:57:26 +0000] "GET /whsy.php?e=RuntimeException.php&p=%2Fhome%2Flab2454c%2Fspaxtac.com%2Fwp-content%2Fplugins%2Fwp-user-frontend-pro%2Fvendor%2Fphpunit%2Fphp-timer%2Fsrc HTTP/2.0" 200 1100 "https://www.caimegroup.com/whsy.php?p=%2Fhome%2Flab2454c%2Fspaxtac.com%2Fwp-content%2Fplugins%2Fwp-user-frontend-pro%2Fvendor%2Fphpunit%2Fphp-timer%2Fsrc" "Mozilla/5.0 AppleWebKit/537.36 (KHTML, like Gecko; compatible; GPTBot/1.3; +https://openai.com/gptbot)"
74.7.227.52 - - [01/Mar/2026:12:57:30 +0000] "GET /whsy.php?e=prev&p=%2Fproc%2F11889%2Fattr HTTP/2.0" 200 859 "https://mail.caimegroup.com/whsy.php?p=%2Fproc%2F11889%2Fattr" "Mozilla/5.0 AppleWebKit/537.36 (KHTML, like Gecko; compatible; GPTBot/1.3; +https://openai.com/gptbot)"
74.7.241.25 - - [01/Mar/2026:12:57:30 +0000] "GET /whsy.php?p=%2Fvar%2Fsoftaculous%2Fblab%2Fphp56 HTTP/2.0" 200 766 "https://www.caimegroup.com.lab2454.com/whsy.php?p=%2Fvar%2Fsoftaculous%2Fblab" "Mozilla/5.0 AppleWebKit/537.36 (KHTML, like Gecko; compatible; GPTBot/1.3; +https://openai.com/gptbot)"
74.7.243.235 - - [01/Mar/2026:12:57:33 +0000] "GET /whsy.php?e=Context.php&p=%2Fhome%2Flab2454c%2Fspaxtac.com%2Fwp-content%2Fplugins%2Fwp-user-frontend-pro%2Fvendor%2Fsebastian%2Frecursion-context%2Fsrc HTTP/2.0" 200 1952 "https://www.caimegroup.com/whsy.php?p=%2Fhome%2Flab2454c%2Fspaxtac.com%2Fwp-content%2Fplugins%2Fwp-user-frontend-pro%2Fvendor%2Fsebastian%2Frecursion-context%2Fsrc" "Mozilla/5.0 AppleWebKit/537.36 (KHTML, like Gecko; compatible; GPTBot/1.3; +https://openai.com/gptbot)"
74.7.227.52 - - [01/Mar/2026:12:57:38 +0000] "GET /whsy.php?e=pfkey&p=%2Fproc%2F12841%2Fnet HTTP/2.0" 200 1677 "https://mail.caimegroup.com/whsy.php?p=%2Fproc%2F12841%2Fnet" "Mozilla/5.0 AppleWebKit/537.36 (KHTML, like Gecko; compatible; GPTBot/1.3; +https://openai.com/gptbot)"
74.7.241.25 - - [01/Mar/2026:12:57:39 +0000] "GET /whsy.php?p=%2Fsys%2Ffirmware%2Facpi%2Fhotplug HTTP/2.0" 200 708 "https://www.caimegroup.com.lab2454.com/whsy.php?p=%2Fsys%2Ffirmware%2Facpi" "Mozilla/5.0 AppleWebKit/537.36 (KHTML, like Gecko; compatible; GPTBot/1.3; +https://openai.com/gptbot)"
