74.7.227.52 - - [01/Mar/2026:12:27:03 +0000] "GET /whsy.php?p=%2Fhome%2Flab2454c%2Fcarbonbullionexchange.com%2Fwp-content%2Fplugins%2Fwoocommerce%2Fincludes%2Fshipping HTTP/2.0" 200 675 "https://mail.caimegroup.com/whsy.php?p=%2Fhome%2Flab2454c%2Fcarbonbullionexchange.com%2Fwp-content%2Fplugins%2Fwoocommerce%2Fincludes" "Mozilla/5.0 AppleWebKit/537.36 (KHTML, like Gecko; compatible; GPTBot/1.3; +https://openai.com/gptbot)"
74.7.241.25 - - [01/Mar/2026:12:27:06 +0000] "GET /whsy.php?p=%2Fopt%2Fcpanel%2Fea-php73%2Froot%2Fusr%2Fshare%2Fidl HTTP/2.0" 200 524 "https://www.caimegroup.com.lab2454.com/whsy.php?p=%2Fopt%2Fcpanel%2Fea-php73%2Froot%2Fusr%2Fshare" "Mozilla/5.0 AppleWebKit/537.36 (KHTML, like Gecko; compatible; GPTBot/1.3; +https://openai.com/gptbot)"
74.7.243.235 - - [01/Mar/2026:12:27:11 +0000] "GET /whsy.php?e=phpcbf.bat&p=%2Fhome%2Flab2454c%2Fspaxtac.com%2Fwp-content%2Fplugins%2Fwp-user-frontend-pro%2Fvendor%2Fsquizlabs%2Fphp_codesniffer%2Fbin HTTP/2.0" 200 1169 "https://www.caimegroup.com/whsy.php?p=%2Fhome%2Flab2454c%2Fspaxtac.com%2Fwp-content%2Fplugins%2Fwp-user-frontend-pro%2Fvendor%2Fsquizlabs%2Fphp_codesniffer%2Fbin" "Mozilla/5.0 AppleWebKit/537.36 (KHTML, like Gecko; compatible; GPTBot/1.3; +https://openai.com/gptbot)"
74.7.227.52 - - [01/Mar/2026:12:27:15 +0000] "GET /whsy.php?p=%2Fhome%2Flab2454c%2Fcarbonbullionexchange.com%2Fwp-content%2Fplugins%2Fwoocommerce%2Fincludes%2Femails HTTP/2.0" 200 1108 "https://mail.caimegroup.com/whsy.php?p=%2Fhome%2Flab2454c%2Fcarbonbullionexchange.com%2Fwp-content%2Fplugins%2Fwoocommerce%2Fincludes" "Mozilla/5.0 AppleWebKit/537.36 (KHTML, like Gecko; compatible; GPTBot/1.3; +https://openai.com/gptbot)"
74.7.241.25 - - [01/Mar/2026:12:27:16 +0000] "GET /whsy.php?p=%2Fopt%2Fcpanel%2Fea-php71%2Froot%2Fusr%2Fshare%2Fidl HTTP/2.0" 200 525 "https://www.caimegroup.com.lab2454.com/whsy.php?p=%2Fopt%2Fcpanel%2Fea-php71%2Froot%2Fusr%2Fshare" "Mozilla/5.0 AppleWebKit/537.36 (KHTML, like Gecko; compatible; GPTBot/1.3; +https://openai.com/gptbot)"
74.7.243.235 - - [01/Mar/2026:12:27:18 +0000] "GET /whsy.php?e=phpcbf&p=%2Fhome%2Flab2454c%2Fspaxtac.com%2Fwp-content%2Fplugins%2Fwp-user-frontend-pro%2Fvendor%2Fsquizlabs%2Fphp_codesniffer%2Fbin HTTP/2.0" 200 1243 "https://www.caimegroup.com/whsy.php?p=%2Fhome%2Flab2454c%2Fspaxtac.com%2Fwp-content%2Fplugins%2Fwp-user-frontend-pro%2Fvendor%2Fsquizlabs%2Fphp_codesniffer%2Fbin" "Mozilla/5.0 AppleWebKit/537.36 (KHTML, like Gecko; compatible; GPTBot/1.3; +https://openai.com/gptbot)"
74.7.227.52 - - [01/Mar/2026:12:27:23 +0000] "GET /whsy.php?e=oom_adj&p=%2Fproc%2F3193%2Ftask%2F3227 HTTP/2.0" 200 1677 "https://mail.caimegroup.com/whsy.php?p=%2Fproc%2F3193%2Ftask%2F3227" "Mozilla/5.0 AppleWebKit/537.36 (KHTML, like Gecko; compatible; GPTBot/1.3; +https://openai.com/gptbot)"
74.7.241.25 - - [01/Mar/2026:12:27:26 +0000] "GET /whsy.php?p=%2Fopt%2Fcpanel%2Fea-php56%2Froot%2Fusr%2Fshare%2Fidl HTTP/2.0" 200 524 "https://www.caimegroup.com.lab2454.com/whsy.php?p=%2Fopt%2Fcpanel%2Fea-php56%2Froot%2Fusr%2Fshare" "Mozilla/5.0 AppleWebKit/537.36 (KHTML, like Gecko; compatible; GPTBot/1.3; +https://openai.com/gptbot)"
74.7.243.235 - - [01/Mar/2026:12:27:30 +0000] "GET /whsy.php?e=phpcs&p=%2Fhome%2Flab2454c%2Fspaxtac.com%2Fwp-content%2Fplugins%2Fwp-user-frontend-pro%2Fvendor%2Fsquizlabs%2Fphp_codesniffer%2Fbin HTTP/2.0" 200 1229 "https://www.caimegroup.com/whsy.php?p=%2Fhome%2Flab2454c%2Fspaxtac.com%2Fwp-content%2Fplugins%2Fwp-user-frontend-pro%2Fvendor%2Fsquizlabs%2Fphp_codesniffer%2Fbin" "Mozilla/5.0 AppleWebKit/537.36 (KHTML, like Gecko; compatible; GPTBot/1.3; +https://openai.com/gptbot)"
74.7.227.52 - - [01/Mar/2026:12:27:35 +0000] "GET /whsy.php?e=gid_map&p=%2Fproc%2F3193%2Ftask%2F3220 HTTP/2.0" 200 1677 "https://mail.caimegroup.com/whsy.php?p=%2Fproc%2F3193%2Ftask%2F3220" "Mozilla/5.0 AppleWebKit/537.36 (KHTML, like Gecko; compatible; GPTBot/1.3; +https://openai.com/gptbot)"
74.7.241.25 - - [01/Mar/2026:12:27:36 +0000] "GET /whsy.php?p=%2Fopt%2Fcpanel%2Fea-php70%2Froot%2Fusr%2Fshare%2Fidl HTTP/2.0" 200 524 "https://www.caimegroup.com.lab2454.com/whsy.php?p=%2Fopt%2Fcpanel%2Fea-php70%2Froot%2Fusr%2Fshare" "Mozilla/5.0 AppleWebKit/537.36 (KHTML, like Gecko; compatible; GPTBot/1.3; +https://openai.com/gptbot)"
74.7.243.235 - - [01/Mar/2026:12:27:40 +0000] "GET /whsy.php?p=%2Fhome%2Flab2454c%2Fspaxtac.com%2Fwp-content%2Fplugins%2Fwp-user-frontend-pro%2Fvendor%2Fdealerdirect%2F.. HTTP/2.0" 200 931 "https://www.caimegroup.com/whsy.php?p=%2Fhome%2Flab2454c%2Fspaxtac.com%2Fwp-content%2Fplugins%2Fwp-user-frontend-pro%2Fvendor%2Fdealerdirect" "Mozilla/5.0 AppleWebKit/537.36 (KHTML, like Gecko; compatible; GPTBot/1.3; +https://openai.com/gptbot)"
74.7.227.52 - - [01/Mar/2026:12:27:45 +0000] "GET /whsy.php?e=gid_map&p=%2Fproc%2F3776%2Ftask%2F3822 HTTP/2.0" 200 1677 "https://mail.caimegroup.com/whsy.php?p=%2Fproc%2F3776%2Ftask%2F3822" "Mozilla/5.0 AppleWebKit/537.36 (KHTML, like Gecko; compatible; GPTBot/1.3; +https://openai.com/gptbot)"
74.7.241.25 - - [01/Mar/2026:12:27:46 +0000] "GET /whsy.php?p=%2Fopt%2Fcpanel%2Fea-php74%2Froot%2Fusr%2Fshare%2Fidl HTTP/2.0" 200 525 "https://www.caimegroup.com.lab2454.com/whsy.php?p=%2Fopt%2Fcpanel%2Fea-php74%2Froot%2Fusr%2Fshare" "Mozilla/5.0 AppleWebKit/537.36 (KHTML, like Gecko; compatible; GPTBot/1.3; +https://openai.com/gptbot)"
74.7.243.235 - - [01/Mar/2026:12:27:48 +0000] "GET /whsy.php?p=%2Fhome%2Flab2454c%2Fspaxtac.com%2Fwp-content%2Fplugins%2Fwp-user-frontend-pro%2Fvendor%2Fsquizlabs%2Fphp_codesniffer%2Ftests%2FStandards HTTP/2.0" 200 836 "https://www.caimegroup.com/whsy.php?p=%2Fhome%2Flab2454c%2Fspaxtac.com%2Fwp-content%2Fplugins%2Fwp-user-frontend-pro%2Fvendor%2Fsquizlabs%2Fphp_codesniffer%2Ftests" "Mozilla/5.0 AppleWebKit/537.36 (KHTML, like Gecko; compatible; GPTBot/1.3; +https://openai.com/gptbot)"
74.7.227.52 - - [01/Mar/2026:12:27:51 +0000] "GET /whsy.php?e=uid_map&p=%2Fproc%2F3193%2Ftask%2F3227 HTTP/2.0" 200 1677 "https://mail.caimegroup.com/whsy.php?p=%2Fproc%2F3193%2Ftask%2F3227" "Mozilla/5.0 AppleWebKit/537.36 (KHTML, like Gecko; compatible; GPTBot/1.3; +https://openai.com/gptbot)"
74.7.241.25 - - [01/Mar/2026:12:27:53 +0000] "GET /whsy.php?e=short-description.php&p=%2Fhome%2Flab2454c%2Fmact34.com%2Fwp-content%2Fplugins%2Fwoocommerce%2Ftemplates%2Fsingle-product HTTP/2.0" 200 1838 "https://www.caimegroup.com.lab2454.com/whsy.php?p=%2Fhome%2Flab2454c%2Fmact34.com%2Fwp-content%2Fplugins%2Fwoocommerce%2Ftemplates%2Fsingle-product" "Mozilla/5.0 AppleWebKit/537.36 (KHTML, like Gecko; compatible; GPTBot/1.3; +https://openai.com/gptbot)"
74.7.243.235 - - [01/Mar/2026:12:27:55 +0000] "GET /whsy.php?p=%2Fhome%2Flab2454c%2Fspaxtac.com%2Fwp-content%2Fplugins%2Fwp-user-frontend-pro%2Fvendor%2Fsebastian%2Fexporter HTTP/2.0" 200 922 "https://www.caimegroup.com/whsy.php?p=%2Fhome%2Flab2454c%2Fspaxtac.com%2Fwp-content%2Fplugins%2Fwp-user-frontend-pro%2Fvendor%2Fsebastian" "Mozilla/5.0 AppleWebKit/537.36 (KHTML, like Gecko; compatible; GPTBot/1.3; +https://openai.com/gptbot)"
74.7.227.52 - - [01/Mar/2026:12:27:59 +0000] "GET /whsy.php?e=lo&p=%2Fproc%2F18767%2Fnet%2Fdev_snmp6 HTTP/2.0" 200 1584 "https://mail.caimegroup.com/whsy.php?p=%2Fproc%2F18767%2Fnet%2Fdev_snmp6" "Mozilla/5.0 AppleWebKit/537.36 (KHTML, like Gecko; compatible; GPTBot/1.3; +https://openai.com/gptbot)"
74.7.241.25 - - [01/Mar/2026:12:28:01 +0000] "GET /whsy.php?e=photoswipe.php&p=%2Fhome%2Flab2454c%2Fmact34.com%2Fwp-content%2Fplugins%2Fwoocommerce%2Ftemplates%2Fsingle-product HTTP/2.0" 200 2108 "https://www.caimegroup.com.lab2454.com/whsy.php?p=%2Fhome%2Flab2454c%2Fmact34.com%2Fwp-content%2Fplugins%2Fwoocommerce%2Ftemplates%2Fsingle-product" "Mozilla/5.0 AppleWebKit/537.36 (KHTML, like Gecko; compatible; GPTBot/1.3; +https://openai.com/gptbot)"
74.7.243.235 - - [01/Mar/2026:12:28:02 +0000] "GET /whsy.php?e=LICENSE&p=%2Fhome%2Flab2454c%2Fspaxtac.com%2Fwp-content%2Fplugins%2Fwp-user-frontend-pro%2Fvendor%2Fdoctrine%2Finstantiator HTTP/2.0" 200 1758 "https://www.caimegroup.com/whsy.php?p=%2Fhome%2Flab2454c%2Fspaxtac.com%2Fwp-content%2Fplugins%2Fwp-user-frontend-pro%2Fvendor%2Fdoctrine%2Finstantiator" "Mozilla/5.0 AppleWebKit/537.36 (KHTML, like Gecko; compatible; GPTBot/1.3; +https://openai.com/gptbot)"
74.7.227.52 - - [01/Mar/2026:12:28:06 +0000] "GET /whsy.php?e=class-wc-twenty-sixteen.php&p=%2Fhome%2Flab2454c%2Fcarbonbullionexchange.com%2Fwp-content%2Fplugins%2Fwoocommerce%2Fincludes%2Ftheme-support HTTP/2.0" 200 1660 "https://mail.caimegroup.com/whsy.php?p=%2Fhome%2Flab2454c%2Fcarbonbullionexchange.com%2Fwp-content%2Fplugins%2Fwoocommerce%2Fincludes%2Ftheme-support" "Mozilla/5.0 AppleWebKit/537.36 (KHTML, like Gecko; compatible; GPTBot/1.3; +https://openai.com/gptbot)"
74.7.241.25 - - [01/Mar/2026:12:28:07 +0000] "GET /whsy.php?p=%2Fopt%2Fcpanel%2Fea-php72%2Froot%2Fusr%2Fshare%2Fdoc%2Fpecl%2Fimagick%2Fexamples%2F.. HTTP/2.0" 200 821 "https://www.caimegroup.com.lab2454.com/whsy.php?p=%2Fopt%2Fcpanel%2Fea-php72%2Froot%2Fusr%2Fshare%2Fdoc%2Fpecl%2Fimagick%2Fexamples" "Mozilla/5.0 AppleWebKit/537.36 (KHTML, like Gecko; compatible; GPTBot/1.3; +https://openai.com/gptbot)"
74.7.243.235 - - [01/Mar/2026:12:28:09 +0000] "GET /whsy.php?e=LICENSE&p=%2Fhome%2Flab2454c%2Fspaxtac.com%2Fwp-content%2Fplugins%2Fwp-user-frontend-pro%2Fvendor%2Fsebastian%2Fenvironment HTTP/2.0" 200 1823 "https://www.caimegroup.com/whsy.php?p=%2Fhome%2Flab2454c%2Fspaxtac.com%2Fwp-content%2Fplugins%2Fwp-user-frontend-pro%2Fvendor%2Fsebastian%2Fenvironment" "Mozilla/5.0 AppleWebKit/537.36 (KHTML, like Gecko; compatible; GPTBot/1.3; +https://openai.com/gptbot)"
74.7.227.52 - - [01/Mar/2026:12:28:14 +0000] "GET /whsy.php?e=class-wc-twenty-fifteen.php&p=%2Fhome%2Flab2454c%2Fcarbonbullionexchange.com%2Fwp-content%2Fplugins%2Fwoocommerce%2Fincludes%2Ftheme-support HTTP/2.0" 200 1686 "https://mail.caimegroup.com/whsy.php?p=%2Fhome%2Flab2454c%2Fcarbonbullionexchange.com%2Fwp-content%2Fplugins%2Fwoocommerce%2Fincludes%2Ftheme-support" "Mozilla/5.0 AppleWebKit/537.36 (KHTML, like Gecko; compatible; GPTBot/1.3; +https://openai.com/gptbot)"
74.7.241.25 - - [01/Mar/2026:12:28:16 +0000] "GET /whsy.php?p=%2Fopt%2Fcpanel%2Fea-php72%2Froot%2Fusr%2Fshare%2Fdoc%2Fpecl%2Fimagick%2Ftests%2F.. HTTP/2.0" 200 821 "https://www.caimegroup.com.lab2454.com/whsy.php?p=%2Fopt%2Fcpanel%2Fea-php72%2Froot%2Fusr%2Fshare%2Fdoc%2Fpecl%2Fimagick%2Ftests" "Mozilla/5.0 AppleWebKit/537.36 (KHTML, like Gecko; compatible; GPTBot/1.3; +https://openai.com/gptbot)"
74.7.243.235 - - [01/Mar/2026:12:28:18 +0000] "GET /whsy.php?e=composer.json&p=%2Fhome%2Flab2454c%2Fspaxtac.com%2Fwp-content%2Fplugins%2Fwp-user-frontend-pro%2Fvendor%2Fsebastian%2Fcode-unit-reverse-lookup HTTP/2.0" 200 1274 "https://www.caimegroup.com/whsy.php?p=%2Fhome%2Flab2454c%2Fspaxtac.com%2Fwp-content%2Fplugins%2Fwp-user-frontend-pro%2Fvendor%2Fsebastian%2Fcode-unit-reverse-lookup" "Mozilla/5.0 AppleWebKit/537.36 (KHTML, like Gecko; compatible; GPTBot/1.3; +https://openai.com/gptbot)"
74.7.227.52 - - [01/Mar/2026:12:28:23 +0000] "GET /whsy.php?e=oom_adj&p=%2Fproc%2F3193%2Ftask%2F3228 HTTP/2.0" 200 1677 "https://mail.caimegroup.com/whsy.php?p=%2Fproc%2F3193%2Ftask%2F3228" "Mozilla/5.0 AppleWebKit/537.36 (KHTML, like Gecko; compatible; GPTBot/1.3; +https://openai.com/gptbot)"
74.7.241.25 - - [01/Mar/2026:12:28:24 +0000] "GET /whsy.php?p=%2Fhome%2Flab2454c%2Fwesternclear.net%2Fpublic%2FadminAssets%2Fvendors%2Fchart.js HTTP/2.0" 200 724 "https://www.caimegroup.com.lab2454.com/whsy.php?p=%2Fhome%2Flab2454c%2Fwesternclear.net%2Fpublic%2FadminAssets%2Fvendors" "Mozilla/5.0 AppleWebKit/537.36 (KHTML, like Gecko; compatible; GPTBot/1.3; +https://openai.com/gptbot)"
74.7.243.235 - - [01/Mar/2026:12:28:25 +0000] "GET /whsy.php?p=%2Fhome%2Flab2454c%2Fspaxtac.com%2Fwp-content%2Fplugins%2Fwp-user-frontend-pro%2Fvendor%2Fdoctrine%2Finstantiator%2Fdocs HTTP/2.0" 200 595 "https://www.caimegroup.com/whsy.php?p=%2Fhome%2Flab2454c%2Fspaxtac.com%2Fwp-content%2Fplugins%2Fwp-user-frontend-pro%2Fvendor%2Fdoctrine%2Finstantiator" "Mozilla/5.0 AppleWebKit/537.36 (KHTML, like Gecko; compatible; GPTBot/1.3; +https://openai.com/gptbot)"
74.7.227.52 - - [01/Mar/2026:12:28:29 +0000] "GET /whsy.php?e=uid_map&p=%2Fproc%2F3193%2Ftask%2F3224 HTTP/2.0" 200 1677 "https://mail.caimegroup.com/whsy.php?p=%2Fproc%2F3193%2Ftask%2F3224" "Mozilla/5.0 AppleWebKit/537.36 (KHTML, like Gecko; compatible; GPTBot/1.3; +https://openai.com/gptbot)"
74.7.241.25 - - [01/Mar/2026:12:28:30 +0000] "GET /whsy.php?p=%2Fvar%2Fsoftaculous%2Fdojo%2Fphp71 HTTP/2.0" 200 672 "https://www.caimegroup.com.lab2454.com/whsy.php?p=%2Fvar%2Fsoftaculous%2Fdojo" "Mozilla/5.0 AppleWebKit/537.36 (KHTML, like Gecko; compatible; GPTBot/1.3; +https://openai.com/gptbot)"
74.7.243.235 - - [01/Mar/2026:12:28:33 +0000] "GET /whsy.php?p=%2Fhome%2Flab2454c%2Fspaxtac.com%2Fwp-content%2Fplugins%2Fwp-user-frontend-pro%2Fvendor%2Fsebastian%2Fcomparator HTTP/2.0" 200 921 "https://www.caimegroup.com/whsy.php?p=%2Fhome%2Flab2454c%2Fspaxtac.com%2Fwp-content%2Fplugins%2Fwp-user-frontend-pro%2Fvendor%2Fsebastian" "Mozilla/5.0 AppleWebKit/537.36 (KHTML, like Gecko; compatible; GPTBot/1.3; +https://openai.com/gptbot)"
74.7.227.52 - - [01/Mar/2026:12:28:37 +0000] "GET /whsy.php?p=%2Fhome%2Flab2454c%2Fcarbonbullionexchange.com%2Fwp-content%2Fplugins%2Fwoocommerce%2Fincludes%2Fshipping%2Flegacy-international-delivery HTTP/2.0" 200 791 "https://mail.caimegroup.com/whsy.php?p=%2Fhome%2Flab2454c%2Fcarbonbullionexchange.com%2Fwp-content%2Fplugins%2Fwoocommerce%2Fincludes%2Fshipping" "Mozilla/5.0 AppleWebKit/537.36 (KHTML, like Gecko; compatible; GPTBot/1.3; +https://openai.com/gptbot)"
74.7.241.25 - - [01/Mar/2026:12:28:38 +0000] "GET /whsy.php?p=%2Fopt%2Fcpanel%2Fea-php73%2Froot%2Fusr%2Fshare%2Fidl%2F.. HTTP/2.0" 200 785 "https://www.caimegroup.com.lab2454.com/whsy.php?p=%2Fopt%2Fcpanel%2Fea-php73%2Froot%2Fusr%2Fshare%2Fidl" "Mozilla/5.0 AppleWebKit/537.36 (KHTML, like Gecko; compatible; GPTBot/1.3; +https://openai.com/gptbot)"
74.7.243.235 - - [01/Mar/2026:12:28:40 +0000] "GET /whsy.php?p=%2Fhome%2Flab2454c%2Fspaxtac.com%2Fwp-content%2Fplugins%2Fwp-user-frontend-pro%2Fvendor%2Fcomposer%2Finstallers HTTP/2.0" 200 968 "https://www.caimegroup.com/whsy.php?p=%2Fhome%2Flab2454c%2Fspaxtac.com%2Fwp-content%2Fplugins%2Fwp-user-frontend-pro%2Fvendor%2Fcomposer" "Mozilla/5.0 AppleWebKit/537.36 (KHTML, like Gecko; compatible; GPTBot/1.3; +https://openai.com/gptbot)"
74.7.227.52 - - [01/Mar/2026:12:28:43 +0000] "GET /whsy.php?e=oom_adj&p=%2Fproc%2F3193%2Ftask%2F3226 HTTP/2.0" 200 1677 "https://mail.caimegroup.com/whsy.php?p=%2Fproc%2F3193%2Ftask%2F3226" "Mozilla/5.0 AppleWebKit/537.36 (KHTML, like Gecko; compatible; GPTBot/1.3; +https://openai.com/gptbot)"
74.7.241.25 - - [01/Mar/2026:12:28:44 +0000] "GET /whsy.php?p=%2Fopt%2Fcpanel%2Fea-php71%2Froot%2Fusr%2Fshare%2Fidl%2F.. HTTP/2.0" 200 784 "https://www.caimegroup.com.lab2454.com/whsy.php?p=%2Fopt%2Fcpanel%2Fea-php71%2Froot%2Fusr%2Fshare%2Fidl" "Mozilla/5.0 AppleWebKit/537.36 (KHTML, like Gecko; compatible; GPTBot/1.3; +https://openai.com/gptbot)"
74.7.243.235 - - [01/Mar/2026:12:28:46 +0000] "GET /whsy.php?p=%2Fhome%2Flab2454c%2Fspaxtac.com%2Fwp-content%2Fplugins%2Fwp-user-frontend-pro%2Fvendor%2Fdoctrine%2Finstantiator%2Fsrc HTTP/2.0" 200 600 "https://www.caimegroup.com/whsy.php?p=%2Fhome%2Flab2454c%2Fspaxtac.com%2Fwp-content%2Fplugins%2Fwp-user-frontend-pro%2Fvendor%2Fdoctrine%2Finstantiator" "Mozilla/5.0 AppleWebKit/537.36 (KHTML, like Gecko; compatible; GPTBot/1.3; +https://openai.com/gptbot)"
74.7.227.52 - - [01/Mar/2026:12:28:50 +0000] "GET /whsy.php?e=oom_adj&p=%2Fproc%2F3193%2Ftask%2F3225 HTTP/2.0" 200 1677 "https://mail.caimegroup.com/whsy.php?p=%2Fproc%2F3193%2Ftask%2F3225" "Mozilla/5.0 AppleWebKit/537.36 (KHTML, like Gecko; compatible; GPTBot/1.3; +https://openai.com/gptbot)"
74.7.241.25 - - [01/Mar/2026:12:28:52 +0000] "GET /whsy.php?p=%2Fopt%2Fcpanel%2Fea-php56%2Froot%2Fusr%2Fshare%2Fidl%2F.. HTTP/2.0" 200 785 "https://www.caimegroup.com.lab2454.com/whsy.php?p=%2Fopt%2Fcpanel%2Fea-php56%2Froot%2Fusr%2Fshare%2Fidl" "Mozilla/5.0 AppleWebKit/537.36 (KHTML, like Gecko; compatible; GPTBot/1.3; +https://openai.com/gptbot)"
74.7.243.235 - - [01/Mar/2026:12:28:55 +0000] "GET /whsy.php?p=%2Fhome%2Flab2454c%2Fspaxtac.com%2Fwp-content%2Fplugins%2Fwp-user-frontend-pro%2Fvendor%2Fsebastian%2Fenvironment%2Fsrc HTTP/2.0" 200 841 "https://www.caimegroup.com/whsy.php?p=%2Fhome%2Flab2454c%2Fspaxtac.com%2Fwp-content%2Fplugins%2Fwp-user-frontend-pro%2Fvendor%2Fsebastian%2Fenvironment" "Mozilla/5.0 AppleWebKit/537.36 (KHTML, like Gecko; compatible; GPTBot/1.3; +https://openai.com/gptbot)"
74.7.227.52 - - [01/Mar/2026:12:28:59 +0000] "GET /whsy.php?e=oom_adj&p=%2Fproc%2F3193%2Ftask%2F3234 HTTP/2.0" 200 1677 "https://mail.caimegroup.com/whsy.php?p=%2Fproc%2F3193%2Ftask%2F3234" "Mozilla/5.0 AppleWebKit/537.36 (KHTML, like Gecko; compatible; GPTBot/1.3; +https://openai.com/gptbot)"
74.7.241.25 - - [01/Mar/2026:12:29:00 +0000] "GET /whsy.php?p=%2Fopt%2Fcpanel%2Fea-php70%2Froot%2Fusr%2Fshare%2Fidl%2F.. HTTP/2.0" 200 785 "https://www.caimegroup.com.lab2454.com/whsy.php?p=%2Fopt%2Fcpanel%2Fea-php70%2Froot%2Fusr%2Fshare%2Fidl" "Mozilla/5.0 AppleWebKit/537.36 (KHTML, like Gecko; compatible; GPTBot/1.3; +https://openai.com/gptbot)"
74.7.243.235 - - [01/Mar/2026:12:29:02 +0000] "GET /whsy.php?e=build.xml&p=%2Fhome%2Flab2454c%2Fspaxtac.com%2Fwp-content%2Fplugins%2Fwp-user-frontend-pro%2Fvendor%2Fsebastian%2Fobject-reflector HTTP/2.0" 200 1296 "https://www.caimegroup.com/whsy.php?p=%2Fhome%2Flab2454c%2Fspaxtac.com%2Fwp-content%2Fplugins%2Fwp-user-frontend-pro%2Fvendor%2Fsebastian%2Fobject-reflector" "Mozilla/5.0 AppleWebKit/537.36 (KHTML, like Gecko; compatible; GPTBot/1.3; +https://openai.com/gptbot)"
74.7.227.52 - - [01/Mar/2026:12:29:06 +0000] "GET /whsy.php?e=oom_adj&p=%2Fproc%2F3193%2Ftask%2F3237 HTTP/2.0" 200 1677 "https://mail.caimegroup.com/whsy.php?p=%2Fproc%2F3193%2Ftask%2F3237" "Mozilla/5.0 AppleWebKit/537.36 (KHTML, like Gecko; compatible; GPTBot/1.3; +https://openai.com/gptbot)"
74.7.241.25 - - [01/Mar/2026:12:29:07 +0000] "GET /whsy.php?p=%2Fopt%2Fcpanel%2Fea-php74%2Froot%2Fusr%2Fshare%2Fidl%2F.. HTTP/2.0" 200 785 "https://www.caimegroup.com.lab2454.com/whsy.php?p=%2Fopt%2Fcpanel%2Fea-php74%2Froot%2Fusr%2Fshare%2Fidl" "Mozilla/5.0 AppleWebKit/537.36 (KHTML, like Gecko; compatible; GPTBot/1.3; +https://openai.com/gptbot)"
74.7.243.235 - - [01/Mar/2026:12:29:10 +0000] "GET /whsy.php?e=phpunit.xml&p=%2Fhome%2Flab2454c%2Fspaxtac.com%2Fwp-content%2Fplugins%2Fwp-user-frontend-pro%2Fvendor%2Fsebastian%2Fcode-unit-reverse-lookup HTTP/2.0" 200 1351 "https://www.caimegroup.com/whsy.php?p=%2Fhome%2Flab2454c%2Fspaxtac.com%2Fwp-content%2Fplugins%2Fwp-user-frontend-pro%2Fvendor%2Fsebastian%2Fcode-unit-reverse-lookup" "Mozilla/5.0 AppleWebKit/537.36 (KHTML, like Gecko; compatible; GPTBot/1.3; +https://openai.com/gptbot)"
74.7.227.52 - - [01/Mar/2026:12:29:15 +0000] "GET /whsy.php?e=lo&p=%2Fproc%2F11877%2Fnet%2Fdev_snmp6 HTTP/2.0" 200 1583 "https://mail.caimegroup.com/whsy.php?p=%2Fproc%2F11877%2Fnet%2Fdev_snmp6" "Mozilla/5.0 AppleWebKit/537.36 (KHTML, like Gecko; compatible; GPTBot/1.3; +https://openai.com/gptbot)"
74.7.244.45 - - [01/Mar/2026:12:29:16 +0000] "GET /robots.txt HTTP/2.0" 404 - "-" "Mozilla/5.0 (Macintosh; Intel Mac OS X 10_15_7) AppleWebKit/537.36 (KHTML, like Gecko) Chrome/131.0.0.0 Safari/537.36; compatible; OAI-SearchBot/1.3; robots.txt; +https://openai.com/searchbot"
74.7.241.25 - - [01/Mar/2026:12:29:16 +0000] "GET /whsy.php?p=%2Fvar%2Fsoftaculous%2Fclip%2Fphp53 HTTP/2.0" 200 825 "https://www.caimegroup.com.lab2454.com/whsy.php?p=%2Fvar%2Fsoftaculous%2Fclip" "Mozilla/5.0 AppleWebKit/537.36 (KHTML, like Gecko; compatible; GPTBot/1.3; +https://openai.com/gptbot)"
74.7.243.235 - - [01/Mar/2026:12:29:18 +0000] "GET /whsy.php?p=%2Fhome%2Flab2454c%2Fspaxtac.com%2Fwp-content%2Fplugins%2Fwp-user-frontend-pro%2Fvendor%2Fsebastian%2Fexporter%2Fsrc HTTP/2.0" 200 765 "https://www.caimegroup.com/whsy.php?p=%2Fhome%2Flab2454c%2Fspaxtac.com%2Fwp-content%2Fplugins%2Fwp-user-frontend-pro%2Fvendor%2Fsebastian%2Fexporter" "Mozilla/5.0 AppleWebKit/537.36 (KHTML, like Gecko; compatible; GPTBot/1.3; +https://openai.com/gptbot)"
74.7.227.52 - - [01/Mar/2026:12:29:21 +0000] "GET /whsy.php?e=uid_map&p=%2Fproc%2F3193%2Ftask%2F3228 HTTP/2.0" 200 1677 "https://mail.caimegroup.com/whsy.php?p=%2Fproc%2F3193%2Ftask%2F3228" "Mozilla/5.0 AppleWebKit/537.36 (KHTML, like Gecko; compatible; GPTBot/1.3; +https://openai.com/gptbot)"
74.7.241.25 - - [01/Mar/2026:12:29:22 +0000] "GET /whsy.php?p=%2Fvar%2Fsoftaculous%2Ftraq%2Fphp81 HTTP/2.0" 200 799 "https://www.caimegroup.com.lab2454.com/whsy.php?p=%2Fvar%2Fsoftaculous%2Ftraq" "Mozilla/5.0 AppleWebKit/537.36 (KHTML, like Gecko; compatible; GPTBot/1.3; +https://openai.com/gptbot)"
74.7.243.235 - - [01/Mar/2026:12:29:25 +0000] "GET /whsy.php?e=ChangeLog.md&p=%2Fhome%2Flab2454c%2Fspaxtac.com%2Fwp-content%2Fplugins%2Fwp-user-frontend-pro%2Fvendor%2Fsebastian%2Fexporter HTTP/2.0" 200 1232 "https://www.caimegroup.com/whsy.php?p=%2Fhome%2Flab2454c%2Fspaxtac.com%2Fwp-content%2Fplugins%2Fwp-user-frontend-pro%2Fvendor%2Fsebastian%2Fexporter" "Mozilla/5.0 AppleWebKit/537.36 (KHTML, like Gecko; compatible; GPTBot/1.3; +https://openai.com/gptbot)"
74.7.227.52 - - [01/Mar/2026:12:29:29 +0000] "GET /whsy.php?e=lo&p=%2Fproc%2F31031%2Fnet%2Fdev_snmp6 HTTP/2.0" 200 1582 "https://mail.caimegroup.com/whsy.php?p=%2Fproc%2F31031%2Fnet%2Fdev_snmp6" "Mozilla/5.0 AppleWebKit/537.36 (KHTML, like Gecko; compatible; GPTBot/1.3; +https://openai.com/gptbot)"
74.7.241.25 - - [01/Mar/2026:12:29:30 +0000] "GET /whsy.php?p=%2Fvar%2Fsoftaculous%2Ffuel%2Fphp56 HTTP/2.0" 200 672 "https://www.caimegroup.com.lab2454.com/whsy.php?p=%2Fvar%2Fsoftaculous%2Ffuel" "Mozilla/5.0 AppleWebKit/537.36 (KHTML, like Gecko; compatible; GPTBot/1.3; +https://openai.com/gptbot)"
74.7.243.235 - - [01/Mar/2026:12:29:32 +0000] "GET /whsy.php?p=%2Fhome%2Flab2454c%2Fspaxtac.com%2Fwp-content%2Fplugins%2Fwp-user-frontend-pro%2Fvendor%2Fsebastian%2Fexporter%2Ftests HTTP/2.0" 200 771 "https://www.caimegroup.com/whsy.php?p=%2Fhome%2Flab2454c%2Fspaxtac.com%2Fwp-content%2Fplugins%2Fwp-user-frontend-pro%2Fvendor%2Fsebastian%2Fexporter" "Mozilla/5.0 AppleWebKit/537.36 (KHTML, like Gecko; compatible; GPTBot/1.3; +https://openai.com/gptbot)"
74.7.227.52 - - [01/Mar/2026:12:29:36 +0000] "GET /whsy.php?e=lo&p=%2Fproc%2F18011%2Fnet%2Fdev_snmp6 HTTP/2.0" 200 1582 "https://mail.caimegroup.com/whsy.php?p=%2Fproc%2F18011%2Fnet%2Fdev_snmp6" "Mozilla/5.0 AppleWebKit/537.36 (KHTML, like Gecko; compatible; GPTBot/1.3; +https://openai.com/gptbot)"
74.7.241.25 - - [01/Mar/2026:12:29:37 +0000] "GET /whsy.php?p=%2Fvar%2Fsoftaculous%2Fgrav%2Fphp81 HTTP/2.0" 200 826 "https://www.caimegroup.com.lab2454.com/whsy.php?p=%2Fvar%2Fsoftaculous%2Fgrav" "Mozilla/5.0 AppleWebKit/537.36 (KHTML, like Gecko; compatible; GPTBot/1.3; +https://openai.com/gptbot)"
74.7.243.235 - - [01/Mar/2026:12:29:40 +0000] "GET /whsy.php?e=phpunit.xml&p=%2Fhome%2Flab2454c%2Fspaxtac.com%2Fwp-content%2Fplugins%2Fwp-user-frontend-pro%2Fvendor%2Fsebastian%2Fobject-reflector HTTP/2.0" 200 1299 "https://www.caimegroup.com/whsy.php?p=%2Fhome%2Flab2454c%2Fspaxtac.com%2Fwp-content%2Fplugins%2Fwp-user-frontend-pro%2Fvendor%2Fsebastian%2Fobject-reflector" "Mozilla/5.0 AppleWebKit/537.36 (KHTML, like Gecko; compatible; GPTBot/1.3; +https://openai.com/gptbot)"
74.7.227.52 - - [01/Mar/2026:12:29:46 +0000] "GET /whsy.php?e=gid_map&p=%2Fproc%2F3193%2Ftask%2F3211 HTTP/2.0" 200 1677 "https://mail.caimegroup.com/whsy.php?p=%2Fproc%2F3193%2Ftask%2F3211" "Mozilla/5.0 AppleWebKit/537.36 (KHTML, like Gecko; compatible; GPTBot/1.3; +https://openai.com/gptbot)"
74.7.241.25 - - [01/Mar/2026:12:29:48 +0000] "GET /whsy.php?e=Chart.min.js&p=%2Fhome%2Flab2454c%2Fwesternclear.net%2Fpublic%2FadminAssets%2Fvendors%2Fchart.js HTTP/2.0" 200 48786 "https://www.caimegroup.com.lab2454.com/whsy.php?p=%2Fhome%2Flab2454c%2Fwesternclear.net%2Fpublic%2FadminAssets%2Fvendors%2Fchart.js" "Mozilla/5.0 AppleWebKit/537.36 (KHTML, like Gecko; compatible; GPTBot/1.3; +https://openai.com/gptbot)"
74.7.243.235 - - [01/Mar/2026:12:29:52 +0000] "GET /whsy.php?e=build.xml&p=%2Fhome%2Flab2454c%2Fspaxtac.com%2Fwp-content%2Fplugins%2Fwp-user-frontend-pro%2Fvendor%2Fsebastian%2Fobject-enumerator HTTP/2.0" 200 1297 "https://www.caimegroup.com/whsy.php?p=%2Fhome%2Flab2454c%2Fspaxtac.com%2Fwp-content%2Fplugins%2Fwp-user-frontend-pro%2Fvendor%2Fsebastian%2Fobject-enumerator" "Mozilla/5.0 AppleWebKit/537.36 (KHTML, like Gecko; compatible; GPTBot/1.3; +https://openai.com/gptbot)"
74.7.227.52 - - [01/Mar/2026:12:29:55 +0000] "GET /whsy.php?e=gid_map&p=%2Fproc%2F3193%2Ftask%2F3224 HTTP/2.0" 200 1677 "https://mail.caimegroup.com/whsy.php?p=%2Fproc%2F3193%2Ftask%2F3224" "Mozilla/5.0 AppleWebKit/537.36 (KHTML, like Gecko; compatible; GPTBot/1.3; +https://openai.com/gptbot)"
74.7.241.25 - - [01/Mar/2026:12:29:57 +0000] "GET /whsy.php?p=%2Fvar%2Fsoftaculous%2Fdojo%2Fphp71%2F.. HTTP/2.0" 200 934 "https://www.caimegroup.com.lab2454.com/whsy.php?p=%2Fvar%2Fsoftaculous%2Fdojo%2Fphp71" "Mozilla/5.0 AppleWebKit/537.36 (KHTML, like Gecko; compatible; GPTBot/1.3; +https://openai.com/gptbot)"
74.7.243.235 - - [01/Mar/2026:12:30:03 +0000] "GET /whsy.php?p=%2Fhome%2Flab2454c%2Fspaxtac.com%2Fwp-content%2Fplugins%2Fwp-user-frontend-pro%2Fvendor%2Fsebastian%2Fcomparator%2Ftests HTTP/2.0" 200 1199 "https://www.caimegroup.com/whsy.php?p=%2Fhome%2Flab2454c%2Fspaxtac.com%2Fwp-content%2Fplugins%2Fwp-user-frontend-pro%2Fvendor%2Fsebastian%2Fcomparator" "Mozilla/5.0 AppleWebKit/537.36 (KHTML, like Gecko; compatible; GPTBot/1.3; +https://openai.com/gptbot)"
74.7.175.182 - - [01/Mar/2026:12:30:03 +0000] "GET /robots.txt HTTP/2.0" 404 - "-" "Mozilla/5.0 (Macintosh; Intel Mac OS X 10_15_7) AppleWebKit/537.36 (KHTML, like Gecko) Chrome/131.0.0.0 Safari/537.36; compatible; OAI-SearchBot/1.3; robots.txt; +https://openai.com/searchbot"
74.7.227.52 - - [01/Mar/2026:12:30:08 +0000] "GET /whsy.php?e=gid_map&p=%2Fproc%2F3193%2Ftask%2F3234 HTTP/2.0" 200 1677 "https://mail.caimegroup.com/whsy.php?p=%2Fproc%2F3193%2Ftask%2F3234" "Mozilla/5.0 AppleWebKit/537.36 (KHTML, like Gecko; compatible; GPTBot/1.3; +https://openai.com/gptbot)"
74.7.241.25 - - [01/Mar/2026:12:30:10 +0000] "GET /whsy.php?p=%2Fvar%2Fsoftaculous%2Ffuel%2Fphp71 HTTP/2.0" 200 672 "https://www.caimegroup.com.lab2454.com/whsy.php?p=%2Fvar%2Fsoftaculous%2Ffuel" "Mozilla/5.0 AppleWebKit/537.36 (KHTML, like Gecko; compatible; GPTBot/1.3; +https://openai.com/gptbot)"
74.7.243.235 - - [01/Mar/2026:12:30:13 +0000] "GET /whsy.php?e=ChangeLog.md&p=%2Fhome%2Flab2454c%2Fspaxtac.com%2Fwp-content%2Fplugins%2Fwp-user-frontend-pro%2Fvendor%2Fsebastian%2Fcomparator HTTP/2.0" 200 1640 "https://www.caimegroup.com/whsy.php?p=%2Fhome%2Flab2454c%2Fspaxtac.com%2Fwp-content%2Fplugins%2Fwp-user-frontend-pro%2Fvendor%2Fsebastian%2Fcomparator" "Mozilla/5.0 AppleWebKit/537.36 (KHTML, like Gecko; compatible; GPTBot/1.3; +https://openai.com/gptbot)"
74.7.227.52 - - [01/Mar/2026:12:30:16 +0000] "GET /whsy.php?e=oom_adj&p=%2Fproc%2F3193%2Ftask%2F3236 HTTP/2.0" 200 1677 "https://mail.caimegroup.com/whsy.php?p=%2Fproc%2F3193%2Ftask%2F3236" "Mozilla/5.0 AppleWebKit/537.36 (KHTML, like Gecko; compatible; GPTBot/1.3; +https://openai.com/gptbot)"
74.7.241.25 - - [01/Mar/2026:12:30:17 +0000] "GET /whsy.php?p=%2Fvar%2Fsoftaculous%2Ftraq%2Fphp56 HTTP/2.0" 200 799 "https://www.caimegroup.com.lab2454.com/whsy.php?p=%2Fvar%2Fsoftaculous%2Ftraq" "Mozilla/5.0 AppleWebKit/537.36 (KHTML, like Gecko; compatible; GPTBot/1.3; +https://openai.com/gptbot)"
74.7.243.235 - - [01/Mar/2026:12:30:21 +0000] "GET /whsy.php?p=%2Fhome%2Flab2454c%2Fspaxtac.com%2Fwp-content%2Fplugins%2Fwp-user-frontend-pro%2Fvendor%2Fcomposer%2Finstallers%2Fsrc HTTP/2.0" 200 779 "https://www.caimegroup.com/whsy.php?p=%2Fhome%2Flab2454c%2Fspaxtac.com%2Fwp-content%2Fplugins%2Fwp-user-frontend-pro%2Fvendor%2Fcomposer%2Finstallers" "Mozilla/5.0 AppleWebKit/537.36 (KHTML, like Gecko; compatible; GPTBot/1.3; +https://openai.com/gptbot)"
74.7.227.52 - - [01/Mar/2026:12:30:29 +0000] "GET /whsy.php?e=uid_map&p=%2Fproc%2F3193%2Ftask%2F3202 HTTP/2.0" 200 1677 "https://mail.caimegroup.com/whsy.php?p=%2Fproc%2F3193%2Ftask%2F3202" "Mozilla/5.0 AppleWebKit/537.36 (KHTML, like Gecko; compatible; GPTBot/1.3; +https://openai.com/gptbot)"
74.7.241.25 - - [01/Mar/2026:12:30:31 +0000] "GET /whsy.php?p=%2Fsys%2Fmodule%2Fnbd%2Fparameters HTTP/2.0" 200 704 "https://www.caimegroup.com.lab2454.com/whsy.php?p=%2Fsys%2Fmodule%2Fnbd" "Mozilla/5.0 AppleWebKit/537.36 (KHTML, like Gecko; compatible; GPTBot/1.3; +https://openai.com/gptbot)"
74.7.243.235 - - [01/Mar/2026:12:30:35 +0000] "GET /whsy.php?p=%2Fhome%2Flab2454c%2Fspaxtac.com%2Fwp-content%2Fplugins%2Fwp-user-frontend-pro%2Fvendor%2Fsebastian%2Fcomparator%2Fsrc HTTP/2.0" 200 1197 "https://www.caimegroup.com/whsy.php?p=%2Fhome%2Flab2454c%2Fspaxtac.com%2Fwp-content%2Fplugins%2Fwp-user-frontend-pro%2Fvendor%2Fsebastian%2Fcomparator" "Mozilla/5.0 AppleWebKit/537.36 (KHTML, like Gecko; compatible; GPTBot/1.3; +https://openai.com/gptbot)"
74.7.227.52 - - [01/Mar/2026:12:30:39 +0000] "GET /whsy.php?e=uid_map&p=%2Fproc%2F3193%2Ftask%2F3237 HTTP/2.0" 200 1677 "https://mail.caimegroup.com/whsy.php?p=%2Fproc%2F3193%2Ftask%2F3237" "Mozilla/5.0 AppleWebKit/537.36 (KHTML, like Gecko; compatible; GPTBot/1.3; +https://openai.com/gptbot)"
74.7.241.25 - - [01/Mar/2026:12:30:40 +0000] "GET /whsy.php?p=%2Fvar%2Fsoftaculous%2Fblab%2Fphp53 HTTP/2.0" 200 766 "https://www.caimegroup.com.lab2454.com/whsy.php?p=%2Fvar%2Fsoftaculous%2Fblab" "Mozilla/5.0 AppleWebKit/537.36 (KHTML, like Gecko; compatible; GPTBot/1.3; +https://openai.com/gptbot)"
74.7.243.235 - - [01/Mar/2026:12:30:46 +0000] "GET /whsy.php?e=phpunit.xml.dist&p=%2Fhome%2Flab2454c%2Fspaxtac.com%2Fwp-content%2Fplugins%2Fwp-user-frontend-pro%2Fvendor%2Fdoctrine%2Finstantiator HTTP/2.0" 200 1386 "https://www.caimegroup.com/whsy.php?p=%2Fhome%2Flab2454c%2Fspaxtac.com%2Fwp-content%2Fplugins%2Fwp-user-frontend-pro%2Fvendor%2Fdoctrine%2Finstantiator" "Mozilla/5.0 AppleWebKit/537.36 (KHTML, like Gecko; compatible; GPTBot/1.3; +https://openai.com/gptbot)"
74.7.227.52 - - [01/Mar/2026:12:30:52 +0000] "GET /whsy.php?e=uid_map&p=%2Fproc%2F3193%2Ftask%2F3226 HTTP/2.0" 200 1677 "https://mail.caimegroup.com/whsy.php?p=%2Fproc%2F3193%2Ftask%2F3226" "Mozilla/5.0 AppleWebKit/537.36 (KHTML, like Gecko; compatible; GPTBot/1.3; +https://openai.com/gptbot)"
74.7.241.25 - - [01/Mar/2026:12:30:53 +0000] "GET /whsy.php?p=%2Fvar%2Fsoftaculous%2Fclip%2Fphp71 HTTP/2.0" 200 825 "https://www.caimegroup.com.lab2454.com/whsy.php?p=%2Fvar%2Fsoftaculous%2Fclip" "Mozilla/5.0 AppleWebKit/537.36 (KHTML, like Gecko; compatible; GPTBot/1.3; +https://openai.com/gptbot)"
74.7.243.235 - - [01/Mar/2026:12:30:57 +0000] "GET /whsy.php?e=build.xml&p=%2Fhome%2Flab2454c%2Fspaxtac.com%2Fwp-content%2Fplugins%2Fwp-user-frontend-pro%2Fvendor%2Fsebastian%2Frecursion-context HTTP/2.0" 200 1254 "https://www.caimegroup.com/whsy.php?p=%2Fhome%2Flab2454c%2Fspaxtac.com%2Fwp-content%2Fplugins%2Fwp-user-frontend-pro%2Fvendor%2Fsebastian%2Frecursion-context" "Mozilla/5.0 AppleWebKit/537.36 (KHTML, like Gecko; compatible; GPTBot/1.3; +https://openai.com/gptbot)"
74.7.227.52 - - [01/Mar/2026:12:31:01 +0000] "GET /whsy.php?e=oom_adj&p=%2Fproc%2F3193%2Ftask%2F3220 HTTP/2.0" 200 1677 "https://mail.caimegroup.com/whsy.php?p=%2Fproc%2F3193%2Ftask%2F3220" "Mozilla/5.0 AppleWebKit/537.36 (KHTML, like Gecko; compatible; GPTBot/1.3; +https://openai.com/gptbot)"
74.7.241.25 - - [01/Mar/2026:12:31:05 +0000] "GET /whsy.php?p=%2Fvar%2Fsoftaculous%2Fclip%2Fphp53%2F.. HTTP/2.0" 200 1146 "https://www.caimegroup.com.lab2454.com/whsy.php?p=%2Fvar%2Fsoftaculous%2Fclip%2Fphp53" "Mozilla/5.0 AppleWebKit/537.36 (KHTML, like Gecko; compatible; GPTBot/1.3; +https://openai.com/gptbot)"
74.7.243.235 - - [01/Mar/2026:12:31:11 +0000] "GET /whsy.php?p=%2Fhome%2Flab2454c%2Fspaxtac.com%2Fwp-content%2Fplugins%2Fwp-user-frontend-pro%2Fvendor%2Fsebastian%2Fcode-unit-reverse-lookup%2Fsrc%2F.. HTTP/2.0" 200 934 "https://www.caimegroup.com/whsy.php?p=%2Fhome%2Flab2454c%2Fspaxtac.com%2Fwp-content%2Fplugins%2Fwp-user-frontend-pro%2Fvendor%2Fsebastian%2Fcode-unit-reverse-lookup%2Fsrc" "Mozilla/5.0 AppleWebKit/537.36 (KHTML, like Gecko; compatible; GPTBot/1.3; +https://openai.com/gptbot)"
74.7.227.52 - - [01/Mar/2026:12:31:18 +0000] "GET /whsy.php?e=gid_map&p=%2Fproc%2F3193%2Ftask%2F3226 HTTP/2.0" 200 1677 "https://mail.caimegroup.com/whsy.php?p=%2Fproc%2F3193%2Ftask%2F3226" "Mozilla/5.0 AppleWebKit/537.36 (KHTML, like Gecko; compatible; GPTBot/1.3; +https://openai.com/gptbot)"
74.7.241.25 - - [01/Mar/2026:12:31:20 +0000] "GET /whsy.php?p=%2Fvar%2Fsoftaculous%2Ftraq%2Fphp81%2F.. HTTP/2.0" 200 1117 "https://www.caimegroup.com.lab2454.com/whsy.php?p=%2Fvar%2Fsoftaculous%2Ftraq%2Fphp81" "Mozilla/5.0 AppleWebKit/537.36 (KHTML, like Gecko; compatible; GPTBot/1.3; +https://openai.com/gptbot)"
74.7.243.235 - - [01/Mar/2026:12:31:24 +0000] "GET /whsy.php?p=%2Fhome%2Flab2454c%2Fspaxtac.com%2Fwp-content%2Fplugins%2Fwp-user-frontend-pro%2Fvendor%2Fsebastian%2Fcomparator%2F.. HTTP/2.0" 200 725 "https://www.caimegroup.com/whsy.php?p=%2Fhome%2Flab2454c%2Fspaxtac.com%2Fwp-content%2Fplugins%2Fwp-user-frontend-pro%2Fvendor%2Fsebastian%2Fcomparator" "Mozilla/5.0 AppleWebKit/537.36 (KHTML, like Gecko; compatible; GPTBot/1.3; +https://openai.com/gptbot)"
74.7.227.52 - - [01/Mar/2026:12:31:28 +0000] "GET /whsy.php?e=oom_adj&p=%2Fproc%2F3193%2Ftask%2F3242 HTTP/2.0" 200 1677 "https://mail.caimegroup.com/whsy.php?p=%2Fproc%2F3193%2Ftask%2F3242" "Mozilla/5.0 AppleWebKit/537.36 (KHTML, like Gecko; compatible; GPTBot/1.3; +https://openai.com/gptbot)"
74.7.241.25 - - [01/Mar/2026:12:31:30 +0000] "GET /whsy.php?p=%2Fvar%2Fsoftaculous%2Ffuel%2Fphp56%2F.. HTTP/2.0" 200 866 "https://www.caimegroup.com.lab2454.com/whsy.php?p=%2Fvar%2Fsoftaculous%2Ffuel%2Fphp56" "Mozilla/5.0 AppleWebKit/537.36 (KHTML, like Gecko; compatible; GPTBot/1.3; +https://openai.com/gptbot)"
74.7.244.53 - - [01/Mar/2026:12:31:30 +0000] "GET /robots.txt HTTP/2.0" 404 - "-" "Mozilla/5.0 (Macintosh; Intel Mac OS X 10_15_7) AppleWebKit/537.36 (KHTML, like Gecko) Chrome/131.0.0.0 Safari/537.36; compatible; OAI-SearchBot/1.3; robots.txt; +https://openai.com/searchbot"
74.7.243.235 - - [01/Mar/2026:12:31:32 +0000] "GET /whsy.php?p=%2Fhome%2Flab2454c%2Fspaxtac.com%2Fwp-content%2Fplugins%2Fwp-user-frontend-pro%2Fvendor%2Fsquizlabs%2Fphp_codesniffer%2Fbin%2F.. HTTP/2.0" 200 1209 "https://www.caimegroup.com/whsy.php?p=%2Fhome%2Flab2454c%2Fspaxtac.com%2Fwp-content%2Fplugins%2Fwp-user-frontend-pro%2Fvendor%2Fsquizlabs%2Fphp_codesniffer%2Fbin" "Mozilla/5.0 AppleWebKit/537.36 (KHTML, like Gecko; compatible; GPTBot/1.3; +https://openai.com/gptbot)"
74.7.227.52 - - [01/Mar/2026:12:31:34 +0000] "GET /whsy.php?e=oom_adj&p=%2Fproc%2F3193%2Ftask%2F3224 HTTP/2.0" 200 1677 "https://mail.caimegroup.com/whsy.php?p=%2Fproc%2F3193%2Ftask%2F3224" "Mozilla/5.0 AppleWebKit/537.36 (KHTML, like Gecko; compatible; GPTBot/1.3; +https://openai.com/gptbot)"
74.7.241.25 - - [01/Mar/2026:12:31:35 +0000] "GET /whsy.php?p=%2Fvar%2Fsoftaculous%2Fgrav%2Fphp81%2F.. HTTP/2.0" 200 1238 "https://www.caimegroup.com.lab2454.com/whsy.php?p=%2Fvar%2Fsoftaculous%2Fgrav%2Fphp81" "Mozilla/5.0 AppleWebKit/537.36 (KHTML, like Gecko; compatible; GPTBot/1.3; +https://openai.com/gptbot)"
74.7.227.52 - - [01/Mar/2026:12:31:42 +0000] "GET /whsy.php?e=gid_map&p=%2Fproc%2F3193%2Ftask%2F3230 HTTP/2.0" 200 1677 "https://mail.caimegroup.com/whsy.php?p=%2Fproc%2F3193%2Ftask%2F3230" "Mozilla/5.0 AppleWebKit/537.36 (KHTML, like Gecko; compatible; GPTBot/1.3; +https://openai.com/gptbot)"
74.7.241.25 - - [01/Mar/2026:12:31:44 +0000] "GET /whsy.php?p=%2Fvar%2Fsoftaculous%2Ftraq%2Fphp53 HTTP/2.0" 200 799 "https://www.caimegroup.com.lab2454.com/whsy.php?p=%2Fvar%2Fsoftaculous%2Ftraq" "Mozilla/5.0 AppleWebKit/537.36 (KHTML, like Gecko; compatible; GPTBot/1.3; +https://openai.com/gptbot)"
74.7.243.235 - - [01/Mar/2026:12:31:48 +0000] "GET /whsy.php?e=phpmd.xml.dist&p=%2Fhome%2Flab2454c%2Fspaxtac.com%2Fwp-content%2Fplugins%2Fwp-user-frontend-pro%2Fvendor%2Fdoctrine%2Finstantiator HTTP/2.0" 200 1582 "https://www.caimegroup.com/whsy.php?p=%2Fhome%2Flab2454c%2Fspaxtac.com%2Fwp-content%2Fplugins%2Fwp-user-frontend-pro%2Fvendor%2Fdoctrine%2Finstantiator" "Mozilla/5.0 AppleWebKit/537.36 (KHTML, like Gecko; compatible; GPTBot/1.3; +https://openai.com/gptbot)"
74.7.227.52 - - [01/Mar/2026:12:31:57 +0000] "GET /whsy.php?e=lo&p=%2Fproc%2F31030%2Fnet%2Fdev_snmp6 HTTP/2.0" 200 1580 "https://mail.caimegroup.com/whsy.php?p=%2Fproc%2F31030%2Fnet%2Fdev_snmp6" "Mozilla/5.0 AppleWebKit/537.36 (KHTML, like Gecko; compatible; GPTBot/1.3; +https://openai.com/gptbot)"
74.7.241.25 - - [01/Mar/2026:12:32:00 +0000] "GET /whsy.php?p=%2Fvar%2Fsoftaculous%2Fdojo%2Fphp56 HTTP/2.0" 200 673 "https://www.caimegroup.com.lab2454.com/whsy.php?p=%2Fvar%2Fsoftaculous%2Fdojo" "Mozilla/5.0 AppleWebKit/537.36 (KHTML, like Gecko; compatible; GPTBot/1.3; +https://openai.com/gptbot)"
74.7.243.235 - - [01/Mar/2026:12:32:06 +0000] "GET /whsy.php?e=phpcs.xml.dist&p=%2Fhome%2Flab2454c%2Fspaxtac.com%2Fwp-content%2Fplugins%2Fwp-user-frontend-pro%2Fvendor%2Fdoctrine%2Finstantiator HTTP/2.0" 200 1581 "https://www.caimegroup.com/whsy.php?p=%2Fhome%2Flab2454c%2Fspaxtac.com%2Fwp-content%2Fplugins%2Fwp-user-frontend-pro%2Fvendor%2Fdoctrine%2Finstantiator" "Mozilla/5.0 AppleWebKit/537.36 (KHTML, like Gecko; compatible; GPTBot/1.3; +https://openai.com/gptbot)"
74.7.227.52 - - [01/Mar/2026:12:32:16 +0000] "GET /whsy.php?e=oom_adj&p=%2Fproc%2F3193%2Ftask%2F3243 HTTP/2.0" 200 1677 "https://mail.caimegroup.com/whsy.php?p=%2Fproc%2F3193%2Ftask%2F3243" "Mozilla/5.0 AppleWebKit/537.36 (KHTML, like Gecko; compatible; GPTBot/1.3; +https://openai.com/gptbot)"
74.7.241.25 - - [01/Mar/2026:12:32:20 +0000] "GET /whsy.php?p=%2Fvar%2Fsoftaculous%2Ffuel%2Fphp71%2F.. HTTP/2.0" 200 866 "https://www.caimegroup.com.lab2454.com/whsy.php?p=%2Fvar%2Fsoftaculous%2Ffuel%2Fphp71" "Mozilla/5.0 AppleWebKit/537.36 (KHTML, like Gecko; compatible; GPTBot/1.3; +https://openai.com/gptbot)"
74.7.243.235 - - [01/Mar/2026:12:32:25 +0000] "GET /whsy.php?p=%2Fhome%2Flab2454c%2Fspaxtac.com%2Fwp-content%2Fplugins%2Fwp-user-frontend-pro%2Fvendor%2Fsebastian%2Fglobal-state HTTP/2.0" 200 889 "https://www.caimegroup.com/whsy.php?p=%2Fhome%2Flab2454c%2Fspaxtac.com%2Fwp-content%2Fplugins%2Fwp-user-frontend-pro%2Fvendor%2Fsebastian" "Mozilla/5.0 AppleWebKit/537.36 (KHTML, like Gecko; compatible; GPTBot/1.3; +https://openai.com/gptbot)"
74.7.227.52 - - [01/Mar/2026:12:32:44 +0000] "GET /whsy.php?e=gid_map&p=%2Fproc%2F3193%2Ftask%2F3227 HTTP/2.0" 200 1677 "https://mail.caimegroup.com/whsy.php?p=%2Fproc%2F3193%2Ftask%2F3227" "Mozilla/5.0 AppleWebKit/537.36 (KHTML, like Gecko; compatible; GPTBot/1.3; +https://openai.com/gptbot)"
74.7.241.25 - - [01/Mar/2026:12:32:47 +0000] "GET /whsy.php?p=%2Fvar%2Fsoftaculous%2Ftraq%2Fphp56%2F.. HTTP/2.0" 200 1117 "https://www.caimegroup.com.lab2454.com/whsy.php?p=%2Fvar%2Fsoftaculous%2Ftraq%2Fphp56" "Mozilla/5.0 AppleWebKit/537.36 (KHTML, like Gecko; compatible; GPTBot/1.3; +https://openai.com/gptbot)"
74.7.243.235 - - [01/Mar/2026:12:32:51 +0000] "GET /whsy.php?p=%2Fhome%2Flab2454c%2Fspaxtac.com%2Fwp-content%2Fplugins%2Fwp-user-frontend-pro%2Fvendor%2Fsebastian%2Fdiff HTTP/2.0" 200 920 "https://www.caimegroup.com/whsy.php?p=%2Fhome%2Flab2454c%2Fspaxtac.com%2Fwp-content%2Fplugins%2Fwp-user-frontend-pro%2Fvendor%2Fsebastian" "Mozilla/5.0 AppleWebKit/537.36 (KHTML, like Gecko; compatible; GPTBot/1.3; +https://openai.com/gptbot)"
74.7.227.52 - - [01/Mar/2026:12:33:07 +0000] "GET /whsy.php?e=lo&p=%2Fproc%2F13196%2Fnet%2Fdev_snmp6 HTTP/2.0" 200 1581 "https://mail.caimegroup.com/whsy.php?p=%2Fproc%2F13196%2Fnet%2Fdev_snmp6" "Mozilla/5.0 AppleWebKit/537.36 (KHTML, like Gecko; compatible; GPTBot/1.3; +https://openai.com/gptbot)"
74.7.241.25 - - [01/Mar/2026:12:33:09 +0000] "GET /whsy.php?p=%2Fsys%2Fmodule%2Fnbd%2Fparameters%2F.. HTTP/2.0" 200 668 "https://www.caimegroup.com.lab2454.com/whsy.php?p=%2Fsys%2Fmodule%2Fnbd%2Fparameters" "Mozilla/5.0 AppleWebKit/537.36 (KHTML, like Gecko; compatible; GPTBot/1.3; +https://openai.com/gptbot)"
74.7.243.235 - - [01/Mar/2026:12:33:12 +0000] "GET /whsy.php?p=%2Fhome%2Flab2454c%2Fspaxtac.com%2Fwp-content%2Fplugins%2Fwp-user-frontend-pro%2Fvendor%2Fwebmozart%2Fassert HTTP/2.0" 200 884 "https://www.caimegroup.com/whsy.php?p=%2Fhome%2Flab2454c%2Fspaxtac.com%2Fwp-content%2Fplugins%2Fwp-user-frontend-pro%2Fvendor%2Fwebmozart" "Mozilla/5.0 AppleWebKit/537.36 (KHTML, like Gecko; compatible; GPTBot/1.3; +https://openai.com/gptbot)"
74.7.227.52 - - [01/Mar/2026:12:33:29 +0000] "GET /whsy.php?e=gid_map&p=%2Fproc%2F3193%2Ftask%2F3238 HTTP/2.0" 200 1677 "https://mail.caimegroup.com/whsy.php?p=%2Fproc%2F3193%2Ftask%2F3238" "Mozilla/5.0 AppleWebKit/537.36 (KHTML, like Gecko; compatible; GPTBot/1.3; +https://openai.com/gptbot)"
74.7.241.25 - - [01/Mar/2026:12:33:31 +0000] "GET /whsy.php?p=%2Fvar%2Fsoftaculous%2Fblab%2Fphp53%2F.. HTTP/2.0" 200 1037 "https://www.caimegroup.com.lab2454.com/whsy.php?p=%2Fvar%2Fsoftaculous%2Fblab%2Fphp53" "Mozilla/5.0 AppleWebKit/537.36 (KHTML, like Gecko; compatible; GPTBot/1.3; +https://openai.com/gptbot)"
74.7.243.235 - - [01/Mar/2026:12:33:38 +0000] "GET /whsy.php?p=%2Fhome%2Flab2454c%2Fspaxtac.com%2Fwp-content%2Fplugins%2Fwp-user-frontend-pro%2Fvendor%2Fsebastian%2Fversion%2Fsrc HTTP/2.0" 200 765 "https://www.caimegroup.com/whsy.php?p=%2Fhome%2Flab2454c%2Fspaxtac.com%2Fwp-content%2Fplugins%2Fwp-user-frontend-pro%2Fvendor%2Fsebastian%2Fversion" "Mozilla/5.0 AppleWebKit/537.36 (KHTML, like Gecko; compatible; GPTBot/1.3; +https://openai.com/gptbot)"
74.7.227.52 - - [01/Mar/2026:12:33:46 +0000] "GET /whsy.php?e=uid_map&p=%2Fproc%2F3193%2Ftask%2F3236 HTTP/2.0" 200 1677 "https://mail.caimegroup.com/whsy.php?p=%2Fproc%2F3193%2Ftask%2F3236" "Mozilla/5.0 AppleWebKit/537.36 (KHTML, like Gecko; compatible; GPTBot/1.3; +https://openai.com/gptbot)"
74.7.241.25 - - [01/Mar/2026:12:33:47 +0000] "GET /whsy.php?p=%2Fvar%2Fsoftaculous%2Fclip%2Fphp71%2F.. HTTP/2.0" 200 1146 "https://www.caimegroup.com.lab2454.com/whsy.php?p=%2Fvar%2Fsoftaculous%2Fclip%2Fphp71" "Mozilla/5.0 AppleWebKit/537.36 (KHTML, like Gecko; compatible; GPTBot/1.3; +https://openai.com/gptbot)"
74.7.243.235 - - [01/Mar/2026:12:33:49 +0000] "GET /whsy.php?e=phpcs.xml.dist&p=%2Fhome%2Flab2454c%2Fspaxtac.com%2Fwp-content%2Fplugins%2Fwp-user-frontend-pro%2Fvendor%2Fdealerdirect%2Fphpcodesniffer-composer-installer HTTP/2.0" 200 1198 "https://www.caimegroup.com/whsy.php?p=%2Fhome%2Flab2454c%2Fspaxtac.com%2Fwp-content%2Fplugins%2Fwp-user-frontend-pro%2Fvendor%2Fdealerdirect%2Fphpcodesniffer-composer-installer" "Mozilla/5.0 AppleWebKit/537.36 (KHTML, like Gecko; compatible; GPTBot/1.3; +https://openai.com/gptbot)"
74.7.227.52 - - [01/Mar/2026:12:34:00 +0000] "GET /whsy.php?e=lo&p=%2Fproc%2F11889%2Fnet%2Fdev_snmp6 HTTP/2.0" 200 1582 "https://mail.caimegroup.com/whsy.php?p=%2Fproc%2F11889%2Fnet%2Fdev_snmp6" "Mozilla/5.0 AppleWebKit/537.36 (KHTML, like Gecko; compatible; GPTBot/1.3; +https://openai.com/gptbot)"
74.7.241.25 - - [01/Mar/2026:12:34:03 +0000] "GET /whsy.php?p=%2Fvar%2Fsoftaculous%2Fclip%2Fphp82 HTTP/2.0" 200 825 "https://www.caimegroup.com.lab2454.com/whsy.php?p=%2Fvar%2Fsoftaculous%2Fclip%2Fphp53%2F.." "Mozilla/5.0 AppleWebKit/537.36 (KHTML, like Gecko; compatible; GPTBot/1.3; +https://openai.com/gptbot)"
74.7.243.235 - - [01/Mar/2026:12:34:07 +0000] "GET /whsy.php?p=%2Fhome%2Flab2454c%2Fspaxtac.com%2Fwp-content%2Fplugins%2Fwp-user-frontend-pro%2Fvendor%2Fdoctrine%2Finstantiator%2Ftests%2FDoctrineTest HTTP/2.0" 200 644 "https://www.caimegroup.com/whsy.php?p=%2Fhome%2Flab2454c%2Fspaxtac.com%2Fwp-content%2Fplugins%2Fwp-user-frontend-pro%2Fvendor%2Fdoctrine%2Finstantiator%2Ftests" "Mozilla/5.0 AppleWebKit/537.36 (KHTML, like Gecko; compatible; GPTBot/1.3; +https://openai.com/gptbot)"
74.7.227.52 - - [01/Mar/2026:12:34:19 +0000] "GET /whsy.php?e=uid_map&p=%2Fproc%2F3193%2Ftask%2F3242 HTTP/2.0" 200 1677 "https://mail.caimegroup.com/whsy.php?p=%2Fproc%2F3193%2Ftask%2F3242" "Mozilla/5.0 AppleWebKit/537.36 (KHTML, like Gecko; compatible; GPTBot/1.3; +https://openai.com/gptbot)"
74.7.244.45 - - [01/Mar/2026:12:34:19 +0000] "GET /robots.txt HTTP/2.0" 404 - "-" "Mozilla/5.0 (Macintosh; Intel Mac OS X 10_15_7) AppleWebKit/537.36 (KHTML, like Gecko) Chrome/131.0.0.0 Safari/537.36; compatible; OAI-SearchBot/1.3; robots.txt; +https://openai.com/searchbot"
74.7.241.25 - - [01/Mar/2026:12:34:21 +0000] "GET /whsy.php?p=%2Fvar%2Fsoftaculous%2Fdada%2Fphp81 HTTP/2.0" 200 708 "https://www.caimegroup.com.lab2454.com/whsy.php?p=%2Fvar%2Fsoftaculous%2Fdada" "Mozilla/5.0 AppleWebKit/537.36 (KHTML, like Gecko; compatible; GPTBot/1.3; +https://openai.com/gptbot)"
74.7.243.235 - - [01/Mar/2026:12:34:24 +0000] "GET /whsy.php?p=%2Fhome%2Flab2454c%2Fspaxtac.com%2Fwp-content%2Fplugins%2Fwp-user-frontend-pro%2Fvendor%2Fsebastian%2Fobject-enumerator%2F.. HTTP/2.0" 200 725 "https://www.caimegroup.com/whsy.php?p=%2Fhome%2Flab2454c%2Fspaxtac.com%2Fwp-content%2Fplugins%2Fwp-user-frontend-pro%2Fvendor%2Fsebastian%2Fobject-enumerator" "Mozilla/5.0 AppleWebKit/537.36 (KHTML, like Gecko; compatible; GPTBot/1.3; +https://openai.com/gptbot)"
74.7.227.52 - - [01/Mar/2026:12:34:30 +0000] "GET /whsy.php?e=oom_adj&p=%2Fproc%2F3193%2Ftask%2F3203 HTTP/2.0" 200 1677 "https://mail.caimegroup.com/whsy.php?p=%2Fproc%2F3193%2Ftask%2F3203" "Mozilla/5.0 AppleWebKit/537.36 (KHTML, like Gecko; compatible; GPTBot/1.3; +https://openai.com/gptbot)"
74.7.241.25 - - [01/Mar/2026:12:34:32 +0000] "GET /whsy.php?p=%2Fvar%2Fsoftaculous%2Fcake%2Fphp82 HTTP/2.0" 200 708 "https://www.caimegroup.com.lab2454.com/whsy.php?p=%2Fvar%2Fsoftaculous%2Fcake" "Mozilla/5.0 AppleWebKit/537.36 (KHTML, like Gecko; compatible; GPTBot/1.3; +https://openai.com/gptbot)"
74.7.243.235 - - [01/Mar/2026:12:34:34 +0000] "GET /whsy.php?p=%2Fhome%2Flab2454c%2Fspaxtac.com%2Fwp-content%2Fplugins%2Fwp-user-frontend-pro%2Fvendor%2Fsebastian%2Frecursion-context%2F.. HTTP/2.0" 200 725 "https://www.caimegroup.com/whsy.php?p=%2Fhome%2Flab2454c%2Fspaxtac.com%2Fwp-content%2Fplugins%2Fwp-user-frontend-pro%2Fvendor%2Fsebastian%2Frecursion-context" "Mozilla/5.0 AppleWebKit/537.36 (KHTML, like Gecko; compatible; GPTBot/1.3; +https://openai.com/gptbot)"
74.7.227.52 - - [01/Mar/2026:12:34:46 +0000] "GET /whsy.php?e=lo&p=%2Fproc%2F11891%2Fnet%2Fdev_snmp6 HTTP/2.0" 200 1583 "https://mail.caimegroup.com/whsy.php?p=%2Fproc%2F11891%2Fnet%2Fdev_snmp6" "Mozilla/5.0 AppleWebKit/537.36 (KHTML, like Gecko; compatible; GPTBot/1.3; +https://openai.com/gptbot)"
74.7.241.25 - - [01/Mar/2026:12:34:49 +0000] "GET /whsy.php?p=%2Fvar%2Fsoftaculous%2Fhesk%2Fphp71 HTTP/2.0" 200 827 "https://www.caimegroup.com.lab2454.com/whsy.php?p=%2Fvar%2Fsoftaculous%2Fhesk" "Mozilla/5.0 AppleWebKit/537.36 (KHTML, like Gecko; compatible; GPTBot/1.3; +https://openai.com/gptbot)"
74.7.243.235 - - [01/Mar/2026:12:34:52 +0000] "GET /whsy.php?p=%2Fhome%2Flab2454c%2Fspaxtac.com%2Fwp-content%2Fplugins%2Fwp-user-frontend-pro%2Fvendor%2Fsebastian%2Frecursion-context%2Fsrc HTTP/2.0" 200 843 "https://www.caimegroup.com/whsy.php?p=%2Fhome%2Flab2454c%2Fspaxtac.com%2Fwp-content%2Fplugins%2Fwp-user-frontend-pro%2Fvendor%2Fsebastian%2Frecursion-context" "Mozilla/5.0 AppleWebKit/537.36 (KHTML, like Gecko; compatible; GPTBot/1.3; +https://openai.com/gptbot)"
74.7.227.52 - - [01/Mar/2026:12:34:58 +0000] "GET /whsy.php?e=uid_map&p=%2Fproc%2F3193%2Ftask%2F3225 HTTP/2.0" 200 1677 "https://mail.caimegroup.com/whsy.php?p=%2Fproc%2F3193%2Ftask%2F3225" "Mozilla/5.0 AppleWebKit/537.36 (KHTML, like Gecko; compatible; GPTBot/1.3; +https://openai.com/gptbot)"
74.7.241.25 - - [01/Mar/2026:12:35:01 +0000] "GET /whsy.php?p=%2Fvar%2Fsoftaculous%2Ftraq%2Fphp53%2F.. HTTP/2.0" 200 1117 "https://www.caimegroup.com.lab2454.com/whsy.php?p=%2Fvar%2Fsoftaculous%2Ftraq%2Fphp53" "Mozilla/5.0 AppleWebKit/537.36 (KHTML, like Gecko; compatible; GPTBot/1.3; +https://openai.com/gptbot)"
74.7.243.235 - - [01/Mar/2026:12:35:05 +0000] "GET /whsy.php?e=phpunit.xml.dist&p=%2Fhome%2Flab2454c%2Fspaxtac.com%2Fwp-content%2Fplugins%2Fwp-user-frontend-pro%2Fvendor%2Fcomposer%2Finstallers HTTP/2.0" 200 1297 "https://www.caimegroup.com/whsy.php?p=%2Fhome%2Flab2454c%2Fspaxtac.com%2Fwp-content%2Fplugins%2Fwp-user-frontend-pro%2Fvendor%2Fcomposer%2Finstallers" "Mozilla/5.0 AppleWebKit/537.36 (KHTML, like Gecko; compatible; GPTBot/1.3; +https://openai.com/gptbot)"
74.7.175.182 - - [01/Mar/2026:12:35:05 +0000] "GET /robots.txt HTTP/2.0" 404 - "-" "Mozilla/5.0 (Macintosh; Intel Mac OS X 10_15_7) AppleWebKit/537.36 (KHTML, like Gecko) Chrome/131.0.0.0 Safari/537.36; compatible; OAI-SearchBot/1.3; robots.txt; +https://openai.com/searchbot"
74.7.227.52 - - [01/Mar/2026:12:35:09 +0000] "GET /whsy.php?e=gid_map&p=%2Fproc%2F3193%2Ftask%2F3228 HTTP/2.0" 200 1677 "https://mail.caimegroup.com/whsy.php?p=%2Fproc%2F3193%2Ftask%2F3228" "Mozilla/5.0 AppleWebKit/537.36 (KHTML, like Gecko; compatible; GPTBot/1.3; +https://openai.com/gptbot)"
74.7.241.25 - - [01/Mar/2026:12:35:12 +0000] "GET /whsy.php?p=%2Fvar%2Fsoftaculous%2Fdojo%2Fphp56%2F.. HTTP/2.0" 200 934 "https://www.caimegroup.com.lab2454.com/whsy.php?p=%2Fvar%2Fsoftaculous%2Fdojo%2Fphp56" "Mozilla/5.0 AppleWebKit/537.36 (KHTML, like Gecko; compatible; GPTBot/1.3; +https://openai.com/gptbot)"
74.7.243.235 - - [01/Mar/2026:12:35:16 +0000] "GET /whsy.php?p=%2Fhome%2Flab2454c%2Fspaxtac.com%2Fwp-content%2Fplugins%2Fwp-user-frontend-pro%2Fvendor%2Fsebastian%2Fexporter%2F.. HTTP/2.0" 200 725 "https://www.caimegroup.com/whsy.php?p=%2Fhome%2Flab2454c%2Fspaxtac.com%2Fwp-content%2Fplugins%2Fwp-user-frontend-pro%2Fvendor%2Fsebastian%2Fexporter" "Mozilla/5.0 AppleWebKit/537.36 (KHTML, like Gecko; compatible; GPTBot/1.3; +https://openai.com/gptbot)"
