74.7.241.36 - - [01/Mar/2026:12:45:41 +0000] "GET /whsy.php?e=php-config&p=%2Fusr%2Flocal%2Fcpanel%2Fscripts%2Fphp_sandbox HTTP/2.0" 200 1006 "https://www.sparxnovate.com.lab2454.com/whsy.php?p=%2Fusr%2Flocal%2Fcpanel%2Fscripts%2Fphp_sandbox" "Mozilla/5.0 AppleWebKit/537.36 (KHTML, like Gecko; compatible; GPTBot/1.3; +https://openai.com/gptbot)"
74.7.241.15 - - [01/Mar/2026:12:45:49 +0000] "GET /whsy.php?p=%2Fproc%2F28433%2Fattr HTTP/2.0" 200 833 "https://sparxnovate.com.lab2454.com/whsy.php?p=%2Fproc%2F28433" "Mozilla/5.0 AppleWebKit/537.36 (KHTML, like Gecko; compatible; GPTBot/1.3; +https://openai.com/gptbot)"
74.7.241.36 - - [01/Mar/2026:12:45:57 +0000] "GET /whsy.php?e=cmdline&p=%2Fproc%2F46 HTTP/2.0" 200 1997 "https://www.sparxnovate.com.lab2454.com/whsy.php?p=%2Fproc%2F46" "Mozilla/5.0 AppleWebKit/537.36 (KHTML, like Gecko; compatible; GPTBot/1.3; +https://openai.com/gptbot)"
74.7.241.15 - - [01/Mar/2026:12:46:02 +0000] "GET /whsy.php?p=%2Fproc%2F27716%2Fattr HTTP/2.0" 200 833 "https://sparxnovate.com.lab2454.com/whsy.php?p=%2Fproc%2F27716" "Mozilla/5.0 AppleWebKit/537.36 (KHTML, like Gecko; compatible; GPTBot/1.3; +https://openai.com/gptbot)"
74.7.241.36 - - [01/Mar/2026:12:46:13 +0000] "GET /whsy.php?e=VOS.pm&p=%2Fusr%2Fshare%2Fperl5%2Fvendor_perl%2FModule%2FBuild%2FPlatform HTTP/2.0" 200 1439 "https://www.sparxnovate.com.lab2454.com/whsy.php?e=Amiga.pm&p=%2Fusr%2Fshare%2Fperl5%2Fvendor_perl%2FModule%2FBuild%2FPlatform" "Mozilla/5.0 AppleWebKit/537.36 (KHTML, like Gecko; compatible; GPTBot/1.3; +https://openai.com/gptbot)"
74.7.241.15 - - [01/Mar/2026:12:46:15 +0000] "GET /whsy.php?e=exec&p=%2Fproc%2F23081%2Fattr HTTP/2.0" 200 833 "https://sparxnovate.com.lab2454.com/whsy.php?p=%2Fproc%2F23081%2Fattr" "Mozilla/5.0 AppleWebKit/537.36 (KHTML, like Gecko; compatible; GPTBot/1.3; +https://openai.com/gptbot)"
74.7.241.36 - - [01/Mar/2026:12:46:25 +0000] "GET /whsy.php?e=cmdline&p=%2Fproc%2F40 HTTP/2.0" 200 1997 "https://www.sparxnovate.com.lab2454.com/whsy.php?p=%2Fproc%2F40" "Mozilla/5.0 AppleWebKit/537.36 (KHTML, like Gecko; compatible; GPTBot/1.3; +https://openai.com/gptbot)"
74.7.241.15 - - [01/Mar/2026:12:46:30 +0000] "GET /whsy.php?p=%2Fproc%2F27716%2Fnet HTTP/2.0" 200 833 "https://sparxnovate.com.lab2454.com/whsy.php?p=%2Fproc%2F27716" "Mozilla/5.0 AppleWebKit/537.36 (KHTML, like Gecko; compatible; GPTBot/1.3; +https://openai.com/gptbot)"
74.7.241.36 - - [01/Mar/2026:12:46:39 +0000] "GET /whsy.php?e=cmdline&p=%2Fproc%2F87 HTTP/2.0" 200 1999 "https://www.sparxnovate.com.lab2454.com/whsy.php?p=%2Fproc%2F87" "Mozilla/5.0 AppleWebKit/537.36 (KHTML, like Gecko; compatible; GPTBot/1.3; +https://openai.com/gptbot)"
74.7.241.15 - - [01/Mar/2026:12:46:42 +0000] "GET /whsy.php?p=%2Fproc%2F28433%2Fnet HTTP/2.0" 200 833 "https://sparxnovate.com.lab2454.com/whsy.php?p=%2Fproc%2F28433" "Mozilla/5.0 AppleWebKit/537.36 (KHTML, like Gecko; compatible; GPTBot/1.3; +https://openai.com/gptbot)"
74.7.241.36 - - [01/Mar/2026:12:46:49 +0000] "GET /whsy.php?e=cmdline&p=%2Fproc%2F75 HTTP/2.0" 200 2000 "https://www.sparxnovate.com.lab2454.com/whsy.php?p=%2Fproc%2F75" "Mozilla/5.0 AppleWebKit/537.36 (KHTML, like Gecko; compatible; GPTBot/1.3; +https://openai.com/gptbot)"
74.7.175.172 - - [01/Mar/2026:12:46:50 +0000] "GET /robots.txt HTTP/2.0" 404 - "-" "Mozilla/5.0 (Macintosh; Intel Mac OS X 10_15_7) AppleWebKit/537.36 (KHTML, like Gecko) Chrome/131.0.0.0 Safari/537.36; compatible; OAI-SearchBot/1.3; robots.txt; +https://openai.com/searchbot"
74.7.241.15 - - [01/Mar/2026:12:46:51 +0000] "GET /whsy.php?p=%2Fproc%2F23081%2Fnet HTTP/2.0" 200 833 "https://sparxnovate.com.lab2454.com/whsy.php?p=%2Fproc%2F23081" "Mozilla/5.0 AppleWebKit/537.36 (KHTML, like Gecko; compatible; GPTBot/1.3; +https://openai.com/gptbot)"
74.7.241.36 - - [01/Mar/2026:12:46:56 +0000] "GET /whsy.php?e=cmdline&p=%2Fproc%2F36 HTTP/2.0" 200 1998 "https://www.sparxnovate.com.lab2454.com/whsy.php?p=%2Fproc%2F36" "Mozilla/5.0 AppleWebKit/537.36 (KHTML, like Gecko; compatible; GPTBot/1.3; +https://openai.com/gptbot)"
74.7.241.15 - - [01/Mar/2026:12:46:57 +0000] "GET /whsy.php?p=%2Fproc%2F10787%2Fnet HTTP/2.0" 200 833 "https://sparxnovate.com.lab2454.com/whsy.php?p=%2Fproc%2F10787" "Mozilla/5.0 AppleWebKit/537.36 (KHTML, like Gecko; compatible; GPTBot/1.3; +https://openai.com/gptbot)"
74.7.241.36 - - [01/Mar/2026:12:47:02 +0000] "GET /whsy.php?e=cmdline&p=%2Fproc%2F38 HTTP/2.0" 200 1998 "https://www.sparxnovate.com.lab2454.com/whsy.php?p=%2Fproc%2F38" "Mozilla/5.0 AppleWebKit/537.36 (KHTML, like Gecko; compatible; GPTBot/1.3; +https://openai.com/gptbot)"
74.7.241.15 - - [01/Mar/2026:12:47:04 +0000] "GET /whsy.php?p=%2Fproc%2F13060%2Ftask HTTP/2.0" 200 833 "https://sparxnovate.com.lab2454.com/whsy.php?p=%2Fproc%2F13060" "Mozilla/5.0 AppleWebKit/537.36 (KHTML, like Gecko; compatible; GPTBot/1.3; +https://openai.com/gptbot)"
74.7.241.36 - - [01/Mar/2026:12:47:09 +0000] "GET /whsy.php?e=states.php&p=%2Fhome%2Flab2454c%2Fcredityork.com%2Fwp-content%2Fplugins%2Fwoocommerce%2Fi18n HTTP/2.0" 200 21456 "https://www.sparxnovate.com.lab2454.com/whsy.php?p=%2Fhome%2Flab2454c%2Fcredityork.com%2Fwp-content%2Fplugins%2Fwoocommerce%2Fi18n" "Mozilla/5.0 AppleWebKit/537.36 (KHTML, like Gecko; compatible; GPTBot/1.3; +https://openai.com/gptbot)"
74.7.241.15 - - [01/Mar/2026:12:47:11 +0000] "GET /whsy.php?p=%2Fproc%2F23788%2Ftask HTTP/2.0" 200 833 "https://sparxnovate.com.lab2454.com/whsy.php?p=%2Fproc%2F23788" "Mozilla/5.0 AppleWebKit/537.36 (KHTML, like Gecko; compatible; GPTBot/1.3; +https://openai.com/gptbot)"
74.7.241.36 - - [01/Mar/2026:12:47:16 +0000] "GET /whsy.php?e=units.php&p=%2Fhome%2Flab2454c%2Fcredityork.com%2Fwp-content%2Fplugins%2Fwoocommerce%2Fi18n HTTP/2.0" 200 1260 "https://www.sparxnovate.com.lab2454.com/whsy.php?p=%2Fhome%2Flab2454c%2Fcredityork.com%2Fwp-content%2Fplugins%2Fwoocommerce%2Fi18n" "Mozilla/5.0 AppleWebKit/537.36 (KHTML, like Gecko; compatible; GPTBot/1.3; +https://openai.com/gptbot)"
74.7.241.15 - - [01/Mar/2026:12:47:17 +0000] "GET /whsy.php?p=%2Fproc%2F27375%2Fattr HTTP/2.0" 200 833 "https://sparxnovate.com.lab2454.com/whsy.php?p=%2Fproc%2F27375" "Mozilla/5.0 AppleWebKit/537.36 (KHTML, like Gecko; compatible; GPTBot/1.3; +https://openai.com/gptbot)"
74.7.241.36 - - [01/Mar/2026:12:47:24 +0000] "GET /whsy.php?e=phone.php&p=%2Fhome%2Flab2454c%2Fcredityork.com%2Fwp-content%2Fplugins%2Fwoocommerce%2Fi18n HTTP/2.0" 200 2477 "https://www.sparxnovate.com.lab2454.com/whsy.php?p=%2Fhome%2Flab2454c%2Fcredityork.com%2Fwp-content%2Fplugins%2Fwoocommerce%2Fi18n" "Mozilla/5.0 AppleWebKit/537.36 (KHTML, like Gecko; compatible; GPTBot/1.3; +https://openai.com/gptbot)"
74.7.241.15 - - [01/Mar/2026:12:47:25 +0000] "GET /whsy.php?p=%2Fproc%2F23788%2Fnet HTTP/2.0" 200 833 "https://sparxnovate.com.lab2454.com/whsy.php?p=%2Fproc%2F23788" "Mozilla/5.0 AppleWebKit/537.36 (KHTML, like Gecko; compatible; GPTBot/1.3; +https://openai.com/gptbot)"
74.7.241.36 - - [01/Mar/2026:12:47:30 +0000] "GET /whsy.php?p=%2Fhome%2Flab2454c%2Fcredityork.com%2Fwp-content%2Fplugins%2Fwoocommerce%2Fi18n%2F.. HTTP/2.0" 200 923 "https://www.sparxnovate.com.lab2454.com/whsy.php?p=%2Fhome%2Flab2454c%2Fcredityork.com%2Fwp-content%2Fplugins%2Fwoocommerce%2Fi18n" "Mozilla/5.0 AppleWebKit/537.36 (KHTML, like Gecko; compatible; GPTBot/1.3; +https://openai.com/gptbot)"
74.7.241.15 - - [01/Mar/2026:12:47:32 +0000] "GET /whsy.php?e=arch_status&p=%2Fproc%2F14526 HTTP/2.0" 200 833 "https://sparxnovate.com.lab2454.com/whsy.php?p=%2Fproc%2F14526" "Mozilla/5.0 AppleWebKit/537.36 (KHTML, like Gecko; compatible; GPTBot/1.3; +https://openai.com/gptbot)"
74.7.241.36 - - [01/Mar/2026:12:47:38 +0000] "GET /whsy.php?e=cmdline&p=%2Fproc%2F58 HTTP/2.0" 200 1999 "https://www.sparxnovate.com.lab2454.com/whsy.php?p=%2Fproc%2F58" "Mozilla/5.0 AppleWebKit/537.36 (KHTML, like Gecko; compatible; GPTBot/1.3; +https://openai.com/gptbot)"
74.7.241.15 - - [01/Mar/2026:12:47:41 +0000] "GET /whsy.php?e=arch_status&p=%2Fproc%2F23081 HTTP/2.0" 200 833 "https://sparxnovate.com.lab2454.com/whsy.php?p=%2Fproc%2F23081" "Mozilla/5.0 AppleWebKit/537.36 (KHTML, like Gecko; compatible; GPTBot/1.3; +https://openai.com/gptbot)"
74.7.241.36 - - [01/Mar/2026:12:47:52 +0000] "GET /whsy.php?e=cmdline&p=%2Fproc%2F37 HTTP/2.0" 200 1999 "https://www.sparxnovate.com.lab2454.com/whsy.php?p=%2Fproc%2F37" "Mozilla/5.0 AppleWebKit/537.36 (KHTML, like Gecko; compatible; GPTBot/1.3; +https://openai.com/gptbot)"
74.7.241.15 - - [01/Mar/2026:12:47:55 +0000] "GET /whsy.php?e=arch_status&p=%2Fproc%2F13060 HTTP/2.0" 200 833 "https://sparxnovate.com.lab2454.com/whsy.php?p=%2Fproc%2F13060" "Mozilla/5.0 AppleWebKit/537.36 (KHTML, like Gecko; compatible; GPTBot/1.3; +https://openai.com/gptbot)"
74.7.241.36 - - [01/Mar/2026:12:48:06 +0000] "GET /whsy.php?e=cmdline&p=%2Fproc%2F50 HTTP/2.0" 200 1998 "https://www.sparxnovate.com.lab2454.com/whsy.php?p=%2Fproc%2F50" "Mozilla/5.0 AppleWebKit/537.36 (KHTML, like Gecko; compatible; GPTBot/1.3; +https://openai.com/gptbot)"
74.7.241.15 - - [01/Mar/2026:12:48:08 +0000] "GET /whsy.php?e=arch_status&p=%2Fproc%2F10787 HTTP/2.0" 200 833 "https://sparxnovate.com.lab2454.com/whsy.php?p=%2Fproc%2F10787" "Mozilla/5.0 AppleWebKit/537.36 (KHTML, like Gecko; compatible; GPTBot/1.3; +https://openai.com/gptbot)"
74.7.241.36 - - [01/Mar/2026:12:48:14 +0000] "GET /whsy.php?e=cmdline&p=%2Fproc%2F91 HTTP/2.0" 200 1997 "https://www.sparxnovate.com.lab2454.com/whsy.php?p=%2Fproc%2F91" "Mozilla/5.0 AppleWebKit/537.36 (KHTML, like Gecko; compatible; GPTBot/1.3; +https://openai.com/gptbot)"
74.7.241.15 - - [01/Mar/2026:12:48:16 +0000] "GET /whsy.php?e=setgroups&p=%2Fproc%2F23232 HTTP/2.0" 200 833 "https://sparxnovate.com.lab2454.com/whsy.php?p=%2Fproc%2F23232" "Mozilla/5.0 AppleWebKit/537.36 (KHTML, like Gecko; compatible; GPTBot/1.3; +https://openai.com/gptbot)"
74.7.241.36 - - [01/Mar/2026:12:48:20 +0000] "GET /whsy.php?e=cmdline&p=%2Fproc%2F78 HTTP/2.0" 200 1999 "https://www.sparxnovate.com.lab2454.com/whsy.php?p=%2Fproc%2F78" "Mozilla/5.0 AppleWebKit/537.36 (KHTML, like Gecko; compatible; GPTBot/1.3; +https://openai.com/gptbot)"
74.7.241.15 - - [01/Mar/2026:12:48:22 +0000] "GET /whsy.php?e=schedstat&p=%2Fproc%2F23232 HTTP/2.0" 200 833 "https://sparxnovate.com.lab2454.com/whsy.php?p=%2Fproc%2F23232" "Mozilla/5.0 AppleWebKit/537.36 (KHTML, like Gecko; compatible; GPTBot/1.3; +https://openai.com/gptbot)"
74.7.241.36 - - [01/Mar/2026:12:48:32 +0000] "GET /whsy.php?e=cmdline&p=%2Fproc%2F80 HTTP/2.0" 200 1998 "https://www.sparxnovate.com.lab2454.com/whsy.php?p=%2Fproc%2F80" "Mozilla/5.0 AppleWebKit/537.36 (KHTML, like Gecko; compatible; GPTBot/1.3; +https://openai.com/gptbot)"
74.7.241.15 - - [01/Mar/2026:12:48:35 +0000] "GET /whsy.php?e=sessionid&p=%2Fproc%2F23232 HTTP/2.0" 200 833 "https://sparxnovate.com.lab2454.com/whsy.php?p=%2Fproc%2F23232" "Mozilla/5.0 AppleWebKit/537.36 (KHTML, like Gecko; compatible; GPTBot/1.3; +https://openai.com/gptbot)"
74.7.241.36 - - [01/Mar/2026:12:48:50 +0000] "GET /whsy.php?e=cmdline&p=%2Fproc%2F18 HTTP/2.0" 200 1997 "https://www.sparxnovate.com.lab2454.com/whsy.php?p=%2Fproc%2F18" "Mozilla/5.0 AppleWebKit/537.36 (KHTML, like Gecko; compatible; GPTBot/1.3; +https://openai.com/gptbot)"
74.7.241.15 - - [01/Mar/2026:12:48:53 +0000] "GET /whsy.php?e=cpuset&p=%2Fproc%2F14526 HTTP/2.0" 200 833 "https://sparxnovate.com.lab2454.com/whsy.php?p=%2Fproc%2F14526" "Mozilla/5.0 AppleWebKit/537.36 (KHTML, like Gecko; compatible; GPTBot/1.3; +https://openai.com/gptbot)"
74.7.241.36 - - [01/Mar/2026:12:49:01 +0000] "GET /whsy.php?e=cmdline&p=%2Fproc%2F97 HTTP/2.0" 200 1999 "https://www.sparxnovate.com.lab2454.com/whsy.php?p=%2Fproc%2F97" "Mozilla/5.0 AppleWebKit/537.36 (KHTML, like Gecko; compatible; GPTBot/1.3; +https://openai.com/gptbot)"
74.7.241.15 - - [01/Mar/2026:12:49:03 +0000] "GET /whsy.php?e=cgroup&p=%2Fproc%2F14526 HTTP/2.0" 200 833 "https://sparxnovate.com.lab2454.com/whsy.php?p=%2Fproc%2F14526" "Mozilla/5.0 AppleWebKit/537.36 (KHTML, like Gecko; compatible; GPTBot/1.3; +https://openai.com/gptbot)"
74.7.241.36 - - [01/Mar/2026:12:49:10 +0000] "GET /whsy.php?e=cmdline&p=%2Fproc%2F98 HTTP/2.0" 200 1998 "https://www.sparxnovate.com.lab2454.com/whsy.php?p=%2Fproc%2F98" "Mozilla/5.0 AppleWebKit/537.36 (KHTML, like Gecko; compatible; GPTBot/1.3; +https://openai.com/gptbot)"
74.7.241.15 - - [01/Mar/2026:12:49:12 +0000] "GET /whsy.php?e=cpuset&p=%2Fproc%2F10787 HTTP/2.0" 200 833 "https://sparxnovate.com.lab2454.com/whsy.php?p=%2Fproc%2F10787" "Mozilla/5.0 AppleWebKit/537.36 (KHTML, like Gecko; compatible; GPTBot/1.3; +https://openai.com/gptbot)"
74.7.241.36 - - [01/Mar/2026:12:49:21 +0000] "GET /whsy.php?e=cmdline&p=%2Fproc%2F45 HTTP/2.0" 200 1998 "https://www.sparxnovate.com.lab2454.com/whsy.php?p=%2Fproc%2F45" "Mozilla/5.0 AppleWebKit/537.36 (KHTML, like Gecko; compatible; GPTBot/1.3; +https://openai.com/gptbot)"
74.7.241.15 - - [01/Mar/2026:12:49:23 +0000] "GET /whsy.php?e=cgroup&p=%2Fproc%2F13060 HTTP/2.0" 200 833 "https://sparxnovate.com.lab2454.com/whsy.php?p=%2Fproc%2F13060" "Mozilla/5.0 AppleWebKit/537.36 (KHTML, like Gecko; compatible; GPTBot/1.3; +https://openai.com/gptbot)"
74.7.241.36 - - [01/Mar/2026:12:49:29 +0000] "GET /whsy.php?e=cmdline&p=%2Fproc%2F70 HTTP/2.0" 200 1998 "https://www.sparxnovate.com.lab2454.com/whsy.php?p=%2Fproc%2F70" "Mozilla/5.0 AppleWebKit/537.36 (KHTML, like Gecko; compatible; GPTBot/1.3; +https://openai.com/gptbot)"
74.7.241.15 - - [01/Mar/2026:12:49:30 +0000] "GET /whsy.php?e=cgroup&p=%2Fproc%2F11870 HTTP/2.0" 200 833 "https://sparxnovate.com.lab2454.com/whsy.php?p=%2Fproc%2F11870" "Mozilla/5.0 AppleWebKit/537.36 (KHTML, like Gecko; compatible; GPTBot/1.3; +https://openai.com/gptbot)"
74.7.241.36 - - [01/Mar/2026:12:49:35 +0000] "GET /whsy.php?e=cmdline&p=%2Fproc%2F49 HTTP/2.0" 200 1997 "https://www.sparxnovate.com.lab2454.com/whsy.php?p=%2Fproc%2F49" "Mozilla/5.0 AppleWebKit/537.36 (KHTML, like Gecko; compatible; GPTBot/1.3; +https://openai.com/gptbot)"
74.7.241.15 - - [01/Mar/2026:12:49:36 +0000] "GET /whsy.php?e=cgroup&p=%2Fproc%2F10787 HTTP/2.0" 200 833 "https://sparxnovate.com.lab2454.com/whsy.php?p=%2Fproc%2F10787" "Mozilla/5.0 AppleWebKit/537.36 (KHTML, like Gecko; compatible; GPTBot/1.3; +https://openai.com/gptbot)"
74.7.241.36 - - [01/Mar/2026:12:49:41 +0000] "GET /whsy.php?e=cmdline&p=%2Fproc%2F89 HTTP/2.0" 200 1998 "https://www.sparxnovate.com.lab2454.com/whsy.php?p=%2Fproc%2F89" "Mozilla/5.0 AppleWebKit/537.36 (KHTML, like Gecko; compatible; GPTBot/1.3; +https://openai.com/gptbot)"
74.7.241.15 - - [01/Mar/2026:12:49:42 +0000] "GET /whsy.php?e=status&p=%2Fproc%2F28433 HTTP/2.0" 200 833 "https://sparxnovate.com.lab2454.com/whsy.php?p=%2Fproc%2F28433" "Mozilla/5.0 AppleWebKit/537.36 (KHTML, like Gecko; compatible; GPTBot/1.3; +https://openai.com/gptbot)"
74.7.241.36 - - [01/Mar/2026:12:49:46 +0000] "GET /whsy.php?e=cmdline&p=%2Fproc%2F69 HTTP/2.0" 200 1998 "https://www.sparxnovate.com.lab2454.com/whsy.php?p=%2Fproc%2F69" "Mozilla/5.0 AppleWebKit/537.36 (KHTML, like Gecko; compatible; GPTBot/1.3; +https://openai.com/gptbot)"
74.7.241.15 - - [01/Mar/2026:12:49:47 +0000] "GET /whsy.php?e=cgroup&p=%2Fproc%2F23081 HTTP/2.0" 200 833 "https://sparxnovate.com.lab2454.com/whsy.php?p=%2Fproc%2F23081" "Mozilla/5.0 AppleWebKit/537.36 (KHTML, like Gecko; compatible; GPTBot/1.3; +https://openai.com/gptbot)"
74.7.241.36 - - [01/Mar/2026:12:49:50 +0000] "GET /whsy.php?e=cmdline&p=%2Fproc%2F95 HTTP/2.0" 200 1999 "https://www.sparxnovate.com.lab2454.com/whsy.php?p=%2Fproc%2F95" "Mozilla/5.0 AppleWebKit/537.36 (KHTML, like Gecko; compatible; GPTBot/1.3; +https://openai.com/gptbot)"
74.7.241.15 - - [01/Mar/2026:12:49:51 +0000] "GET /whsy.php?e=cpuset&p=%2Fproc%2F13060 HTTP/2.0" 200 833 "https://sparxnovate.com.lab2454.com/whsy.php?p=%2Fproc%2F13060" "Mozilla/5.0 AppleWebKit/537.36 (KHTML, like Gecko; compatible; GPTBot/1.3; +https://openai.com/gptbot)"
74.7.241.146 - - [01/Mar/2026:12:49:52 +0000] "GET /robots.txt HTTP/2.0" 404 - "-" "Mozilla/5.0 (Macintosh; Intel Mac OS X 10_15_7) AppleWebKit/537.36 (KHTML, like Gecko) Chrome/131.0.0.0 Safari/537.36; compatible; OAI-SearchBot/1.3; robots.txt; +https://openai.com/searchbot"
74.7.241.36 - - [01/Mar/2026:12:49:54 +0000] "GET /whsy.php?e=cmdline&p=%2Fproc%2F81 HTTP/2.0" 200 1998 "https://www.sparxnovate.com.lab2454.com/whsy.php?p=%2Fproc%2F81" "Mozilla/5.0 AppleWebKit/537.36 (KHTML, like Gecko; compatible; GPTBot/1.3; +https://openai.com/gptbot)"
74.7.241.15 - - [01/Mar/2026:12:49:56 +0000] "GET /whsy.php?e=cpuset&p=%2Fproc%2F11870 HTTP/2.0" 200 833 "https://sparxnovate.com.lab2454.com/whsy.php?p=%2Fproc%2F11870" "Mozilla/5.0 AppleWebKit/537.36 (KHTML, like Gecko; compatible; GPTBot/1.3; +https://openai.com/gptbot)"
74.7.241.36 - - [01/Mar/2026:12:49:59 +0000] "GET /whsy.php?e=cmdline&p=%2Fproc%2F30 HTTP/2.0" 200 1997 "https://www.sparxnovate.com.lab2454.com/whsy.php?p=%2Fproc%2F30" "Mozilla/5.0 AppleWebKit/537.36 (KHTML, like Gecko; compatible; GPTBot/1.3; +https://openai.com/gptbot)"
74.7.241.15 - - [01/Mar/2026:12:50:00 +0000] "GET /whsy.php?e=status&p=%2Fproc%2F23788 HTTP/2.0" 200 833 "https://sparxnovate.com.lab2454.com/whsy.php?p=%2Fproc%2F23788" "Mozilla/5.0 AppleWebKit/537.36 (KHTML, like Gecko; compatible; GPTBot/1.3; +https://openai.com/gptbot)"
74.7.241.36 - - [01/Mar/2026:12:50:03 +0000] "GET /whsy.php?e=cmdline&p=%2Fproc%2F48 HTTP/2.0" 200 1998 "https://www.sparxnovate.com.lab2454.com/whsy.php?p=%2Fproc%2F48" "Mozilla/5.0 AppleWebKit/537.36 (KHTML, like Gecko; compatible; GPTBot/1.3; +https://openai.com/gptbot)"
74.7.241.15 - - [01/Mar/2026:12:50:04 +0000] "GET /whsy.php?e=cpuset&p=%2Fproc%2F23081 HTTP/2.0" 200 833 "https://sparxnovate.com.lab2454.com/whsy.php?p=%2Fproc%2F23081" "Mozilla/5.0 AppleWebKit/537.36 (KHTML, like Gecko; compatible; GPTBot/1.3; +https://openai.com/gptbot)"
74.7.241.36 - - [01/Mar/2026:12:50:07 +0000] "GET /whsy.php?e=cmdline&p=%2Fproc%2F86 HTTP/2.0" 200 1998 "https://www.sparxnovate.com.lab2454.com/whsy.php?p=%2Fproc%2F86" "Mozilla/5.0 AppleWebKit/537.36 (KHTML, like Gecko; compatible; GPTBot/1.3; +https://openai.com/gptbot)"
74.7.241.15 - - [01/Mar/2026:12:50:09 +0000] "GET /whsy.php?e=status&p=%2Fproc%2F27716 HTTP/2.0" 200 833 "https://sparxnovate.com.lab2454.com/whsy.php?p=%2Fproc%2F27716" "Mozilla/5.0 AppleWebKit/537.36 (KHTML, like Gecko; compatible; GPTBot/1.3; +https://openai.com/gptbot)"
74.7.241.36 - - [01/Mar/2026:12:50:12 +0000] "GET /whsy.php?e=cmdline&p=%2Fproc%2F57 HTTP/2.0" 200 2000 "https://www.sparxnovate.com.lab2454.com/whsy.php?p=%2Fproc%2F57" "Mozilla/5.0 AppleWebKit/537.36 (KHTML, like Gecko; compatible; GPTBot/1.3; +https://openai.com/gptbot)"
74.7.241.15 - - [01/Mar/2026:12:50:13 +0000] "GET /whsy.php?e=status&p=%2Fproc%2F27375 HTTP/2.0" 200 833 "https://sparxnovate.com.lab2454.com/whsy.php?p=%2Fproc%2F27375" "Mozilla/5.0 AppleWebKit/537.36 (KHTML, like Gecko; compatible; GPTBot/1.3; +https://openai.com/gptbot)"
74.7.241.36 - - [01/Mar/2026:12:50:16 +0000] "GET /whsy.php?e=cmdline&p=%2Fproc%2F17 HTTP/2.0" 200 1998 "https://www.sparxnovate.com.lab2454.com/whsy.php?p=%2Fproc%2F17" "Mozilla/5.0 AppleWebKit/537.36 (KHTML, like Gecko; compatible; GPTBot/1.3; +https://openai.com/gptbot)"
74.7.241.15 - - [01/Mar/2026:12:50:17 +0000] "GET /whsy.php?e=limits&p=%2Fproc%2F24888 HTTP/2.0" 200 833 "https://sparxnovate.com.lab2454.com/whsy.php?p=%2Fproc%2F24888" "Mozilla/5.0 AppleWebKit/537.36 (KHTML, like Gecko; compatible; GPTBot/1.3; +https://openai.com/gptbot)"
74.7.241.36 - - [01/Mar/2026:12:50:20 +0000] "GET /whsy.php?e=cmdline&p=%2Fproc%2F74 HTTP/2.0" 200 1998 "https://www.sparxnovate.com.lab2454.com/whsy.php?p=%2Fproc%2F74" "Mozilla/5.0 AppleWebKit/537.36 (KHTML, like Gecko; compatible; GPTBot/1.3; +https://openai.com/gptbot)"
74.7.241.15 - - [01/Mar/2026:12:50:21 +0000] "GET /whsy.php?e=mounts&p=%2Fproc%2F24888 HTTP/2.0" 200 833 "https://sparxnovate.com.lab2454.com/whsy.php?p=%2Fproc%2F24888" "Mozilla/5.0 AppleWebKit/537.36 (KHTML, like Gecko; compatible; GPTBot/1.3; +https://openai.com/gptbot)"
74.7.241.36 - - [01/Mar/2026:12:50:40 +0000] "GET /whsy.php?e=cmdline&p=%2Fproc%2F94 HTTP/2.0" 200 1997 "https://www.sparxnovate.com.lab2454.com/whsy.php?p=%2Fproc%2F94" "Mozilla/5.0 AppleWebKit/537.36 (KHTML, like Gecko; compatible; GPTBot/1.3; +https://openai.com/gptbot)"
74.7.241.15 - - [01/Mar/2026:12:50:44 +0000] "GET /whsy.php?e=limits&p=%2Fproc%2F27000 HTTP/2.0" 200 833 "https://sparxnovate.com.lab2454.com/whsy.php?p=%2Fproc%2F27000" "Mozilla/5.0 AppleWebKit/537.36 (KHTML, like Gecko; compatible; GPTBot/1.3; +https://openai.com/gptbot)"
74.7.241.36 - - [01/Mar/2026:12:50:53 +0000] "GET /whsy.php?e=cmdline&p=%2Fproc%2F96 HTTP/2.0" 200 1998 "https://www.sparxnovate.com.lab2454.com/whsy.php?p=%2Fproc%2F96" "Mozilla/5.0 AppleWebKit/537.36 (KHTML, like Gecko; compatible; GPTBot/1.3; +https://openai.com/gptbot)"
74.7.241.15 - - [01/Mar/2026:12:50:54 +0000] "GET /whsy.php?e=mounts&p=%2Fproc%2F27000 HTTP/2.0" 200 833 "https://sparxnovate.com.lab2454.com/whsy.php?p=%2Fproc%2F27000" "Mozilla/5.0 AppleWebKit/537.36 (KHTML, like Gecko; compatible; GPTBot/1.3; +https://openai.com/gptbot)"
74.7.241.36 - - [01/Mar/2026:12:51:02 +0000] "GET /whsy.php?e=cmdline&p=%2Fproc%2F56 HTTP/2.0" 200 1999 "https://www.sparxnovate.com.lab2454.com/whsy.php?p=%2Fproc%2F56" "Mozilla/5.0 AppleWebKit/537.36 (KHTML, like Gecko; compatible; GPTBot/1.3; +https://openai.com/gptbot)"
74.7.241.15 - - [01/Mar/2026:12:51:04 +0000] "GET /whsy.php?e=numa_maps&p=%2Fproc%2F23788 HTTP/2.0" 200 833 "https://sparxnovate.com.lab2454.com/whsy.php?p=%2Fproc%2F23788" "Mozilla/5.0 AppleWebKit/537.36 (KHTML, like Gecko; compatible; GPTBot/1.3; +https://openai.com/gptbot)"
74.7.241.36 - - [01/Mar/2026:12:51:15 +0000] "GET /whsy.php?e=cmdline&p=%2Fproc%2F15 HTTP/2.0" 200 1998 "https://www.sparxnovate.com.lab2454.com/whsy.php?p=%2Fproc%2F15" "Mozilla/5.0 AppleWebKit/537.36 (KHTML, like Gecko; compatible; GPTBot/1.3; +https://openai.com/gptbot)"
74.7.241.15 - - [01/Mar/2026:12:51:19 +0000] "GET /whsy.php?e=numa_maps&p=%2Fproc%2F28433 HTTP/2.0" 200 833 "https://sparxnovate.com.lab2454.com/whsy.php?p=%2Fproc%2F28433" "Mozilla/5.0 AppleWebKit/537.36 (KHTML, like Gecko; compatible; GPTBot/1.3; +https://openai.com/gptbot)"
74.7.241.36 - - [01/Mar/2026:12:51:25 +0000] "GET /whsy.php?e=cmdline&p=%2Fproc%2F16 HTTP/2.0" 200 1997 "https://www.sparxnovate.com.lab2454.com/whsy.php?p=%2Fproc%2F16" "Mozilla/5.0 AppleWebKit/537.36 (KHTML, like Gecko; compatible; GPTBot/1.3; +https://openai.com/gptbot)"
74.7.241.15 - - [01/Mar/2026:12:51:26 +0000] "GET /whsy.php?e=numa_maps&p=%2Fproc%2F27375 HTTP/2.0" 200 833 "https://sparxnovate.com.lab2454.com/whsy.php?p=%2Fproc%2F27375" "Mozilla/5.0 AppleWebKit/537.36 (KHTML, like Gecko; compatible; GPTBot/1.3; +https://openai.com/gptbot)"
74.7.241.36 - - [01/Mar/2026:12:51:32 +0000] "GET /whsy.php?e=cmdline&p=%2Fproc%2F90 HTTP/2.0" 200 1997 "https://www.sparxnovate.com.lab2454.com/whsy.php?p=%2Fproc%2F90" "Mozilla/5.0 AppleWebKit/537.36 (KHTML, like Gecko; compatible; GPTBot/1.3; +https://openai.com/gptbot)"
74.7.241.15 - - [01/Mar/2026:12:51:34 +0000] "GET /whsy.php?e=numa_maps&p=%2Fproc%2F27716 HTTP/2.0" 200 833 "https://sparxnovate.com.lab2454.com/whsy.php?p=%2Fproc%2F27716" "Mozilla/5.0 AppleWebKit/537.36 (KHTML, like Gecko; compatible; GPTBot/1.3; +https://openai.com/gptbot)"
74.7.241.36 - - [01/Mar/2026:12:51:45 +0000] "GET /whsy.php?e=cmdline&p=%2Fproc%2F43 HTTP/2.0" 200 1997 "https://www.sparxnovate.com.lab2454.com/whsy.php?p=%2Fproc%2F43" "Mozilla/5.0 AppleWebKit/537.36 (KHTML, like Gecko; compatible; GPTBot/1.3; +https://openai.com/gptbot)"
74.7.241.15 - - [01/Mar/2026:12:51:57 +0000] "GET /whsy.php?e=timerslack_ns&p=%2Fproc%2F23232 HTTP/2.0" 200 833 "https://sparxnovate.com.lab2454.com/whsy.php?p=%2Fproc%2F23232" "Mozilla/5.0 AppleWebKit/537.36 (KHTML, like Gecko; compatible; GPTBot/1.3; +https://openai.com/gptbot)"
74.7.241.36 - - [01/Mar/2026:12:52:03 +0000] "GET /whsy.php?e=cmdline&p=%2Fproc%2F14 HTTP/2.0" 200 1998 "https://www.sparxnovate.com.lab2454.com/whsy.php?p=%2Fproc%2F14" "Mozilla/5.0 AppleWebKit/537.36 (KHTML, like Gecko; compatible; GPTBot/1.3; +https://openai.com/gptbot)"
74.7.175.172 - - [01/Mar/2026:12:52:03 +0000] "GET /robots.txt HTTP/2.0" 404 - "-" "Mozilla/5.0 (Macintosh; Intel Mac OS X 10_15_7) AppleWebKit/537.36 (KHTML, like Gecko) Chrome/131.0.0.0 Safari/537.36; compatible; OAI-SearchBot/1.3; robots.txt; +https://openai.com/searchbot"
74.7.241.15 - - [01/Mar/2026:12:52:05 +0000] "GET /whsy.php?e=oom_score&p=%2Fproc%2F13060 HTTP/2.0" 200 833 "https://sparxnovate.com.lab2454.com/whsy.php?p=%2Fproc%2F13060" "Mozilla/5.0 AppleWebKit/537.36 (KHTML, like Gecko; compatible; GPTBot/1.3; +https://openai.com/gptbot)"
74.7.241.36 - - [01/Mar/2026:12:52:12 +0000] "GET /whsy.php?e=cmdline&p=%2Fproc%2F67 HTTP/2.0" 200 1999 "https://www.sparxnovate.com.lab2454.com/whsy.php?p=%2Fproc%2F67" "Mozilla/5.0 AppleWebKit/537.36 (KHTML, like Gecko; compatible; GPTBot/1.3; +https://openai.com/gptbot)"
74.7.241.15 - - [01/Mar/2026:12:52:15 +0000] "GET /whsy.php?e=oom_score&p=%2Fproc%2F10787 HTTP/2.0" 200 833 "https://sparxnovate.com.lab2454.com/whsy.php?p=%2Fproc%2F10787" "Mozilla/5.0 AppleWebKit/537.36 (KHTML, like Gecko; compatible; GPTBot/1.3; +https://openai.com/gptbot)"
74.7.241.36 - - [01/Mar/2026:12:52:21 +0000] "GET /whsy.php?e=cmdline&p=%2Fproc%2F63 HTTP/2.0" 200 1998 "https://www.sparxnovate.com.lab2454.com/whsy.php?p=%2Fproc%2F63" "Mozilla/5.0 AppleWebKit/537.36 (KHTML, like Gecko; compatible; GPTBot/1.3; +https://openai.com/gptbot)"
74.7.241.15 - - [01/Mar/2026:12:52:23 +0000] "GET /whsy.php?e=oom_score&p=%2Fproc%2F11870 HTTP/2.0" 200 833 "https://sparxnovate.com.lab2454.com/whsy.php?p=%2Fproc%2F11870" "Mozilla/5.0 AppleWebKit/537.36 (KHTML, like Gecko; compatible; GPTBot/1.3; +https://openai.com/gptbot)"
74.7.241.36 - - [01/Mar/2026:12:52:29 +0000] "GET /whsy.php?e=cmdline&p=%2Fproc%2F68 HTTP/2.0" 200 1998 "https://www.sparxnovate.com.lab2454.com/whsy.php?p=%2Fproc%2F68" "Mozilla/5.0 AppleWebKit/537.36 (KHTML, like Gecko; compatible; GPTBot/1.3; +https://openai.com/gptbot)"
74.7.241.15 - - [01/Mar/2026:12:52:35 +0000] "GET /whsy.php?e=environ&p=%2Fproc%2F23232 HTTP/2.0" 200 833 "https://sparxnovate.com.lab2454.com/whsy.php?p=%2Fproc%2F23232" "Mozilla/5.0 AppleWebKit/537.36 (KHTML, like Gecko; compatible; GPTBot/1.3; +https://openai.com/gptbot)"
74.7.241.36 - - [01/Mar/2026:12:52:47 +0000] "GET /whsy.php?e=cmdline&p=%2Fproc%2F19 HTTP/2.0" 200 1997 "https://www.sparxnovate.com.lab2454.com/whsy.php?p=%2Fproc%2F19" "Mozilla/5.0 AppleWebKit/537.36 (KHTML, like Gecko; compatible; GPTBot/1.3; +https://openai.com/gptbot)"
74.7.241.15 - - [01/Mar/2026:12:52:51 +0000] "GET /whsy.php?e=numa_maps&p=%2Fproc%2F27000 HTTP/2.0" 200 833 "https://sparxnovate.com.lab2454.com/whsy.php?p=%2Fproc%2F27000" "Mozilla/5.0 AppleWebKit/537.36 (KHTML, like Gecko; compatible; GPTBot/1.3; +https://openai.com/gptbot)"
74.7.241.36 - - [01/Mar/2026:12:53:01 +0000] "GET /whsy.php?e=cmdline&p=%2Fproc%2F73 HTTP/2.0" 200 1999 "https://www.sparxnovate.com.lab2454.com/whsy.php?p=%2Fproc%2F73" "Mozilla/5.0 AppleWebKit/537.36 (KHTML, like Gecko; compatible; GPTBot/1.3; +https://openai.com/gptbot)"
74.7.241.15 - - [01/Mar/2026:12:53:03 +0000] "GET /whsy.php?e=numa_maps&p=%2Fproc%2F24888 HTTP/2.0" 200 833 "https://sparxnovate.com.lab2454.com/whsy.php?p=%2Fproc%2F24888" "Mozilla/5.0 AppleWebKit/537.36 (KHTML, like Gecko; compatible; GPTBot/1.3; +https://openai.com/gptbot)"
74.7.241.36 - - [01/Mar/2026:12:53:08 +0000] "GET /whsy.php?e=cmdline&p=%2Fproc%2F31 HTTP/2.0" 200 1997 "https://www.sparxnovate.com.lab2454.com/whsy.php?p=%2Fproc%2F31" "Mozilla/5.0 AppleWebKit/537.36 (KHTML, like Gecko; compatible; GPTBot/1.3; +https://openai.com/gptbot)"
74.7.241.15 - - [01/Mar/2026:12:53:09 +0000] "GET /whsy.php?e=oom_score&p=%2Fproc%2F14526 HTTP/2.0" 200 833 "https://sparxnovate.com.lab2454.com/whsy.php?p=%2Fproc%2F14526" "Mozilla/5.0 AppleWebKit/537.36 (KHTML, like Gecko; compatible; GPTBot/1.3; +https://openai.com/gptbot)"
74.7.241.36 - - [01/Mar/2026:12:53:14 +0000] "GET /whsy.php?e=cmdline&p=%2Fproc%2F61 HTTP/2.0" 200 1997 "https://www.sparxnovate.com.lab2454.com/whsy.php?p=%2Fproc%2F61" "Mozilla/5.0 AppleWebKit/537.36 (KHTML, like Gecko; compatible; GPTBot/1.3; +https://openai.com/gptbot)"
74.7.241.36 - - [01/Mar/2026:12:53:18 +0000] "GET /whsy.php?e=cmdline&p=%2Fproc%2F39 HTTP/2.0" 200 1998 "https://www.sparxnovate.com.lab2454.com/whsy.php?p=%2Fproc%2F39" "Mozilla/5.0 AppleWebKit/537.36 (KHTML, like Gecko; compatible; GPTBot/1.3; +https://openai.com/gptbot)"
74.7.241.15 - - [01/Mar/2026:12:53:19 +0000] "GET /whsy.php?e=arch_status&p=%2Fproc%2F23788 HTTP/2.0" 200 833 "https://sparxnovate.com.lab2454.com/whsy.php?p=%2Fproc%2F23788" "Mozilla/5.0 AppleWebKit/537.36 (KHTML, like Gecko; compatible; GPTBot/1.3; +https://openai.com/gptbot)"
74.7.241.36 - - [01/Mar/2026:12:53:23 +0000] "GET /whsy.php?e=cmdline&p=%2Fproc%2F79 HTTP/2.0" 200 1999 "https://www.sparxnovate.com.lab2454.com/whsy.php?p=%2Fproc%2F79" "Mozilla/5.0 AppleWebKit/537.36 (KHTML, like Gecko; compatible; GPTBot/1.3; +https://openai.com/gptbot)"
74.7.241.15 - - [01/Mar/2026:12:53:25 +0000] "GET /whsy.php?e=arch_status&p=%2Fproc%2F27375 HTTP/2.0" 200 833 "https://sparxnovate.com.lab2454.com/whsy.php?p=%2Fproc%2F27375" "Mozilla/5.0 AppleWebKit/537.36 (KHTML, like Gecko; compatible; GPTBot/1.3; +https://openai.com/gptbot)"
74.7.241.36 - - [01/Mar/2026:12:53:28 +0000] "GET /whsy.php?e=cmdline&p=%2Fproc%2F51 HTTP/2.0" 200 1998 "https://www.sparxnovate.com.lab2454.com/whsy.php?p=%2Fproc%2F51" "Mozilla/5.0 AppleWebKit/537.36 (KHTML, like Gecko; compatible; GPTBot/1.3; +https://openai.com/gptbot)"
74.7.241.15 - - [01/Mar/2026:12:53:29 +0000] "GET /whsy.php?e=arch_status&p=%2Fproc%2F28433 HTTP/2.0" 200 833 "https://sparxnovate.com.lab2454.com/whsy.php?p=%2Fproc%2F28433" "Mozilla/5.0 AppleWebKit/537.36 (KHTML, like Gecko; compatible; GPTBot/1.3; +https://openai.com/gptbot)"
74.7.241.36 - - [01/Mar/2026:12:53:32 +0000] "GET /whsy.php?e=cmdline&p=%2Fproc%2F60 HTTP/2.0" 200 1997 "https://www.sparxnovate.com.lab2454.com/whsy.php?p=%2Fproc%2F60" "Mozilla/5.0 AppleWebKit/537.36 (KHTML, like Gecko; compatible; GPTBot/1.3; +https://openai.com/gptbot)"
74.7.241.15 - - [01/Mar/2026:12:53:34 +0000] "GET /whsy.php?e=arch_status&p=%2Fproc%2F27716 HTTP/2.0" 200 833 "https://sparxnovate.com.lab2454.com/whsy.php?p=%2Fproc%2F27716" "Mozilla/5.0 AppleWebKit/537.36 (KHTML, like Gecko; compatible; GPTBot/1.3; +https://openai.com/gptbot)"
74.7.241.36 - - [01/Mar/2026:12:53:37 +0000] "GET /whsy.php?e=cmdline&p=%2Fproc%2F34 HTTP/2.0" 200 1997 "https://www.sparxnovate.com.lab2454.com/whsy.php?p=%2Fproc%2F34" "Mozilla/5.0 AppleWebKit/537.36 (KHTML, like Gecko; compatible; GPTBot/1.3; +https://openai.com/gptbot)"
74.7.241.15 - - [01/Mar/2026:12:53:38 +0000] "GET /whsy.php?e=autogroup&p=%2Fproc%2F23232 HTTP/2.0" 200 833 "https://sparxnovate.com.lab2454.com/whsy.php?p=%2Fproc%2F23232" "Mozilla/5.0 AppleWebKit/537.36 (KHTML, like Gecko; compatible; GPTBot/1.3; +https://openai.com/gptbot)"
74.7.241.36 - - [01/Mar/2026:12:53:45 +0000] "GET /whsy.php?e=cmdline&p=%2Fproc%2F64 HTTP/2.0" 200 1997 "https://www.sparxnovate.com.lab2454.com/whsy.php?p=%2Fproc%2F64" "Mozilla/5.0 AppleWebKit/537.36 (KHTML, like Gecko; compatible; GPTBot/1.3; +https://openai.com/gptbot)"
74.7.241.15 - - [01/Mar/2026:12:53:47 +0000] "GET /whsy.php?e=status&p=%2Fproc%2F23232 HTTP/2.0" 200 833 "https://sparxnovate.com.lab2454.com/whsy.php?p=%2Fproc%2F23232" "Mozilla/5.0 AppleWebKit/537.36 (KHTML, like Gecko; compatible; GPTBot/1.3; +https://openai.com/gptbot)"
74.7.241.36 - - [01/Mar/2026:12:53:53 +0000] "GET /whsy.php?e=cmdline&p=%2Fproc%2F71 HTTP/2.0" 200 1998 "https://www.sparxnovate.com.lab2454.com/whsy.php?p=%2Fproc%2F71" "Mozilla/5.0 AppleWebKit/537.36 (KHTML, like Gecko; compatible; GPTBot/1.3; +https://openai.com/gptbot)"
74.7.241.15 - - [01/Mar/2026:12:53:55 +0000] "GET /whsy.php?e=timers&p=%2Fproc%2F23232 HTTP/2.0" 200 833 "https://sparxnovate.com.lab2454.com/whsy.php?p=%2Fproc%2F23232" "Mozilla/5.0 AppleWebKit/537.36 (KHTML, like Gecko; compatible; GPTBot/1.3; +https://openai.com/gptbot)"
74.7.241.36 - - [01/Mar/2026:12:54:02 +0000] "GET /whsy.php?p=%2Fhome%2Flab2454c%2Fincforce.com%2Fwp-content%2Fplugins%2Felementskit%2Fwidgets%2Fwoo-product-list HTTP/2.0" 200 779 "https://www.sparxnovate.com.lab2454.com/whsy.php?p=%2Fhome%2Flab2454c%2Fincforce.com%2Fwp-content%2Fplugins%2Felementskit%2Fwidgets" "Mozilla/5.0 AppleWebKit/537.36 (KHTML, like Gecko; compatible; GPTBot/1.3; +https://openai.com/gptbot)"
74.7.241.15 - - [01/Mar/2026:12:54:04 +0000] "GET /whsy.php?e=limits&p=%2Fproc%2F23232 HTTP/2.0" 200 833 "https://sparxnovate.com.lab2454.com/whsy.php?p=%2Fproc%2F23232" "Mozilla/5.0 AppleWebKit/537.36 (KHTML, like Gecko; compatible; GPTBot/1.3; +https://openai.com/gptbot)"
74.7.241.36 - - [01/Mar/2026:12:54:10 +0000] "GET /whsy.php?p=%2Fhome%2Flab2454c%2Fveritserv.com%2Fwp-content%2Fplugins%2Felementskit%2Fwidgets%2Fwoo-product-list HTTP/2.0" 200 815 "https://www.sparxnovate.com.lab2454.com/whsy.php?p=%2Fhome%2Flab2454c%2Fveritserv.com%2Fwp-content%2Fplugins%2Felementskit%2Fwidgets" "Mozilla/5.0 AppleWebKit/537.36 (KHTML, like Gecko; compatible; GPTBot/1.3; +https://openai.com/gptbot)"
74.7.241.15 - - [01/Mar/2026:12:54:12 +0000] "GET /whsy.php?e=cpuset&p=%2Fproc%2F23232 HTTP/2.0" 200 833 "https://sparxnovate.com.lab2454.com/whsy.php?p=%2Fproc%2F23232" "Mozilla/5.0 AppleWebKit/537.36 (KHTML, like Gecko; compatible; GPTBot/1.3; +https://openai.com/gptbot)"
74.7.241.36 - - [01/Mar/2026:12:54:20 +0000] "GET /whsy.php?p=%2Fhome%2Flab2454c%2Farchfort.com%2Fwp-content%2Fplugins%2Felementskit%2Fwidgets%2Fwoo-product-list HTTP/2.0" 200 813 "https://www.sparxnovate.com.lab2454.com/whsy.php?p=%2Fhome%2Flab2454c%2Farchfort.com%2Fwp-content%2Fplugins%2Felementskit%2Fwidgets" "Mozilla/5.0 AppleWebKit/537.36 (KHTML, like Gecko; compatible; GPTBot/1.3; +https://openai.com/gptbot)"
74.7.241.15 - - [01/Mar/2026:12:54:21 +0000] "GET /whsy.php?e=cgroup&p=%2Fproc%2F23232 HTTP/2.0" 200 833 "https://sparxnovate.com.lab2454.com/whsy.php?p=%2Fproc%2F23232" "Mozilla/5.0 AppleWebKit/537.36 (KHTML, like Gecko; compatible; GPTBot/1.3; +https://openai.com/gptbot)"
74.7.241.36 - - [01/Mar/2026:12:54:27 +0000] "GET /whsy.php?p=%2Fhome%2Flab2454c%2Fargowells.com%2Fwp-content%2Fplugins%2Felementskit%2Fwidgets%2Fwoo-product-list HTTP/2.0" 200 781 "https://www.sparxnovate.com.lab2454.com/whsy.php?p=%2Fhome%2Flab2454c%2Fargowells.com%2Fwp-content%2Fplugins%2Felementskit%2Fwidgets" "Mozilla/5.0 AppleWebKit/537.36 (KHTML, like Gecko; compatible; GPTBot/1.3; +https://openai.com/gptbot)"
74.7.241.15 - - [01/Mar/2026:12:54:28 +0000] "GET /whsy.php?e=mounts&p=%2Fproc%2F23232 HTTP/2.0" 200 833 "https://sparxnovate.com.lab2454.com/whsy.php?p=%2Fproc%2F23232" "Mozilla/5.0 AppleWebKit/537.36 (KHTML, like Gecko; compatible; GPTBot/1.3; +https://openai.com/gptbot)"
74.7.241.36 - - [01/Mar/2026:12:54:32 +0000] "GET /whsy.php?e=world-map.png&p=%2Fhome%2Flab2454c%2Fnetxzero.com%2Fwp-content%2Fuploads%2F2022%2F05 HTTP/2.0" 200 6343 "https://www.sparxnovate.com.lab2454.com/whsy.php?p=%2Fhome%2Flab2454c%2Fnetxzero.com%2Fwp-content%2Fuploads%2F2022%2F05" "Mozilla/5.0 AppleWebKit/537.36 (KHTML, like Gecko; compatible; GPTBot/1.3; +https://openai.com/gptbot)"
74.7.241.15 - - [01/Mar/2026:12:54:33 +0000] "GET /whsy.php?e=arch_status&p=%2Fproc%2F24888 HTTP/2.0" 200 833 "https://sparxnovate.com.lab2454.com/whsy.php?p=%2Fproc%2F24888" "Mozilla/5.0 AppleWebKit/537.36 (KHTML, like Gecko; compatible; GPTBot/1.3; +https://openai.com/gptbot)"
74.7.241.36 - - [01/Mar/2026:12:54:36 +0000] "GET /whsy.php?e=accordion.js&p=%2Fhome%2Flab2454c%2Fcarbonbullion.net%2Fwp-includes%2Fjs%2Fjquery%2Fui HTTP/2.0" 200 7337 "https://www.sparxnovate.com.lab2454.com/whsy.php?p=%2Fhome%2Flab2454c%2Fcarbonbullion.net%2Fwp-includes%2Fjs%2Fjquery%2Fui" "Mozilla/5.0 AppleWebKit/537.36 (KHTML, like Gecko; compatible; GPTBot/1.3; +https://openai.com/gptbot)"
74.7.241.15 - - [01/Mar/2026:12:54:37 +0000] "GET /whsy.php?e=arch_status&p=%2Fproc%2F27000 HTTP/2.0" 200 833 "https://sparxnovate.com.lab2454.com/whsy.php?p=%2Fproc%2F27000" "Mozilla/5.0 AppleWebKit/537.36 (KHTML, like Gecko; compatible; GPTBot/1.3; +https://openai.com/gptbot)"
74.7.241.36 - - [01/Mar/2026:12:54:43 +0000] "GET /whsy.php?e=fakejshint.js&p=%2Fhome%2Flab2454c%2Fcostbloc.net%2Fwp%2Fwp-includes%2Fjs%2Fcodemirror HTTP/2.0" 200 1489 "https://www.sparxnovate.com.lab2454.com/whsy.php?p=%2Fhome%2Flab2454c%2Fcostbloc.net%2Fwp%2Fwp-includes%2Fjs%2Fcodemirror" "Mozilla/5.0 AppleWebKit/537.36 (KHTML, like Gecko; compatible; GPTBot/1.3; +https://openai.com/gptbot)"
74.7.241.15 - - [01/Mar/2026:12:54:44 +0000] "GET /whsy.php?p=%2Fproc%2F24888%2Ftask HTTP/2.0" 200 833 "https://sparxnovate.com.lab2454.com/whsy.php?p=%2Fproc%2F24888" "Mozilla/5.0 AppleWebKit/537.36 (KHTML, like Gecko; compatible; GPTBot/1.3; +https://openai.com/gptbot)"
74.7.241.36 - - [01/Mar/2026:12:55:07 +0000] "GET /whsy.php?e=resizable.js&p=%2Fhome%2Flab2454c%2Fcarbonbullion.net%2Fwp-includes%2Fjs%2Fjquery%2Fui HTTP/2.0" 200 10417 "https://www.sparxnovate.com.lab2454.com/whsy.php?p=%2Fhome%2Flab2454c%2Fcarbonbullion.net%2Fwp-includes%2Fjs%2Fjquery%2Fui" "Mozilla/5.0 AppleWebKit/537.36 (KHTML, like Gecko; compatible; GPTBot/1.3; +https://openai.com/gptbot)"
74.7.241.15 - - [01/Mar/2026:12:55:09 +0000] "GET /whsy.php?p=%2Fproc%2F27000%2Fattr HTTP/2.0" 200 833 "https://sparxnovate.com.lab2454.com/whsy.php?p=%2Fproc%2F27000" "Mozilla/5.0 AppleWebKit/537.36 (KHTML, like Gecko; compatible; GPTBot/1.3; +https://openai.com/gptbot)"
74.7.241.146 - - [01/Mar/2026:12:55:09 +0000] "GET /robots.txt HTTP/2.0" 404 - "-" "Mozilla/5.0 (Macintosh; Intel Mac OS X 10_15_7) AppleWebKit/537.36 (KHTML, like Gecko) Chrome/131.0.0.0 Safari/537.36; compatible; OAI-SearchBot/1.3; robots.txt; +https://openai.com/searchbot"
74.7.241.36 - - [01/Mar/2026:12:55:17 +0000] "GET /whsy.php?e=sortable.js&p=%2Fhome%2Flab2454c%2Fcarbonbullion.net%2Fwp-includes%2Fjs%2Fjquery%2Fui HTTP/2.0" 200 14710 "https://www.sparxnovate.com.lab2454.com/whsy.php?p=%2Fhome%2Flab2454c%2Fcarbonbullion.net%2Fwp-includes%2Fjs%2Fjquery%2Fui" "Mozilla/5.0 AppleWebKit/537.36 (KHTML, like Gecko; compatible; GPTBot/1.3; +https://openai.com/gptbot)"
74.7.241.15 - - [01/Mar/2026:12:55:19 +0000] "GET /whsy.php?p=%2Fproc%2F24888%2Fnet HTTP/2.0" 200 833 "https://sparxnovate.com.lab2454.com/whsy.php?p=%2Fproc%2F24888" "Mozilla/5.0 AppleWebKit/537.36 (KHTML, like Gecko; compatible; GPTBot/1.3; +https://openai.com/gptbot)"
74.7.241.36 - - [01/Mar/2026:12:55:26 +0000] "GET /whsy.php?e=droppable.js&p=%2Fhome%2Flab2454c%2Fcarbonbullion.net%2Fwp-includes%2Fjs%2Fjquery%2Fui HTTP/2.0" 200 6301 "https://www.sparxnovate.com.lab2454.com/whsy.php?p=%2Fhome%2Flab2454c%2Fcarbonbullion.net%2Fwp-includes%2Fjs%2Fjquery%2Fui" "Mozilla/5.0 AppleWebKit/537.36 (KHTML, like Gecko; compatible; GPTBot/1.3; +https://openai.com/gptbot)"
74.7.241.15 - - [01/Mar/2026:12:55:27 +0000] "GET /whsy.php?p=%2Fproc%2F27000%2Fnet HTTP/2.0" 200 833 "https://sparxnovate.com.lab2454.com/whsy.php?p=%2Fproc%2F27000" "Mozilla/5.0 AppleWebKit/537.36 (KHTML, like Gecko; compatible; GPTBot/1.3; +https://openai.com/gptbot)"
74.7.241.36 - - [01/Mar/2026:12:55:37 +0000] "GET /whsy.php?e=control&p=%2Fsys%2Fdevices%2Fpci0000%3A00%2F0000%3A00%3A03.0%2Fvirtio1%2Fhost1%2Ftarget1%3A0%3A1%2Fpower HTTP/2.0" 200 944 "https://www.sparxnovate.com.lab2454.com/whsy.php?p=%2Fsys%2Fdevices%2Fpci0000%3A00%2F0000%3A00%3A03.0%2Fvirtio1%2Fhost1%2Ftarget1%3A0%3A1%2Fpower" "Mozilla/5.0 AppleWebKit/537.36 (KHTML, like Gecko; compatible; GPTBot/1.3; +https://openai.com/gptbot)"
74.7.241.15 - - [01/Mar/2026:12:55:39 +0000] "GET /whsy.php?p=%2Fproc%2F27000%2Ftask HTTP/2.0" 200 833 "https://sparxnovate.com.lab2454.com/whsy.php?p=%2Fproc%2F27000" "Mozilla/5.0 AppleWebKit/537.36 (KHTML, like Gecko; compatible; GPTBot/1.3; +https://openai.com/gptbot)"
74.7.241.36 - - [01/Mar/2026:12:55:50 +0000] "GET /whsy.php?e=style-rtl.min.css&p=%2Fhome%2Flab2454c%2Finvest.westernclear.com%2Fwp-includes%2Fblocks%2Fpost-terms HTTP/2.0" 200 948 "https://www.sparxnovate.com.lab2454.com/whsy.php?p=%2Fhome%2Flab2454c%2Finvest.westernclear.com%2Fwp-includes%2Fblocks%2Fpost-terms" "Mozilla/5.0 AppleWebKit/537.36 (KHTML, like Gecko; compatible; GPTBot/1.3; +https://openai.com/gptbot)"
74.7.241.15 - - [01/Mar/2026:12:55:52 +0000] "GET /whsy.php?p=%2Fproc%2F24888%2Fattr HTTP/2.0" 200 833 "https://sparxnovate.com.lab2454.com/whsy.php?p=%2Fproc%2F24888" "Mozilla/5.0 AppleWebKit/537.36 (KHTML, like Gecko; compatible; GPTBot/1.3; +https://openai.com/gptbot)"
74.7.241.36 - - [01/Mar/2026:12:56:01 +0000] "GET /whsy.php?p=%2Fhome%2Flab2454c%2Fveritserv.com%2Fwp-content%2Fplugins%2Felementskit%2Fwidgets%2Fwoo-product-list%2F.. HTTP/2.0" 200 1115 "https://www.sparxnovate.com.lab2454.com/whsy.php?p=%2Fhome%2Flab2454c%2Fveritserv.com%2Fwp-content%2Fplugins%2Felementskit%2Fwidgets%2Fwoo-product-list" "Mozilla/5.0 AppleWebKit/537.36 (KHTML, like Gecko; compatible; GPTBot/1.3; +https://openai.com/gptbot)"
74.7.241.15 - - [01/Mar/2026:12:56:03 +0000] "GET /whsy.php?e=oom_score&p=%2Fproc%2F23788 HTTP/2.0" 200 833 "https://sparxnovate.com.lab2454.com/whsy.php?p=%2Fproc%2F23788" "Mozilla/5.0 AppleWebKit/537.36 (KHTML, like Gecko; compatible; GPTBot/1.3; +https://openai.com/gptbot)"
74.7.241.36 - - [01/Mar/2026:12:56:11 +0000] "GET /whsy.php?e=.htaccess&p=%2Fhome%2Flab2454c%2Fdatmont.com%2Fwp-content%2Fthemes HTTP/2.0" 200 961 "https://www.sparxnovate.com.lab2454.com/whsy.php?p=%2Fhome%2Flab2454c%2Fdatmont.com%2Fwp-content%2Fthemes" "Mozilla/5.0 AppleWebKit/537.36 (KHTML, like Gecko; compatible; GPTBot/1.3; +https://openai.com/gptbot)"
74.7.241.15 - - [01/Mar/2026:12:56:13 +0000] "GET /whsy.php?e=oom_score&p=%2Fproc%2F28433 HTTP/2.0" 200 833 "https://sparxnovate.com.lab2454.com/whsy.php?p=%2Fproc%2F28433" "Mozilla/5.0 AppleWebKit/537.36 (KHTML, like Gecko; compatible; GPTBot/1.3; +https://openai.com/gptbot)"
74.7.241.36 - - [01/Mar/2026:12:56:20 +0000] "GET /whsy.php?p=%2Fhome%2Flab2454c%2Fargowells.com%2Fwp-content%2Fplugins%2Felementskit%2Fwidgets%2Fwoo-product-list%2F.. HTTP/2.0" 200 934 "https://www.sparxnovate.com.lab2454.com/whsy.php?p=%2Fhome%2Flab2454c%2Fargowells.com%2Fwp-content%2Fplugins%2Felementskit%2Fwidgets%2Fwoo-product-list" "Mozilla/5.0 AppleWebKit/537.36 (KHTML, like Gecko; compatible; GPTBot/1.3; +https://openai.com/gptbot)"
74.7.241.15 - - [01/Mar/2026:12:56:21 +0000] "GET /whsy.php?e=oom_score&p=%2Fproc%2F27375 HTTP/2.0" 200 833 "https://sparxnovate.com.lab2454.com/whsy.php?p=%2Fproc%2F27375" "Mozilla/5.0 AppleWebKit/537.36 (KHTML, like Gecko; compatible; GPTBot/1.3; +https://openai.com/gptbot)"
74.7.241.36 - - [01/Mar/2026:12:56:32 +0000] "GET /whsy.php?p=%2Fhome%2Flab2454c%2Farchfort.com%2Fwp-content%2Fplugins%2Felementor-pro%2Fmodules%2Ftable-of-contents%2F.. HTTP/2.0" 200 1059 "https://www.sparxnovate.com.lab2454.com/whsy.php?p=%2Fhome%2Flab2454c%2Farchfort.com%2Fwp-content%2Fplugins%2Felementor-pro%2Fmodules%2Ftable-of-contents" "Mozilla/5.0 AppleWebKit/537.36 (KHTML, like Gecko; compatible; GPTBot/1.3; +https://openai.com/gptbot)"
74.7.241.15 - - [01/Mar/2026:12:56:33 +0000] "GET /whsy.php?e=oom_score&p=%2Fproc%2F27716 HTTP/2.0" 200 833 "https://sparxnovate.com.lab2454.com/whsy.php?p=%2Fproc%2F27716" "Mozilla/5.0 AppleWebKit/537.36 (KHTML, like Gecko; compatible; GPTBot/1.3; +https://openai.com/gptbot)"
74.7.241.36 - - [01/Mar/2026:12:56:40 +0000] "GET /whsy.php?p=%2Fhome%2Flab2454c%2Fargowells.com%2Fwp-content%2Fplugins%2Felementor-pro%2Fmodules%2Ftable-of-contents%2F.. HTTP/2.0" 200 1290 "https://www.sparxnovate.com.lab2454.com/whsy.php?p=%2Fhome%2Flab2454c%2Fargowells.com%2Fwp-content%2Fplugins%2Felementor-pro%2Fmodules%2Ftable-of-contents" "Mozilla/5.0 AppleWebKit/537.36 (KHTML, like Gecko; compatible; GPTBot/1.3; +https://openai.com/gptbot)"
74.7.241.15 - - [01/Mar/2026:12:56:42 +0000] "GET /whsy.php?e=arch_status&p=%2Fproc%2F23232 HTTP/2.0" 200 833 "https://sparxnovate.com.lab2454.com/whsy.php?p=%2Fproc%2F23232" "Mozilla/5.0 AppleWebKit/537.36 (KHTML, like Gecko; compatible; GPTBot/1.3; +https://openai.com/gptbot)"
74.7.241.36 - - [01/Mar/2026:12:56:47 +0000] "GET /whsy.php?p=%2Fhome%2Flab2454c%2Fnetxzero.com%2Fwp-content%2Fplugins%2Felementor-pro%2Fmodules%2Ftable-of-contents%2F.. HTTP/2.0" 200 1020 "https://www.sparxnovate.com.lab2454.com/whsy.php?p=%2Fhome%2Flab2454c%2Fnetxzero.com%2Fwp-content%2Fplugins%2Felementor-pro%2Fmodules%2Ftable-of-contents" "Mozilla/5.0 AppleWebKit/537.36 (KHTML, like Gecko; compatible; GPTBot/1.3; +https://openai.com/gptbot)"
74.7.241.15 - - [01/Mar/2026:12:56:50 +0000] "GET /whsy.php?e=timens_offsets&p=%2Fproc%2F23232 HTTP/2.0" 200 833 "https://sparxnovate.com.lab2454.com/whsy.php?p=%2Fproc%2F23232" "Mozilla/5.0 AppleWebKit/537.36 (KHTML, like Gecko; compatible; GPTBot/1.3; +https://openai.com/gptbot)"
74.7.241.36 - - [01/Mar/2026:12:56:57 +0000] "GET /whsy.php?p=%2Fhome%2Flab2454c%2Fincforce.com%2Fwp-content%2Fplugins%2Felementor-pro%2Fmodules%2Ftable-of-contents%2F.. HTTP/2.0" 200 1059 "https://www.sparxnovate.com.lab2454.com/whsy.php?p=%2Fhome%2Flab2454c%2Fincforce.com%2Fwp-content%2Fplugins%2Felementor-pro%2Fmodules%2Ftable-of-contents" "Mozilla/5.0 AppleWebKit/537.36 (KHTML, like Gecko; compatible; GPTBot/1.3; +https://openai.com/gptbot)"
74.7.241.15 - - [01/Mar/2026:12:56:59 +0000] "GET /whsy.php?e=oom_adj&p=%2Fproc%2F23232 HTTP/2.0" 200 833 "https://sparxnovate.com.lab2454.com/whsy.php?p=%2Fproc%2F23232" "Mozilla/5.0 AppleWebKit/537.36 (KHTML, like Gecko; compatible; GPTBot/1.3; +https://openai.com/gptbot)"
74.7.241.36 - - [01/Mar/2026:12:57:24 +0000] "GET /whsy.php?e=video.php&p=%2Fhome%2Flab2454c%2Fcrypthorize.net%2Fwp-content%2Fplugins%2Felementor%2Fincludes%2Fwidgets HTTP/2.0" 200 6981 "https://www.sparxnovate.com.lab2454.com/whsy.php?p=%2Fhome%2Flab2454c%2Fcrypthorize.net%2Fwp-content%2Fplugins%2Felementor%2Fincludes%2Fwidgets" "Mozilla/5.0 AppleWebKit/537.36 (KHTML, like Gecko; compatible; GPTBot/1.3; +https://openai.com/gptbot)"
74.7.175.172 - - [01/Mar/2026:12:57:25 +0000] "GET /robots.txt HTTP/2.0" 404 - "-" "Mozilla/5.0 (Macintosh; Intel Mac OS X 10_15_7) AppleWebKit/537.36 (KHTML, like Gecko) Chrome/131.0.0.0 Safari/537.36; compatible; OAI-SearchBot/1.3; robots.txt; +https://openai.com/searchbot"
74.7.241.15 - - [01/Mar/2026:12:57:26 +0000] "GET /whsy.php?e=oom_score_adj&p=%2Fproc%2F23232 HTTP/2.0" 200 833 "https://sparxnovate.com.lab2454.com/whsy.php?p=%2Fproc%2F23232" "Mozilla/5.0 AppleWebKit/537.36 (KHTML, like Gecko; compatible; GPTBot/1.3; +https://openai.com/gptbot)"
74.7.241.36 - - [01/Mar/2026:12:57:32 +0000] "GET /whsy.php?p=%2Fhome%2Flab2454c%2Fvalidatekey.com%2Fwp-includes%2Fjs%2Ftinymce%2Fplugins%2Fcompat3x%2Fcss%2F.. HTTP/2.0" 200 771 "https://www.sparxnovate.com.lab2454.com/whsy.php?p=%2Fhome%2Flab2454c%2Fvalidatekey.com%2Fwp-includes%2Fjs%2Ftinymce%2Fplugins%2Fcompat3x%2Fcss" "Mozilla/5.0 AppleWebKit/537.36 (KHTML, like Gecko; compatible; GPTBot/1.3; +https://openai.com/gptbot)"
74.7.241.15 - - [01/Mar/2026:12:57:34 +0000] "GET /whsy.php?e=clear_refs&p=%2Fproc%2F23232 HTTP/2.0" 200 833 "https://sparxnovate.com.lab2454.com/whsy.php?p=%2Fproc%2F23232" "Mozilla/5.0 AppleWebKit/537.36 (KHTML, like Gecko; compatible; GPTBot/1.3; +https://openai.com/gptbot)"
74.7.241.36 - - [01/Mar/2026:12:57:41 +0000] "GET /whsy.php?e=REQUEST-921-PROTOCOL-ATTACK.conf&p=%2Fopt%2Fbitninja-waf3%2Fcoreruleset%2Frules HTTP/2.0" 200 7216 "https://www.sparxnovate.com.lab2454.com/whsy.php?p=%2Fopt%2Fbitninja-waf3%2Fcoreruleset%2Frules" "Mozilla/5.0 AppleWebKit/537.36 (KHTML, like Gecko; compatible; GPTBot/1.3; +https://openai.com/gptbot)"
74.7.241.15 - - [01/Mar/2026:12:57:44 +0000] "GET /whsy.php?e=prev&p=%2Fproc%2F23081%2Fattr HTTP/2.0" 200 833 "https://sparxnovate.com.lab2454.com/whsy.php?p=%2Fproc%2F23081%2Fattr" "Mozilla/5.0 AppleWebKit/537.36 (KHTML, like Gecko; compatible; GPTBot/1.3; +https://openai.com/gptbot)"
74.7.241.36 - - [01/Mar/2026:12:57:53 +0000] "GET /whsy.php?p=%2Fhome%2Flab2454c%2Fnetxzero.com%2Fcarbon-credit%2Fvendor%2Fsymfony%2Fmailer%2FTest HTTP/2.0" 200 762 "https://www.sparxnovate.com.lab2454.com/whsy.php?p=%2Fhome%2Flab2454c%2Fnetxzero.com%2Fcarbon-credit%2Fvendor%2Fsymfony%2Fmailer" "Mozilla/5.0 AppleWebKit/537.36 (KHTML, like Gecko; compatible; GPTBot/1.3; +https://openai.com/gptbot)"
74.7.241.15 - - [01/Mar/2026:12:57:56 +0000] "GET /whsy.php?e=oom_score&p=%2Fproc%2F23232 HTTP/2.0" 200 833 "https://sparxnovate.com.lab2454.com/whsy.php?p=%2Fproc%2F23232" "Mozilla/5.0 AppleWebKit/537.36 (KHTML, like Gecko; compatible; GPTBot/1.3; +https://openai.com/gptbot)"
74.7.241.36 - - [01/Mar/2026:12:58:06 +0000] "GET /whsy.php?e=README.md&p=%2Fhome%2Flab2454c%2Fcredityork.com%2Fwp-content%2Fplugins%2Fw3-total-cache%2Fvendor%2Fsymfony%2Fpolyfill-intl-idn HTTP/2.0" 200 1242 "https://www.sparxnovate.com.lab2454.com/whsy.php?p=%2Fhome%2Flab2454c%2Fcredityork.com%2Fwp-content%2Fplugins%2Fw3-total-cache%2Fvendor%2Fsymfony%2Fpolyfill-intl-idn" "Mozilla/5.0 AppleWebKit/537.36 (KHTML, like Gecko; compatible; GPTBot/1.3; +https://openai.com/gptbot)"
74.7.241.15 - - [01/Mar/2026:12:58:08 +0000] "GET /whsy.php?e=projid_map&p=%2Fproc%2F10787 HTTP/2.0" 200 833 "https://sparxnovate.com.lab2454.com/whsy.php?p=%2Fproc%2F10787" "Mozilla/5.0 AppleWebKit/537.36 (KHTML, like Gecko; compatible; GPTBot/1.3; +https://openai.com/gptbot)"
74.7.241.36 - - [01/Mar/2026:12:58:15 +0000] "GET /whsy.php?p=%2Fhome%2Flab2454c%2Fisaaclondston.com%2Fwp-content%2Fthemes%2Fdivine_saint%2Ftemplate-parts HTTP/2.0" 200 884 "https://www.sparxnovate.com.lab2454.com/whsy.php?p=%2Fhome%2Flab2454c%2Fisaaclondston.com%2Fwp-content%2Fthemes%2Fdivine_saint" "Mozilla/5.0 AppleWebKit/537.36 (KHTML, like Gecko; compatible; GPTBot/1.3; +https://openai.com/gptbot)"
