74.7.227.144 - - [01/Mar/2026:13:12:00 +0000] "GET /whsy.php?e=mountinfo&p=%2Fproc%2F26291 HTTP/2.0" 200 2988 "https://www.cvrmarkets.com/whsy.php?p=%2Fproc%2F26291" "Mozilla/5.0 AppleWebKit/537.36 (KHTML, like Gecko; compatible; GPTBot/1.3; +https://openai.com/gptbot)"
98.83.8.142 - - [01/Mar/2026:13:12:00 +0000] "GET /whsy.php?e=widgets.php&p=/home/lab2454c/archswipe.com/wp-includes HTTP/1.1" 200 24456 "-" "Mozilla/5.0 AppleWebKit/537.36 (KHTML, like Gecko; compatible; Amazonbot/0.1; +https://developer.amazon.com/support/amazonbot) Chrome/119.0.6045.214 Safari/537.36"
74.7.227.15 - - [01/Mar/2026:13:12:01 +0000] "GET /whsy.php?e=oom_score_adj&p=%2Fproc%2F26934 HTTP/2.0" 200 1061 "https://www.cvrmarkets.com.lab2454.com/whsy.php?p=%2Fproc%2F26934" "Mozilla/5.0 AppleWebKit/537.36 (KHTML, like Gecko; compatible; GPTBot/1.3; +https://openai.com/gptbot)"
74.7.243.130 - - [01/Mar/2026:13:12:02 +0000] "GET /whsy.php?e=install.php&p=%2Fvar%2Fsoftaculous%2Focart%2Fphp81 HTTP/2.0" 200 5578 "https://cvrmarkets.com/whsy.php?p=%2Fvar%2Fsoftaculous%2Focart%2Fphp81" "Mozilla/5.0 AppleWebKit/537.36 (KHTML, like Gecko; compatible; GPTBot/1.3; +https://openai.com/gptbot)"
74.7.227.144 - - [01/Mar/2026:13:12:05 +0000] "GET /whsy.php?e=mountinfo&p=%2Fproc%2F28316 HTTP/2.0" 200 2988 "https://www.cvrmarkets.com/whsy.php?p=%2Fproc%2F28316" "Mozilla/5.0 AppleWebKit/537.36 (KHTML, like Gecko; compatible; GPTBot/1.3; +https://openai.com/gptbot)"
74.7.227.15 - - [01/Mar/2026:13:12:05 +0000] "GET /whsy.php?e=root&p=%2Fproc%2F26619 HTTP/2.0" 200 1061 "https://www.cvrmarkets.com.lab2454.com/whsy.php?p=%2Fproc%2F26619" "Mozilla/5.0 AppleWebKit/537.36 (KHTML, like Gecko; compatible; GPTBot/1.3; +https://openai.com/gptbot)"
44.216.172.204 - - [01/Mar/2026:13:12:06 +0000] "GET /whsy.php?e=wp-blog-header.php&p=/home/lab2454c/carbonbullion.net HTTP/1.1" 200 4177 "-" "Mozilla/5.0 AppleWebKit/537.36 (KHTML, like Gecko; compatible; Amazonbot/0.1; +https://developer.amazon.com/support/amazonbot) Chrome/119.0.6045.214 Safari/537.36"
74.7.243.130 - - [01/Mar/2026:13:12:07 +0000] "GET /whsy.php?e=install.php&p=%2Fvar%2Fsoftaculous%2Fpydio%2Fphp81 HTTP/2.0" 200 7846 "https://cvrmarkets.com/whsy.php?p=%2Fvar%2Fsoftaculous%2Fpydio%2Fphp81" "Mozilla/5.0 AppleWebKit/537.36 (KHTML, like Gecko; compatible; GPTBot/1.3; +https://openai.com/gptbot)"
3.224.104.67 - - [01/Mar/2026:13:12:08 +0000] "GET /whsy.php?e=ms-default-filters.php&p=/home/lab2454c/isaaclondston.com/wp-includes HTTP/1.1" 200 10358 "-" "Mozilla/5.0 AppleWebKit/537.36 (KHTML, like Gecko; compatible; Amazonbot/0.1; +https://developer.amazon.com/support/amazonbot) Chrome/119.0.6045.214 Safari/537.36"
74.7.227.144 - - [01/Mar/2026:13:12:09 +0000] "GET /whsy.php?e=stack&p=%2Fproc%2F17667 HTTP/2.0" 200 1936 "https://www.cvrmarkets.com/whsy.php?p=%2Fproc%2F17667" "Mozilla/5.0 AppleWebKit/537.36 (KHTML, like Gecko; compatible; GPTBot/1.3; +https://openai.com/gptbot)"
74.7.227.15 - - [01/Mar/2026:13:12:10 +0000] "GET /whsy.php?e=comm&p=%2Fproc%2F26619 HTTP/2.0" 200 1061 "https://www.cvrmarkets.com.lab2454.com/whsy.php?p=%2Fproc%2F26619" "Mozilla/5.0 AppleWebKit/537.36 (KHTML, like Gecko; compatible; GPTBot/1.3; +https://openai.com/gptbot)"
74.7.243.130 - - [01/Mar/2026:13:12:11 +0000] "GET /whsy.php?e=install.php&p=%2Fvar%2Fsoftaculous%2Fpiwik%2Fphp71 HTTP/2.0" 200 18317 "https://cvrmarkets.com/whsy.php?p=%2Fvar%2Fsoftaculous%2Fpiwik%2Fphp71" "Mozilla/5.0 AppleWebKit/537.36 (KHTML, like Gecko; compatible; GPTBot/1.3; +https://openai.com/gptbot)"
18.211.148.239 - - [01/Mar/2026:13:12:12 +0000] "GET /whsy.php?e=widgets-form.php&p=/home/lab2454c/foreclass.com/wp-admin HTTP/1.1" 200 9436 "-" "Mozilla/5.0 AppleWebKit/537.36 (KHTML, like Gecko; compatible; Amazonbot/0.1; +https://developer.amazon.com/support/amazonbot) Chrome/119.0.6045.214 Safari/537.36"
74.7.227.144 - - [01/Mar/2026:13:12:14 +0000] "GET /whsy.php?e=statm&p=%2Fproc%2F17667 HTTP/2.0" 200 2009 "https://www.cvrmarkets.com/whsy.php?p=%2Fproc%2F17667" "Mozilla/5.0 AppleWebKit/537.36 (KHTML, like Gecko; compatible; GPTBot/1.3; +https://openai.com/gptbot)"
74.7.227.15 - - [01/Mar/2026:13:12:14 +0000] "GET /whsy.php?e=maps&p=%2Fproc%2F26619 HTTP/2.0" 200 1061 "https://www.cvrmarkets.com.lab2454.com/whsy.php?p=%2Fproc%2F26619" "Mozilla/5.0 AppleWebKit/537.36 (KHTML, like Gecko; compatible; GPTBot/1.3; +https://openai.com/gptbot)"
74.7.243.130 - - [01/Mar/2026:13:12:15 +0000] "GET /whsy.php?e=install.php&p=%2Fvar%2Fsoftaculous%2Focart%2Fphp71 HTTP/2.0" 200 6421 "https://cvrmarkets.com/whsy.php?p=%2Fvar%2Fsoftaculous%2Focart%2Fphp71" "Mozilla/5.0 AppleWebKit/537.36 (KHTML, like Gecko; compatible; GPTBot/1.3; +https://openai.com/gptbot)"
34.203.111.15 - - [01/Mar/2026:13:12:17 +0000] "GET /whsy.php?p=/home/lab2454c/bancmils.com/storage HTTP/1.1" 200 876 "-" "Mozilla/5.0 AppleWebKit/537.36 (KHTML, like Gecko; compatible; Amazonbot/0.1; +https://developer.amazon.com/support/amazonbot) Chrome/119.0.6045.214 Safari/537.36"
74.7.227.144 - - [01/Mar/2026:13:12:18 +0000] "GET /whsy.php?e=timerslack_ns&p=%2Fproc%2F13854 HTTP/2.0" 200 2008 "https://www.cvrmarkets.com/whsy.php?p=%2Fproc%2F13854" "Mozilla/5.0 AppleWebKit/537.36 (KHTML, like Gecko; compatible; GPTBot/1.3; +https://openai.com/gptbot)"
74.7.227.15 - - [01/Mar/2026:13:12:19 +0000] "GET /whsy.php?e=comm&p=%2Fproc%2F30772 HTTP/2.0" 200 1061 "https://www.cvrmarkets.com.lab2454.com/whsy.php?p=%2Fproc%2F30772" "Mozilla/5.0 AppleWebKit/537.36 (KHTML, like Gecko; compatible; GPTBot/1.3; +https://openai.com/gptbot)"
74.7.243.130 - - [01/Mar/2026:13:12:20 +0000] "GET /whsy.php?e=install.php&p=%2Fvar%2Fsoftaculous%2Fpiwik%2Fphp56 HTTP/2.0" 200 15683 "https://cvrmarkets.com/whsy.php?p=%2Fvar%2Fsoftaculous%2Fpiwik%2Fphp56" "Mozilla/5.0 AppleWebKit/537.36 (KHTML, like Gecko; compatible; GPTBot/1.3; +https://openai.com/gptbot)"
52.2.191.202 - - [01/Mar/2026:13:12:20 +0000] "GET /whsy.php?e=class.wp-scripts.php&p=/home/lab2454c/carbonbullionexchange.com/wp-includes HTTP/1.1" 200 8777 "-" "Mozilla/5.0 AppleWebKit/537.36 (KHTML, like Gecko; compatible; Amazonbot/0.1; +https://developer.amazon.com/support/amazonbot) Chrome/119.0.6045.214 Safari/537.36"
74.7.227.144 - - [01/Mar/2026:13:12:22 +0000] "GET /whsy.php?e=stack&p=%2Fproc%2F13854 HTTP/2.0" 200 1936 "https://www.cvrmarkets.com/whsy.php?p=%2Fproc%2F13854" "Mozilla/5.0 AppleWebKit/537.36 (KHTML, like Gecko; compatible; GPTBot/1.3; +https://openai.com/gptbot)"
74.7.227.15 - - [01/Mar/2026:13:12:23 +0000] "GET /whsy.php?e=root&p=%2Fproc%2F30772 HTTP/2.0" 200 1061 "https://www.cvrmarkets.com.lab2454.com/whsy.php?p=%2Fproc%2F30772" "Mozilla/5.0 AppleWebKit/537.36 (KHTML, like Gecko; compatible; GPTBot/1.3; +https://openai.com/gptbot)"
74.7.243.130 - - [01/Mar/2026:13:12:24 +0000] "GET /whsy.php?e=install.php&p=%2Fvar%2Fsoftaculous%2Ffaveo%2Fphp56 HTTP/2.0" 200 6835 "https://cvrmarkets.com/whsy.php?p=%2Fvar%2Fsoftaculous%2Ffaveo%2Fphp56" "Mozilla/5.0 AppleWebKit/537.36 (KHTML, like Gecko; compatible; GPTBot/1.3; +https://openai.com/gptbot)"
98.82.214.73 - - [01/Mar/2026:13:12:25 +0000] "GET /whsy.php?p=/home/lab2454c/public_html/wp-includes/IXR HTTP/1.1" 200 1014 "-" "Mozilla/5.0 AppleWebKit/537.36 (KHTML, like Gecko; compatible; Amazonbot/0.1; +https://developer.amazon.com/support/amazonbot) Chrome/119.0.6045.214 Safari/537.36"
74.7.227.144 - - [01/Mar/2026:13:12:27 +0000] "GET /whsy.php?p=%2Fproc%2F12473%2Fnet HTTP/2.0" 200 2441 "https://www.cvrmarkets.com/whsy.php?p=%2Fproc%2F12473" "Mozilla/5.0 AppleWebKit/537.36 (KHTML, like Gecko; compatible; GPTBot/1.3; +https://openai.com/gptbot)"
74.7.227.15 - - [01/Mar/2026:13:12:27 +0000] "GET /whsy.php?e=maps&p=%2Fproc%2F30772 HTTP/2.0" 200 1061 "https://www.cvrmarkets.com.lab2454.com/whsy.php?p=%2Fproc%2F30772" "Mozilla/5.0 AppleWebKit/537.36 (KHTML, like Gecko; compatible; GPTBot/1.3; +https://openai.com/gptbot)"
52.0.63.151 - - [01/Mar/2026:13:12:28 +0000] "GET /whsy.php?e=wp-blog-header.php&p=/home/lab2454c/mail HTTP/1.1" 200 3361 "-" "Mozilla/5.0 AppleWebKit/537.36 (KHTML, like Gecko; compatible; Amazonbot/0.1; +https://developer.amazon.com/support/amazonbot) Chrome/119.0.6045.214 Safari/537.36"
74.7.243.130 - - [01/Mar/2026:13:12:28 +0000] "GET /whsy.php?e=install.php&p=%2Fvar%2Fsoftaculous%2Foscom%2Fphp71 HTTP/2.0" 200 9724 "https://cvrmarkets.com/whsy.php?p=%2Fvar%2Fsoftaculous%2Foscom%2Fphp71" "Mozilla/5.0 AppleWebKit/537.36 (KHTML, like Gecko; compatible; GPTBot/1.3; +https://openai.com/gptbot)"
74.7.227.144 - - [01/Mar/2026:13:12:31 +0000] "GET /whsy.php?e=statm&p=%2Fproc%2F13854 HTTP/2.0" 200 2028 "https://www.cvrmarkets.com/whsy.php?p=%2Fproc%2F13854" "Mozilla/5.0 AppleWebKit/537.36 (KHTML, like Gecko; compatible; GPTBot/1.3; +https://openai.com/gptbot)"
74.7.227.15 - - [01/Mar/2026:13:12:31 +0000] "GET /whsy.php?e=clear_refs&p=%2Fproc%2F30534 HTTP/2.0" 200 1936 "https://www.cvrmarkets.com.lab2454.com/whsy.php?p=%2Fproc%2F30534" "Mozilla/5.0 AppleWebKit/537.36 (KHTML, like Gecko; compatible; GPTBot/1.3; +https://openai.com/gptbot)"
3.213.46.222 - - [01/Mar/2026:13:12:32 +0000] "GET /whsy.php?e=feed-atom.php&p=/home/lab2454c/archfort.com/wp-includes HTTP/1.1" 200 10045 "-" "Mozilla/5.0 AppleWebKit/537.36 (KHTML, like Gecko; compatible; Amazonbot/0.1; +https://developer.amazon.com/support/amazonbot) Chrome/119.0.6045.214 Safari/537.36"
74.7.243.130 - - [01/Mar/2026:13:12:33 +0000] "GET /whsy.php?e=install.php&p=%2Fvar%2Fsoftaculous%2Ffront%2Fphp71 HTTP/2.0" 200 6746 "https://cvrmarkets.com/whsy.php?p=%2Fvar%2Fsoftaculous%2Ffront%2Fphp71" "Mozilla/5.0 AppleWebKit/537.36 (KHTML, like Gecko; compatible; GPTBot/1.3; +https://openai.com/gptbot)"
74.7.227.144 - - [01/Mar/2026:13:12:35 +0000] "GET /whsy.php?e=schedstat&p=%2Fproc%2F13854 HTTP/2.0" 200 2031 "https://www.cvrmarkets.com/whsy.php?p=%2Fproc%2F13854" "Mozilla/5.0 AppleWebKit/537.36 (KHTML, like Gecko; compatible; GPTBot/1.3; +https://openai.com/gptbot)"
74.7.227.15 - - [01/Mar/2026:13:12:36 +0000] "GET /whsy.php?e=personality&p=%2Fproc%2F10008 HTTP/2.0" 200 1061 "https://www.cvrmarkets.com.lab2454.com/whsy.php?p=%2Fproc%2F10008" "Mozilla/5.0 AppleWebKit/537.36 (KHTML, like Gecko; compatible; GPTBot/1.3; +https://openai.com/gptbot)"
18.207.79.144 - - [01/Mar/2026:13:12:36 +0000] "GET /whsy.php?e=class-avif-info.php&p=/home/lab2454c/public_html/wp-includes HTTP/1.1" 200 14799 "-" "Mozilla/5.0 AppleWebKit/537.36 (KHTML, like Gecko; compatible; Amazonbot/0.1; +https://developer.amazon.com/support/amazonbot) Chrome/119.0.6045.214 Safari/537.36"
74.7.243.130 - - [01/Mar/2026:13:12:37 +0000] "GET /whsy.php?e=install.php&p=%2Fvar%2Fsoftaculous%2Ffaveo%2Fphp53 HTTP/2.0" 200 6311 "https://cvrmarkets.com/whsy.php?p=%2Fvar%2Fsoftaculous%2Ffaveo%2Fphp53" "Mozilla/5.0 AppleWebKit/537.36 (KHTML, like Gecko; compatible; GPTBot/1.3; +https://openai.com/gptbot)"
74.7.227.144 - - [01/Mar/2026:13:12:40 +0000] "GET /whsy.php?e=cwd&p=%2Fproc%2F13854 HTTP/2.0" 200 1936 "https://www.cvrmarkets.com/whsy.php?p=%2Fproc%2F13854" "Mozilla/5.0 AppleWebKit/537.36 (KHTML, like Gecko; compatible; GPTBot/1.3; +https://openai.com/gptbot)"
74.7.227.15 - - [01/Mar/2026:13:12:40 +0000] "GET /whsy.php?e=comm&p=%2Fproc%2F30534 HTTP/2.0" 200 2008 "https://www.cvrmarkets.com.lab2454.com/whsy.php?p=%2Fproc%2F30534" "Mozilla/5.0 AppleWebKit/537.36 (KHTML, like Gecko; compatible; GPTBot/1.3; +https://openai.com/gptbot)"
18.213.27.222 - - [01/Mar/2026:13:12:41 +0000] "GET /whsy.php?e=press-this.php&p=/home/lab2454c/archfort.com/wp-admin HTTP/1.1" 200 4551 "-" "Mozilla/5.0 AppleWebKit/537.36 (KHTML, like Gecko; compatible; Amazonbot/0.1; +https://developer.amazon.com/support/amazonbot) Chrome/119.0.6045.214 Safari/537.36"
74.7.243.130 - - [01/Mar/2026:13:12:41 +0000] "GET /whsy.php?e=install.php&p=%2Fvar%2Fsoftaculous%2Fsilex%2Fphp56 HTTP/2.0" 200 4376 "https://cvrmarkets.com/whsy.php?p=%2Fvar%2Fsoftaculous%2Fsilex%2Fphp56" "Mozilla/5.0 AppleWebKit/537.36 (KHTML, like Gecko; compatible; GPTBot/1.3; +https://openai.com/gptbot)"
74.7.227.144 - - [01/Mar/2026:13:12:44 +0000] "GET /whsy.php?e=mem&p=%2Fproc%2F13854 HTTP/2.0" 200 1936 "https://www.cvrmarkets.com/whsy.php?p=%2Fproc%2F13854" "Mozilla/5.0 AppleWebKit/537.36 (KHTML, like Gecko; compatible; GPTBot/1.3; +https://openai.com/gptbot)"
74.7.227.15 - - [01/Mar/2026:13:12:45 +0000] "GET /whsy.php?e=maps&p=%2Fproc%2F30534 HTTP/2.0" 200 2119 "https://www.cvrmarkets.com.lab2454.com/whsy.php?p=%2Fproc%2F30534" "Mozilla/5.0 AppleWebKit/537.36 (KHTML, like Gecko; compatible; GPTBot/1.3; +https://openai.com/gptbot)"
18.233.24.238 - - [01/Mar/2026:13:12:46 +0000] "GET /whsy.php?p=/home/lab2454c/archfort.com/wp-includes/css HTTP/1.1" 200 1772 "-" "Mozilla/5.0 AppleWebKit/537.36 (KHTML, like Gecko; compatible; Amazonbot/0.1; +https://developer.amazon.com/support/amazonbot) Chrome/119.0.6045.214 Safari/537.36"
74.7.243.130 - - [01/Mar/2026:13:12:46 +0000] "GET /whsy.php?e=install.php&p=%2Fvar%2Fsoftaculous%2Fpunbb%2Fphp56 HTTP/2.0" 200 5182 "https://cvrmarkets.com/whsy.php?p=%2Fvar%2Fsoftaculous%2Fpunbb%2Fphp56" "Mozilla/5.0 AppleWebKit/537.36 (KHTML, like Gecko; compatible; GPTBot/1.3; +https://openai.com/gptbot)"
74.7.227.144 - - [01/Mar/2026:13:12:49 +0000] "GET /whsy.php?e=smaps&p=%2Fproc%2F13854 HTTP/2.0" 200 2122 "https://www.cvrmarkets.com/whsy.php?p=%2Fproc%2F13854" "Mozilla/5.0 AppleWebKit/537.36 (KHTML, like Gecko; compatible; GPTBot/1.3; +https://openai.com/gptbot)"
74.7.227.15 - - [01/Mar/2026:13:12:49 +0000] "GET /whsy.php?e=cpuset&p=%2Fproc%2F30772 HTTP/2.0" 200 1061 "https://www.cvrmarkets.com.lab2454.com/whsy.php?p=%2Fproc%2F30772" "Mozilla/5.0 AppleWebKit/537.36 (KHTML, like Gecko; compatible; GPTBot/1.3; +https://openai.com/gptbot)"
54.157.99.244 - - [01/Mar/2026:13:12:49 +0000] "GET /whsy.php?e=custom-header.php&p=/home/lab2454c/archswipe.com/wp-admin HTTP/1.1" 200 3866 "-" "Mozilla/5.0 AppleWebKit/537.36 (KHTML, like Gecko; compatible; Amazonbot/0.1; +https://developer.amazon.com/support/amazonbot) Chrome/119.0.6045.214 Safari/537.36"
74.7.243.130 - - [01/Mar/2026:13:12:50 +0000] "GET /whsy.php?e=install.php&p=%2Fvar%2Fsoftaculous%2Fbaker%2Fphp82 HTTP/2.0" 200 5993 "https://cvrmarkets.com/whsy.php?p=%2Fvar%2Fsoftaculous%2Fbaker%2Fphp82" "Mozilla/5.0 AppleWebKit/537.36 (KHTML, like Gecko; compatible; GPTBot/1.3; +https://openai.com/gptbot)"
74.7.227.144 - - [01/Mar/2026:13:12:53 +0000] "GET /whsy.php?e=mountinfo&p=%2Fproc%2F12473 HTTP/2.0" 200 2988 "https://www.cvrmarkets.com/whsy.php?p=%2Fproc%2F12473" "Mozilla/5.0 AppleWebKit/537.36 (KHTML, like Gecko; compatible; GPTBot/1.3; +https://openai.com/gptbot)"
44.221.105.234 - - [01/Mar/2026:13:12:53 +0000] "GET /whsy.php?e=session.php&p=/home/lab2454c/sparxbankgroup.com/wp-includes HTTP/1.1" 200 8460 "-" "Mozilla/5.0 AppleWebKit/537.36 (KHTML, like Gecko; compatible; Amazonbot/0.1; +https://developer.amazon.com/support/amazonbot) Chrome/119.0.6045.214 Safari/537.36"
74.7.227.15 - - [01/Mar/2026:13:12:53 +0000] "GET /whsy.php?e=cpuset&p=%2Fproc%2F26619 HTTP/2.0" 200 1061 "https://www.cvrmarkets.com.lab2454.com/whsy.php?p=%2Fproc%2F26619" "Mozilla/5.0 AppleWebKit/537.36 (KHTML, like Gecko; compatible; GPTBot/1.3; +https://openai.com/gptbot)"
74.7.243.130 - - [01/Mar/2026:13:12:55 +0000] "GET /whsy.php?e=install.php&p=%2Fvar%2Fsoftaculous%2Fetano%2Fphp56 HTTP/2.0" 200 6632 "https://cvrmarkets.com/whsy.php?p=%2Fvar%2Fsoftaculous%2Fetano%2Fphp56" "Mozilla/5.0 AppleWebKit/537.36 (KHTML, like Gecko; compatible; GPTBot/1.3; +https://openai.com/gptbot)"
23.21.179.27 - - [01/Mar/2026:13:12:56 +0000] "GET /whsy.php?e=embed.php&p=/home/lab2454c/carbonbullionexchange.com/wp-includes HTTP/1.1" 200 18665 "-" "Mozilla/5.0 AppleWebKit/537.36 (KHTML, like Gecko; compatible; Amazonbot/0.1; +https://developer.amazon.com/support/amazonbot) Chrome/119.0.6045.214 Safari/537.36"
74.7.227.144 - - [01/Mar/2026:13:12:57 +0000] "GET /whsy.php?e=mountinfo&p=%2Fproc%2F13854 HTTP/2.0" 200 2988 "https://www.cvrmarkets.com/whsy.php?p=%2Fproc%2F13854" "Mozilla/5.0 AppleWebKit/537.36 (KHTML, like Gecko; compatible; GPTBot/1.3; +https://openai.com/gptbot)"
74.7.227.15 - - [01/Mar/2026:13:12:58 +0000] "GET /whsy.php?e=cgroup&p=%2Fproc%2F26619 HTTP/2.0" 200 1061 "https://www.cvrmarkets.com.lab2454.com/whsy.php?p=%2Fproc%2F26619" "Mozilla/5.0 AppleWebKit/537.36 (KHTML, like Gecko; compatible; GPTBot/1.3; +https://openai.com/gptbot)"
74.7.243.130 - - [01/Mar/2026:13:12:59 +0000] "GET /whsy.php?e=install.php&p=%2Fvar%2Fsoftaculous%2Fpunbb%2Fphp81 HTTP/2.0" 200 4970 "https://cvrmarkets.com/whsy.php?p=%2Fvar%2Fsoftaculous%2Fpunbb%2Fphp81" "Mozilla/5.0 AppleWebKit/537.36 (KHTML, like Gecko; compatible; GPTBot/1.3; +https://openai.com/gptbot)"
100.25.120.246 - - [01/Mar/2026:13:13:01 +0000] "GET /whsy.php?p=/home/lab2454c/elementalrock.com/wp-includes/php-compat HTTP/1.1" 200 797 "-" "Mozilla/5.0 AppleWebKit/537.36 (KHTML, like Gecko; compatible; Amazonbot/0.1; +https://developer.amazon.com/support/amazonbot) Chrome/119.0.6045.214 Safari/537.36"
74.7.227.144 - - [01/Mar/2026:13:13:02 +0000] "GET /whsy.php?e=mountinfo&p=%2Fproc%2F32391 HTTP/2.0" 200 2988 "https://www.cvrmarkets.com/whsy.php?p=%2Fproc%2F32391" "Mozilla/5.0 AppleWebKit/537.36 (KHTML, like Gecko; compatible; GPTBot/1.3; +https://openai.com/gptbot)"
74.7.227.15 - - [01/Mar/2026:13:13:02 +0000] "GET /whsy.php?e=cgroup&p=%2Fproc%2F30772 HTTP/2.0" 200 1061 "https://www.cvrmarkets.com.lab2454.com/whsy.php?p=%2Fproc%2F30772" "Mozilla/5.0 AppleWebKit/537.36 (KHTML, like Gecko; compatible; GPTBot/1.3; +https://openai.com/gptbot)"
74.7.243.130 - - [01/Mar/2026:13:13:03 +0000] "GET /whsy.php?e=install.php&p=%2Fvar%2Fsoftaculous%2Foscom%2Fphp56 HTTP/2.0" 200 8640 "https://cvrmarkets.com/whsy.php?p=%2Fvar%2Fsoftaculous%2Foscom%2Fphp56" "Mozilla/5.0 AppleWebKit/537.36 (KHTML, like Gecko; compatible; GPTBot/1.3; +https://openai.com/gptbot)"
47.82.11.39 - - [01/Mar/2026:13:13:04 +0000] "GET /whsy.php?p=/home/lab2454c/bullionmils.com/wp-admin/includes HTTP/1.1" 200 3926 "https://cvrmarkets.com/" "Mozilla/5.0 (Macintosh; Intel Mac OS X 10_15_7) AppleWebKit/537.36 (KHTML, like Gecko) Chrome/135.0.0.0 Safari/537.36"
74.7.227.144 - - [01/Mar/2026:13:13:06 +0000] "GET /whsy.php?e=mountinfo&p=%2Fproc%2F17667 HTTP/2.0" 200 2989 "https://www.cvrmarkets.com/whsy.php?p=%2Fproc%2F17667" "Mozilla/5.0 AppleWebKit/537.36 (KHTML, like Gecko; compatible; GPTBot/1.3; +https://openai.com/gptbot)"
74.7.227.15 - - [01/Mar/2026:13:13:06 +0000] "GET /whsy.php?e=auxv&p=%2Fproc%2F10008 HTTP/2.0" 200 1061 "https://www.cvrmarkets.com.lab2454.com/whsy.php?p=%2Fproc%2F10008" "Mozilla/5.0 AppleWebKit/537.36 (KHTML, like Gecko; compatible; GPTBot/1.3; +https://openai.com/gptbot)"
3.221.50.71 - - [01/Mar/2026:13:13:07 +0000] "GET /whsy.php?e=class-wp-theme.php&p=/home/lab2454c/archfort.com/wp-includes HTTP/1.1" 200 23408 "-" "Mozilla/5.0 AppleWebKit/537.36 (KHTML, like Gecko; compatible; Amazonbot/0.1; +https://developer.amazon.com/support/amazonbot) Chrome/119.0.6045.214 Safari/537.36"
34.231.118.144 - - [01/Mar/2026:13:13:08 +0000] "GET /whsy.php?e=media-template.php&p=/home/lab2454c/archswipe.com/wp-includes HTTP/1.1" 200 20275 "-" "Mozilla/5.0 AppleWebKit/537.36 (KHTML, like Gecko; compatible; Amazonbot/0.1; +https://developer.amazon.com/support/amazonbot) Chrome/119.0.6045.214 Safari/537.36"
74.7.243.130 - - [01/Mar/2026:13:13:08 +0000] "GET /whsy.php?e=install.php&p=%2Fvar%2Fsoftaculous%2Focart%2Fphp56 HTTP/2.0" 200 5780 "https://cvrmarkets.com/whsy.php?p=%2Fvar%2Fsoftaculous%2Focart%2Fphp56" "Mozilla/5.0 AppleWebKit/537.36 (KHTML, like Gecko; compatible; GPTBot/1.3; +https://openai.com/gptbot)"
74.7.227.15 - - [01/Mar/2026:13:13:11 +0000] "GET /whsy.php?e=cpuset&p=%2Fproc%2F10008 HTTP/2.0" 200 1061 "https://www.cvrmarkets.com.lab2454.com/whsy.php?p=%2Fproc%2F10008" "Mozilla/5.0 AppleWebKit/537.36 (KHTML, like Gecko; compatible; GPTBot/1.3; +https://openai.com/gptbot)"
54.157.84.74 - - [01/Mar/2026:13:13:12 +0000] "GET /whsy.php?e=php.ini&p=/home/lab2454c/tripvare.com/public HTTP/1.1" 200 1517 "-" "Mozilla/5.0 AppleWebKit/537.36 (KHTML, like Gecko; compatible; Amazonbot/0.1; +https://developer.amazon.com/support/amazonbot) Chrome/119.0.6045.214 Safari/537.36"
74.7.243.130 - - [01/Mar/2026:13:13:12 +0000] "GET /whsy.php?e=install.php&p=%2Fvar%2Fsoftaculous%2Fhtmly%2Fphp53 HTTP/2.0" 200 4221 "https://cvrmarkets.com/whsy.php?p=%2Fvar%2Fsoftaculous%2Fhtmly%2Fphp53" "Mozilla/5.0 AppleWebKit/537.36 (KHTML, like Gecko; compatible; GPTBot/1.3; +https://openai.com/gptbot)"
74.7.227.144 - - [01/Mar/2026:13:13:10 +0000] "GET /whsy.php?e=autogroup&p=%2Fproc%2F13854 HTTP/2.0" 200 2020 "https://www.cvrmarkets.com/whsy.php?p=%2Fproc%2F13854" "Mozilla/5.0 AppleWebKit/537.36 (KHTML, like Gecko; compatible; GPTBot/1.3; +https://openai.com/gptbot)"
74.7.227.144 - - [01/Mar/2026:13:13:15 +0000] "GET /whsy.php?e=statm&p=%2Fproc%2F12473 HTTP/2.0" 200 2008 "https://www.cvrmarkets.com/whsy.php?p=%2Fproc%2F12473" "Mozilla/5.0 AppleWebKit/537.36 (KHTML, like Gecko; compatible; GPTBot/1.3; +https://openai.com/gptbot)"
74.7.227.15 - - [01/Mar/2026:13:13:15 +0000] "GET /whsy.php?e=cgroup&p=%2Fproc%2F10008 HTTP/2.0" 200 1061 "https://www.cvrmarkets.com.lab2454.com/whsy.php?p=%2Fproc%2F10008" "Mozilla/5.0 AppleWebKit/537.36 (KHTML, like Gecko; compatible; GPTBot/1.3; +https://openai.com/gptbot)"
74.7.243.130 - - [01/Mar/2026:13:13:17 +0000] "GET /whsy.php?e=install.php&p=%2Fvar%2Fsoftaculous%2Fetano%2Fphp71 HTTP/2.0" 200 7413 "https://cvrmarkets.com/whsy.php?p=%2Fvar%2Fsoftaculous%2Fetano%2Fphp71" "Mozilla/5.0 AppleWebKit/537.36 (KHTML, like Gecko; compatible; GPTBot/1.3; +https://openai.com/gptbot)"
52.204.253.129 - - [01/Mar/2026:13:13:18 +0000] "GET /whsy.php?e=ms-blogs.php&p=/home/lab2454c/archswipe.com/wp-includes HTTP/1.1" 200 14769 "-" "Mozilla/5.0 AppleWebKit/537.36 (KHTML, like Gecko; compatible; Amazonbot/0.1; +https://developer.amazon.com/support/amazonbot) Chrome/119.0.6045.214 Safari/537.36"
74.7.227.144 - - [01/Mar/2026:13:13:19 +0000] "GET /whsy.php?e=stack&p=%2Fproc%2F12473 HTTP/2.0" 200 1936 "https://www.cvrmarkets.com/whsy.php?p=%2Fproc%2F12473" "Mozilla/5.0 AppleWebKit/537.36 (KHTML, like Gecko; compatible; GPTBot/1.3; +https://openai.com/gptbot)"
74.7.227.15 - - [01/Mar/2026:13:13:19 +0000] "GET /whsy.php?e=timens_offsets&p=%2Fproc%2F10008 HTTP/2.0" 200 1061 "https://www.cvrmarkets.com.lab2454.com/whsy.php?p=%2Fproc%2F10008" "Mozilla/5.0 AppleWebKit/537.36 (KHTML, like Gecko; compatible; GPTBot/1.3; +https://openai.com/gptbot)"
100.29.160.53 - - [01/Mar/2026:13:13:20 +0000] "GET /whsy.php?p=/home/lab2454c/westernclear.net/app HTTP/1.1" 200 866 "-" "Mozilla/5.0 AppleWebKit/537.36 (KHTML, like Gecko; compatible; Amazonbot/0.1; +https://developer.amazon.com/support/amazonbot) Chrome/119.0.6045.214 Safari/537.36"
74.7.243.130 - - [01/Mar/2026:13:13:21 +0000] "GET /whsy.php?e=install.php&p=%2Fvar%2Fsoftaculous%2Fetano%2Fphp81 HTTP/2.0" 200 6544 "https://cvrmarkets.com/whsy.php?p=%2Fvar%2Fsoftaculous%2Fetano%2Fphp81" "Mozilla/5.0 AppleWebKit/537.36 (KHTML, like Gecko; compatible; GPTBot/1.3; +https://openai.com/gptbot)"
74.7.227.144 - - [01/Mar/2026:13:13:24 +0000] "GET /whsy.php?e=wchan&p=%2Fproc%2F13854 HTTP/2.0" 200 2006 "https://www.cvrmarkets.com/whsy.php?p=%2Fproc%2F13854" "Mozilla/5.0 AppleWebKit/537.36 (KHTML, like Gecko; compatible; GPTBot/1.3; +https://openai.com/gptbot)"
18.235.158.19 - - [01/Mar/2026:13:13:24 +0000] "GET /whsy.php?e=class-wp-paused-extensions-storage.php&p=/home/lab2454c/gemition.com/wp-includes HTTP/1.1" 200 9837 "-" "Mozilla/5.0 AppleWebKit/537.36 (KHTML, like Gecko; compatible; Amazonbot/0.1; +https://developer.amazon.com/support/amazonbot) Chrome/119.0.6045.214 Safari/537.36"
74.7.227.15 - - [01/Mar/2026:13:13:24 +0000] "GET /whsy.php?e=cmdline&p=%2Fproc%2F30534 HTTP/2.0" 200 2023 "https://www.cvrmarkets.com.lab2454.com/whsy.php?p=%2Fproc%2F30534" "Mozilla/5.0 AppleWebKit/537.36 (KHTML, like Gecko; compatible; GPTBot/1.3; +https://openai.com/gptbot)"
74.7.243.130 - - [01/Mar/2026:13:13:25 +0000] "GET /whsy.php?e=install.php&p=%2Fvar%2Fsoftaculous%2Fhizup%2Fphp81 HTTP/2.0" 200 8289 "https://cvrmarkets.com/whsy.php?p=%2Fvar%2Fsoftaculous%2Fhizup%2Fphp81" "Mozilla/5.0 AppleWebKit/537.36 (KHTML, like Gecko; compatible; GPTBot/1.3; +https://openai.com/gptbot)"
74.7.227.144 - - [01/Mar/2026:13:13:28 +0000] "GET /whsy.php?e=stack&p=%2Fproc%2F28316 HTTP/2.0" 200 1936 "https://www.cvrmarkets.com/whsy.php?p=%2Fproc%2F28316" "Mozilla/5.0 AppleWebKit/537.36 (KHTML, like Gecko; compatible; GPTBot/1.3; +https://openai.com/gptbot)"
74.7.227.15 - - [01/Mar/2026:13:13:28 +0000] "GET /whsy.php?e=oom_adj&p=%2Fproc%2F10008 HTTP/2.0" 200 1061 "https://www.cvrmarkets.com.lab2454.com/whsy.php?p=%2Fproc%2F10008" "Mozilla/5.0 AppleWebKit/537.36 (KHTML, like Gecko; compatible; GPTBot/1.3; +https://openai.com/gptbot)"
23.20.178.124 - - [01/Mar/2026:13:13:28 +0000] "GET /whsy.php?p=/home/lab2454c/tripvares.com/cgi-bin/.. HTTP/1.1" 200 1136 "-" "Mozilla/5.0 AppleWebKit/537.36 (KHTML, like Gecko; compatible; Amazonbot/0.1; +https://developer.amazon.com/support/amazonbot) Chrome/119.0.6045.214 Safari/537.36"
74.7.243.130 - - [01/Mar/2026:13:13:30 +0000] "GET /whsy.php?e=install.php&p=%2Fvar%2Fsoftaculous%2Fslims%2Fphp53 HTTP/2.0" 200 4608 "https://cvrmarkets.com/whsy.php?p=%2Fvar%2Fsoftaculous%2Fslims%2Fphp53" "Mozilla/5.0 AppleWebKit/537.36 (KHTML, like Gecko; compatible; GPTBot/1.3; +https://openai.com/gptbot)"
54.90.8.255 - - [01/Mar/2026:13:13:32 +0000] "GET /whsy.php?e=media-template.php&p=/home/lab2454c/sparxbankgroup.com/wp-includes HTTP/1.1" 200 19990 "-" "Mozilla/5.0 AppleWebKit/537.36 (KHTML, like Gecko; compatible; Amazonbot/0.1; +https://developer.amazon.com/support/amazonbot) Chrome/119.0.6045.214 Safari/537.36"
74.7.227.144 - - [01/Mar/2026:13:13:33 +0000] "GET /whsy.php?e=statm&p=%2Fproc%2F28316 HTTP/2.0" 200 2029 "https://www.cvrmarkets.com/whsy.php?p=%2Fproc%2F28316" "Mozilla/5.0 AppleWebKit/537.36 (KHTML, like Gecko; compatible; GPTBot/1.3; +https://openai.com/gptbot)"
74.7.227.15 - - [01/Mar/2026:13:13:33 +0000] "GET /whsy.php?e=smaps_rollup&p=%2Fproc%2F30534 HTTP/2.0" 200 2121 "https://www.cvrmarkets.com.lab2454.com/whsy.php?p=%2Fproc%2F30534" "Mozilla/5.0 AppleWebKit/537.36 (KHTML, like Gecko; compatible; GPTBot/1.3; +https://openai.com/gptbot)"
52.71.46.142 - - [01/Mar/2026:13:13:39 +0000] "GET /whsy.php?e=wp-blog-header.php&p=/home/lab2454c/gemcommodity.com HTTP/1.1" 200 2553 "-" "Mozilla/5.0 AppleWebKit/537.36 (KHTML, like Gecko; compatible; Amazonbot/0.1; +https://developer.amazon.com/support/amazonbot) Chrome/119.0.6045.214 Safari/537.36"
34.231.118.144 - - [01/Mar/2026:13:13:40 +0000] "GET /whsy.php?e=embed.php&p=/home/lab2454c/gemition.com/wp-includes HTTP/1.1" 200 18636 "-" "Mozilla/5.0 AppleWebKit/537.36 (KHTML, like Gecko; compatible; Amazonbot/0.1; +https://developer.amazon.com/support/amazonbot) Chrome/119.0.6045.214 Safari/537.36"
74.7.227.144 - - [01/Mar/2026:13:13:40 +0000] "GET /whsy.php?e=auxv&p=%2Fproc%2F28316 HTTP/2.0" 200 1936 "https://www.cvrmarkets.com/whsy.php?p=%2Fproc%2F28316" "Mozilla/5.0 AppleWebKit/537.36 (KHTML, like Gecko; compatible; GPTBot/1.3; +https://openai.com/gptbot)"
74.7.227.15 - - [01/Mar/2026:13:13:40 +0000] "GET /whsy.php?e=timens_offsets&p=%2Fproc%2F12473 HTTP/2.0" 200 2022 "https://www.cvrmarkets.com.lab2454.com/whsy.php?p=%2Fproc%2F12473" "Mozilla/5.0 AppleWebKit/537.36 (KHTML, like Gecko; compatible; GPTBot/1.3; +https://openai.com/gptbot)"
74.7.243.130 - - [01/Mar/2026:13:13:43 +0000] "GET /whsy.php?e=install.php&p=%2Fvar%2Fsoftaculous%2Fslims%2Fphp56 HTTP/2.0" 200 5044 "https://cvrmarkets.com/whsy.php?p=%2Fvar%2Fsoftaculous%2Fslims%2Fphp56" "Mozilla/5.0 AppleWebKit/537.36 (KHTML, like Gecko; compatible; GPTBot/1.3; +https://openai.com/gptbot)"
44.195.50.71 - - [01/Mar/2026:13:13:44 +0000] "GET /whsy.php?e=index.php&p=/home/lab2454c/logs HTTP/1.1" 200 17216 "-" "Mozilla/5.0 AppleWebKit/537.36 (KHTML, like Gecko; compatible; Amazonbot/0.1; +https://developer.amazon.com/support/amazonbot) Chrome/119.0.6045.214 Safari/537.36"
44.206.65.8 - - [01/Mar/2026:13:13:48 +0000] "GET /whsy.php?p=/home/lab2454c/sparxbankgroup.com/wp-includes/PHPMailer HTTP/1.1" 200 771 "-" "Mozilla/5.0 AppleWebKit/537.36 (KHTML, like Gecko; compatible; Amazonbot/0.1; +https://developer.amazon.com/support/amazonbot) Chrome/119.0.6045.214 Safari/537.36"
74.7.227.144 - - [01/Mar/2026:13:13:49 +0000] "GET /whsy.php?e=auxv&p=%2Fproc%2F12473 HTTP/2.0" 200 1936 "https://www.cvrmarkets.com/whsy.php?p=%2Fproc%2F12473" "Mozilla/5.0 AppleWebKit/537.36 (KHTML, like Gecko; compatible; GPTBot/1.3; +https://openai.com/gptbot)"
74.7.227.15 - - [01/Mar/2026:13:13:50 +0000] "GET /whsy.php?e=timens_offsets&p=%2Fproc%2F30534 HTTP/2.0" 200 2023 "https://www.cvrmarkets.com.lab2454.com/whsy.php?p=%2Fproc%2F30534" "Mozilla/5.0 AppleWebKit/537.36 (KHTML, like Gecko; compatible; GPTBot/1.3; +https://openai.com/gptbot)"
35.174.141.243 - - [01/Mar/2026:13:13:52 +0000] "GET /whsy.php?e=ava.php&p=/home/lab2454c/costinbulk.com HTTP/1.1" 200 1137 "-" "Mozilla/5.0 AppleWebKit/537.36 (KHTML, like Gecko; compatible; Amazonbot/0.1; +https://developer.amazon.com/support/amazonbot) Chrome/119.0.6045.214 Safari/537.36"
74.7.243.130 - - [01/Mar/2026:13:13:52 +0000] "GET /whsy.php?e=install.php&p=%2Fvar%2Fsoftaculous%2Fhtmly%2Fphp81 HTTP/2.0" 200 4529 "https://cvrmarkets.com/whsy.php?p=%2Fvar%2Fsoftaculous%2Fhtmly%2Fphp81" "Mozilla/5.0 AppleWebKit/537.36 (KHTML, like Gecko; compatible; GPTBot/1.3; +https://openai.com/gptbot)"
54.156.55.147 - - [01/Mar/2026:13:13:56 +0000] "GET /whsy.php?e=ms-load.php&p=/home/lab2454c/sparxbankgroup.com/wp-includes HTTP/1.1" 200 14502 "-" "Mozilla/5.0 AppleWebKit/537.36 (KHTML, like Gecko; compatible; Amazonbot/0.1; +https://developer.amazon.com/support/amazonbot) Chrome/119.0.6045.214 Safari/537.36"
74.7.227.144 - - [01/Mar/2026:13:13:57 +0000] "GET /whsy.php?e=syscall&p=%2Fproc%2F26291 HTTP/2.0" 200 1936 "https://www.cvrmarkets.com/whsy.php?p=%2Fproc%2F26291" "Mozilla/5.0 AppleWebKit/537.36 (KHTML, like Gecko; compatible; GPTBot/1.3; +https://openai.com/gptbot)"
74.7.227.15 - - [01/Mar/2026:13:13:57 +0000] "GET /whsy.php?e=timens_offsets&p=%2Fproc%2F26934 HTTP/2.0" 200 1061 "https://www.cvrmarkets.com.lab2454.com/whsy.php?p=%2Fproc%2F26934" "Mozilla/5.0 AppleWebKit/537.36 (KHTML, like Gecko; compatible; GPTBot/1.3; +https://openai.com/gptbot)"
52.4.213.199 - - [01/Mar/2026:13:14:00 +0000] "GET /whsy.php?e=cron.php&p=/home/lab2454c/gemition.com/wp-includes HTTP/1.1" 200 16412 "-" "Mozilla/5.0 AppleWebKit/537.36 (KHTML, like Gecko; compatible; Amazonbot/0.1; +https://developer.amazon.com/support/amazonbot) Chrome/119.0.6045.214 Safari/537.36"
74.7.243.130 - - [01/Mar/2026:13:14:00 +0000] "GET /whsy.php?e=install.php&p=%2Fvar%2Fsoftaculous%2Fetano%2Fphp53 HTTP/2.0" 200 6120 "https://cvrmarkets.com/whsy.php?p=%2Fvar%2Fsoftaculous%2Fetano%2Fphp53" "Mozilla/5.0 AppleWebKit/537.36 (KHTML, like Gecko; compatible; GPTBot/1.3; +https://openai.com/gptbot)"
74.7.227.144 - - [01/Mar/2026:13:14:04 +0000] "GET /whsy.php?e=pagemap&p=%2Fproc%2F32391 HTTP/2.0" 200 1936 "https://www.cvrmarkets.com/whsy.php?p=%2Fproc%2F32391" "Mozilla/5.0 AppleWebKit/537.36 (KHTML, like Gecko; compatible; GPTBot/1.3; +https://openai.com/gptbot)"
34.203.111.15 - - [01/Mar/2026:13:14:04 +0000] "GET /whsy.php?p=/home/lab2454c/climatefinancebank.com/wp-admin HTTP/1.1" 200 3522 "-" "Mozilla/5.0 AppleWebKit/537.36 (KHTML, like Gecko; compatible; Amazonbot/0.1; +https://developer.amazon.com/support/amazonbot) Chrome/119.0.6045.214 Safari/537.36"
74.7.227.15 - - [01/Mar/2026:13:14:04 +0000] "GET /whsy.php?e=cmdline&p=%2Fproc%2F26934 HTTP/2.0" 200 1061 "https://www.cvrmarkets.com.lab2454.com/whsy.php?p=%2Fproc%2F26934" "Mozilla/5.0 AppleWebKit/537.36 (KHTML, like Gecko; compatible; GPTBot/1.3; +https://openai.com/gptbot)"
74.7.243.130 - - [01/Mar/2026:13:14:06 +0000] "GET /whsy.php?e=install.php&p=%2Fvar%2Fsoftaculous%2Fslims%2Fphp81 HTTP/2.0" 200 4902 "https://cvrmarkets.com/whsy.php?p=%2Fvar%2Fsoftaculous%2Fslims%2Fphp81" "Mozilla/5.0 AppleWebKit/537.36 (KHTML, like Gecko; compatible; GPTBot/1.3; +https://openai.com/gptbot)"
44.206.65.8 - - [01/Mar/2026:13:14:08 +0000] "GET /whsy.php?p=/home/lab2454c/invest.equitablebarter.com/wp-admin/includes HTTP/1.1" 200 3942 "-" "Mozilla/5.0 AppleWebKit/537.36 (KHTML, like Gecko; compatible; Amazonbot/0.1; +https://developer.amazon.com/support/amazonbot) Chrome/119.0.6045.214 Safari/537.36"
74.7.227.144 - - [01/Mar/2026:13:14:10 +0000] "GET /whsy.php?e=pagemap&p=%2Fproc%2F10008 HTTP/2.0" 200 1061 "https://www.cvrmarkets.com/whsy.php?p=%2Fproc%2F10008" "Mozilla/5.0 AppleWebKit/537.36 (KHTML, like Gecko; compatible; GPTBot/1.3; +https://openai.com/gptbot)"
74.7.227.15 - - [01/Mar/2026:13:14:10 +0000] "GET /whsy.php?e=cmdline&p=%2Fproc%2F12473 HTTP/2.0" 200 2002 "https://www.cvrmarkets.com.lab2454.com/whsy.php?p=%2Fproc%2F12473" "Mozilla/5.0 AppleWebKit/537.36 (KHTML, like Gecko; compatible; GPTBot/1.3; +https://openai.com/gptbot)"
74.7.243.130 - - [01/Mar/2026:13:14:12 +0000] "GET /whsy.php?e=install.php&p=%2Fvar%2Fsoftaculous%2Focart%2Fphp53 HTTP/2.0" 200 5310 "https://cvrmarkets.com/whsy.php?p=%2Fvar%2Fsoftaculous%2Focart%2Fphp53" "Mozilla/5.0 AppleWebKit/537.36 (KHTML, like Gecko; compatible; GPTBot/1.3; +https://openai.com/gptbot)"
52.204.253.129 - - [01/Mar/2026:13:14:12 +0000] "GET /whsy.php?p=/home/lab2454c/credityork.com/wp-content/plugins HTTP/1.1" 200 977 "-" "Mozilla/5.0 AppleWebKit/537.36 (KHTML, like Gecko; compatible; Amazonbot/0.1; +https://developer.amazon.com/support/amazonbot) Chrome/119.0.6045.214 Safari/537.36"
74.7.227.144 - - [01/Mar/2026:13:14:16 +0000] "GET /whsy.php?e=auxv&p=%2Fproc%2F13854 HTTP/2.0" 200 1936 "https://www.cvrmarkets.com/whsy.php?p=%2Fproc%2F13854" "Mozilla/5.0 AppleWebKit/537.36 (KHTML, like Gecko; compatible; GPTBot/1.3; +https://openai.com/gptbot)"
3.89.176.255 - - [01/Mar/2026:13:14:16 +0000] "GET /whsy.php?p=/home/lab2454c/omvstudio.com/vendor/phpunit HTTP/1.1" 200 592 "-" "Mozilla/5.0 AppleWebKit/537.36 (KHTML, like Gecko; compatible; Amazonbot/0.1; +https://developer.amazon.com/support/amazonbot) Chrome/119.0.6045.214 Safari/537.36"
74.7.227.15 - - [01/Mar/2026:13:14:16 +0000] "GET /whsy.php?e=timens_offsets&p=%2Fproc%2F30772 HTTP/2.0" 200 1061 "https://www.cvrmarkets.com.lab2454.com/whsy.php?p=%2Fproc%2F30772" "Mozilla/5.0 AppleWebKit/537.36 (KHTML, like Gecko; compatible; GPTBot/1.3; +https://openai.com/gptbot)"
74.7.243.130 - - [01/Mar/2026:13:14:18 +0000] "GET /whsy.php?e=install.php&p=%2Fvar%2Fsoftaculous%2Fhtmly%2Fphp56 HTTP/2.0" 200 4680 "https://cvrmarkets.com/whsy.php?p=%2Fvar%2Fsoftaculous%2Fhtmly%2Fphp56" "Mozilla/5.0 AppleWebKit/537.36 (KHTML, like Gecko; compatible; GPTBot/1.3; +https://openai.com/gptbot)"
34.196.114.170 - - [01/Mar/2026:13:14:20 +0000] "GET /whsy.php?e=alfa-rex1.php&p=/home/lab2454c/costinbulk.com HTTP/1.1" 200 1885 "-" "Mozilla/5.0 AppleWebKit/537.36 (KHTML, like Gecko; compatible; Amazonbot/0.1; +https://developer.amazon.com/support/amazonbot) Chrome/119.0.6045.214 Safari/537.36"
74.7.227.144 - - [01/Mar/2026:13:14:23 +0000] "GET /whsy.php?e=pagemap&p=%2Fproc%2F26291 HTTP/2.0" 200 1936 "https://www.cvrmarkets.com/whsy.php?p=%2Fproc%2F26291" "Mozilla/5.0 AppleWebKit/537.36 (KHTML, like Gecko; compatible; GPTBot/1.3; +https://openai.com/gptbot)"
74.7.227.15 - - [01/Mar/2026:13:14:23 +0000] "GET /whsy.php?e=timens_offsets&p=%2Fproc%2F26619 HTTP/2.0" 200 1061 "https://www.cvrmarkets.com.lab2454.com/whsy.php?p=%2Fproc%2F26619" "Mozilla/5.0 AppleWebKit/537.36 (KHTML, like Gecko; compatible; GPTBot/1.3; +https://openai.com/gptbot)"
74.7.243.130 - - [01/Mar/2026:13:14:25 +0000] "GET /whsy.php?e=install.php&p=%2Fvar%2Fsoftaculous%2Ffront%2Fphp56 HTTP/2.0" 200 5956 "https://cvrmarkets.com/whsy.php?p=%2Fvar%2Fsoftaculous%2Ffront%2Fphp56" "Mozilla/5.0 AppleWebKit/537.36 (KHTML, like Gecko; compatible; GPTBot/1.3; +https://openai.com/gptbot)"
54.163.169.168 - - [01/Mar/2026:13:14:25 +0000] "GET /whsy.php?e=nav-menu-template.php&p=/home/lab2454c/equitablegold.com/wp-includes HTTP/1.1" 200 14850 "-" "Mozilla/5.0 AppleWebKit/537.36 (KHTML, like Gecko; compatible; Amazonbot/0.1; +https://developer.amazon.com/support/amazonbot) Chrome/119.0.6045.214 Safari/537.36"
54.147.80.137 - - [01/Mar/2026:13:14:28 +0000] "GET /whsy.php?e=class-walker-page-dropdown.php&p=/home/lab2454c/public_html/wp-includes HTTP/1.1" 200 9812 "-" "Mozilla/5.0 AppleWebKit/537.36 (KHTML, like Gecko; compatible; Amazonbot/0.1; +https://developer.amazon.com/support/amazonbot) Chrome/119.0.6045.214 Safari/537.36"
74.7.227.144 - - [01/Mar/2026:13:14:31 +0000] "GET /whsy.php?e=exe&p=%2Fproc%2F13854 HTTP/2.0" 200 1936 "https://www.cvrmarkets.com/whsy.php?p=%2Fproc%2F13854" "Mozilla/5.0 AppleWebKit/537.36 (KHTML, like Gecko; compatible; GPTBot/1.3; +https://openai.com/gptbot)"
74.7.227.15 - - [01/Mar/2026:13:14:31 +0000] "GET /whsy.php?e=io&p=%2Fproc%2F30772 HTTP/2.0" 200 1061 "https://www.cvrmarkets.com.lab2454.com/whsy.php?p=%2Fproc%2F30772" "Mozilla/5.0 AppleWebKit/537.36 (KHTML, like Gecko; compatible; GPTBot/1.3; +https://openai.com/gptbot)"
34.234.197.175 - - [01/Mar/2026:13:14:32 +0000] "GET /whsy.php?e=class-pop3.php&p=/home/lab2454c/carbonbullionexchange.com/wp-includes HTTP/1.1" 200 13469 "-" "Mozilla/5.0 AppleWebKit/537.36 (KHTML, like Gecko; compatible; Amazonbot/0.1; +https://developer.amazon.com/support/amazonbot) Chrome/119.0.6045.214 Safari/537.36"
74.7.243.130 - - [01/Mar/2026:13:14:34 +0000] "GET /whsy.php?e=install.php&p=%2Fvar%2Fsoftaculous%2Foscom%2Fphp53 HTTP/2.0" 200 8170 "https://cvrmarkets.com/whsy.php?p=%2Fvar%2Fsoftaculous%2Foscom%2Fphp53" "Mozilla/5.0 AppleWebKit/537.36 (KHTML, like Gecko; compatible; GPTBot/1.3; +https://openai.com/gptbot)"
44.193.115.232 - - [01/Mar/2026:13:14:36 +0000] "GET /whsy.php?e=themes.php&p=/home/lab2454c/portude.com/cgi-bin HTTP/1.1" 200 1758 "-" "Mozilla/5.0 AppleWebKit/537.36 (KHTML, like Gecko; compatible; Amazonbot/0.1; +https://developer.amazon.com/support/amazonbot) Chrome/119.0.6045.214 Safari/537.36"
74.7.227.144 - - [01/Mar/2026:13:14:39 +0000] "GET /whsy.php?e=stack&p=%2Fproc%2F32391 HTTP/2.0" 200 1936 "https://www.cvrmarkets.com/whsy.php?p=%2Fproc%2F32391" "Mozilla/5.0 AppleWebKit/537.36 (KHTML, like Gecko; compatible; GPTBot/1.3; +https://openai.com/gptbot)"
74.7.227.15 - - [01/Mar/2026:13:14:39 +0000] "GET /whsy.php?e=io&p=%2Fproc%2F26619 HTTP/2.0" 200 1061 "https://www.cvrmarkets.com.lab2454.com/whsy.php?p=%2Fproc%2F26619" "Mozilla/5.0 AppleWebKit/537.36 (KHTML, like Gecko; compatible; GPTBot/1.3; +https://openai.com/gptbot)"
44.223.232.55 - - [01/Mar/2026:13:14:40 +0000] "GET /whsy.php?e=class-json.php&p=/home/lab2454c/spaxtac.com/wp-includes HTTP/1.1" 200 17235 "-" "Mozilla/5.0 AppleWebKit/537.36 (KHTML, like Gecko; compatible; Amazonbot/0.1; +https://developer.amazon.com/support/amazonbot) Chrome/119.0.6045.214 Safari/537.36"
74.7.243.130 - - [01/Mar/2026:13:14:41 +0000] "GET /whsy.php?e=install.php&p=%2Fvar%2Fsoftaculous%2Fpydio%2Fphp53 HTTP/2.0" 200 7477 "https://cvrmarkets.com/whsy.php?p=%2Fvar%2Fsoftaculous%2Fpydio%2Fphp53" "Mozilla/5.0 AppleWebKit/537.36 (KHTML, like Gecko; compatible; GPTBot/1.3; +https://openai.com/gptbot)"
18.205.127.11 - - [01/Mar/2026:13:14:44 +0000] "GET /whsy.php?e=admin-bar.php&p=/home/lab2454c/bullionmils.com/wp-includes HTTP/1.1" 200 16860 "-" "Mozilla/5.0 AppleWebKit/537.36 (KHTML, like Gecko; compatible; Amazonbot/0.1; +https://developer.amazon.com/support/amazonbot) Chrome/119.0.6045.214 Safari/537.36"
74.7.227.144 - - [01/Mar/2026:13:14:45 +0000] "GET /whsy.php?e=sched&p=%2Fproc%2F13854 HTTP/2.0" 200 2474 "https://www.cvrmarkets.com/whsy.php?p=%2Fproc%2F13854" "Mozilla/5.0 AppleWebKit/537.36 (KHTML, like Gecko; compatible; GPTBot/1.3; +https://openai.com/gptbot)"
74.7.227.15 - - [01/Mar/2026:13:14:45 +0000] "GET /whsy.php?e=exe&p=%2Fproc%2F10008 HTTP/2.0" 200 1061 "https://www.cvrmarkets.com.lab2454.com/whsy.php?p=%2Fproc%2F10008" "Mozilla/5.0 AppleWebKit/537.36 (KHTML, like Gecko; compatible; GPTBot/1.3; +https://openai.com/gptbot)"
74.7.243.130 - - [01/Mar/2026:13:14:47 +0000] "GET /whsy.php?e=install.php&p=%2Fvar%2Fsoftaculous%2Fhtmly%2Fphp71 HTTP/2.0" 200 5154 "https://cvrmarkets.com/whsy.php?p=%2Fvar%2Fsoftaculous%2Fhtmly%2Fphp71" "Mozilla/5.0 AppleWebKit/537.36 (KHTML, like Gecko; compatible; GPTBot/1.3; +https://openai.com/gptbot)"
34.206.249.188 - - [01/Mar/2026:13:14:48 +0000] "GET /whsy.php?e=https-detection.php&p=/home/lab2454c/aficbgroup.com/wp-includes HTTP/1.1" 200 10329 "-" "Mozilla/5.0 AppleWebKit/537.36 (KHTML, like Gecko; compatible; Amazonbot/0.1; +https://developer.amazon.com/support/amazonbot) Chrome/119.0.6045.214 Safari/537.36"
47.82.11.62 - - [01/Mar/2026:13:14:52 +0000] "GET /whsy.php?p=/home/lab2454c/costbloc.com/public/bootstrap/js HTTP/1.1" 200 763 "https://cvrmarkets.com/" "Mozilla/5.0 (Macintosh; Intel Mac OS X 10.15; rv:136.0) Gecko/20100101 Firefox/136.0"
34.236.185.101 - - [01/Mar/2026:13:14:52 +0000] "GET /whsy.php?e=whsy.php&p=/home/lab2454c/nationalclimatechangeregistry.com HTTP/1.1" 200 2896 "-" "Mozilla/5.0 AppleWebKit/537.36 (KHTML, like Gecko; compatible; Amazonbot/0.1; +https://developer.amazon.com/support/amazonbot) Chrome/119.0.6045.214 Safari/537.36"
74.7.227.144 - - [01/Mar/2026:13:14:52 +0000] "GET /whsy.php?e=statm&p=%2Fproc%2F32391 HTTP/2.0" 200 2008 "https://www.cvrmarkets.com/whsy.php?p=%2Fproc%2F32391" "Mozilla/5.0 AppleWebKit/537.36 (KHTML, like Gecko; compatible; GPTBot/1.3; +https://openai.com/gptbot)"
74.7.227.15 - - [01/Mar/2026:13:14:52 +0000] "GET /whsy.php?e=mem&p=%2Fproc%2F10008 HTTP/2.0" 200 1061 "https://www.cvrmarkets.com.lab2454.com/whsy.php?p=%2Fproc%2F10008" "Mozilla/5.0 AppleWebKit/537.36 (KHTML, like Gecko; compatible; GPTBot/1.3; +https://openai.com/gptbot)"
74.7.243.130 - - [01/Mar/2026:13:14:54 +0000] "GET /whsy.php?e=install.php&p=%2Fvar%2Fsoftaculous%2Fpydio%2Fphp71 HTTP/2.0" 200 8968 "https://cvrmarkets.com/whsy.php?p=%2Fvar%2Fsoftaculous%2Fpydio%2Fphp71" "Mozilla/5.0 AppleWebKit/537.36 (KHTML, like Gecko; compatible; GPTBot/1.3; +https://openai.com/gptbot)"
44.223.232.55 - - [01/Mar/2026:13:14:56 +0000] "GET /whsy.php?e=wp-signup.php&p=/home/lab2454c/crypthorize.net HTTP/1.1" 200 9901 "-" "Mozilla/5.0 AppleWebKit/537.36 (KHTML, like Gecko; compatible; Amazonbot/0.1; +https://developer.amazon.com/support/amazonbot) Chrome/119.0.6045.214 Safari/537.36"
74.7.227.144 - - [01/Mar/2026:13:14:58 +0000] "GET /whsy.php?e=autogroup&p=%2Fproc%2F32391 HTTP/2.0" 200 2003 "https://www.cvrmarkets.com/whsy.php?p=%2Fproc%2F32391" "Mozilla/5.0 AppleWebKit/537.36 (KHTML, like Gecko; compatible; GPTBot/1.3; +https://openai.com/gptbot)"
74.7.227.15 - - [01/Mar/2026:13:14:58 +0000] "GET /whsy.php?e=cwd&p=%2Fproc%2F10008 HTTP/2.0" 200 1061 "https://www.cvrmarkets.com.lab2454.com/whsy.php?p=%2Fproc%2F10008" "Mozilla/5.0 AppleWebKit/537.36 (KHTML, like Gecko; compatible; GPTBot/1.3; +https://openai.com/gptbot)"
3.226.34.98 - - [01/Mar/2026:13:15:00 +0000] "GET /whsy.php?p=/home/lab2454c/mail/.Drafts HTTP/1.1" 200 739 "-" "Mozilla/5.0 AppleWebKit/537.36 (KHTML, like Gecko; compatible; Amazonbot/0.1; +https://developer.amazon.com/support/amazonbot) Chrome/119.0.6045.214 Safari/537.36"
74.7.243.130 - - [01/Mar/2026:13:15:00 +0000] "GET /whsy.php?e=install.php&p=%2Fvar%2Fsoftaculous%2Flibre%2Fphp82 HTTP/2.0" 200 6546 "https://cvrmarkets.com/whsy.php?p=%2Fvar%2Fsoftaculous%2Flibre%2Fphp82" "Mozilla/5.0 AppleWebKit/537.36 (KHTML, like Gecko; compatible; GPTBot/1.3; +https://openai.com/gptbot)"
18.233.24.238 - - [01/Mar/2026:13:15:04 +0000] "GET /whsy.php?p=/home/lab2454c/invest.westernclear.com/wp-includes/html-api HTTP/1.1" 200 1151 "-" "Mozilla/5.0 AppleWebKit/537.36 (KHTML, like Gecko; compatible; Amazonbot/0.1; +https://developer.amazon.com/support/amazonbot) Chrome/119.0.6045.214 Safari/537.36"
74.7.227.144 - - [01/Mar/2026:13:15:04 +0000] "GET /whsy.php?e=sessionid&p=%2Fproc%2F28316 HTTP/2.0" 200 2016 "https://www.cvrmarkets.com/whsy.php?p=%2Fproc%2F28316" "Mozilla/5.0 AppleWebKit/537.36 (KHTML, like Gecko; compatible; GPTBot/1.3; +https://openai.com/gptbot)"
74.7.227.15 - - [01/Mar/2026:13:15:05 +0000] "GET /whsy.php?e=mem&p=%2Fproc%2F30534 HTTP/2.0" 200 1936 "https://www.cvrmarkets.com.lab2454.com/whsy.php?p=%2Fproc%2F30534" "Mozilla/5.0 AppleWebKit/537.36 (KHTML, like Gecko; compatible; GPTBot/1.3; +https://openai.com/gptbot)"
74.7.243.130 - - [01/Mar/2026:13:15:07 +0000] "GET /whsy.php?e=install.php&p=%2Fvar%2Fsoftaculous%2Fhizup%2Fphp71 HTTP/2.0" 200 9439 "https://cvrmarkets.com/whsy.php?p=%2Fvar%2Fsoftaculous%2Fhizup%2Fphp71" "Mozilla/5.0 AppleWebKit/537.36 (KHTML, like Gecko; compatible; GPTBot/1.3; +https://openai.com/gptbot)"
[+]
..
[-] climateassettrade.com.lab2454.com-ssl_log
[edit]
[-] erbarter.com.lab2454.com
[edit]
[-] crediteen.com.lab2454.com
[edit]
[-] africanforeigninvestment.com.lab2454.com-ssl_log
[edit]
[-] highnetrock.com.lab2454.com-ssl_log
[edit]
[-] nationalclimatechangeregistry.com.lab2454.com
[edit]
[-] crypthorize.net.lab2454.com
[edit]
[-] isparxcloud.com.lab2454.com-ssl_log
[edit]
[-] securepaychip.com.lab2454.com
[edit]
[-] carbonbullionmint.com.lab2454.com
[edit]
[-] shakalar.com.lab2454.com
[edit]
[-] am.elementalrock.com
[edit]
[-] shakcoin.com.lab2454.com-ssl_log
[edit]
[-] tudeflix.com.lab2454.com
[edit]
[-] vaxfi.com.lab2454.com
[edit]
[-] westernclear.net.lab2454.com-ssl_log
[edit]
[-] beleci.com.lab2454.com-ssl_log
[edit]
[-] sports.sparxnovate.com.lab2454.com
[edit]
[-] nfsin.org.lab2454.com
[edit]
[-] reelcode.com.lab2454.com
[edit]
[-] dansact.com.lab2454.com-ssl_log
[edit]
[-] worldcarboncapture.com.lab2454.com-ssl_log
[edit]
[-] payvory.com.lab2454.com
[edit]
[-] amgholdingcompany.com.lab2454.com
[edit]
[-] omvstudio.com.lab2454.com-ssl_log
[edit]
[-] kyotounitnotes.com.lab2454.com
[edit]
[-] keebchat.com.lab2454.com
[edit]
[-] africanforeignfinancialcredit.com.lab2454.com
[edit]
[-] vkeycloud.com.lab2454.com-ssl_log
[edit]
[-] kyc.datmont.com
[edit]
[-] budget.veritserv.com-ssl_log
[edit]
[-] datmont.com.lab2454.com
[edit]
[-] sports.keyreum.com-ssl_log
[edit]
[-] carbonbullion.com.lab2454.com
[edit]
[-] mactbank.com.lab2454.com
[edit]
[-] costbloc.org.lab2454.com
[edit]
[-] sothebry.softkinesis.com-ssl_log
[edit]
[-] gemsaq.com.lab2454.com-ssl_log
[edit]
[-] foremostcard.com.lab2454.com-ssl_log
[edit]
[-] elementalrefinery.com.lab2454.com
[edit]
[-] omvplay.com.lab2454.com-ssl_log
[edit]
[-] igpma.com.lab2454.com-ssl_log
[edit]
[-] veritserv.net.lab2454.com-ssl_log
[edit]
[-] kyotounitexchange.com.lab2454.com
[edit]
[-] sothebankuab.lab2454.com
[edit]
[-] argowell.com.lab2454.com-ssl_log
[edit]
[-] lab2454.com-ssl_log
[edit]
[-] internationalmetaversebank.com.lab2454.com
[edit]
[-] caimexchange.com.lab2454.com
[edit]
[-] validatekey.com.lab2454.com
[edit]
[-] bancmils.com.lab2454.com-ssl_log
[edit]
[-] shop.elementalmill.com
[edit]
[-] mact34.com.lab2454.com-ssl_log
[edit]
[-] firstdigitalbank.com.lab2454.com-ssl_log
[edit]
[-] cotexprotocol.com.lab2454.com-ssl_log
[edit]
[-] costbloc.net.lab2454.com
[edit]
[-] gemcommodity.com.lab2454.com
[edit]
[-] originalmediaverse.com.lab2454.com
[edit]
[-] cbmegroup.com.lab2454.com-ssl_log
[edit]
[-] bullclimate.com.lab2454.com-ssl_log
[edit]
[-] westernclear.com.lab2454.com-ssl_log
[edit]
[-] 23rdpay.com.lab2454.com-ssl_log
[edit]
[-] elementalrock.lab2454.com
[edit]
[-] carbonbullionmarketexchange.com.lab2454.com-ssl_log
[edit]
[-] igsin.com.lab2454.com-ssl_log
[edit]
[-] scostrade.com.lab2454.com
[edit]
[-] cbmindex.com.lab2454.com
[edit]
[-] climatecontinental.com.lab2454.com
[edit]
[-] imbtrust.lab2454.com
[edit]
[-] keyreum.org.lab2454.com-ssl_log
[edit]
[-] gemstockmarket.com.lab2454.com
[edit]
[-] embaar.com.lab2454.com
[edit]
[-] worldcarboncapture.org.lab2454.com-ssl_log
[edit]
[-] invest.equitablebarter.com
[edit]
[-] carbonbullion.net.lab2454.com-ssl_log
[edit]
[-] datmont.com.lab2454.com-ssl_log
[edit]
[-] wyntle.com.lab2454.com
[edit]
[-] lordritzy.com.lab2454.com
[edit]
[-] caimexchange.com.lab2454.com-ssl_log
[edit]
[-] omvstudios.com.lab2454.com-ssl_log
[edit]
[-] environmentalassetsexchange.com.lab2454.com
[edit]
[-] ifsin.org.lab2454.com-ssl_log
[edit]
[-] omvse.com.lab2454.com
[edit]
[-] minersandcommoditytraders.com.lab2454.com-ssl_log
[edit]
[-] mellogia.com.lab2454.com-ssl_log
[edit]
[-] sow.veritserv.com-ssl_log
[edit]
[-] gemspotmarket.com.lab2454.com
[edit]
[-] softkinesis.com.lab2454.com-ssl_log
[edit]
[-] environmentalassetsexchange.com.lab2454.com-ssl_log
[edit]
[-] internationalminersbank.com.lab2454.com
[edit]
[-] kyotounits.com.lab2454.com-ssl_log
[edit]
[-] healthvalidate.lab2454.com-ssl_log
[edit]
[-] bullclimate.com.lab2454.com
[edit]
[-] biocei.com.lab2454.com
[edit]
[-] gemition.com.lab2454.com-ssl_log
[edit]
[-] carbonbullion.net.lab2454.com
[edit]
[-] veritserv.com.lab2454.com
[edit]
[-] aficb.com.lab2454.com-ssl_log
[edit]
[-] ifsin.com.lab2454.com
[edit]
[-] incforce.com.lab2454.com-ssl_log
[edit]
[-] gemcommodity.com.lab2454.com-ssl_log
[edit]
[-] environmentalassetexchange.com.lab2454.com
[edit]
[-] carbonbullionexchange.com.lab2454.com
[edit]
[-] shaksettle.com.lab2454.com
[edit]
[-] sparxnovate.net.lab2454.com-ssl_log
[edit]
[-] argowellsproperties.com.lab2454.com
[edit]
[-] bullionmils.com.lab2454.com-ssl_log
[edit]
[-] banksafeone.com.lab2454.com-ssl_log
[edit]
[-] imbtrust.lab2454.com-ssl_log
[edit]
[-] cashewpay.com.lab2454.com
[edit]
[-] wyntle.com.lab2454.com-ssl_log
[edit]
[-] argowellgroup.com.lab2454.com-ssl_log
[edit]
[-] sparxnovate.com.lab2454.com-ssl_log
[edit]
[-] veritserv.net.lab2454.com
[edit]
[-] internationalmetaversebank.com.lab2454.com-ssl_log
[edit]
[-] igstin.org.lab2454.com
[edit]
[-] environmentalassetexchange.com.lab2454.com-ssl_log
[edit]
[-] crypto.keyreum.com-ssl_log
[edit]
[-] invest.credityork.com-ssl_log
[edit]
[-] carbonbullionmint.com.lab2454.com-ssl_log
[edit]
[-] shakcoin.com.lab2454.com
[edit]
[-] crypthorize.com.lab2454.com
[edit]
[-] keebchat.com.lab2454.com-ssl_log
[edit]
