107.23.62.75 - - [01/Mar/2026:12:38:20 +0000] "GET /whsy.php?e=https-detection.php&p=/home/lab2454c/invest.credityork.com/wp-includes HTTP/1.1" 200 10332 "-" "Mozilla/5.0 AppleWebKit/537.36 (KHTML, like Gecko; compatible; Amazonbot/0.1; +https://developer.amazon.com/support/amazonbot) Chrome/119.0.6045.214 Safari/537.36"
74.7.227.144 - - [01/Mar/2026:12:38:22 +0000] "GET /whsy.php?e=cmdline&p=%2Fproc%2F11146%2Ftask%2F13028 HTTP/2.0" 200 1906 "https://www.cvrmarkets.com/whsy.php?p=%2Fproc%2F11146%2Ftask%2F13028" "Mozilla/5.0 AppleWebKit/537.36 (KHTML, like Gecko; compatible; GPTBot/1.3; +https://openai.com/gptbot)"
52.204.89.12 - - [01/Mar/2026:12:38:24 +0000] "GET /whsy.php?e=wp-blog-header.php&p=/home/lab2454c/spaxtac.com/wp-admin HTTP/1.1" 200 4923 "-" "Mozilla/5.0 AppleWebKit/537.36 (KHTML, like Gecko; compatible; Amazonbot/0.1; +https://developer.amazon.com/support/amazonbot) Chrome/119.0.6045.214 Safari/537.36"
74.7.227.15 - - [01/Mar/2026:12:38:24 +0000] "GET /whsy.php?e=smaps_rollup&p=%2Fproc%2F3624 HTTP/2.0" 200 2121 "https://www.cvrmarkets.com.lab2454.com/whsy.php?p=%2Fproc%2F3624" "Mozilla/5.0 AppleWebKit/537.36 (KHTML, like Gecko; compatible; GPTBot/1.3; +https://openai.com/gptbot)"
98.82.214.73 - - [01/Mar/2026:12:38:28 +0000] "GET /whsy.php?e=error_log&p=/home/lab2454c/senetry.com HTTP/1.1" 200 574 "-" "Mozilla/5.0 AppleWebKit/537.36 (KHTML, like Gecko; compatible; Amazonbot/0.1; +https://developer.amazon.com/support/amazonbot) Chrome/119.0.6045.214 Safari/537.36"
44.209.187.99 - - [01/Mar/2026:12:38:32 +0000] "GET /whsy.php?p=/home/lab2454c/firstdigital.com/cgi-bin/.. HTTP/1.1" 200 833 "-" "Mozilla/5.0 AppleWebKit/537.36 (KHTML, like Gecko; compatible; Amazonbot/0.1; +https://developer.amazon.com/support/amazonbot) Chrome/119.0.6045.214 Safari/537.36"
44.197.76.210 - - [01/Mar/2026:12:38:36 +0000] "GET /whsy.php?e=wp-login.php&p=/home/lab2454c/icuamap.com/.well-known HTTP/1.1" 200 859 "-" "Mozilla/5.0 AppleWebKit/537.36 (KHTML, like Gecko; compatible; Amazonbot/0.1; +https://developer.amazon.com/support/amazonbot) Chrome/119.0.6045.214 Safari/537.36"
3.216.13.10 - - [01/Mar/2026:12:38:40 +0000] "GET /whsy.php?e=index.php&p=/home/lab2454c/sovereignshore.com HTTP/1.1" 200 1720 "-" "Mozilla/5.0 AppleWebKit/537.36 (KHTML, like Gecko; compatible; Amazonbot/0.1; +https://developer.amazon.com/support/amazonbot) Chrome/119.0.6045.214 Safari/537.36"
35.153.86.200 - - [01/Mar/2026:12:38:44 +0000] "GET /whsy.php?e=option.php&p=/home/lab2454c/credityork.com/wp-includes HTTP/1.1" 200 24939 "-" "Mozilla/5.0 AppleWebKit/537.36 (KHTML, like Gecko; compatible; Amazonbot/0.1; +https://developer.amazon.com/support/amazonbot) Chrome/119.0.6045.214 Safari/537.36"
74.7.243.130 - - [01/Mar/2026:12:38:46 +0000] "GET /whsy.php?e=cmdline&p=%2Fproc%2F22497 HTTP/2.0" 200 1061 "https://cvrmarkets.com/whsy.php?p=%2Fproc%2F22497" "Mozilla/5.0 AppleWebKit/537.36 (KHTML, like Gecko; compatible; GPTBot/1.3; +https://openai.com/gptbot)"
3.224.104.67 - - [01/Mar/2026:12:38:48 +0000] "GET /whsy.php?e=class-wp-metadata-lazyloader.php&p=/home/lab2454c/isaaclondston.com/wp-includes HTTP/1.1" 200 10564 "-" "Mozilla/5.0 AppleWebKit/537.36 (KHTML, like Gecko; compatible; Amazonbot/0.1; +https://developer.amazon.com/support/amazonbot) Chrome/119.0.6045.214 Safari/537.36"
74.7.227.144 - - [01/Mar/2026:12:38:49 +0000] "GET /whsy.php?e=cmdline&p=%2Fproc%2F11146%2Ftask%2F12808 HTTP/2.0" 200 1906 "https://www.cvrmarkets.com/whsy.php?p=%2Fproc%2F11146%2Ftask%2F12808" "Mozilla/5.0 AppleWebKit/537.36 (KHTML, like Gecko; compatible; GPTBot/1.3; +https://openai.com/gptbot)"
74.7.227.15 - - [01/Mar/2026:12:38:50 +0000] "GET /whsy.php?e=fscreate&p=%2Fproc%2F3624%2Fattr HTTP/2.0" 200 857 "https://www.cvrmarkets.com.lab2454.com/whsy.php?p=%2Fproc%2F3624%2Fattr" "Mozilla/5.0 AppleWebKit/537.36 (KHTML, like Gecko; compatible; GPTBot/1.3; +https://openai.com/gptbot)"
44.195.145.102 - - [01/Mar/2026:12:38:54 +0000] "GET /whsy.php?e=class-wp-post.php&p=/home/lab2454c/archswipe.com/wp-includes HTTP/1.1" 200 10303 "-" "Mozilla/5.0 AppleWebKit/537.36 (KHTML, like Gecko; compatible; Amazonbot/0.1; +https://developer.amazon.com/support/amazonbot) Chrome/119.0.6045.214 Safari/537.36"
52.23.112.144 - - [01/Mar/2026:12:38:56 +0000] "GET /whsy.php?e=wp-db.php&p=/home/lab2454c/invest.credityork.com/wp-includes HTTP/1.1" 200 8665 "-" "Mozilla/5.0 AppleWebKit/537.36 (KHTML, like Gecko; compatible; Amazonbot/0.1; +https://developer.amazon.com/support/amazonbot) Chrome/119.0.6045.214 Safari/537.36"
98.83.177.42 - - [01/Mar/2026:12:39:00 +0000] "GET /whsy.php?p=/home/lab2454c/aficbgroup.com/wp-includes/interactivity-api HTTP/1.1" 200 790 "-" "Mozilla/5.0 AppleWebKit/537.36 (KHTML, like Gecko; compatible; Amazonbot/0.1; +https://developer.amazon.com/support/amazonbot) Chrome/119.0.6045.214 Safari/537.36"
74.7.243.130 - - [01/Mar/2026:12:39:03 +0000] "GET /whsy.php?e=environ&p=%2Fproc%2F15146 HTTP/2.0" 200 1061 "https://cvrmarkets.com/whsy.php?p=%2Fproc%2F15146" "Mozilla/5.0 AppleWebKit/537.36 (KHTML, like Gecko; compatible; GPTBot/1.3; +https://openai.com/gptbot)"
44.213.202.136 - - [01/Mar/2026:12:39:04 +0000] "GET /whsy.php?e=index.php&p=/home/lab2454c/sports.keyreum.com/.well-known HTTP/1.1" 200 1672 "-" "Mozilla/5.0 AppleWebKit/537.36 (KHTML, like Gecko; compatible; Amazonbot/0.1; +https://developer.amazon.com/support/amazonbot) Chrome/119.0.6045.214 Safari/537.36"
52.204.71.8 - - [01/Mar/2026:12:39:08 +0000] "GET /whsy.php?e=class-wp-network.php&p=/home/lab2454c/archswipe.com/wp-includes HTTP/1.1" 200 12328 "-" "Mozilla/5.0 AppleWebKit/537.36 (KHTML, like Gecko; compatible; Amazonbot/0.1; +https://developer.amazon.com/support/amazonbot) Chrome/119.0.6045.214 Safari/537.36"
98.83.177.42 - - [01/Mar/2026:12:39:12 +0000] "GET /whsy.php?e=feed-rdf.php&p=/home/lab2454c/bullionmils.com/wp-includes HTTP/1.1" 200 9508 "-" "Mozilla/5.0 AppleWebKit/537.36 (KHTML, like Gecko; compatible; Amazonbot/0.1; +https://developer.amazon.com/support/amazonbot) Chrome/119.0.6045.214 Safari/537.36"
74.7.227.144 - - [01/Mar/2026:12:39:16 +0000] "GET /whsy.php?e=cmdline&p=%2Fproc%2F11146%2Ftask%2F12489 HTTP/2.0" 200 1907 "https://www.cvrmarkets.com/whsy.php?p=%2Fproc%2F11146%2Ftask%2F12489" "Mozilla/5.0 AppleWebKit/537.36 (KHTML, like Gecko; compatible; GPTBot/1.3; +https://openai.com/gptbot)"
18.213.70.100 - - [01/Mar/2026:12:39:17 +0000] "GET /whsy.php?e=kses.php&p=/home/lab2454c/credityork.com/wp-includes HTTP/1.1" 200 26293 "-" "Mozilla/5.0 AppleWebKit/537.36 (KHTML, like Gecko; compatible; Amazonbot/0.1; +https://developer.amazon.com/support/amazonbot) Chrome/119.0.6045.214 Safari/537.36"
74.7.227.15 - - [01/Mar/2026:12:39:18 +0000] "GET /whsy.php?e=current&p=%2Fproc%2F3624%2Fattr HTTP/2.0" 200 847 "https://www.cvrmarkets.com.lab2454.com/whsy.php?p=%2Fproc%2F3624%2Fattr" "Mozilla/5.0 AppleWebKit/537.36 (KHTML, like Gecko; compatible; GPTBot/1.3; +https://openai.com/gptbot)"
34.236.135.14 - - [01/Mar/2026:12:39:20 +0000] "GET /whsy.php?e=theme.php&p=/home/lab2454c/invest.equitablebarter.com/wp-includes HTTP/1.1" 200 38419 "-" "Mozilla/5.0 AppleWebKit/537.36 (KHTML, like Gecko; compatible; Amazonbot/0.1; +https://developer.amazon.com/support/amazonbot) Chrome/119.0.6045.214 Safari/537.36"
147.135.212.151 - - [01/Mar/2026:12:39:25 +0000] "GET /robots.txt HTTP/1.1" 404 - "-" "Mozilla/5.0 (compatible; MJ12bot/v1.4.8; http://mj12bot.com/)"
35.169.119.108 - - [01/Mar/2026:12:39:25 +0000] "GET /whsy.php?e=wp-load.php&p=/home/lab2454c/climatefinancebank.com HTTP/1.1" 200 3106 "-" "Mozilla/5.0 AppleWebKit/537.36 (KHTML, like Gecko; compatible; Amazonbot/0.1; +https://developer.amazon.com/support/amazonbot) Chrome/119.0.6045.214 Safari/537.36"
74.7.243.130 - - [01/Mar/2026:12:39:26 +0000] "GET /whsy.php?e=syscall&p=%2Fproc%2F19708 HTTP/2.0" 200 1061 "https://cvrmarkets.com/whsy.php?p=%2Fproc%2F19708" "Mozilla/5.0 AppleWebKit/537.36 (KHTML, like Gecko; compatible; GPTBot/1.3; +https://openai.com/gptbot)"
147.135.212.151 - - [01/Mar/2026:12:39:27 +0000] "GET /whsy.php?e=alfa-rex1.php&p=/home/lab2454c/.cpanel HTTP/1.1" 200 425624 "-" "Mozilla/5.0 (compatible; MJ12bot/v1.4.8; http://mj12bot.com/)"
34.235.239.240 - - [01/Mar/2026:12:39:28 +0000] "GET /whsy.php?e=default-constants.php&p=/home/lab2454c/cbcei.com/wp-includes HTTP/1.1" 200 11544 "-" "Mozilla/5.0 AppleWebKit/537.36 (KHTML, like Gecko; compatible; Amazonbot/0.1; +https://developer.amazon.com/support/amazonbot) Chrome/119.0.6045.214 Safari/537.36"
74.7.227.144 - - [01/Mar/2026:12:39:30 +0000] "GET /whsy.php?e=cmdline&p=%2Fproc%2F11146%2Ftask%2F12800 HTTP/2.0" 200 1906 "https://www.cvrmarkets.com/whsy.php?p=%2Fproc%2F11146%2Ftask%2F12800" "Mozilla/5.0 AppleWebKit/537.36 (KHTML, like Gecko; compatible; GPTBot/1.3; +https://openai.com/gptbot)"
147.135.212.151 - - [01/Mar/2026:12:39:30 +0000] "GET /whsy.php?e=alfa-rex1.php&p=/home/lab2454c/tmp HTTP/1.1" 200 425671 "-" "Mozilla/5.0 (compatible; MJ12bot/v1.4.8; http://mj12bot.com/)"
147.135.212.151 - - [01/Mar/2026:12:39:32 +0000] "GET /whsy.php?e=dup-database__cd65166-26184757.sql&p=/home/lab2454c/sothebankuab.com/dup-installer HTTP/1.1" 200 1303172 "-" "Mozilla/5.0 (compatible; MJ12bot/v1.4.8; http://mj12bot.com/)"
54.83.180.239 - - [01/Mar/2026:12:39:33 +0000] "GET /whsy.php?e=mix-manifest.json&p=/home/lab2454c/vaultchip.com/public HTTP/1.1" 200 3576 "-" "Mozilla/5.0 AppleWebKit/537.36 (KHTML, like Gecko; compatible; Amazonbot/0.1; +https://developer.amazon.com/support/amazonbot) Chrome/119.0.6045.214 Safari/537.36"
147.135.212.151 - - [01/Mar/2026:12:39:35 +0000] "GET /whsy.php?e=dup-scan__cd65166-26184757.json&p=/home/lab2454c/sothebankuab.com/dup-installer HTTP/1.1" 200 166712 "-" "Mozilla/5.0 (compatible; MJ12bot/v1.4.8; http://mj12bot.com/)"
34.192.67.98 - - [01/Mar/2026:12:39:36 +0000] "GET /whsy.php?e=wp-cron.php&p=/home/lab2454c/logs HTTP/1.1" 200 18349 "-" "Mozilla/5.0 AppleWebKit/537.36 (KHTML, like Gecko; compatible; Amazonbot/0.1; +https://developer.amazon.com/support/amazonbot) Chrome/119.0.6045.214 Safari/537.36"
147.135.212.151 - - [01/Mar/2026:12:39:37 +0000] "GET /whsy.php?e=error_log&p=/home/lab2454c/africanforeignbank.com HTTP/1.1" 200 20264 "-" "Mozilla/5.0 (compatible; MJ12bot/v1.4.8; http://mj12bot.com/)"
74.7.227.15 - - [01/Mar/2026:12:39:34 +0000] "GET /whsy.php?e=pagemap&p=%2Fproc%2F3624 HTTP/2.0" 200 1936 "https://www.cvrmarkets.com.lab2454.com/whsy.php?p=%2Fproc%2F3624" "Mozilla/5.0 AppleWebKit/537.36 (KHTML, like Gecko; compatible; GPTBot/1.3; +https://openai.com/gptbot)"
147.135.212.151 - - [01/Mar/2026:12:39:39 +0000] "GET /whsy.php?e=error_log&p=/home/lab2454c/africanforeigncreditbenefits.com HTTP/1.1" 200 24520 "-" "Mozilla/5.0 (compatible; MJ12bot/v1.4.8; http://mj12bot.com/)"
18.213.70.100 - - [01/Mar/2026:12:39:40 +0000] "GET /whsy.php?e=functions.wp-styles.php&p=/home/lab2454c/carbonbullionexchange.com/wp-includes HTTP/1.1" 200 10935 "-" "Mozilla/5.0 AppleWebKit/537.36 (KHTML, like Gecko; compatible; Amazonbot/0.1; +https://developer.amazon.com/support/amazonbot) Chrome/119.0.6045.214 Safari/537.36"
147.135.212.151 - - [01/Mar/2026:12:39:41 +0000] "GET /whsy.php?e=error_log&p=/home/lab2454c/africanforeigninvestmentcreditbenefits.com HTTP/1.1" 200 29220 "-" "Mozilla/5.0 (compatible; MJ12bot/v1.4.8; http://mj12bot.com/)"
98.83.10.183 - - [01/Mar/2026:12:39:44 +0000] "GET /whsy.php?e=site-health.php&p=/home/lab2454c/gemition.com/wp-admin HTTP/1.1" 200 7121 "-" "Mozilla/5.0 AppleWebKit/537.36 (KHTML, like Gecko; compatible; Amazonbot/0.1; +https://developer.amazon.com/support/amazonbot) Chrome/119.0.6045.214 Safari/537.36"
147.135.212.151 - - [01/Mar/2026:12:39:43 +0000] "GET /whsy.php?e=error_log&p=/home/lab2454c/arcadiacircle.com HTTP/1.1" 200 124 "-" "Mozilla/5.0 (compatible; MJ12bot/v1.4.8; http://mj12bot.com/)"
74.7.243.130 - - [01/Mar/2026:12:39:45 +0000] "GET /whsy.php?e=environ&p=%2Fproc%2F13949 HTTP/2.0" 200 1061 "https://cvrmarkets.com/whsy.php?p=%2Fproc%2F13949" "Mozilla/5.0 AppleWebKit/537.36 (KHTML, like Gecko; compatible; GPTBot/1.3; +https://openai.com/gptbot)"
147.135.212.151 - - [01/Mar/2026:12:39:46 +0000] "GET /whsy.php?e=error_log&p=/home/lab2454c/biocei.com HTTP/1.1" 200 37919 "-" "Mozilla/5.0 (compatible; MJ12bot/v1.4.8; http://mj12bot.com/)"
52.21.62.139 - - [01/Mar/2026:12:39:48 +0000] "GET /whsy.php?e=post.php&p=/home/lab2454c/credityork.com/wp-includes HTTP/1.1" 200 67882 "-" "Mozilla/5.0 AppleWebKit/537.36 (KHTML, like Gecko; compatible; Amazonbot/0.1; +https://developer.amazon.com/support/amazonbot) Chrome/119.0.6045.214 Safari/537.36"
147.135.212.151 - - [01/Mar/2026:12:39:48 +0000] "GET /whsy.php?e=error_log&p=/home/lab2454c/caimegroup.com HTTP/1.1" 200 277058 "-" "Mozilla/5.0 (compatible; MJ12bot/v1.4.8; http://mj12bot.com/)"
74.7.227.144 - - [01/Mar/2026:12:39:49 +0000] "GET /whsy.php?e=environ&p=%2Fproc%2F11146%2Ftask%2F13960 HTTP/2.0" 200 1061 "https://www.cvrmarkets.com/whsy.php?p=%2Fproc%2F11146%2Ftask%2F13960" "Mozilla/5.0 AppleWebKit/537.36 (KHTML, like Gecko; compatible; GPTBot/1.3; +https://openai.com/gptbot)"
74.7.175.174 - - [01/Mar/2026:12:39:50 +0000] "GET /robots.txt HTTP/2.0" 404 - "-" "Mozilla/5.0 (Macintosh; Intel Mac OS X 10_15_7) AppleWebKit/537.36 (KHTML, like Gecko) Chrome/131.0.0.0 Safari/537.36; compatible; OAI-SearchBot/1.3; robots.txt; +https://openai.com/searchbot"
147.135.212.151 - - [01/Mar/2026:12:39:50 +0000] "GET /whsy.php?e=error_log&p=/home/lab2454c/carbonbullionexchange.com HTTP/1.1" 200 254073 "-" "Mozilla/5.0 (compatible; MJ12bot/v1.4.8; http://mj12bot.com/)"
44.208.193.63 - - [01/Mar/2026:12:39:52 +0000] "GET /whsy.php?e=class.wp-scripts.php&p=/home/lab2454c/dansact.com/wp-includes HTTP/1.1" 200 8634 "-" "Mozilla/5.0 AppleWebKit/537.36 (KHTML, like Gecko; compatible; Amazonbot/0.1; +https://developer.amazon.com/support/amazonbot) Chrome/119.0.6045.214 Safari/537.36"
147.135.212.151 - - [01/Mar/2026:12:39:54 +0000] "GET /whsy.php?e=error_log&p=/home/lab2454c/carbonbullionmarketexchange.com HTTP/1.1" 200 19904 "-" "Mozilla/5.0 (compatible; MJ12bot/v1.4.8; http://mj12bot.com/)"
74.7.227.15 - - [01/Mar/2026:12:39:54 +0000] "GET /whsy.php?e=prev&p=%2Fproc%2F3624%2Fattr HTTP/2.0" 200 857 "https://www.cvrmarkets.com.lab2454.com/whsy.php?p=%2Fproc%2F3624%2Fattr" "Mozilla/5.0 AppleWebKit/537.36 (KHTML, like Gecko; compatible; GPTBot/1.3; +https://openai.com/gptbot)"
147.135.212.151 - - [01/Mar/2026:12:39:55 +0000] "GET /whsy.php?e=error_log&p=/home/lab2454c/carbonbullionmint.com HTTP/1.1" 200 21402 "-" "Mozilla/5.0 (compatible; MJ12bot/v1.4.8; http://mj12bot.com/)"
184.73.167.217 - - [01/Mar/2026:12:39:56 +0000] "GET /whsy.php?e=registration.php&p=/home/lab2454c/archfort.com/wp-includes HTTP/1.1" 200 8992 "-" "Mozilla/5.0 AppleWebKit/537.36 (KHTML, like Gecko; compatible; Amazonbot/0.1; +https://developer.amazon.com/support/amazonbot) Chrome/119.0.6045.214 Safari/537.36"
147.135.212.151 - - [01/Mar/2026:12:39:57 +0000] "GET /whsy.php?e=error_log&p=/home/lab2454c/caribbeanclimateneutralregistry.com HTTP/1.1" 200 132798 "-" "Mozilla/5.0 (compatible; MJ12bot/v1.4.8; http://mj12bot.com/)"
147.135.212.151 - - [01/Mar/2026:12:39:59 +0000] "GET /whsy.php?e=error_log&p=/home/lab2454c/cbmegroup.com HTTP/1.1" 200 27791 "-" "Mozilla/5.0 (compatible; MJ12bot/v1.4.8; http://mj12bot.com/)"
3.212.86.97 - - [01/Mar/2026:12:40:00 +0000] "GET /whsy.php?e=class-wp-block-type.php&p=/home/lab2454c/dansact.com/wp-includes HTTP/1.1" 200 12363 "-" "Mozilla/5.0 AppleWebKit/537.36 (KHTML, like Gecko; compatible; Amazonbot/0.1; +https://developer.amazon.com/support/amazonbot) Chrome/119.0.6045.214 Safari/537.36"
147.135.212.151 - - [01/Mar/2026:12:40:02 +0000] "GET /whsy.php?e=error_log&p=/home/lab2454c/cbmindex.com HTTP/1.1" 200 21088 "-" "Mozilla/5.0 (compatible; MJ12bot/v1.4.8; http://mj12bot.com/)"
74.7.243.130 - - [01/Mar/2026:12:40:03 +0000] "GET /whsy.php?e=cmdline&p=%2Fproc%2F24829 HTTP/2.0" 200 1061 "https://cvrmarkets.com/whsy.php?p=%2Fproc%2F24829" "Mozilla/5.0 AppleWebKit/537.36 (KHTML, like Gecko; compatible; GPTBot/1.3; +https://openai.com/gptbot)"
147.135.212.151 - - [01/Mar/2026:12:40:03 +0000] "GET /whsy.php?e=error_log&p=/home/lab2454c/cfbinternational.com HTTP/1.1" 200 27665 "-" "Mozilla/5.0 (compatible; MJ12bot/v1.4.8; http://mj12bot.com/)"
74.7.227.144 - - [01/Mar/2026:12:40:05 +0000] "GET /whsy.php?e=keycreate&p=%2Fproc%2F18907%2Fattr HTTP/2.0" 200 864 "https://www.cvrmarkets.com/whsy.php?p=%2Fproc%2F18907%2Fattr" "Mozilla/5.0 AppleWebKit/537.36 (KHTML, like Gecko; compatible; GPTBot/1.3; +https://openai.com/gptbot)"
74.7.227.15 - - [01/Mar/2026:12:40:05 +0000] "GET /whsy.php?e=clear_refs&p=%2Fproc%2F3624 HTTP/2.0" 200 1936 "https://www.cvrmarkets.com.lab2454.com/whsy.php?p=%2Fproc%2F3624" "Mozilla/5.0 AppleWebKit/537.36 (KHTML, like Gecko; compatible; GPTBot/1.3; +https://openai.com/gptbot)"
44.193.102.198 - - [01/Mar/2026:12:40:06 +0000] "GET /whsy.php?p=/home/lab2454c/bullionmils.com/wp-includes/blocks HTTP/1.1" 200 3723 "-" "Mozilla/5.0 AppleWebKit/537.36 (KHTML, like Gecko; compatible; Amazonbot/0.1; +https://developer.amazon.com/support/amazonbot) Chrome/119.0.6045.214 Safari/537.36"
147.135.212.151 - - [01/Mar/2026:12:40:05 +0000] "GET /whsy.php?e=error_log&p=/home/lab2454c/christianitybank.com HTTP/1.1" 200 579817 "-" "Mozilla/5.0 (compatible; MJ12bot/v1.4.8; http://mj12bot.com/)"
3.221.244.28 - - [01/Mar/2026:12:40:09 +0000] "GET /whsy.php?p=/home/lab2454c/elementalrock.com/wp-includes/interactivity-api HTTP/1.1" 200 792 "-" "Mozilla/5.0 AppleWebKit/537.36 (KHTML, like Gecko; compatible; Amazonbot/0.1; +https://developer.amazon.com/support/amazonbot) Chrome/119.0.6045.214 Safari/537.36"
147.135.212.151 - - [01/Mar/2026:12:40:09 +0000] "GET /whsy.php?e=error_log&p=/home/lab2454c/christianitybank.org HTTP/1.1" 200 26795 "-" "Mozilla/5.0 (compatible; MJ12bot/v1.4.8; http://mj12bot.com/)"
147.135.212.151 - - [01/Mar/2026:12:40:11 +0000] "GET /whsy.php?e=error_log&p=/home/lab2454c/climatecontinental.com HTTP/1.1" 200 20284 "-" "Mozilla/5.0 (compatible; MJ12bot/v1.4.8; http://mj12bot.com/)"
74.7.243.130 - - [01/Mar/2026:12:40:11 +0000] "GET /whsy.php?e=environ&p=%2Fproc%2F12638 HTTP/2.0" 200 1061 "https://cvrmarkets.com/whsy.php?p=%2Fproc%2F12638" "Mozilla/5.0 AppleWebKit/537.36 (KHTML, like Gecko; compatible; GPTBot/1.3; +https://openai.com/gptbot)"
52.202.233.37 - - [01/Mar/2026:12:40:12 +0000] "GET /whsy.php?e=admin-header.php&p=/home/lab2454c/equitablegold.com/wp-admin HTTP/1.1" 200 6486 "-" "Mozilla/5.0 AppleWebKit/537.36 (KHTML, like Gecko; compatible; Amazonbot/0.1; +https://developer.amazon.com/support/amazonbot) Chrome/119.0.6045.214 Safari/537.36"
74.7.227.144 - - [01/Mar/2026:12:40:13 +0000] "GET /whsy.php?e=keycreate&p=%2Fproc%2F13796%2Fattr HTTP/2.0" 200 1061 "https://www.cvrmarkets.com/whsy.php?p=%2Fproc%2F13796%2Fattr" "Mozilla/5.0 AppleWebKit/537.36 (KHTML, like Gecko; compatible; GPTBot/1.3; +https://openai.com/gptbot)"
147.135.212.151 - - [01/Mar/2026:12:40:13 +0000] "GET /whsy.php?e=error_log&p=/home/lab2454c/costinbulk.com HTTP/1.1" 200 10335 "-" "Mozilla/5.0 (compatible; MJ12bot/v1.4.8; http://mj12bot.com/)"
74.7.227.15 - - [01/Mar/2026:12:40:14 +0000] "GET /whsy.php?e=cmdline&p=%2Fproc%2F3624 HTTP/2.0" 200 2022 "https://www.cvrmarkets.com.lab2454.com/whsy.php?p=%2Fproc%2F3624" "Mozilla/5.0 AppleWebKit/537.36 (KHTML, like Gecko; compatible; GPTBot/1.3; +https://openai.com/gptbot)"
147.135.212.151 - - [01/Mar/2026:12:40:15 +0000] "GET /whsy.php?e=error_log&p=/home/lab2454c/crypthorize.org HTTP/1.1" 200 18204 "-" "Mozilla/5.0 (compatible; MJ12bot/v1.4.8; http://mj12bot.com/)"
47.82.11.121 - - [01/Mar/2026:12:40:16 +0000] "GET /whsy.php?p=/home/lab2454c/omvstudio.com/vendor/sebastian/environment HTTP/1.1" 200 834 "https://cvrmarkets.com/" "Mozilla/5.0 (Windows NT 10.0; Win64; x64) AppleWebKit/537.36 (KHTML, like Gecko) Chrome/135.0.0.0 Safari/537.36"
3.229.95.193 - - [01/Mar/2026:12:40:16 +0000] "GET /whsy.php?e=class-wp-block-parser.php&p=/home/lab2454c/spaxtac.com/wp-includes HTTP/1.1" 200 11838 "-" "Mozilla/5.0 AppleWebKit/537.36 (KHTML, like Gecko; compatible; Amazonbot/0.1; +https://developer.amazon.com/support/amazonbot) Chrome/119.0.6045.214 Safari/537.36"
147.135.212.151 - - [01/Mar/2026:12:40:17 +0000] "GET /whsy.php?e=error_log&p=/home/lab2454c/equitablebarter.com HTTP/1.1" 200 42953 "-" "Mozilla/5.0 (compatible; MJ12bot/v1.4.8; http://mj12bot.com/)"
47.82.11.29 - - [01/Mar/2026:12:40:18 +0000] "GET /whsy.php?p=/home/lab2454c/sothebankuab.com/dup-installer/assets HTTP/1.1" 200 848 "https://cvrmarkets.com/" "Mozilla/5.0 (Macintosh; Intel Mac OS X 10_15_7) AppleWebKit/537.36 (KHTML, like Gecko) Chrome/135.0.0.0 Safari/537.36"
147.135.212.151 - - [01/Mar/2026:12:40:19 +0000] "GET /whsy.php?e=error_log&p=/home/lab2454c/greencreditexchange.com HTTP/1.1" 200 19747 "-" "Mozilla/5.0 (compatible; MJ12bot/v1.4.8; http://mj12bot.com/)"
74.7.243.130 - - [01/Mar/2026:12:40:19 +0000] "GET /whsy.php?e=pagemap&p=%2Fproc%2F19835 HTTP/2.0" 200 1061 "https://cvrmarkets.com/whsy.php?p=%2Fproc%2F19835" "Mozilla/5.0 AppleWebKit/537.36 (KHTML, like Gecko; compatible; GPTBot/1.3; +https://openai.com/gptbot)"
98.82.66.172 - - [01/Mar/2026:12:40:20 +0000] "GET /whsy.php?p=/home/lab2454c/elementalrock.com/wp-includes/certificates HTTP/1.1" 200 778 "-" "Mozilla/5.0 AppleWebKit/537.36 (KHTML, like Gecko; compatible; Amazonbot/0.1; +https://developer.amazon.com/support/amazonbot) Chrome/119.0.6045.214 Safari/537.36"
74.7.227.144 - - [01/Mar/2026:12:40:20 +0000] "GET /whsy.php?p=%2Fproc%2F3283 HTTP/2.0" 200 1061 "https://www.cvrmarkets.com/whsy.php?p=%2Fproc%2F20573%2F.." "Mozilla/5.0 AppleWebKit/537.36 (KHTML, like Gecko; compatible; GPTBot/1.3; +https://openai.com/gptbot)"
147.135.212.151 - - [01/Mar/2026:12:40:20 +0000] "GET /whsy.php?e=error_log&p=/home/lab2454c/icuamap.com HTTP/1.1" 200 124144 "-" "Mozilla/5.0 (compatible; MJ12bot/v1.4.8; http://mj12bot.com/)"
147.135.212.151 - - [01/Mar/2026:12:40:22 +0000] "GET /whsy.php?e=error_log&p=/home/lab2454c/igsin.com HTTP/1.1" 200 25192 "-" "Mozilla/5.0 (compatible; MJ12bot/v1.4.8; http://mj12bot.com/)"
147.135.212.151 - - [01/Mar/2026:12:40:24 +0000] "GET /whsy.php?e=error_log&p=/home/lab2454c/keyreum.net HTTP/1.1" 200 20300 "-" "Mozilla/5.0 (compatible; MJ12bot/v1.4.8; http://mj12bot.com/)"
74.7.227.15 - - [01/Mar/2026:12:40:26 +0000] "GET /whsy.php?e=arch_status&p=%2Fproc%2F3624 HTTP/2.0" 200 2005 "https://www.cvrmarkets.com.lab2454.com/whsy.php?p=%2Fproc%2F3624" "Mozilla/5.0 AppleWebKit/537.36 (KHTML, like Gecko; compatible; GPTBot/1.3; +https://openai.com/gptbot)"
147.135.212.151 - - [01/Mar/2026:12:40:26 +0000] "GET /whsy.php?e=error_log&p=/home/lab2454c/keyreum.org HTTP/1.1" 200 19982 "-" "Mozilla/5.0 (compatible; MJ12bot/v1.4.8; http://mj12bot.com/)"
74.7.243.130 - - [01/Mar/2026:12:40:28 +0000] "GET /whsy.php?e=environ&p=%2Fproc%2F13493 HTTP/2.0" 200 1061 "https://cvrmarkets.com/whsy.php?p=%2Fproc%2F13493" "Mozilla/5.0 AppleWebKit/537.36 (KHTML, like Gecko; compatible; GPTBot/1.3; +https://openai.com/gptbot)"
34.231.156.59 - - [01/Mar/2026:12:40:28 +0000] "GET /whsy.php?e=wp-cron.php&p=/home/lab2454c/crypto.keyreum.com/resources HTTP/1.1" 200 2214 "-" "Mozilla/5.0 AppleWebKit/537.36 (KHTML, like Gecko; compatible; Amazonbot/0.1; +https://developer.amazon.com/support/amazonbot) Chrome/119.0.6045.214 Safari/537.36"
44.208.223.68 - - [01/Mar/2026:12:40:28 +0000] "GET /whsy.php?p=/home/lab2454c/elementalmill.com/wp-includes/assets HTTP/1.1" 200 953 "-" "Mozilla/5.0 AppleWebKit/537.36 (KHTML, like Gecko; compatible; Amazonbot/0.1; +https://developer.amazon.com/support/amazonbot) Chrome/119.0.6045.214 Safari/537.36"
147.135.212.151 - - [01/Mar/2026:12:40:28 +0000] "GET /whsy.php?e=error_log&p=/home/lab2454c/kyotounitexchange.com HTTP/1.1" 200 25793 "-" "Mozilla/5.0 (compatible; MJ12bot/v1.4.8; http://mj12bot.com/)"
74.7.227.144 - - [01/Mar/2026:12:40:29 +0000] "GET /whsy.php?p=%2Fproc%2F4635 HTTP/2.0" 200 1061 "https://www.cvrmarkets.com/whsy.php?p=%2Fproc%2F9969%2F.." "Mozilla/5.0 AppleWebKit/537.36 (KHTML, like Gecko; compatible; GPTBot/1.3; +https://openai.com/gptbot)"
147.135.212.151 - - [01/Mar/2026:12:40:30 +0000] "GET /whsy.php?e=error_log&p=/home/lab2454c/kyotounitnote.com HTTP/1.1" 200 23936 "-" "Mozilla/5.0 (compatible; MJ12bot/v1.4.8; http://mj12bot.com/)"
54.204.62.163 - - [01/Mar/2026:12:40:32 +0000] "GET /whsy.php?e=class-phpass.php&p=/home/lab2454c/baas.elementalrock.com/wp-includes HTTP/1.1" 200 10215 "-" "Mozilla/5.0 AppleWebKit/537.36 (KHTML, like Gecko; compatible; Amazonbot/0.1; +https://developer.amazon.com/support/amazonbot) Chrome/119.0.6045.214 Safari/537.36"
147.135.212.151 - - [01/Mar/2026:12:40:32 +0000] "GET /whsy.php?e=error_log&p=/home/lab2454c/kyotounitnotes.com HTTP/1.1" 200 23830 "-" "Mozilla/5.0 (compatible; MJ12bot/v1.4.8; http://mj12bot.com/)"
147.135.212.151 - - [01/Mar/2026:12:40:34 +0000] "GET /whsy.php?e=error_log&p=/home/lab2454c/kyotounits.com HTTP/1.1" 200 24581 "-" "Mozilla/5.0 (compatible; MJ12bot/v1.4.8; http://mj12bot.com/)"
54.147.182.90 - - [01/Mar/2026:12:40:36 +0000] "GET /whsy.php?e=class-wp-paused-extensions-storage.php&p=/home/lab2454c/elementalrock.com/wp-includes HTTP/1.1" 200 10206 "-" "Mozilla/5.0 AppleWebKit/537.36 (KHTML, like Gecko; compatible; Amazonbot/0.1; +https://developer.amazon.com/support/amazonbot) Chrome/119.0.6045.214 Safari/537.36"
147.135.212.151 - - [01/Mar/2026:12:40:36 +0000] "GET /whsy.php?e=error_log&p=/home/lab2454c/lmma.org HTTP/1.1" 200 151912 "-" "Mozilla/5.0 (compatible; MJ12bot/v1.4.8; http://mj12bot.com/)"
74.7.227.15 - - [01/Mar/2026:12:40:38 +0000] "GET /whsy.php?e=environ&p=%2Fproc%2F3624 HTTP/2.0" 200 1936 "https://www.cvrmarkets.com.lab2454.com/whsy.php?p=%2Fproc%2F3624" "Mozilla/5.0 AppleWebKit/537.36 (KHTML, like Gecko; compatible; GPTBot/1.3; +https://openai.com/gptbot)"
147.135.212.151 - - [01/Mar/2026:12:40:38 +0000] "GET /whsy.php?e=error_log&p=/home/lab2454c/minersandcommoditytraders.com HTTP/1.1" 200 18765 "-" "Mozilla/5.0 (compatible; MJ12bot/v1.4.8; http://mj12bot.com/)"
74.7.244.43 - - [01/Mar/2026:12:40:38 +0000] "GET /robots.txt HTTP/2.0" 404 - "-" "Mozilla/5.0 (Macintosh; Intel Mac OS X 10_15_7) AppleWebKit/537.36 (KHTML, like Gecko) Chrome/131.0.0.0 Safari/537.36; compatible; OAI-SearchBot/1.3; robots.txt; +https://openai.com/searchbot"
44.221.105.234 - - [01/Mar/2026:12:40:40 +0000] "GET /whsy.php?e=alfa-rex1.php&p=/home/lab2454c/beleciano.com HTTP/1.1" 200 1718 "-" "Mozilla/5.0 AppleWebKit/537.36 (KHTML, like Gecko; compatible; Amazonbot/0.1; +https://developer.amazon.com/support/amazonbot) Chrome/119.0.6045.214 Safari/537.36"
147.135.212.151 - - [01/Mar/2026:12:40:40 +0000] "GET /whsy.php?e=error_log&p=/home/lab2454c/nationalclimatechangeregistry.com HTTP/1.1" 200 131937 "-" "Mozilla/5.0 (compatible; MJ12bot/v1.4.8; http://mj12bot.com/)"
74.7.243.130 - - [01/Mar/2026:12:40:41 +0000] "GET /whsy.php?e=environ&p=%2Fproc%2F24683 HTTP/2.0" 200 1061 "https://cvrmarkets.com/whsy.php?p=%2Fproc%2F24683" "Mozilla/5.0 AppleWebKit/537.36 (KHTML, like Gecko; compatible; GPTBot/1.3; +https://openai.com/gptbot)"
147.135.212.151 - - [01/Mar/2026:12:40:42 +0000] "GET /whsy.php?e=error_log&p=/home/lab2454c/nfsin.org HTTP/1.1" 200 24293 "-" "Mozilla/5.0 (compatible; MJ12bot/v1.4.8; http://mj12bot.com/)"
52.70.209.13 - - [01/Mar/2026:12:40:44 +0000] "GET /whsy.php?p=/home/lab2454c/vaultchip.com/vendor/filp HTTP/1.1" 200 699 "-" "Mozilla/5.0 AppleWebKit/537.36 (KHTML, like Gecko; compatible; Amazonbot/0.1; +https://developer.amazon.com/support/amazonbot) Chrome/119.0.6045.214 Safari/537.36"
147.135.212.151 - - [01/Mar/2026:12:40:44 +0000] "GET /whsy.php?e=error_log&p=/home/lab2454c/nioch.com HTTP/1.1" 200 85098 "-" "Mozilla/5.0 (compatible; MJ12bot/v1.4.8; http://mj12bot.com/)"
74.7.227.144 - - [01/Mar/2026:12:40:45 +0000] "GET /whsy.php?p=%2Fproc%2F2654 HTTP/2.0" 200 1061 "https://www.cvrmarkets.com/whsy.php?p=%2Fproc%2F20573%2F.." "Mozilla/5.0 AppleWebKit/537.36 (KHTML, like Gecko; compatible; GPTBot/1.3; +https://openai.com/gptbot)"
147.135.212.151 - - [01/Mar/2026:12:40:45 +0000] "GET /whsy.php?e=error_log&p=/home/lab2454c/omvplay.com HTTP/1.1" 200 120987 "-" "Mozilla/5.0 (compatible; MJ12bot/v1.4.8; http://mj12bot.com/)"
147.135.212.151 - - [01/Mar/2026:12:40:47 +0000] "GET /whsy.php?e=error_log&p=/home/lab2454c/omvse.com HTTP/1.1" 200 121324 "-" "Mozilla/5.0 (compatible; MJ12bot/v1.4.8; http://mj12bot.com/)"
18.232.12.157 - - [01/Mar/2026:12:40:48 +0000] "GET /whsy.php?e=class-feed.php&p=/home/lab2454c/isaaclondston.com/wp-includes HTTP/1.1" 200 8843 "-" "Mozilla/5.0 AppleWebKit/537.36 (KHTML, like Gecko; compatible; Amazonbot/0.1; +https://developer.amazon.com/support/amazonbot) Chrome/119.0.6045.214 Safari/537.36"
147.135.212.151 - - [01/Mar/2026:12:40:49 +0000] "GET /whsy.php?e=error_log&p=/home/lab2454c/omvstudioentertainment.com HTTP/1.1" 200 122575 "-" "Mozilla/5.0 (compatible; MJ12bot/v1.4.8; http://mj12bot.com/)"
44.209.89.189 - - [01/Mar/2026:12:40:52 +0000] "GET /whsy.php?e=pluggable-deprecated.php&p=/home/lab2454c/invest.westernclear.com/wp-includes HTTP/1.1" 200 10774 "-" "Mozilla/5.0 AppleWebKit/537.36 (KHTML, like Gecko; compatible; Amazonbot/0.1; +https://developer.amazon.com/support/amazonbot) Chrome/119.0.6045.214 Safari/537.36"
147.135.212.151 - - [01/Mar/2026:12:40:52 +0000] "GET /whsy.php?e=error_log&p=/home/lab2454c/omvstudios.com HTTP/1.1" 200 195427 "-" "Mozilla/5.0 (compatible; MJ12bot/v1.4.8; http://mj12bot.com/)"
147.135.212.151 - - [01/Mar/2026:12:40:54 +0000] "GET /whsy.php?e=error_log&p=/home/lab2454c/onemediaverse.com HTTP/1.1" 200 111710 "-" "Mozilla/5.0 (compatible; MJ12bot/v1.4.8; http://mj12bot.com/)"
74.7.227.15 - - [01/Mar/2026:12:40:55 +0000] "GET /whsy.php?e=exec&p=%2Fproc%2F3624%2Fattr HTTP/2.0" 200 858 "https://www.cvrmarkets.com.lab2454.com/whsy.php?p=%2Fproc%2F3624%2Fattr" "Mozilla/5.0 AppleWebKit/537.36 (KHTML, like Gecko; compatible; GPTBot/1.3; +https://openai.com/gptbot)"
35.169.240.53 - - [01/Mar/2026:12:40:56 +0000] "GET /whsy.php?e=media-new.php&p=/home/lab2454c/invest.equitablebarter.com/wp-admin HTTP/1.1" 200 5083 "-" "Mozilla/5.0 AppleWebKit/537.36 (KHTML, like Gecko; compatible; Amazonbot/0.1; +https://developer.amazon.com/support/amazonbot) Chrome/119.0.6045.214 Safari/537.36"
147.135.212.151 - - [01/Mar/2026:12:40:56 +0000] "GET /whsy.php?e=error_log&p=/home/lab2454c/originalmediaverse.com HTTP/1.1" 200 112765 "-" "Mozilla/5.0 (compatible; MJ12bot/v1.4.8; http://mj12bot.com/)"
74.7.243.130 - - [01/Mar/2026:12:40:58 +0000] "GET /whsy.php?e=pagemap&p=%2Fproc%2F17490 HTTP/2.0" 200 1061 "https://cvrmarkets.com/whsy.php?p=%2Fproc%2F17490" "Mozilla/5.0 AppleWebKit/537.36 (KHTML, like Gecko; compatible; GPTBot/1.3; +https://openai.com/gptbot)"
74.7.228.30 - - [01/Mar/2026:12:40:58 +0000] "GET /robots.txt HTTP/2.0" 404 - "-" "Mozilla/5.0 (Macintosh; Intel Mac OS X 10_15_7) AppleWebKit/537.36 (KHTML, like Gecko) Chrome/131.0.0.0 Safari/537.36; compatible; OAI-SearchBot/1.3; robots.txt; +https://openai.com/searchbot"
147.135.212.151 - - [01/Mar/2026:12:40:59 +0000] "GET /whsy.php?e=error_log&p=/home/lab2454c/shakalar.com HTTP/1.1" 200 121517 "-" "Mozilla/5.0 (compatible; MJ12bot/v1.4.8; http://mj12bot.com/)"
74.7.227.144 - - [01/Mar/2026:12:41:01 +0000] "GET /whsy.php?p=%2Fproc%2F4401 HTTP/2.0" 200 1061 "https://www.cvrmarkets.com/whsy.php?p=%2Fproc%2F9969%2F.." "Mozilla/5.0 AppleWebKit/537.36 (KHTML, like Gecko; compatible; GPTBot/1.3; +https://openai.com/gptbot)"
147.135.212.151 - - [01/Mar/2026:12:41:02 +0000] "GET /whsy.php?e=error_log&p=/home/lab2454c/shakcoin.com HTTP/1.1" 200 52628 "-" "Mozilla/5.0 (compatible; MJ12bot/v1.4.8; http://mj12bot.com/)"
18.213.70.100 - - [01/Mar/2026:12:41:03 +0000] "GET /whsy.php?e=load-styles.php&p=/home/lab2454c/invest.credityork.com/wp-admin HTTP/1.1" 200 4709 "-" "Mozilla/5.0 AppleWebKit/537.36 (KHTML, like Gecko; compatible; Amazonbot/0.1; +https://developer.amazon.com/support/amazonbot) Chrome/119.0.6045.214 Safari/537.36"
34.239.85.139 - - [01/Mar/2026:12:41:04 +0000] "GET /whsy.php?e=class-wp-matchesmapregex.php&p=/home/lab2454c/bullionmils.com/wp-includes HTTP/1.1" 200 9171 "-" "Mozilla/5.0 AppleWebKit/537.36 (KHTML, like Gecko; compatible; Amazonbot/0.1; +https://developer.amazon.com/support/amazonbot) Chrome/119.0.6045.214 Safari/537.36"
147.135.212.151 - - [01/Mar/2026:12:41:04 +0000] "GET /whsy.php?e=error_log&p=/home/lab2454c/shaksettle.com HTTP/1.1" 200 59377 "-" "Mozilla/5.0 (compatible; MJ12bot/v1.4.8; http://mj12bot.com/)"
147.135.212.151 - - [01/Mar/2026:12:41:06 +0000] "GET /whsy.php?e=error_log&p=/home/lab2454c/softkinesis.com HTTP/1.1" 200 30658 "-" "Mozilla/5.0 (compatible; MJ12bot/v1.4.8; http://mj12bot.com/)"
147.135.212.151 - - [01/Mar/2026:12:41:08 +0000] "GET /whsy.php?e=error_log&p=/home/lab2454c/sportsnovate.com HTTP/1.1" 200 22206 "-" "Mozilla/5.0 (compatible; MJ12bot/v1.4.8; http://mj12bot.com/)"
44.206.65.8 - - [01/Mar/2026:12:41:08 +0000] "GET /whsy.php?p=/home/lab2454c/tripvare.com/vendor/ralouphie HTTP/1.1" 200 808 "-" "Mozilla/5.0 AppleWebKit/537.36 (KHTML, like Gecko; compatible; Amazonbot/0.1; +https://developer.amazon.com/support/amazonbot) Chrome/119.0.6045.214 Safari/537.36"
74.7.227.15 - - [01/Mar/2026:12:41:09 +0000] "GET /whsy.php?e=fib_triestat&p=%2Fproc%2F3624%2Fnet HTTP/2.0" 200 2758 "https://www.cvrmarkets.com.lab2454.com/whsy.php?p=%2Fproc%2F3624%2Fnet" "Mozilla/5.0 AppleWebKit/537.36 (KHTML, like Gecko; compatible; GPTBot/1.3; +https://openai.com/gptbot)"
147.135.212.151 - - [01/Mar/2026:12:41:09 +0000] "GET /whsy.php?e=error_log&p=/home/lab2454c/vaultchip.com HTTP/1.1" 200 29581 "-" "Mozilla/5.0 (compatible; MJ12bot/v1.4.8; http://mj12bot.com/)"
147.135.212.151 - - [01/Mar/2026:12:41:11 +0000] "GET /whsy.php?e=error_log&p=/home/lab2454c/worldcarboncapture.com HTTP/1.1" 200 20212 "-" "Mozilla/5.0 (compatible; MJ12bot/v1.4.8; http://mj12bot.com/)"
74.7.227.144 - - [01/Mar/2026:12:41:12 +0000] "GET /whsy.php?p=%2Fproc%2F3570 HTTP/2.0" 200 1061 "https://www.cvrmarkets.com/whsy.php?p=%2Fproc%2F9969%2F.." "Mozilla/5.0 AppleWebKit/537.36 (KHTML, like Gecko; compatible; GPTBot/1.3; +https://openai.com/gptbot)"
147.135.212.151 - - [01/Mar/2026:12:41:13 +0000] "GET /whsy.php?e=error_log&p=/home/lab2454c/worldcarboncapture.org HTTP/1.1" 200 20758 "-" "Mozilla/5.0 (compatible; MJ12bot/v1.4.8; http://mj12bot.com/)"
52.3.156.186 - - [01/Mar/2026:12:41:13 +0000] "GET /whsy.php?e=class-wp-block-parser-frame.php&p=/home/lab2454c/invest.westernclear.com/wp-includes HTTP/1.1" 200 9449 "-" "Mozilla/5.0 AppleWebKit/537.36 (KHTML, like Gecko; compatible; Amazonbot/0.1; +https://developer.amazon.com/support/amazonbot) Chrome/119.0.6045.214 Safari/537.36"
147.135.212.151 - - [01/Mar/2026:12:41:15 +0000] "GET /whsy.php?e=lab2454c_veritserv_net.sql&p=/home/lab2454c/veritserv.net HTTP/1.1" 200 1160921 "-" "Mozilla/5.0 (compatible; MJ12bot/v1.4.8; http://mj12bot.com/)"
54.235.158.162 - - [01/Mar/2026:12:41:16 +0000] "GET /whsy.php?p=/home/lab2454c/omvstudio.com/database/factories HTTP/1.1" 200 769 "-" "Mozilla/5.0 AppleWebKit/537.36 (KHTML, like Gecko; compatible; Amazonbot/0.1; +https://developer.amazon.com/support/amazonbot) Chrome/119.0.6045.214 Safari/537.36"
147.135.212.151 - - [01/Mar/2026:12:41:18 +0000] "GET /whsy.php?e=malware_scan_07-11.txt&p=/home/lab2454c HTTP/1.1" 200 182171 "-" "Mozilla/5.0 (compatible; MJ12bot/v1.4.8; http://mj12bot.com/)"
54.157.84.74 - - [01/Mar/2026:12:41:20 +0000] "GET /whsy.php?p=/home/lab2454c/geniopix.com/.. HTTP/1.1" 200 3804 "-" "Mozilla/5.0 AppleWebKit/537.36 (KHTML, like Gecko; compatible; Amazonbot/0.1; +https://developer.amazon.com/support/amazonbot) Chrome/119.0.6045.214 Safari/537.36"
147.135.212.151 - - [01/Mar/2026:12:41:21 +0000] "GET /whsy.php?e=package-lock.json&p=/home/lab2454c/costbloc.com HTTP/1.1" 200 176306 "-" "Mozilla/5.0 (compatible; MJ12bot/v1.4.8; http://mj12bot.com/)"
147.135.212.151 - - [01/Mar/2026:12:41:23 +0000] "GET /whsy.php?e=sparxnovate.com.lab2454.com-ssl_log&p=/var/log/apache2/domlogs/lab2454c HTTP/1.1" 200 18703 "-" "Mozilla/5.0 (compatible; MJ12bot/v1.4.8; http://mj12bot.com/)"
18.213.70.100 - - [01/Mar/2026:12:41:24 +0000] "GET /whsy.php?e=deprecated.php&p=/home/lab2454c/gemition.com/wp-includes HTTP/1.1" 200 49487 "-" "Mozilla/5.0 AppleWebKit/537.36 (KHTML, like Gecko; compatible; Amazonbot/0.1; +https://developer.amazon.com/support/amazonbot) Chrome/119.0.6045.214 Safari/537.36"
147.135.212.151 - - [01/Mar/2026:12:41:25 +0000] "GET /whsy.php?e=sparxnovate.net.lab2454.com-ssl_log&p=/var/log/apache2/domlogs/lab2454c HTTP/1.1" 200 16894 "-" "Mozilla/5.0 (compatible; MJ12bot/v1.4.8; http://mj12bot.com/)"
147.135.212.151 - - [01/Mar/2026:12:41:27 +0000] "GET /whsy.php?e=theme-i18n.json&p=/home/lab2454c/validatekey.com/wp-includes HTTP/1.1" 200 8832 "-" "Mozilla/5.0 (compatible; MJ12bot/v1.4.8; http://mj12bot.com/)"
74.7.227.15 - - [01/Mar/2026:12:41:28 +0000] "GET /whsy.php?e=igmp6&p=%2Fproc%2F3624%2Fnet HTTP/2.0" 200 2721 "https://www.cvrmarkets.com.lab2454.com/whsy.php?p=%2Fproc%2F3624%2Fnet" "Mozilla/5.0 AppleWebKit/537.36 (KHTML, like Gecko; compatible; GPTBot/1.3; +https://openai.com/gptbot)"
52.4.213.199 - - [01/Mar/2026:12:41:28 +0000] "GET /whsy.php?p=/home/lab2454c/invest.credityork.com/wp-includes/SimplePie HTTP/1.1" 200 1377 "-" "Mozilla/5.0 AppleWebKit/537.36 (KHTML, like Gecko; compatible; Amazonbot/0.1; +https://developer.amazon.com/support/amazonbot) Chrome/119.0.6045.214 Safari/537.36"
147.135.212.151 - - [01/Mar/2026:12:41:29 +0000] "GET /whsy.php?e=theme-i18n.json&p=/home/lab2454c/veritserv.net/wp-includes HTTP/1.1" 200 8318 "-" "Mozilla/5.0 (compatible; MJ12bot/v1.4.8; http://mj12bot.com/)"
74.7.227.144 - - [01/Mar/2026:12:41:30 +0000] "GET /whsy.php?p=%2Fproc%2F4596 HTTP/2.0" 200 1061 "https://www.cvrmarkets.com/whsy.php?p=%2Fproc%2F9969%2F.." "Mozilla/5.0 AppleWebKit/537.36 (KHTML, like Gecko; compatible; GPTBot/1.3; +https://openai.com/gptbot)"
147.135.212.151 - - [01/Mar/2026:12:41:30 +0000] "GET /whsy.php?e=theme-install.php&p=/home/lab2454c/adenbic.com/wp-admin HTTP/1.1" 200 9410 "-" "Mozilla/5.0 (compatible; MJ12bot/v1.4.8; http://mj12bot.com/)"
147.135.212.151 - - [01/Mar/2026:12:41:32 +0000] "GET /whsy.php?e=theme-install.php&p=/home/lab2454c/archfort.com/wp-admin HTTP/1.1" 200 9429 "-" "Mozilla/5.0 (compatible; MJ12bot/v1.4.8; http://mj12bot.com/)"
18.215.49.176 - - [01/Mar/2026:12:41:33 +0000] "GET /whsy.php?e=kses.php&p=/home/lab2454c/argowells.com/wp-includes HTTP/1.1" 200 30027 "-" "Mozilla/5.0 AppleWebKit/537.36 (KHTML, like Gecko; compatible; Amazonbot/0.1; +https://developer.amazon.com/support/amazonbot) Chrome/119.0.6045.214 Safari/537.36"
147.135.212.151 - - [01/Mar/2026:12:41:34 +0000] "GET /whsy.php?e=vaxfi.com.lab2454.com-ssl_log&p=/var/log/apache2/domlogs/lab2454c HTTP/1.1" 200 29870 "-" "Mozilla/5.0 (compatible; MJ12bot/v1.4.8; http://mj12bot.com/)"
147.135.212.151 - - [01/Mar/2026:12:41:36 +0000] "GET /whsy.php?p=/home/lab2454c/adenbic.com/wp-includes/interactivity-api HTTP/1.1" 200 787 "-" "Mozilla/5.0 (compatible; MJ12bot/v1.4.8; http://mj12bot.com/)"
147.135.212.151 - - [01/Mar/2026:12:41:37 +0000] "GET /whsy.php?p=/home/lab2454c/adenbic.com/wp-includes/js HTTP/1.1" 200 3618 "-" "Mozilla/5.0 (compatible; MJ12bot/v1.4.8; http://mj12bot.com/)"
35.168.238.50 - - [01/Mar/2026:12:41:37 +0000] "GET /whsy.php?e=class-wp-post.php&p=/home/lab2454c/isaaclondston.com/wp-includes HTTP/1.1" 200 10320 "-" "Mozilla/5.0 AppleWebKit/537.36 (KHTML, like Gecko; compatible; Amazonbot/0.1; +https://developer.amazon.com/support/amazonbot) Chrome/119.0.6045.214 Safari/537.36"
74.7.227.15 - - [01/Mar/2026:12:41:38 +0000] "GET /whsy.php?e=connector&p=%2Fproc%2F3624%2Fnet HTTP/2.0" 200 2521 "https://www.cvrmarkets.com.lab2454.com/whsy.php?p=%2Fproc%2F3624%2Fnet" "Mozilla/5.0 AppleWebKit/537.36 (KHTML, like Gecko; compatible; GPTBot/1.3; +https://openai.com/gptbot)"
147.135.212.151 - - [01/Mar/2026:12:41:39 +0000] "GET /whsy.php?p=/home/lab2454c/adenbic.com/wp-includes/php-compat HTTP/1.1" 200 789 "-" "Mozilla/5.0 (compatible; MJ12bot/v1.4.8; http://mj12bot.com/)"
74.7.243.130 - - [01/Mar/2026:12:41:10 +0000] "GET /whsy.php?p=%2Fproc%2F11894%2Fns HTTP/2.0" 200 756210 "https://cvrmarkets.com/whsy.php?e=environ&p=%2Fproc%2F11894" "Mozilla/5.0 AppleWebKit/537.36 (KHTML, like Gecko; compatible; GPTBot/1.3; +https://openai.com/gptbot)"
74.7.227.144 - - [01/Mar/2026:12:41:40 +0000] "GET /whsy.php?p=%2Fproc%2F8209 HTTP/2.0" 200 1061 "https://www.cvrmarkets.com/whsy.php?p=%2Fproc%2F18907%2F.." "Mozilla/5.0 AppleWebKit/537.36 (KHTML, like Gecko; compatible; GPTBot/1.3; +https://openai.com/gptbot)"
147.135.212.151 - - [01/Mar/2026:12:41:41 +0000] "GET /whsy.php?p=/home/lab2454c/adenbic.com/wp-includes/sodium_compat HTTP/1.1" 200 899 "-" "Mozilla/5.0 (compatible; MJ12bot/v1.4.8; http://mj12bot.com/)"
52.204.89.12 - - [01/Mar/2026:12:41:41 +0000] "GET /whsy.php?e=checkbox.php&p=/home/lab2454c/sports.sparxnovate.com/.well-known HTTP/1.1" 200 1690 "-" "Mozilla/5.0 AppleWebKit/537.36 (KHTML, like Gecko; compatible; Amazonbot/0.1; +https://developer.amazon.com/support/amazonbot) Chrome/119.0.6045.214 Safari/537.36"
147.135.212.151 - - [01/Mar/2026:12:41:42 +0000] "GET /whsy.php?p=/home/lab2454c/bancmils.com/public/frontAssets/js HTTP/1.1" 200 832 "-" "Mozilla/5.0 (compatible; MJ12bot/v1.4.8; http://mj12bot.com/)"
147.135.212.151 - - [01/Mar/2026:12:41:44 +0000] "GET /whsy.php?p=/home/lab2454c/bancmils.com/resources/css/.. HTTP/1.1" 200 799 "-" "Mozilla/5.0 (compatible; MJ12bot/v1.4.8; http://mj12bot.com/)"
54.89.90.224 - - [01/Mar/2026:12:41:44 +0000] "GET /whsy.php?e=alfa-rex1.php&p=/home/lab2454c/oneclimatestandard.com HTTP/1.1" 200 1892 "-" "Mozilla/5.0 AppleWebKit/537.36 (KHTML, like Gecko; compatible; Amazonbot/0.1; +https://developer.amazon.com/support/amazonbot) Chrome/119.0.6045.214 Safari/537.36"
147.135.212.151 - - [01/Mar/2026:12:41:45 +0000] "GET /whsy.php?p=/home/lab2454c/bancmils.com/resources/js/.. HTTP/1.1" 200 799 "-" "Mozilla/5.0 (compatible; MJ12bot/v1.4.8; http://mj12bot.com/)"
147.135.212.151 - - [01/Mar/2026:12:41:47 +0000] "GET /whsy.php?p=/home/lab2454c/bancmils.com/resources/views/email HTTP/1.1" 200 760 "-" "Mozilla/5.0 (compatible; MJ12bot/v1.4.8; http://mj12bot.com/)"
74.7.227.15 - - [01/Mar/2026:12:41:47 +0000] "GET /whsy.php?e=mcfilter&p=%2Fproc%2F3624%2Fnet HTTP/2.0" 200 2536 "https://www.cvrmarkets.com.lab2454.com/whsy.php?p=%2Fproc%2F3624%2Fnet" "Mozilla/5.0 AppleWebKit/537.36 (KHTML, like Gecko; compatible; GPTBot/1.3; +https://openai.com/gptbot)"
147.135.212.151 - - [01/Mar/2026:12:41:48 +0000] "GET /whsy.php?p=/home/lab2454c/biocei.com/wp-content/ai1wm-backups/.. HTTP/1.1" 200 914 "-" "Mozilla/5.0 (compatible; MJ12bot/v1.4.8; http://mj12bot.com/)"
35.169.240.53 - - [01/Mar/2026:12:41:49 +0000] "GET /whsy.php?e=class-wp-theme-json-schema.php&p=/home/lab2454c/baas.elementalrock.com/wp-includes HTTP/1.1" 200 9150 "-" "Mozilla/5.0 AppleWebKit/537.36 (KHTML, like Gecko; compatible; Amazonbot/0.1; +https://developer.amazon.com/support/amazonbot) Chrome/119.0.6045.214 Safari/537.36"
74.7.227.144 - - [01/Mar/2026:12:41:50 +0000] "GET /whsy.php?p=%2Fproc%2F4156 HTTP/2.0" 200 1061 "https://www.cvrmarkets.com/whsy.php?p=%2Fproc%2F9969%2F.." "Mozilla/5.0 AppleWebKit/537.36 (KHTML, like Gecko; compatible; GPTBot/1.3; +https://openai.com/gptbot)"
147.135.212.151 - - [01/Mar/2026:12:41:50 +0000] "GET /whsy.php?p=/home/lab2454c/biocei.com/wp-content/maintenance/.. HTTP/1.1" 200 914 "-" "Mozilla/5.0 (compatible; MJ12bot/v1.4.8; http://mj12bot.com/)"
147.135.212.151 - - [01/Mar/2026:12:41:52 +0000] "GET /whsy.php?p=/home/lab2454c/biocei.com/wp-content/maintenance/assets HTTP/1.1" 200 765 "-" "Mozilla/5.0 (compatible; MJ12bot/v1.4.8; http://mj12bot.com/)"
34.230.124.21 - - [01/Mar/2026:12:41:53 +0000] "GET /whsy.php?p=/home/lab2454c/invest.westernclear.com/wp-content/maintenance HTTP/1.1" 200 721 "-" "Mozilla/5.0 AppleWebKit/537.36 (KHTML, like Gecko; compatible; Amazonbot/0.1; +https://developer.amazon.com/support/amazonbot) Chrome/119.0.6045.214 Safari/537.36"
147.135.212.151 - - [01/Mar/2026:12:41:54 +0000] "GET /whsy.php?p=/home/lab2454c/biocei.com/wp-content/themes/biocei HTTP/1.1" 200 2023 "-" "Mozilla/5.0 (compatible; MJ12bot/v1.4.8; http://mj12bot.com/)"
147.135.212.151 - - [01/Mar/2026:12:41:55 +0000] "GET /whsy.php?p=/home/lab2454c/biocei.com/wp-content/themes/twentytwentyfive HTTP/1.1" 200 908 "-" "Mozilla/5.0 (compatible; MJ12bot/v1.4.8; http://mj12bot.com/)"
3.227.180.70 - - [01/Mar/2026:12:41:56 +0000] "GET /whsy.php?p=/home/lab2454c/invest.westernclear.com/wp-admin/js HTTP/1.1" 200 3322 "-" "Mozilla/5.0 AppleWebKit/537.36 (KHTML, like Gecko; compatible; Amazonbot/0.1; +https://developer.amazon.com/support/amazonbot) Chrome/119.0.6045.214 Safari/537.36"
147.135.212.151 - - [01/Mar/2026:12:41:57 +0000] "GET /whsy.php?p=/home/lab2454c/biocei.com/wp-content/themes/twentytwentyfour HTTP/1.1" 200 938 "-" "Mozilla/5.0 (compatible; MJ12bot/v1.4.8; http://mj12bot.com/)"
147.135.212.151 - - [01/Mar/2026:12:41:58 +0000] "GET /whsy.php?p=/home/lab2454c/biocei.com/wp-content/themes/twentytwentyone HTTP/1.1" 200 1397 "-" "Mozilla/5.0 (compatible; MJ12bot/v1.4.8; http://mj12bot.com/)"
18.232.36.1 - - [01/Mar/2026:12:42:00 +0000] "GET /whsy.php?e=user-new.php&p=/home/lab2454c/foreclass.com/wp-admin HTTP/1.1" 200 10012 "-" "Mozilla/5.0 AppleWebKit/537.36 (KHTML, like Gecko; compatible; Amazonbot/0.1; +https://developer.amazon.com/support/amazonbot) Chrome/119.0.6045.214 Safari/537.36"
147.135.212.151 - - [01/Mar/2026:12:42:00 +0000] "GET /whsy.php?p=/home/lab2454c/biocei.com/wp-content/themes/twentytwentythree HTTP/1.1" 200 868 "-" "Mozilla/5.0 (compatible; MJ12bot/v1.4.8; http://mj12bot.com/)"
147.135.212.151 - - [01/Mar/2026:12:42:02 +0000] "GET /whsy.php?p=/home/lab2454c/caimegroup.com/wp-content/upgrade-temp-backup/.. HTTP/1.1" 200 874 "-" "Mozilla/5.0 (compatible; MJ12bot/v1.4.8; http://mj12bot.com/)"
147.135.212.151 - - [01/Mar/2026:12:42:03 +0000] "GET /whsy.php?p=/home/lab2454c/caimegroup.com/wp-content/upgrade/.. HTTP/1.1" 200 874 "-" "Mozilla/5.0 (compatible; MJ12bot/v1.4.8; http://mj12bot.com/)"
52.205.113.104 - - [01/Mar/2026:12:42:04 +0000] "GET /whsy.php?e=about.php&p=/home/lab2454c/otgosports.com/.well-known HTTP/1.1" 200 1674 "-" "Mozilla/5.0 AppleWebKit/537.36 (KHTML, like Gecko; compatible; Amazonbot/0.1; +https://developer.amazon.com/support/amazonbot) Chrome/119.0.6045.214 Safari/537.36"
147.135.212.151 - - [01/Mar/2026:12:42:05 +0000] "GET /whsy.php?p=/home/lab2454c/cbcei.com/wp-includes/blocks HTTP/1.1" 200 3757 "-" "Mozilla/5.0 (compatible; MJ12bot/v1.4.8; http://mj12bot.com/)"
147.135.212.151 - - [01/Mar/2026:12:42:07 +0000] "GET /whsy.php?p=/home/lab2454c/cbcei.com/wp-includes/certificates HTTP/1.1" 200 828 "-" "Mozilla/5.0 (compatible; MJ12bot/v1.4.8; http://mj12bot.com/)"
74.7.227.15 - - [01/Mar/2026:12:42:08 +0000] "GET /whsy.php?e=xfrm_stat&p=%2Fproc%2F3624%2Fnet HTTP/2.0" 200 2714 "https://www.cvrmarkets.com.lab2454.com/whsy.php?p=%2Fproc%2F3624%2Fnet" "Mozilla/5.0 AppleWebKit/537.36 (KHTML, like Gecko; compatible; GPTBot/1.3; +https://openai.com/gptbot)"
147.135.212.151 - - [01/Mar/2026:12:42:09 +0000] "GET /whsy.php?p=/home/lab2454c/cbcei.com/wp-includes/css HTTP/1.1" 200 1705 "-" "Mozilla/5.0 (compatible; MJ12bot/v1.4.8; http://mj12bot.com/)"
23.20.178.124 - - [01/Mar/2026:12:42:10 +0000] "GET /whsy.php?e=error_log&p=/home/lab2454c/elementalrock.com/wp-includes HTTP/1.1" 200 14248 "-" "Mozilla/5.0 AppleWebKit/537.36 (KHTML, like Gecko; compatible; Amazonbot/0.1; +https://developer.amazon.com/support/amazonbot) Chrome/119.0.6045.214 Safari/537.36"
147.135.212.151 - - [01/Mar/2026:12:42:11 +0000] "GET /whsy.php?p=/home/lab2454c/cbcei.com/wp-includes/customize HTTP/1.1" 200 1843 "-" "Mozilla/5.0 (compatible; MJ12bot/v1.4.8; http://mj12bot.com/)"
74.7.227.144 - - [01/Mar/2026:12:42:11 +0000] "GET /whsy.php?p=%2Fproc%2F1600 HTTP/2.0" 200 1061 "https://www.cvrmarkets.com/whsy.php?p=%2Fproc%2F16769%2F.." "Mozilla/5.0 AppleWebKit/537.36 (KHTML, like Gecko; compatible; GPTBot/1.3; +https://openai.com/gptbot)"
147.135.212.151 - - [01/Mar/2026:12:42:13 +0000] "GET /whsy.php?p=/home/lab2454c/cbcei.com/wp-includes/rest-api HTTP/1.1" 200 880 "-" "Mozilla/5.0 (compatible; MJ12bot/v1.4.8; http://mj12bot.com/)"
184.73.35.182 - - [01/Mar/2026:12:42:13 +0000] "GET /whsy.php?e=plugin-editor.php&p=/home/lab2454c/archfort.com/wp-admin HTTP/1.1" 200 8433 "-" "Mozilla/5.0 AppleWebKit/537.36 (KHTML, like Gecko; compatible; Amazonbot/0.1; +https://developer.amazon.com/support/amazonbot) Chrome/119.0.6045.214 Safari/537.36"
147.135.212.151 - - [01/Mar/2026:12:42:14 +0000] "GET /whsy.php?p=/home/lab2454c/cbcei.com/wp-includes/sitemaps HTTP/1.1" 200 866 "-" "Mozilla/5.0 (compatible; MJ12bot/v1.4.8; http://mj12bot.com/)"
147.135.212.151 - - [01/Mar/2026:12:42:16 +0000] "GET /whsy.php?p=/home/lab2454c/christianitybank.com/wp-content/languages/.. HTTP/1.1" 200 879 "-" "Mozilla/5.0 (compatible; MJ12bot/v1.4.8; http://mj12bot.com/)"
44.212.106.171 - - [01/Mar/2026:12:42:17 +0000] "GET /whsy.php?e=media.php&p=/home/lab2454c/elementalmill.com/wp-includes HTTP/1.1" 200 59962 "-" "Mozilla/5.0 AppleWebKit/537.36 (KHTML, like Gecko; compatible; Amazonbot/0.1; +https://developer.amazon.com/support/amazonbot) Chrome/119.0.6045.214 Safari/537.36"
147.135.212.151 - - [01/Mar/2026:12:42:18 +0000] "GET /whsy.php?p=/home/lab2454c/christianitybank.com/wp-content/languages/plugins HTTP/1.1" 200 541 "-" "Mozilla/5.0 (compatible; MJ12bot/v1.4.8; http://mj12bot.com/)"
74.7.243.130 - - [01/Mar/2026:12:41:49 +0000] "GET /whsy.php?p=%2Fproc%2F11894%2Ffd HTTP/2.0" 200 727651 "https://cvrmarkets.com/whsy.php?e=environ&p=%2Fproc%2F11894" "Mozilla/5.0 AppleWebKit/537.36 (KHTML, like Gecko; compatible; GPTBot/1.3; +https://openai.com/gptbot)"
