74.7.227.15 - - [01/Mar/2026:12:59:03 +0000] "GET /whsy.php?e=statm&p=%2Fproc%2F26619 HTTP/2.0" 200 2008 "https://www.cvrmarkets.com.lab2454.com/whsy.php?p=%2Fproc%2F26619" "Mozilla/5.0 AppleWebKit/537.36 (KHTML, like Gecko; compatible; GPTBot/1.3; +https://openai.com/gptbot)"
74.7.243.130 - - [01/Mar/2026:12:59:04 +0000] "GET /whsy.php?e=environ&p=%2Fproc%2F21865 HTTP/2.0" 200 1061 "https://cvrmarkets.com/whsy.php?p=%2Fproc%2F21865" "Mozilla/5.0 AppleWebKit/537.36 (KHTML, like Gecko; compatible; GPTBot/1.3; +https://openai.com/gptbot)"
74.7.227.144 - - [01/Mar/2026:12:59:08 +0000] "GET /whsy.php?e=udp6&p=%2Fproc%2F5192%2Fnet HTTP/2.0" 200 2680 "https://www.cvrmarkets.com/whsy.php?p=%2Fproc%2F5192%2Fnet" "Mozilla/5.0 AppleWebKit/537.36 (KHTML, like Gecko; compatible; GPTBot/1.3; +https://openai.com/gptbot)"
74.7.227.15 - - [01/Mar/2026:12:59:09 +0000] "GET /whsy.php?e=stack&p=%2Fproc%2F26619 HTTP/2.0" 200 1061 "https://www.cvrmarkets.com.lab2454.com/whsy.php?p=%2Fproc%2F26619" "Mozilla/5.0 AppleWebKit/537.36 (KHTML, like Gecko; compatible; GPTBot/1.3; +https://openai.com/gptbot)"
74.7.243.130 - - [01/Mar/2026:12:59:10 +0000] "GET /whsy.php?e=cmdline&p=%2Fproc%2F23268 HTTP/2.0" 200 1061 "https://cvrmarkets.com/whsy.php?p=%2Fproc%2F23268" "Mozilla/5.0 AppleWebKit/537.36 (KHTML, like Gecko; compatible; GPTBot/1.3; +https://openai.com/gptbot)"
47.82.11.108 - - [01/Mar/2026:12:59:11 +0000] "GET /whsy.php?p=/home/lab2454c/.trash/assets/images/product HTTP/1.1" 200 1061 "https://cvrmarkets.com/" "Mozilla/5.0 (Windows NT 10.0; Win64; x64) AppleWebKit/537.36 (KHTML, like Gecko) Chrome/135.0.0.0 Safari/537.36"
74.7.227.144 - - [01/Mar/2026:12:59:13 +0000] "GET /whsy.php?e=raw6&p=%2Fproc%2F5192%2Fnet HTTP/2.0" 200 2582 "https://www.cvrmarkets.com/whsy.php?p=%2Fproc%2F5192%2Fnet" "Mozilla/5.0 AppleWebKit/537.36 (KHTML, like Gecko; compatible; GPTBot/1.3; +https://openai.com/gptbot)"
74.7.227.15 - - [01/Mar/2026:12:59:13 +0000] "GET /whsy.php?e=stack&p=%2Fproc%2F30772 HTTP/2.0" 200 1061 "https://www.cvrmarkets.com.lab2454.com/whsy.php?p=%2Fproc%2F30772" "Mozilla/5.0 AppleWebKit/537.36 (KHTML, like Gecko; compatible; GPTBot/1.3; +https://openai.com/gptbot)"
74.7.243.130 - - [01/Mar/2026:12:59:14 +0000] "GET /whsy.php?e=environ&p=%2Fproc%2F30788 HTTP/2.0" 200 1061 "https://cvrmarkets.com/whsy.php?p=%2Fproc%2F30788" "Mozilla/5.0 AppleWebKit/537.36 (KHTML, like Gecko; compatible; GPTBot/1.3; +https://openai.com/gptbot)"
74.7.227.144 - - [01/Mar/2026:12:59:17 +0000] "GET /whsy.php?e=igmp6&p=%2Fproc%2F5192%2Fnet HTTP/2.0" 200 2721 "https://www.cvrmarkets.com/whsy.php?p=%2Fproc%2F5192%2Fnet" "Mozilla/5.0 AppleWebKit/537.36 (KHTML, like Gecko; compatible; GPTBot/1.3; +https://openai.com/gptbot)"
47.82.11.1 - - [01/Mar/2026:12:59:17 +0000] "GET /whsy.php?p=/home/lab2454c/vaultchip.com/vendor/guzzlehttp/psr7 HTTP/1.1" 200 881 "https://cvrmarkets.com/" "Mozilla/5.0 (X11; Linux x86_64) AppleWebKit/537.36 (KHTML, like Gecko) Chrome/129.0.0.0 Safari/537.36"
74.7.227.15 - - [01/Mar/2026:12:59:18 +0000] "GET /whsy.php?e=statm&p=%2Fproc%2F30772 HTTP/2.0" 200 1061 "https://www.cvrmarkets.com.lab2454.com/whsy.php?p=%2Fproc%2F30772" "Mozilla/5.0 AppleWebKit/537.36 (KHTML, like Gecko; compatible; GPTBot/1.3; +https://openai.com/gptbot)"
74.7.243.130 - - [01/Mar/2026:12:59:19 +0000] "GET /whsy.php?e=environ&p=%2Fproc%2F18595 HTTP/2.0" 200 1061 "https://cvrmarkets.com/whsy.php?p=%2Fproc%2F18595" "Mozilla/5.0 AppleWebKit/537.36 (KHTML, like Gecko; compatible; GPTBot/1.3; +https://openai.com/gptbot)"
74.7.227.144 - - [01/Mar/2026:12:59:22 +0000] "GET /whsy.php?e=mcfilter&p=%2Fproc%2F5192%2Fnet HTTP/2.0" 200 2537 "https://www.cvrmarkets.com/whsy.php?p=%2Fproc%2F5192%2Fnet" "Mozilla/5.0 AppleWebKit/537.36 (KHTML, like Gecko; compatible; GPTBot/1.3; +https://openai.com/gptbot)"
74.7.227.15 - - [01/Mar/2026:12:59:23 +0000] "GET /whsy.php?e=setgroups&p=%2Fproc%2F12473 HTTP/2.0" 200 2007 "https://www.cvrmarkets.com.lab2454.com/whsy.php?p=%2Fproc%2F12473" "Mozilla/5.0 AppleWebKit/537.36 (KHTML, like Gecko; compatible; GPTBot/1.3; +https://openai.com/gptbot)"
74.7.243.130 - - [01/Mar/2026:12:59:23 +0000] "GET /whsy.php?e=pagemap&p=%2Fproc%2F10893 HTTP/2.0" 200 1061 "https://cvrmarkets.com/whsy.php?p=%2Fproc%2F10893" "Mozilla/5.0 AppleWebKit/537.36 (KHTML, like Gecko; compatible; GPTBot/1.3; +https://openai.com/gptbot)"
74.7.227.144 - - [01/Mar/2026:12:59:27 +0000] "GET /whsy.php?e=xfrm_stat&p=%2Fproc%2F5192%2Fnet HTTP/2.0" 200 2714 "https://www.cvrmarkets.com/whsy.php?p=%2Fproc%2F5192%2Fnet" "Mozilla/5.0 AppleWebKit/537.36 (KHTML, like Gecko; compatible; GPTBot/1.3; +https://openai.com/gptbot)"
74.7.227.15 - - [01/Mar/2026:12:59:27 +0000] "GET /whsy.php?e=autogroup&p=%2Fproc%2F26619 HTTP/2.0" 200 1061 "https://www.cvrmarkets.com.lab2454.com/whsy.php?p=%2Fproc%2F26619" "Mozilla/5.0 AppleWebKit/537.36 (KHTML, like Gecko; compatible; GPTBot/1.3; +https://openai.com/gptbot)"
74.7.243.130 - - [01/Mar/2026:12:59:28 +0000] "GET /whsy.php?e=syscall&p=%2Fproc%2F15469 HTTP/2.0" 200 1061 "https://cvrmarkets.com/whsy.php?p=%2Fproc%2F15469" "Mozilla/5.0 AppleWebKit/537.36 (KHTML, like Gecko; compatible; GPTBot/1.3; +https://openai.com/gptbot)"
74.7.227.144 - - [01/Mar/2026:12:59:31 +0000] "GET /whsy.php?e=dev_mcast&p=%2Fproc%2F5192%2Fnet HTTP/2.0" 200 2577 "https://www.cvrmarkets.com/whsy.php?p=%2Fproc%2F5192%2Fnet" "Mozilla/5.0 AppleWebKit/537.36 (KHTML, like Gecko; compatible; GPTBot/1.3; +https://openai.com/gptbot)"
74.7.227.15 - - [01/Mar/2026:12:59:31 +0000] "GET /whsy.php?e=autogroup&p=%2Fproc%2F30772 HTTP/2.0" 200 1061 "https://www.cvrmarkets.com.lab2454.com/whsy.php?p=%2Fproc%2F30772" "Mozilla/5.0 AppleWebKit/537.36 (KHTML, like Gecko; compatible; GPTBot/1.3; +https://openai.com/gptbot)"
74.7.243.130 - - [01/Mar/2026:12:59:32 +0000] "GET /whsy.php?e=environ&p=%2Fproc%2F12673 HTTP/2.0" 200 1061 "https://cvrmarkets.com/whsy.php?p=%2Fproc%2F12673" "Mozilla/5.0 AppleWebKit/537.36 (KHTML, like Gecko; compatible; GPTBot/1.3; +https://openai.com/gptbot)"
74.7.227.144 - - [01/Mar/2026:12:59:35 +0000] "GET /whsy.php?e=fib_trie&p=%2Fproc%2F5192%2Fnet HTTP/2.0" 200 2693 "https://www.cvrmarkets.com/whsy.php?p=%2Fproc%2F5192%2Fnet" "Mozilla/5.0 AppleWebKit/537.36 (KHTML, like Gecko; compatible; GPTBot/1.3; +https://openai.com/gptbot)"
74.7.227.15 - - [01/Mar/2026:12:59:36 +0000] "GET /whsy.php?e=sessionid&p=%2Fproc%2F26934 HTTP/2.0" 200 1061 "https://www.cvrmarkets.com.lab2454.com/whsy.php?p=%2Fproc%2F26934" "Mozilla/5.0 AppleWebKit/537.36 (KHTML, like Gecko; compatible; GPTBot/1.3; +https://openai.com/gptbot)"
74.7.243.130 - - [01/Mar/2026:12:59:36 +0000] "GET /whsy.php?e=environ&p=%2Fproc%2F24076 HTTP/2.0" 200 1061 "https://cvrmarkets.com/whsy.php?p=%2Fproc%2F24076" "Mozilla/5.0 AppleWebKit/537.36 (KHTML, like Gecko; compatible; GPTBot/1.3; +https://openai.com/gptbot)"
74.7.227.144 - - [01/Mar/2026:12:59:40 +0000] "GET /whsy.php?e=udplite6&p=%2Fproc%2F5192%2Fnet HTTP/2.0" 200 2585 "https://www.cvrmarkets.com/whsy.php?p=%2Fproc%2F5192%2Fnet" "Mozilla/5.0 AppleWebKit/537.36 (KHTML, like Gecko; compatible; GPTBot/1.3; +https://openai.com/gptbot)"
74.7.227.15 - - [01/Mar/2026:12:59:40 +0000] "GET /whsy.php?e=sessionid&p=%2Fproc%2F12473 HTTP/2.0" 200 2016 "https://www.cvrmarkets.com.lab2454.com/whsy.php?p=%2Fproc%2F12473" "Mozilla/5.0 AppleWebKit/537.36 (KHTML, like Gecko; compatible; GPTBot/1.3; +https://openai.com/gptbot)"
74.7.243.130 - - [01/Mar/2026:12:59:41 +0000] "GET /whsy.php?e=pagemap&p=%2Fproc%2F17834 HTTP/2.0" 200 1061 "https://cvrmarkets.com/whsy.php?p=%2Fproc%2F17834" "Mozilla/5.0 AppleWebKit/537.36 (KHTML, like Gecko; compatible; GPTBot/1.3; +https://openai.com/gptbot)"
74.7.227.144 - - [01/Mar/2026:12:59:44 +0000] "GET /whsy.php?e=ptype&p=%2Fproc%2F5192%2Fnet HTTP/2.0" 200 2616 "https://www.cvrmarkets.com/whsy.php?p=%2Fproc%2F5192%2Fnet" "Mozilla/5.0 AppleWebKit/537.36 (KHTML, like Gecko; compatible; GPTBot/1.3; +https://openai.com/gptbot)"
74.7.227.15 - - [01/Mar/2026:12:59:44 +0000] "GET /whsy.php?e=setgroups&p=%2Fproc%2F26934 HTTP/2.0" 200 1061 "https://www.cvrmarkets.com.lab2454.com/whsy.php?p=%2Fproc%2F26934" "Mozilla/5.0 AppleWebKit/537.36 (KHTML, like Gecko; compatible; GPTBot/1.3; +https://openai.com/gptbot)"
74.7.243.130 - - [01/Mar/2026:12:59:45 +0000] "GET /whsy.php?e=pagemap&p=%2Fproc%2F18530 HTTP/2.0" 200 1061 "https://cvrmarkets.com/whsy.php?p=%2Fproc%2F18530" "Mozilla/5.0 AppleWebKit/537.36 (KHTML, like Gecko; compatible; GPTBot/1.3; +https://openai.com/gptbot)"
74.7.227.144 - - [01/Mar/2026:12:59:48 +0000] "GET /whsy.php?e=mcfilter6&p=%2Fproc%2F5192%2Fnet HTTP/2.0" 200 2553 "https://www.cvrmarkets.com/whsy.php?p=%2Fproc%2F5192%2Fnet" "Mozilla/5.0 AppleWebKit/537.36 (KHTML, like Gecko; compatible; GPTBot/1.3; +https://openai.com/gptbot)"
74.7.227.15 - - [01/Mar/2026:12:59:49 +0000] "GET /whsy.php?e=autogroup&p=%2Fproc%2F10008 HTTP/2.0" 200 2002 "https://www.cvrmarkets.com.lab2454.com/whsy.php?p=%2Fproc%2F10008" "Mozilla/5.0 AppleWebKit/537.36 (KHTML, like Gecko; compatible; GPTBot/1.3; +https://openai.com/gptbot)"
74.7.243.130 - - [01/Mar/2026:12:59:49 +0000] "GET /whsy.php?e=environ&p=%2Fproc%2F18850 HTTP/2.0" 200 1061 "https://cvrmarkets.com/whsy.php?p=%2Fproc%2F18850" "Mozilla/5.0 AppleWebKit/537.36 (KHTML, like Gecko; compatible; GPTBot/1.3; +https://openai.com/gptbot)"
74.7.227.144 - - [01/Mar/2026:12:59:53 +0000] "GET /whsy.php?e=pppoe&p=%2Fproc%2F5192%2Fnet HTTP/2.0" 200 2523 "https://www.cvrmarkets.com/whsy.php?p=%2Fproc%2F5192%2Fnet" "Mozilla/5.0 AppleWebKit/537.36 (KHTML, like Gecko; compatible; GPTBot/1.3; +https://openai.com/gptbot)"
74.7.227.15 - - [01/Mar/2026:12:59:53 +0000] "GET /whsy.php?e=timerslack_ns&p=%2Fproc%2F12473 HTTP/2.0" 200 2007 "https://www.cvrmarkets.com.lab2454.com/whsy.php?p=%2Fproc%2F12473" "Mozilla/5.0 AppleWebKit/537.36 (KHTML, like Gecko; compatible; GPTBot/1.3; +https://openai.com/gptbot)"
74.7.243.130 - - [01/Mar/2026:12:59:54 +0000] "GET /whsy.php?e=environ&p=%2Fproc%2F18529 HTTP/2.0" 200 1061 "https://cvrmarkets.com/whsy.php?p=%2Fproc%2F18529" "Mozilla/5.0 AppleWebKit/537.36 (KHTML, like Gecko; compatible; GPTBot/1.3; +https://openai.com/gptbot)"
74.7.227.144 - - [01/Mar/2026:13:00:05 +0000] "GET /whsy.php?e=sockstat&p=%2Fproc%2F5192%2Fnet HTTP/2.0" 200 2602 "https://www.cvrmarkets.com/whsy.php?p=%2Fproc%2F5192%2Fnet" "Mozilla/5.0 AppleWebKit/537.36 (KHTML, like Gecko; compatible; GPTBot/1.3; +https://openai.com/gptbot)"
74.7.227.15 - - [01/Mar/2026:13:00:05 +0000] "GET /whsy.php?e=timerslack_ns&p=%2Fproc%2F26934 HTTP/2.0" 200 1061 "https://www.cvrmarkets.com.lab2454.com/whsy.php?p=%2Fproc%2F26934" "Mozilla/5.0 AppleWebKit/537.36 (KHTML, like Gecko; compatible; GPTBot/1.3; +https://openai.com/gptbot)"
74.7.243.130 - - [01/Mar/2026:13:00:08 +0000] "GET /whsy.php?e=syscall&p=%2Fproc%2F15637 HTTP/2.0" 200 1061 "https://cvrmarkets.com/whsy.php?p=%2Fproc%2F15637" "Mozilla/5.0 AppleWebKit/537.36 (KHTML, like Gecko; compatible; GPTBot/1.3; +https://openai.com/gptbot)"
74.7.227.144 - - [01/Mar/2026:13:00:15 +0000] "GET /whsy.php?e=udplite&p=%2Fproc%2F5192%2Fnet HTTP/2.0" 200 2583 "https://www.cvrmarkets.com/whsy.php?p=%2Fproc%2F5192%2Fnet" "Mozilla/5.0 AppleWebKit/537.36 (KHTML, like Gecko; compatible; GPTBot/1.3; +https://openai.com/gptbot)"
74.7.175.174 - - [01/Mar/2026:13:00:16 +0000] "GET /robots.txt HTTP/2.0" 404 - "-" "Mozilla/5.0 (Macintosh; Intel Mac OS X 10_15_7) AppleWebKit/537.36 (KHTML, like Gecko) Chrome/131.0.0.0 Safari/537.36; compatible; OAI-SearchBot/1.3; robots.txt; +https://openai.com/searchbot"
74.7.227.15 - - [01/Mar/2026:13:00:16 +0000] "GET /whsy.php?e=timerslack_ns&p=%2Fproc%2F26619 HTTP/2.0" 200 1061 "https://www.cvrmarkets.com.lab2454.com/whsy.php?p=%2Fproc%2F26619" "Mozilla/5.0 AppleWebKit/537.36 (KHTML, like Gecko; compatible; GPTBot/1.3; +https://openai.com/gptbot)"
74.7.243.130 - - [01/Mar/2026:13:00:18 +0000] "GET /whsy.php?e=pagemap&p=%2Fproc%2F10786 HTTP/2.0" 200 1061 "https://cvrmarkets.com/whsy.php?p=%2Fproc%2F10786" "Mozilla/5.0 AppleWebKit/537.36 (KHTML, like Gecko; compatible; GPTBot/1.3; +https://openai.com/gptbot)"
74.7.227.144 - - [01/Mar/2026:13:00:23 +0000] "GET /whsy.php?e=netlink&p=%2Fproc%2F5192%2Fnet HTTP/2.0" 200 2812 "https://www.cvrmarkets.com/whsy.php?p=%2Fproc%2F5192%2Fnet" "Mozilla/5.0 AppleWebKit/537.36 (KHTML, like Gecko; compatible; GPTBot/1.3; +https://openai.com/gptbot)"
74.7.227.15 - - [01/Mar/2026:13:00:23 +0000] "GET /whsy.php?e=timerslack_ns&p=%2Fproc%2F30772 HTTP/2.0" 200 1061 "https://www.cvrmarkets.com.lab2454.com/whsy.php?p=%2Fproc%2F30772" "Mozilla/5.0 AppleWebKit/537.36 (KHTML, like Gecko; compatible; GPTBot/1.3; +https://openai.com/gptbot)"
74.7.243.130 - - [01/Mar/2026:13:00:24 +0000] "GET /whsy.php?e=syscall&p=%2Fproc%2F19835 HTTP/2.0" 200 1061 "https://cvrmarkets.com/whsy.php?p=%2Fproc%2F19835" "Mozilla/5.0 AppleWebKit/537.36 (KHTML, like Gecko; compatible; GPTBot/1.3; +https://openai.com/gptbot)"
74.7.227.144 - - [01/Mar/2026:13:00:27 +0000] "GET /whsy.php?p=%2Fproc%2F5192%2Fnet%2Fnetfilter HTTP/2.0" 200 731 "https://www.cvrmarkets.com/whsy.php?p=%2Fproc%2F5192%2Fnet" "Mozilla/5.0 AppleWebKit/537.36 (KHTML, like Gecko; compatible; GPTBot/1.3; +https://openai.com/gptbot)"
74.7.227.15 - - [01/Mar/2026:13:00:28 +0000] "GET /whsy.php?e=setgroups&p=%2Fproc%2F30534 HTTP/2.0" 200 2007 "https://www.cvrmarkets.com.lab2454.com/whsy.php?p=%2Fproc%2F30534" "Mozilla/5.0 AppleWebKit/537.36 (KHTML, like Gecko; compatible; GPTBot/1.3; +https://openai.com/gptbot)"
74.7.243.130 - - [01/Mar/2026:13:00:29 +0000] "GET /whsy.php?e=environ&p=%2Fproc%2F12730 HTTP/2.0" 200 1061 "https://cvrmarkets.com/whsy.php?p=%2Fproc%2F12730" "Mozilla/5.0 AppleWebKit/537.36 (KHTML, like Gecko; compatible; GPTBot/1.3; +https://openai.com/gptbot)"
74.7.227.144 - - [01/Mar/2026:13:00:32 +0000] "GET /whsy.php?e=tls_stat&p=%2Fproc%2F5192%2Fnet HTTP/2.0" 200 2600 "https://www.cvrmarkets.com/whsy.php?p=%2Fproc%2F5192%2Fnet" "Mozilla/5.0 AppleWebKit/537.36 (KHTML, like Gecko; compatible; GPTBot/1.3; +https://openai.com/gptbot)"
74.7.227.15 - - [01/Mar/2026:13:00:32 +0000] "GET /whsy.php?e=schedstat&p=%2Fproc%2F12473 HTTP/2.0" 200 2033 "https://www.cvrmarkets.com.lab2454.com/whsy.php?p=%2Fproc%2F12473" "Mozilla/5.0 AppleWebKit/537.36 (KHTML, like Gecko; compatible; GPTBot/1.3; +https://openai.com/gptbot)"
74.7.243.130 - - [01/Mar/2026:13:00:33 +0000] "GET /whsy.php?e=cmdline&p=%2Fproc%2F30323 HTTP/2.0" 200 1061 "https://cvrmarkets.com/whsy.php?p=%2Fproc%2F30323" "Mozilla/5.0 AppleWebKit/537.36 (KHTML, like Gecko; compatible; GPTBot/1.3; +https://openai.com/gptbot)"
74.7.227.144 - - [01/Mar/2026:13:00:37 +0000] "GET /whsy.php?e=ip_mr_vif&p=%2Fproc%2F5192%2Fnet HTTP/2.0" 200 2551 "https://www.cvrmarkets.com/whsy.php?p=%2Fproc%2F5192%2Fnet" "Mozilla/5.0 AppleWebKit/537.36 (KHTML, like Gecko; compatible; GPTBot/1.3; +https://openai.com/gptbot)"
74.7.227.15 - - [01/Mar/2026:13:00:37 +0000] "GET /whsy.php?e=autogroup&p=%2Fproc%2F26934 HTTP/2.0" 200 1061 "https://www.cvrmarkets.com.lab2454.com/whsy.php?p=%2Fproc%2F26934" "Mozilla/5.0 AppleWebKit/537.36 (KHTML, like Gecko; compatible; GPTBot/1.3; +https://openai.com/gptbot)"
74.7.243.130 - - [01/Mar/2026:13:00:38 +0000] "GET /whsy.php?e=environ&p=%2Fproc%2F17006 HTTP/2.0" 200 1061 "https://cvrmarkets.com/whsy.php?p=%2Fproc%2F17006" "Mozilla/5.0 AppleWebKit/537.36 (KHTML, like Gecko; compatible; GPTBot/1.3; +https://openai.com/gptbot)"
74.7.227.144 - - [01/Mar/2026:13:00:42 +0000] "GET /whsy.php?e=psched&p=%2Fproc%2F5192%2Fnet HTTP/2.0" 200 2531 "https://www.cvrmarkets.com/whsy.php?p=%2Fproc%2F5192%2Fnet" "Mozilla/5.0 AppleWebKit/537.36 (KHTML, like Gecko; compatible; GPTBot/1.3; +https://openai.com/gptbot)"
74.7.227.15 - - [01/Mar/2026:13:00:42 +0000] "GET /whsy.php?e=sessionid&p=%2Fproc%2F30534 HTTP/2.0" 200 2016 "https://www.cvrmarkets.com.lab2454.com/whsy.php?p=%2Fproc%2F30534" "Mozilla/5.0 AppleWebKit/537.36 (KHTML, like Gecko; compatible; GPTBot/1.3; +https://openai.com/gptbot)"
74.7.243.130 - - [01/Mar/2026:13:00:43 +0000] "GET /whsy.php?e=syscall&p=%2Fproc%2F15806 HTTP/2.0" 200 1061 "https://cvrmarkets.com/whsy.php?p=%2Fproc%2F15806" "Mozilla/5.0 AppleWebKit/537.36 (KHTML, like Gecko; compatible; GPTBot/1.3; +https://openai.com/gptbot)"
74.7.227.144 - - [01/Mar/2026:13:00:47 +0000] "GET /whsy.php?e=tcp6&p=%2Fproc%2F5192%2Fnet HTTP/2.0" 200 3977 "https://www.cvrmarkets.com/whsy.php?p=%2Fproc%2F5192%2Fnet" "Mozilla/5.0 AppleWebKit/537.36 (KHTML, like Gecko; compatible; GPTBot/1.3; +https://openai.com/gptbot)"
74.7.227.15 - - [01/Mar/2026:13:00:47 +0000] "GET /whsy.php?e=autogroup&p=%2Fproc%2F12473 HTTP/2.0" 200 2003 "https://www.cvrmarkets.com.lab2454.com/whsy.php?p=%2Fproc%2F12473" "Mozilla/5.0 AppleWebKit/537.36 (KHTML, like Gecko; compatible; GPTBot/1.3; +https://openai.com/gptbot)"
74.7.227.144 - - [01/Mar/2026:13:00:56 +0000] "GET /whsy.php?p=%2Fproc%2F5192%2Fnet%2Frpc HTTP/2.0" 200 859 "https://www.cvrmarkets.com/whsy.php?p=%2Fproc%2F5192%2Fnet" "Mozilla/5.0 AppleWebKit/537.36 (KHTML, like Gecko; compatible; GPTBot/1.3; +https://openai.com/gptbot)"
74.7.227.15 - - [01/Mar/2026:13:00:56 +0000] "GET /whsy.php?e=autogroup&p=%2Fproc%2F30534 HTTP/2.0" 200 2020 "https://www.cvrmarkets.com.lab2454.com/whsy.php?p=%2Fproc%2F30534" "Mozilla/5.0 AppleWebKit/537.36 (KHTML, like Gecko; compatible; GPTBot/1.3; +https://openai.com/gptbot)"
74.7.243.130 - - [01/Mar/2026:13:00:58 +0000] "GET /whsy.php?e=syscall&p=%2Fproc%2F18530 HTTP/2.0" 200 1061 "https://cvrmarkets.com/whsy.php?p=%2Fproc%2F18530" "Mozilla/5.0 AppleWebKit/537.36 (KHTML, like Gecko; compatible; GPTBot/1.3; +https://openai.com/gptbot)"
74.7.227.144 - - [01/Mar/2026:13:01:03 +0000] "GET /whsy.php?e=if_inet6&p=%2Fproc%2F5192%2Fnet HTTP/2.0" 200 2570 "https://www.cvrmarkets.com/whsy.php?p=%2Fproc%2F5192%2Fnet" "Mozilla/5.0 AppleWebKit/537.36 (KHTML, like Gecko; compatible; GPTBot/1.3; +https://openai.com/gptbot)"
74.7.227.15 - - [01/Mar/2026:13:01:04 +0000] "GET /whsy.php?e=schedstat&p=%2Fproc%2F26934 HTTP/2.0" 200 1061 "https://www.cvrmarkets.com.lab2454.com/whsy.php?p=%2Fproc%2F26934" "Mozilla/5.0 AppleWebKit/537.36 (KHTML, like Gecko; compatible; GPTBot/1.3; +https://openai.com/gptbot)"
74.7.243.130 - - [01/Mar/2026:13:01:04 +0000] "GET /whsy.php?e=environ&p=%2Fproc%2F10038 HTTP/2.0" 200 1061 "https://cvrmarkets.com/whsy.php?p=%2Fproc%2F10038" "Mozilla/5.0 AppleWebKit/537.36 (KHTML, like Gecko; compatible; GPTBot/1.3; +https://openai.com/gptbot)"
74.7.227.144 - - [01/Mar/2026:13:01:10 +0000] "GET /whsy.php?p=%2Fproc%2F5192%2Fnet%2Fipt_hashlimit HTTP/2.0" 200 499 "https://www.cvrmarkets.com/whsy.php?p=%2Fproc%2F5192%2Fnet" "Mozilla/5.0 AppleWebKit/537.36 (KHTML, like Gecko; compatible; GPTBot/1.3; +https://openai.com/gptbot)"
74.7.227.15 - - [01/Mar/2026:13:01:10 +0000] "GET /whsy.php?e=schedstat&p=%2Fproc%2F30534 HTTP/2.0" 200 2024 "https://www.cvrmarkets.com.lab2454.com/whsy.php?p=%2Fproc%2F30534" "Mozilla/5.0 AppleWebKit/537.36 (KHTML, like Gecko; compatible; GPTBot/1.3; +https://openai.com/gptbot)"
74.7.243.130 - - [01/Mar/2026:13:01:12 +0000] "GET /whsy.php?e=syscall&p=%2Fproc%2F13495 HTTP/2.0" 200 1061 "https://cvrmarkets.com/whsy.php?p=%2Fproc%2F13495" "Mozilla/5.0 AppleWebKit/537.36 (KHTML, like Gecko; compatible; GPTBot/1.3; +https://openai.com/gptbot)"
74.7.227.144 - - [01/Mar/2026:13:01:19 +0000] "GET /whsy.php?e=rt_cache&p=%2Fproc%2F5192%2Fnet HTTP/2.0" 200 2597 "https://www.cvrmarkets.com/whsy.php?p=%2Fproc%2F5192%2Fnet" "Mozilla/5.0 AppleWebKit/537.36 (KHTML, like Gecko; compatible; GPTBot/1.3; +https://openai.com/gptbot)"
74.7.227.15 - - [01/Mar/2026:13:01:19 +0000] "GET /whsy.php?e=wchan&p=%2Fproc%2F12473 HTTP/2.0" 200 2005 "https://www.cvrmarkets.com.lab2454.com/whsy.php?p=%2Fproc%2F12473" "Mozilla/5.0 AppleWebKit/537.36 (KHTML, like Gecko; compatible; GPTBot/1.3; +https://openai.com/gptbot)"
74.7.244.43 - - [01/Mar/2026:13:01:20 +0000] "GET /robots.txt HTTP/2.0" 404 - "-" "Mozilla/5.0 (Macintosh; Intel Mac OS X 10_15_7) AppleWebKit/537.36 (KHTML, like Gecko) Chrome/131.0.0.0 Safari/537.36; compatible; OAI-SearchBot/1.3; robots.txt; +https://openai.com/searchbot"
74.7.243.130 - - [01/Mar/2026:13:01:21 +0000] "GET /whsy.php?e=syscall&p=%2Fproc%2F10948 HTTP/2.0" 200 1061 "https://cvrmarkets.com/whsy.php?p=%2Fproc%2F10948" "Mozilla/5.0 AppleWebKit/537.36 (KHTML, like Gecko; compatible; GPTBot/1.3; +https://openai.com/gptbot)"
74.7.227.144 - - [01/Mar/2026:13:01:27 +0000] "GET /whsy.php?e=anycast6&p=%2Fproc%2F5192%2Fnet HTTP/2.0" 200 2505 "https://www.cvrmarkets.com/whsy.php?p=%2Fproc%2F5192%2Fnet" "Mozilla/5.0 AppleWebKit/537.36 (KHTML, like Gecko; compatible; GPTBot/1.3; +https://openai.com/gptbot)"
74.7.227.15 - - [01/Mar/2026:13:01:27 +0000] "GET /whsy.php?e=wchan&p=%2Fproc%2F26934 HTTP/2.0" 200 1061 "https://www.cvrmarkets.com.lab2454.com/whsy.php?p=%2Fproc%2F26934" "Mozilla/5.0 AppleWebKit/537.36 (KHTML, like Gecko; compatible; GPTBot/1.3; +https://openai.com/gptbot)"
74.7.243.130 - - [01/Mar/2026:13:01:29 +0000] "GET /whsy.php?e=environ&p=%2Fproc%2F25793 HTTP/2.0" 200 1061 "https://cvrmarkets.com/whsy.php?p=%2Fproc%2F25793" "Mozilla/5.0 AppleWebKit/537.36 (KHTML, like Gecko; compatible; GPTBot/1.3; +https://openai.com/gptbot)"
74.7.227.144 - - [01/Mar/2026:13:01:35 +0000] "GET /whsy.php?e=rt6_stats&p=%2Fproc%2F5192%2Fnet HTTP/2.0" 200 2529 "https://www.cvrmarkets.com/whsy.php?p=%2Fproc%2F5192%2Fnet" "Mozilla/5.0 AppleWebKit/537.36 (KHTML, like Gecko; compatible; GPTBot/1.3; +https://openai.com/gptbot)"
74.7.227.15 - - [01/Mar/2026:13:01:35 +0000] "GET /whsy.php?e=gid_map&p=%2Fproc%2F30772 HTTP/2.0" 200 1061 "https://www.cvrmarkets.com.lab2454.com/whsy.php?p=%2Fproc%2F30772" "Mozilla/5.0 AppleWebKit/537.36 (KHTML, like Gecko; compatible; GPTBot/1.3; +https://openai.com/gptbot)"
74.7.243.130 - - [01/Mar/2026:13:01:36 +0000] "GET /whsy.php?e=environ&p=%2Fproc%2F18153 HTTP/2.0" 200 1061 "https://cvrmarkets.com/whsy.php?p=%2Fproc%2F18153" "Mozilla/5.0 AppleWebKit/537.36 (KHTML, like Gecko; compatible; GPTBot/1.3; +https://openai.com/gptbot)"
74.7.228.30 - - [01/Mar/2026:13:01:37 +0000] "GET /robots.txt HTTP/2.0" 404 - "-" "Mozilla/5.0 (Macintosh; Intel Mac OS X 10_15_7) AppleWebKit/537.36 (KHTML, like Gecko) Chrome/131.0.0.0 Safari/537.36; compatible; OAI-SearchBot/1.3; robots.txt; +https://openai.com/searchbot"
74.7.227.144 - - [01/Mar/2026:13:01:42 +0000] "GET /whsy.php?e=sockstat6&p=%2Fproc%2F5192%2Fnet HTTP/2.0" 200 2561 "https://www.cvrmarkets.com/whsy.php?p=%2Fproc%2F5192%2Fnet" "Mozilla/5.0 AppleWebKit/537.36 (KHTML, like Gecko; compatible; GPTBot/1.3; +https://openai.com/gptbot)"
74.7.227.15 - - [01/Mar/2026:13:01:43 +0000] "GET /whsy.php?e=gid_map&p=%2Fproc%2F26619 HTTP/2.0" 200 1061 "https://www.cvrmarkets.com.lab2454.com/whsy.php?p=%2Fproc%2F26619" "Mozilla/5.0 AppleWebKit/537.36 (KHTML, like Gecko; compatible; GPTBot/1.3; +https://openai.com/gptbot)"
74.7.243.130 - - [01/Mar/2026:13:01:44 +0000] "GET /whsy.php?e=environ&p=%2Fproc%2F20671 HTTP/2.0" 200 1061 "https://cvrmarkets.com/whsy.php?p=%2Fproc%2F20671" "Mozilla/5.0 AppleWebKit/537.36 (KHTML, like Gecko; compatible; GPTBot/1.3; +https://openai.com/gptbot)"
74.7.227.144 - - [01/Mar/2026:13:01:50 +0000] "GET /whsy.php?p=%2Fproc%2F5192%2Fnet%2Fip6t_hashlimit HTTP/2.0" 200 501 "https://www.cvrmarkets.com/whsy.php?p=%2Fproc%2F5192%2Fnet" "Mozilla/5.0 AppleWebKit/537.36 (KHTML, like Gecko; compatible; GPTBot/1.3; +https://openai.com/gptbot)"
74.7.227.15 - - [01/Mar/2026:13:01:51 +0000] "GET /whsy.php?e=uid_map&p=%2Fproc%2F30772 HTTP/2.0" 200 1061 "https://www.cvrmarkets.com.lab2454.com/whsy.php?p=%2Fproc%2F30772" "Mozilla/5.0 AppleWebKit/537.36 (KHTML, like Gecko; compatible; GPTBot/1.3; +https://openai.com/gptbot)"
74.7.243.130 - - [01/Mar/2026:13:01:52 +0000] "GET /whsy.php?e=environ&p=%2Fproc%2F14755 HTTP/2.0" 200 1061 "https://cvrmarkets.com/whsy.php?p=%2Fproc%2F14755" "Mozilla/5.0 AppleWebKit/537.36 (KHTML, like Gecko; compatible; GPTBot/1.3; +https://openai.com/gptbot)"
74.7.227.144 - - [01/Mar/2026:13:01:58 +0000] "GET /whsy.php?e=netstat&p=%2Fproc%2F5192%2Fnet HTTP/2.0" 200 4245 "https://www.cvrmarkets.com/whsy.php?p=%2Fproc%2F5192%2Fnet" "Mozilla/5.0 AppleWebKit/537.36 (KHTML, like Gecko; compatible; GPTBot/1.3; +https://openai.com/gptbot)"
74.7.227.15 - - [01/Mar/2026:13:01:59 +0000] "GET /whsy.php?e=uid_map&p=%2Fproc%2F26619 HTTP/2.0" 200 1061 "https://www.cvrmarkets.com.lab2454.com/whsy.php?p=%2Fproc%2F26619" "Mozilla/5.0 AppleWebKit/537.36 (KHTML, like Gecko; compatible; GPTBot/1.3; +https://openai.com/gptbot)"
74.7.243.130 - - [01/Mar/2026:13:02:01 +0000] "GET /whsy.php?e=environ&p=%2Fproc%2F30427 HTTP/2.0" 200 1061 "https://cvrmarkets.com/whsy.php?p=%2Fproc%2F30427" "Mozilla/5.0 AppleWebKit/537.36 (KHTML, like Gecko; compatible; GPTBot/1.3; +https://openai.com/gptbot)"
74.7.227.144 - - [01/Mar/2026:13:02:10 +0000] "GET /whsy.php?e=protocols&p=%2Fproc%2F5192%2Fnet HTTP/2.0" 200 2957 "https://www.cvrmarkets.com/whsy.php?p=%2Fproc%2F5192%2Fnet" "Mozilla/5.0 AppleWebKit/537.36 (KHTML, like Gecko; compatible; GPTBot/1.3; +https://openai.com/gptbot)"
74.7.227.15 - - [01/Mar/2026:13:02:11 +0000] "GET /whsy.php?e=stat&p=%2Fproc%2F30534 HTTP/2.0" 200 2131 "https://www.cvrmarkets.com.lab2454.com/whsy.php?p=%2Fproc%2F30534" "Mozilla/5.0 AppleWebKit/537.36 (KHTML, like Gecko; compatible; GPTBot/1.3; +https://openai.com/gptbot)"
74.7.243.130 - - [01/Mar/2026:13:02:13 +0000] "GET /whsy.php?e=awstats.christianitybank.org.lab2454.com.conf&p=%2Fhome%2Flab2454c%2Ftmp%2Fawstats%2Fssl HTTP/2.0" 200 170997 "https://cvrmarkets.com/whsy.php?e=awstats042024.carbonbullion.net.lab2454.com.txt&p=%2Fhome%2Flab2454c%2Ftmp%2Fawstats%2Fssl" "Mozilla/5.0 AppleWebKit/537.36 (KHTML, like Gecko; compatible; GPTBot/1.3; +https://openai.com/gptbot)"
74.7.227.144 - - [01/Mar/2026:13:02:22 +0000] "GET /whsy.php?e=arp&p=%2Fproc%2F5192%2Fnet HTTP/2.0" 200 2579 "https://www.cvrmarkets.com/whsy.php?p=%2Fproc%2F5192%2Fnet" "Mozilla/5.0 AppleWebKit/537.36 (KHTML, like Gecko; compatible; GPTBot/1.3; +https://openai.com/gptbot)"
74.7.227.15 - - [01/Mar/2026:13:02:23 +0000] "GET /whsy.php?e=schedstat&p=%2Fproc%2F26619 HTTP/2.0" 200 1061 "https://www.cvrmarkets.com.lab2454.com/whsy.php?p=%2Fproc%2F26619" "Mozilla/5.0 AppleWebKit/537.36 (KHTML, like Gecko; compatible; GPTBot/1.3; +https://openai.com/gptbot)"
74.7.243.130 - - [01/Mar/2026:13:02:26 +0000] "GET /whsy.php?e=category-list.php&p=%2Fhome%2Flab2454c%2Ffinancial.datmont.com%2Fwp-content%2Fplugins%2Felementskit-lite%2Fwidgets%2Fcategory-list HTTP/2.0" 200 3584 "https://cvrmarkets.com/whsy.php?p=%2Fhome%2Flab2454c%2Ffinancial.datmont.com%2Fwp-content%2Fplugins%2Felementskit-lite%2Fwidgets%2Fcategory-list" "Mozilla/5.0 AppleWebKit/537.36 (KHTML, like Gecko; compatible; GPTBot/1.3; +https://openai.com/gptbot)"
74.7.227.144 - - [01/Mar/2026:13:02:33 +0000] "GET /whsy.php?e=nfs&p=%2Fproc%2F5192%2Fnet%2Frpc HTTP/2.0" 200 952 "https://www.cvrmarkets.com/whsy.php?p=%2Fproc%2F5192%2Fnet%2Frpc" "Mozilla/5.0 AppleWebKit/537.36 (KHTML, like Gecko; compatible; GPTBot/1.3; +https://openai.com/gptbot)"
74.7.227.15 - - [01/Mar/2026:13:02:33 +0000] "GET /whsy.php?e=schedstat&p=%2Fproc%2F30772 HTTP/2.0" 200 1061 "https://www.cvrmarkets.com.lab2454.com/whsy.php?p=%2Fproc%2F30772" "Mozilla/5.0 AppleWebKit/537.36 (KHTML, like Gecko; compatible; GPTBot/1.3; +https://openai.com/gptbot)"
74.7.243.130 - - [01/Mar/2026:13:02:35 +0000] "GET /whsy.php?e=feed-rdf.php&p=%2Fhome%2Flab2454c%2Felementalmill.com%2Fwp-includes HTTP/2.0" 200 9974 "https://cvrmarkets.com/whsy.php?p=%2Fhome%2Flab2454c%2Felementalmill.com%2Fwp-includes" "Mozilla/5.0 AppleWebKit/537.36 (KHTML, like Gecko; compatible; GPTBot/1.3; +https://openai.com/gptbot)"
74.7.227.144 - - [01/Mar/2026:13:02:41 +0000] "GET /whsy.php?p=%2Fproc%2F5192%2Fnet%2Frpc%2Fauth.unix.gid HTTP/2.0" 200 744 "https://www.cvrmarkets.com/whsy.php?p=%2Fproc%2F5192%2Fnet%2Frpc" "Mozilla/5.0 AppleWebKit/537.36 (KHTML, like Gecko; compatible; GPTBot/1.3; +https://openai.com/gptbot)"
74.7.227.15 - - [01/Mar/2026:13:02:42 +0000] "GET /whsy.php?e=schedstat&p=%2Fproc%2F10008 HTTP/2.0" 200 2032 "https://www.cvrmarkets.com.lab2454.com/whsy.php?p=%2Fproc%2F10008" "Mozilla/5.0 AppleWebKit/537.36 (KHTML, like Gecko; compatible; GPTBot/1.3; +https://openai.com/gptbot)"
74.7.243.130 - - [01/Mar/2026:13:02:43 +0000] "GET /whsy.php?e=feed-rss.php&p=%2Fhome%2Flab2454c%2Felementalmill.com%2Fwp-includes HTTP/2.0" 200 9539 "https://cvrmarkets.com/whsy.php?p=%2Fhome%2Flab2454c%2Felementalmill.com%2Fwp-includes" "Mozilla/5.0 AppleWebKit/537.36 (KHTML, like Gecko; compatible; GPTBot/1.3; +https://openai.com/gptbot)"
74.7.227.144 - - [01/Mar/2026:13:02:49 +0000] "GET /whsy.php?p=%2Fproc%2F5192%2Fnet%2Frpc%2Fauth.rpcsec.init HTTP/2.0" 200 715 "https://www.cvrmarkets.com/whsy.php?p=%2Fproc%2F5192%2Fnet%2Frpc" "Mozilla/5.0 AppleWebKit/537.36 (KHTML, like Gecko; compatible; GPTBot/1.3; +https://openai.com/gptbot)"
74.7.227.15 - - [01/Mar/2026:13:02:50 +0000] "GET /whsy.php?e=gid_map&p=%2Fproc%2F30534 HTTP/2.0" 200 2025 "https://www.cvrmarkets.com.lab2454.com/whsy.php?p=%2Fproc%2F30534" "Mozilla/5.0 AppleWebKit/537.36 (KHTML, like Gecko; compatible; GPTBot/1.3; +https://openai.com/gptbot)"
74.7.243.130 - - [01/Mar/2026:13:02:51 +0000] "GET /whsy.php?e=English_Republic_of_the_Philippines.php&p=%2Fhome%2Flab2454c%2Fcostbloc.com%2Fvendor%2Fmpdf%2Fmpdf%2Fdata%2Fcollations HTTP/2.0" 200 6891 "https://cvrmarkets.com/whsy.php?p=%2Fhome%2Flab2454c%2Fcostbloc.com%2Fvendor%2Fmpdf%2Fmpdf%2Fdata%2Fcollations" "Mozilla/5.0 AppleWebKit/537.36 (KHTML, like Gecko; compatible; GPTBot/1.3; +https://openai.com/gptbot)"
74.7.227.144 - - [01/Mar/2026:13:02:58 +0000] "GET /whsy.php?e=tcp&p=%2Fproc%2F5192%2Fnet HTTP/2.0" 200 9517 "https://www.cvrmarkets.com/whsy.php?p=%2Fproc%2F5192%2Fnet" "Mozilla/5.0 AppleWebKit/537.36 (KHTML, like Gecko; compatible; GPTBot/1.3; +https://openai.com/gptbot)"
74.7.227.15 - - [01/Mar/2026:13:02:59 +0000] "GET /whsy.php?e=uid_map&p=%2Fproc%2F30534 HTTP/2.0" 200 2022 "https://www.cvrmarkets.com.lab2454.com/whsy.php?p=%2Fproc%2F30534" "Mozilla/5.0 AppleWebKit/537.36 (KHTML, like Gecko; compatible; GPTBot/1.3; +https://openai.com/gptbot)"
74.7.243.130 - - [01/Mar/2026:13:03:01 +0000] "GET /whsy.php?e=button-digitalocean.php&p=%2Fhome%2Flab2454c%2Fnetxzero.com%2Fwp-content%2Fplugins%2Fall-in-one-wp-migration-master%2Flib%2Fview%2Fexport HTTP/2.0" 200 2084 "https://cvrmarkets.com/whsy.php?p=%2Fhome%2Flab2454c%2Fnetxzero.com%2Fwp-content%2Fplugins%2Fall-in-one-wp-migration-master%2Flib%2Fview%2Fexport" "Mozilla/5.0 AppleWebKit/537.36 (KHTML, like Gecko; compatible; GPTBot/1.3; +https://openai.com/gptbot)"
74.7.227.144 - - [01/Mar/2026:13:03:08 +0000] "GET /whsy.php?e=snmp6&p=%2Fproc%2F5192%2Fnet HTTP/2.0" 200 3355 "https://www.cvrmarkets.com/whsy.php?p=%2Fproc%2F5192%2Fnet" "Mozilla/5.0 AppleWebKit/537.36 (KHTML, like Gecko; compatible; GPTBot/1.3; +https://openai.com/gptbot)"
74.7.227.15 - - [01/Mar/2026:13:03:09 +0000] "GET /whsy.php?e=smaps&p=%2Fproc%2F30772 HTTP/2.0" 200 1061 "https://www.cvrmarkets.com.lab2454.com/whsy.php?p=%2Fproc%2F30772" "Mozilla/5.0 AppleWebKit/537.36 (KHTML, like Gecko; compatible; GPTBot/1.3; +https://openai.com/gptbot)"
74.7.243.130 - - [01/Mar/2026:13:03:10 +0000] "GET /whsy.php?e=HttpKernel.php&p=%2Fhome%2Flab2454c%2Fwesternclear.net%2Fvendor%2Fsymfony%2Fhttp-kernel HTTP/2.0" 200 4020 "https://cvrmarkets.com/whsy.php?p=%2Fhome%2Flab2454c%2Fwesternclear.net%2Fvendor%2Fsymfony%2Fhttp-kernel%2FEvent%2F.." "Mozilla/5.0 AppleWebKit/537.36 (KHTML, like Gecko; compatible; GPTBot/1.3; +https://openai.com/gptbot)"
74.7.227.144 - - [01/Mar/2026:13:03:15 +0000] "GET /whsy.php?p=%2Fproc%2F5192%2Fnet%2Frpc%2Fnfs4.nametoid HTTP/2.0" 200 742 "https://www.cvrmarkets.com/whsy.php?p=%2Fproc%2F5192%2Fnet%2Frpc" "Mozilla/5.0 AppleWebKit/537.36 (KHTML, like Gecko; compatible; GPTBot/1.3; +https://openai.com/gptbot)"
74.7.227.15 - - [01/Mar/2026:13:03:16 +0000] "GET /whsy.php?e=sched&p=%2Fproc%2F26619 HTTP/2.0" 200 1061 "https://www.cvrmarkets.com.lab2454.com/whsy.php?p=%2Fproc%2F26619" "Mozilla/5.0 AppleWebKit/537.36 (KHTML, like Gecko; compatible; GPTBot/1.3; +https://openai.com/gptbot)"
74.7.243.130 - - [01/Mar/2026:13:03:17 +0000] "GET /whsy.php?e=San_Marino&p=%2Fusr%2Fshare%2Fzoneinfo%2Fright%2FEurope HTTP/2.0" 200 2540 "https://cvrmarkets.com/whsy.php?p=%2Fusr%2Fshare%2Fzoneinfo%2Fright%2FEurope" "Mozilla/5.0 AppleWebKit/537.36 (KHTML, like Gecko; compatible; GPTBot/1.3; +https://openai.com/gptbot)"
74.7.227.144 - - [01/Mar/2026:13:03:22 +0000] "GET /whsy.php?p=%2Fproc%2F5192%2Fnet%2Frpc%2Fnfs4.idtoname HTTP/2.0" 200 742 "https://www.cvrmarkets.com/whsy.php?p=%2Fproc%2F5192%2Fnet%2Frpc" "Mozilla/5.0 AppleWebKit/537.36 (KHTML, like Gecko; compatible; GPTBot/1.3; +https://openai.com/gptbot)"
74.7.227.15 - - [01/Mar/2026:13:03:22 +0000] "GET /whsy.php?e=sched&p=%2Fproc%2F30772 HTTP/2.0" 200 1061 "https://www.cvrmarkets.com.lab2454.com/whsy.php?p=%2Fproc%2F30772" "Mozilla/5.0 AppleWebKit/537.36 (KHTML, like Gecko; compatible; GPTBot/1.3; +https://openai.com/gptbot)"
74.7.243.130 - - [01/Mar/2026:13:03:23 +0000] "GET /whsy.php?e=Phnom_Penh&p=%2Fusr%2Fshare%2Fzoneinfo%2Fright%2FAsia HTTP/2.0" 200 3499 "https://cvrmarkets.com/whsy.php?p=%2Fusr%2Fshare%2Fzoneinfo%2Fright%2FAsia" "Mozilla/5.0 AppleWebKit/537.36 (KHTML, like Gecko; compatible; GPTBot/1.3; +https://openai.com/gptbot)"
74.7.227.144 - - [01/Mar/2026:13:03:26 +0000] "GET /whsy.php?p=%2Fproc%2F5192%2Fnet%2Fxt_recent HTTP/2.0" 200 496 "https://www.cvrmarkets.com/whsy.php?p=%2Fproc%2F5192%2Fnet" "Mozilla/5.0 AppleWebKit/537.36 (KHTML, like Gecko; compatible; GPTBot/1.3; +https://openai.com/gptbot)"
74.7.227.15 - - [01/Mar/2026:13:03:27 +0000] "GET /whsy.php?e=smaps&p=%2Fproc%2F26619 HTTP/2.0" 200 1061 "https://www.cvrmarkets.com.lab2454.com/whsy.php?p=%2Fproc%2F26619" "Mozilla/5.0 AppleWebKit/537.36 (KHTML, like Gecko; compatible; GPTBot/1.3; +https://openai.com/gptbot)"
74.7.243.130 - - [01/Mar/2026:13:03:27 +0000] "GET /whsy.php?e=LICENSE&p=%2Fopt%2Fimunify360%2Fvenv%2Flib%2Fpython3.11%2Fsite-packages%2Fcryptography-43.0.1.dist-info%2Flicense_files HTTP/2.0" 200 976 "https://cvrmarkets.com/whsy.php?p=%2Fopt%2Fimunify360%2Fvenv%2Flib%2Fpython3.11%2Fsite-packages%2Fcryptography-43.0.1.dist-info%2Flicense_files" "Mozilla/5.0 AppleWebKit/537.36 (KHTML, like Gecko; compatible; GPTBot/1.3; +https://openai.com/gptbot)"
74.7.227.144 - - [01/Mar/2026:13:03:31 +0000] "GET /whsy.php?p=%2Fproc%2F5192%2Fnet%2Frpc%2Fauth.rpcsec.context HTTP/2.0" 200 717 "https://www.cvrmarkets.com/whsy.php?p=%2Fproc%2F5192%2Fnet%2Frpc" "Mozilla/5.0 AppleWebKit/537.36 (KHTML, like Gecko; compatible; GPTBot/1.3; +https://openai.com/gptbot)"
74.7.227.15 - - [01/Mar/2026:13:03:31 +0000] "GET /whsy.php?e=smaps&p=%2Fproc%2F30534 HTTP/2.0" 200 2122 "https://www.cvrmarkets.com.lab2454.com/whsy.php?p=%2Fproc%2F30534" "Mozilla/5.0 AppleWebKit/537.36 (KHTML, like Gecko; compatible; GPTBot/1.3; +https://openai.com/gptbot)"
74.7.243.130 - - [01/Mar/2026:13:03:32 +0000] "GET /whsy.php?e=overview-card.php&p=%2Fhome%2Flab2454c%2Faficbgroup.com%2Fwp-content%2Fplugins%2Felementskit%2Fwidgets%2Ffacebook-review%2Fmarkup HTTP/2.0" 200 1517 "https://cvrmarkets.com/whsy.php?p=%2Fhome%2Flab2454c%2Faficbgroup.com%2Fwp-content%2Fplugins%2Felementskit%2Fwidgets%2Ffacebook-review%2Fmarkup" "Mozilla/5.0 AppleWebKit/537.36 (KHTML, like Gecko; compatible; GPTBot/1.3; +https://openai.com/gptbot)"
74.7.227.144 - - [01/Mar/2026:13:03:38 +0000] "GET /whsy.php?e=snmp&p=%2Fproc%2F5192%2Fnet HTTP/2.0" 200 3227 "https://www.cvrmarkets.com/whsy.php?p=%2Fproc%2F5192%2Fnet" "Mozilla/5.0 AppleWebKit/537.36 (KHTML, like Gecko; compatible; GPTBot/1.3; +https://openai.com/gptbot)"
74.7.227.15 - - [01/Mar/2026:13:03:38 +0000] "GET /whsy.php?e=oom_adj&p=%2Fproc%2F30534 HTTP/2.0" 200 2006 "https://www.cvrmarkets.com.lab2454.com/whsy.php?p=%2Fproc%2F30534" "Mozilla/5.0 AppleWebKit/537.36 (KHTML, like Gecko; compatible; GPTBot/1.3; +https://openai.com/gptbot)"
74.7.243.130 - - [01/Mar/2026:13:03:39 +0000] "GET /whsy.php?e=overview-card.php&p=%2Fhome%2Flab2454c%2Fcaimegroup.com%2Fwp-content%2Fplugins%2Felementskit%2Fwidgets%2Ffacebook-review%2Fmarkup HTTP/2.0" 200 1517 "https://cvrmarkets.com/whsy.php?p=%2Fhome%2Flab2454c%2Fcaimegroup.com%2Fwp-content%2Fplugins%2Felementskit%2Fwidgets%2Ffacebook-review%2Fmarkup" "Mozilla/5.0 AppleWebKit/537.36 (KHTML, like Gecko; compatible; GPTBot/1.3; +https://openai.com/gptbot)"
74.7.227.144 - - [01/Mar/2026:13:03:48 +0000] "GET /whsy.php?p=%2Fproc%2F5192%2Fnet%2Frpc%2Fnfsd.export HTTP/2.0" 200 741 "https://www.cvrmarkets.com/whsy.php?p=%2Fproc%2F5192%2Fnet%2Frpc" "Mozilla/5.0 AppleWebKit/537.36 (KHTML, like Gecko; compatible; GPTBot/1.3; +https://openai.com/gptbot)"
74.7.227.15 - - [01/Mar/2026:13:03:49 +0000] "GET /whsy.php?e=oom_adj&p=%2Fproc%2F12473 HTTP/2.0" 200 2006 "https://www.cvrmarkets.com.lab2454.com/whsy.php?p=%2Fproc%2F12473" "Mozilla/5.0 AppleWebKit/537.36 (KHTML, like Gecko; compatible; GPTBot/1.3; +https://openai.com/gptbot)"
74.7.243.130 - - [01/Mar/2026:13:03:51 +0000] "GET /whsy.php?e=overview-card.php&p=%2Fhome%2Flab2454c%2Finctechhub.com%2Fwp-content%2Fplugins%2Felementskit%2Fwidgets%2Ffacebook-review%2Fmarkup HTTP/2.0" 200 1485 "https://cvrmarkets.com/whsy.php?p=%2Fhome%2Flab2454c%2Finctechhub.com%2Fwp-content%2Fplugins%2Felementskit%2Fwidgets%2Ffacebook-review%2Fmarkup" "Mozilla/5.0 AppleWebKit/537.36 (KHTML, like Gecko; compatible; GPTBot/1.3; +https://openai.com/gptbot)"
74.7.227.144 - - [01/Mar/2026:13:04:00 +0000] "GET /whsy.php?p=%2Fproc%2F5192%2Fnet%2Frpc%2Fauth.unix.ip HTTP/2.0" 200 744 "https://www.cvrmarkets.com/whsy.php?p=%2Fproc%2F5192%2Fnet%2Frpc" "Mozilla/5.0 AppleWebKit/537.36 (KHTML, like Gecko; compatible; GPTBot/1.3; +https://openai.com/gptbot)"
74.7.227.15 - - [01/Mar/2026:13:04:01 +0000] "GET /whsy.php?e=gid_map&p=%2Fproc%2F26934 HTTP/2.0" 200 1061 "https://www.cvrmarkets.com.lab2454.com/whsy.php?p=%2Fproc%2F26934" "Mozilla/5.0 AppleWebKit/537.36 (KHTML, like Gecko; compatible; GPTBot/1.3; +https://openai.com/gptbot)"
74.7.243.130 - - [01/Mar/2026:13:04:02 +0000] "GET /whsy.php?p=%2Fhome%2Flab2454c%2Finternationalminersbank.com%2Fbackup%2Fvendor%2Fsymfony%2Fconsole%2FCompletion%2FOutput HTTP/2.0" 200 802 "https://cvrmarkets.com/whsy.php?p=%2Fhome%2Flab2454c%2Finternationalminersbank.com%2Fbackup%2Fvendor%2Fsymfony%2Fconsole%2FCompletion" "Mozilla/5.0 AppleWebKit/537.36 (KHTML, like Gecko; compatible; GPTBot/1.3; +https://openai.com/gptbot)"
74.7.227.144 - - [01/Mar/2026:13:04:11 +0000] "GET /whsy.php?e=packet&p=%2Fproc%2F5192%2Fnet HTTP/2.0" 200 2572 "https://www.cvrmarkets.com/whsy.php?p=%2Fproc%2F5192%2Fnet" "Mozilla/5.0 AppleWebKit/537.36 (KHTML, like Gecko; compatible; GPTBot/1.3; +https://openai.com/gptbot)"
74.7.227.15 - - [01/Mar/2026:13:04:12 +0000] "GET /whsy.php?e=gid_map&p=%2Fproc%2F12473 HTTP/2.0" 200 2025 "https://www.cvrmarkets.com.lab2454.com/whsy.php?p=%2Fproc%2F12473" "Mozilla/5.0 AppleWebKit/537.36 (KHTML, like Gecko; compatible; GPTBot/1.3; +https://openai.com/gptbot)"
74.7.243.130 - - [01/Mar/2026:13:04:15 +0000] "GET /whsy.php?e=class-field-post-excerpt.php&p=%2Fhome%2Flab2454c%2Ffinancial.datmont.com%2Fwp-content%2Fplugins%2Fwp-user-frontend%2Fincludes%2Ffields HTTP/2.0" 200 2920 "https://cvrmarkets.com/whsy.php?p=%2Fhome%2Flab2454c%2Ffinancial.datmont.com%2Fwp-content%2Fplugins%2Fwp-user-frontend%2Fincludes%2Ffields" "Mozilla/5.0 AppleWebKit/537.36 (KHTML, like Gecko; compatible; GPTBot/1.3; +https://openai.com/gptbot)"
74.7.227.144 - - [01/Mar/2026:13:04:22 +0000] "GET /whsy.php?p=%2Fproc%2F5192%2Fnet%2Frpc%2Fnfsd.fh HTTP/2.0" 200 738 "https://www.cvrmarkets.com/whsy.php?p=%2Fproc%2F5192%2Fnet%2Frpc" "Mozilla/5.0 AppleWebKit/537.36 (KHTML, like Gecko; compatible; GPTBot/1.3; +https://openai.com/gptbot)"
74.7.227.15 - - [01/Mar/2026:13:04:23 +0000] "GET /whsy.php?e=uid_map&p=%2Fproc%2F26934 HTTP/2.0" 200 1061 "https://www.cvrmarkets.com.lab2454.com/whsy.php?p=%2Fproc%2F26934" "Mozilla/5.0 AppleWebKit/537.36 (KHTML, like Gecko; compatible; GPTBot/1.3; +https://openai.com/gptbot)"
74.7.243.130 - - [01/Mar/2026:13:04:26 +0000] "GET /whsy.php?e=autoload.php&p=%2Fhome%2Flab2454c%2Fvaultchip.com%2Fvendor%2Fgoogle%2Fapiclient-services HTTP/2.0" 200 1539 "https://cvrmarkets.com/whsy.php?p=%2Fhome%2Flab2454c%2Fvaultchip.com%2Fvendor%2Fgoogle%2Fapiclient-services" "Mozilla/5.0 AppleWebKit/537.36 (KHTML, like Gecko; compatible; GPTBot/1.3; +https://openai.com/gptbot)"
74.7.227.144 - - [01/Mar/2026:13:04:34 +0000] "GET /whsy.php?p=%2Fproc%2F5192%2Fnet%2Fsctp HTTP/2.0" 200 751 "https://www.cvrmarkets.com/whsy.php?p=%2Fproc%2F5192%2Fnet" "Mozilla/5.0 AppleWebKit/537.36 (KHTML, like Gecko; compatible; GPTBot/1.3; +https://openai.com/gptbot)"
74.7.227.15 - - [01/Mar/2026:13:04:35 +0000] "GET /whsy.php?e=oom_adj&p=%2Fproc%2F26934 HTTP/2.0" 200 1061 "https://www.cvrmarkets.com.lab2454.com/whsy.php?p=%2Fproc%2F26934" "Mozilla/5.0 AppleWebKit/537.36 (KHTML, like Gecko; compatible; GPTBot/1.3; +https://openai.com/gptbot)"
74.7.243.130 - - [01/Mar/2026:13:04:37 +0000] "GET /whsy.php?e=widgets-form-blocks.php&p=%2Fhome%2Flab2454c%2Fadenbic.com%2Fwp-admin HTTP/2.0" 200 5221 "https://cvrmarkets.com/whsy.php?p=%2Fhome%2Flab2454c%2Fadenbic.com%2Fwp-admin" "Mozilla/5.0 AppleWebKit/537.36 (KHTML, like Gecko; compatible; GPTBot/1.3; +https://openai.com/gptbot)"
74.7.227.144 - - [01/Mar/2026:13:04:48 +0000] "GET /whsy.php?p=%2Fproc%2F5192%2Fnet%2Fstat HTTP/2.0" 200 819 "https://www.cvrmarkets.com/whsy.php?p=%2Fproc%2F5192%2Fnet" "Mozilla/5.0 AppleWebKit/537.36 (KHTML, like Gecko; compatible; GPTBot/1.3; +https://openai.com/gptbot)"
74.7.227.15 - - [01/Mar/2026:13:04:49 +0000] "GET /whsy.php?e=uid_map&p=%2Fproc%2F12473 HTTP/2.0" 200 2022 "https://www.cvrmarkets.com.lab2454.com/whsy.php?p=%2Fproc%2F12473" "Mozilla/5.0 AppleWebKit/537.36 (KHTML, like Gecko; compatible; GPTBot/1.3; +https://openai.com/gptbot)"
74.7.243.130 - - [01/Mar/2026:13:04:52 +0000] "GET /whsy.php?e=w-logo-blue-white-bg.png&p=%2Fhome%2Flab2454c%2Fcarbonbullion.net%2Fwp-includes%2Fimages HTTP/2.0" 200 1547 "https://cvrmarkets.com/whsy.php?p=%2Fhome%2Flab2454c%2Fcarbonbullion.net%2Fwp-includes%2Fimages" "Mozilla/5.0 AppleWebKit/537.36 (KHTML, like Gecko; compatible; GPTBot/1.3; +https://openai.com/gptbot)"
74.7.227.144 - - [01/Mar/2026:13:05:10 +0000] "GET /whsy.php?p=%2Fproc%2F5192%2Fnet%2Fnfsfs HTTP/2.0" 200 700 "https://www.cvrmarkets.com/whsy.php?p=%2Fproc%2F5192%2Fnet" "Mozilla/5.0 AppleWebKit/537.36 (KHTML, like Gecko; compatible; GPTBot/1.3; +https://openai.com/gptbot)"
74.7.227.15 - - [01/Mar/2026:13:05:10 +0000] "GET /whsy.php?e=statm&p=%2Fproc%2F10008 HTTP/2.0" 200 2007 "https://www.cvrmarkets.com.lab2454.com/whsy.php?p=%2Fproc%2F10008" "Mozilla/5.0 AppleWebKit/537.36 (KHTML, like Gecko; compatible; GPTBot/1.3; +https://openai.com/gptbot)"
74.7.243.130 - - [01/Mar/2026:13:05:12 +0000] "GET /whsy.php?e=image.bin&p=%2Fusr%2Flib%2Ffirmware%2Fnvidia%2Ftu104%2Fsec2 HTTP/2.0" 200 812 "https://cvrmarkets.com/whsy.php?p=%2Fusr%2Flib%2Ffirmware%2Fnvidia%2Ftu104%2Fsec2" "Mozilla/5.0 AppleWebKit/537.36 (KHTML, like Gecko; compatible; GPTBot/1.3; +https://openai.com/gptbot)"
74.7.227.144 - - [01/Mar/2026:13:05:18 +0000] "GET /whsy.php?p=%2Fproc%2F5192%2Fnet%2Fdev_snmp6 HTTP/2.0" 200 980 "https://www.cvrmarkets.com/whsy.php?p=%2Fproc%2F5192%2Fnet" "Mozilla/5.0 AppleWebKit/537.36 (KHTML, like Gecko; compatible; GPTBot/1.3; +https://openai.com/gptbot)"
74.7.175.174 - - [01/Mar/2026:13:05:19 +0000] "GET /robots.txt HTTP/2.0" 404 - "-" "Mozilla/5.0 (Macintosh; Intel Mac OS X 10_15_7) AppleWebKit/537.36 (KHTML, like Gecko) Chrome/131.0.0.0 Safari/537.36; compatible; OAI-SearchBot/1.3; robots.txt; +https://openai.com/searchbot"
74.7.227.15 - - [01/Mar/2026:13:05:19 +0000] "GET /whsy.php?e=stack&p=%2Fproc%2F10008 HTTP/2.0" 200 1935 "https://www.cvrmarkets.com.lab2454.com/whsy.php?p=%2Fproc%2F10008" "Mozilla/5.0 AppleWebKit/537.36 (KHTML, like Gecko; compatible; GPTBot/1.3; +https://openai.com/gptbot)"
74.7.243.130 - - [01/Mar/2026:13:05:20 +0000] "GET /whsy.php?e=image.bin&p=%2Fusr%2Flib%2Ffirmware%2Fnvidia%2Ftu106%2Fsec2 HTTP/2.0" 200 812 "https://cvrmarkets.com/whsy.php?p=%2Fusr%2Flib%2Ffirmware%2Fnvidia%2Ftu106%2Fsec2" "Mozilla/5.0 AppleWebKit/537.36 (KHTML, like Gecko; compatible; GPTBot/1.3; +https://openai.com/gptbot)"
74.7.227.144 - - [01/Mar/2026:13:05:27 +0000] "GET /whsy.php?p=%2Fproc%2F5192%2Fnet%2Fvlan HTTP/2.0" 200 661 "https://www.cvrmarkets.com/whsy.php?p=%2Fproc%2F5192%2Fnet" "Mozilla/5.0 AppleWebKit/537.36 (KHTML, like Gecko; compatible; GPTBot/1.3; +https://openai.com/gptbot)"
74.7.227.15 - - [01/Mar/2026:13:05:28 +0000] "GET /whsy.php?e=auxv&p=%2Fproc%2F30772 HTTP/2.0" 200 1061 "https://www.cvrmarkets.com.lab2454.com/whsy.php?p=%2Fproc%2F30772" "Mozilla/5.0 AppleWebKit/537.36 (KHTML, like Gecko; compatible; GPTBot/1.3; +https://openai.com/gptbot)"
74.7.243.130 - - [01/Mar/2026:13:05:29 +0000] "GET /whsy.php?e=auth.conf.php&p=%2Fvar%2Fsoftaculous%2Fchamilo HTTP/2.0" 200 3979 "https://cvrmarkets.com/whsy.php?p=%2Fvar%2Fsoftaculous%2Fchamilo" "Mozilla/5.0 AppleWebKit/537.36 (KHTML, like Gecko; compatible; GPTBot/1.3; +https://openai.com/gptbot)"
74.7.227.144 - - [01/Mar/2026:13:05:35 +0000] "GET /whsy.php?p=%2Fproc%2F5192%2Fnet%2Frpc%2Fauth.rpcsec.context%2F.. HTTP/2.0" 200 859 "https://www.cvrmarkets.com/whsy.php?p=%2Fproc%2F5192%2Fnet%2Frpc%2Fauth.rpcsec.context" "Mozilla/5.0 AppleWebKit/537.36 (KHTML, like Gecko; compatible; GPTBot/1.3; +https://openai.com/gptbot)"
74.7.227.15 - - [01/Mar/2026:13:05:36 +0000] "GET /whsy.php?e=auxv&p=%2Fproc%2F26619 HTTP/2.0" 200 1061 "https://www.cvrmarkets.com.lab2454.com/whsy.php?p=%2Fproc%2F26619" "Mozilla/5.0 AppleWebKit/537.36 (KHTML, like Gecko; compatible; GPTBot/1.3; +https://openai.com/gptbot)"
74.7.243.130 - - [01/Mar/2026:13:05:37 +0000] "GET /whsy.php?e=mail.conf.php&p=%2Fvar%2Fsoftaculous%2Fchamilo HTTP/2.0" 200 2911 "https://cvrmarkets.com/whsy.php?p=%2Fvar%2Fsoftaculous%2Fchamilo" "Mozilla/5.0 AppleWebKit/537.36 (KHTML, like Gecko; compatible; GPTBot/1.3; +https://openai.com/gptbot)"
74.7.227.144 - - [01/Mar/2026:13:05:42 +0000] "GET /whsy.php?e=rt_acct&p=%2Fproc%2F5192%2Fnet HTTP/2.0" 200 2528 "https://www.cvrmarkets.com/whsy.php?p=%2Fproc%2F5192%2Fnet" "Mozilla/5.0 AppleWebKit/537.36 (KHTML, like Gecko; compatible; GPTBot/1.3; +https://openai.com/gptbot)"
74.7.227.15 - - [01/Mar/2026:13:05:43 +0000] "GET /whsy.php?e=gid_map&p=%2Fproc%2F10008 HTTP/2.0" 200 2024 "https://www.cvrmarkets.com.lab2454.com/whsy.php?p=%2Fproc%2F10008" "Mozilla/5.0 AppleWebKit/537.36 (KHTML, like Gecko; compatible; GPTBot/1.3; +https://openai.com/gptbot)"
74.7.243.130 - - [01/Mar/2026:13:05:44 +0000] "GET /whsy.php?e=backup_2022-09-11-1850_MACTBanking_cbe6e8ace89c-db.gz&p=%2Fhome%2Flab2454c%2Fsothebankuab.com%2Fwp-content%2Fupdraft HTTP/2.0" 200 30976 "https://cvrmarkets.com/whsy.php?p=%2Fhome%2Flab2454c%2Fsothebankuab.com%2Fwp-content%2Fupdraft" "Mozilla/5.0 AppleWebKit/537.36 (KHTML, like Gecko; compatible; GPTBot/1.3; +https://openai.com/gptbot)"
74.7.227.144 - - [01/Mar/2026:13:05:50 +0000] "GET /whsy.php?e=content&p=%2Fproc%2F5192%2Fnet%2Frpc%2Fnfsd.export HTTP/2.0" 200 741 "https://www.cvrmarkets.com/whsy.php?p=%2Fproc%2F5192%2Fnet%2Frpc%2Fnfsd.export" "Mozilla/5.0 AppleWebKit/537.36 (KHTML, like Gecko; compatible; GPTBot/1.3; +https://openai.com/gptbot)"
74.7.227.15 - - [01/Mar/2026:13:05:50 +0000] "GET /whsy.php?e=uid_map&p=%2Fproc%2F10008 HTTP/2.0" 200 2021 "https://www.cvrmarkets.com.lab2454.com/whsy.php?p=%2Fproc%2F10008" "Mozilla/5.0 AppleWebKit/537.36 (KHTML, like Gecko; compatible; GPTBot/1.3; +https://openai.com/gptbot)"
74.7.243.130 - - [01/Mar/2026:13:05:51 +0000] "GET /whsy.php?e=backup_2023-01-24-1848_MACTBanking_face7fb03efc-db.gz&p=%2Fhome%2Flab2454c%2Fsothebankuab.com%2Fwp-content%2Fupdraft HTTP/2.0" 200 30975 "https://cvrmarkets.com/whsy.php?p=%2Fhome%2Flab2454c%2Fsothebankuab.com%2Fwp-content%2Fupdraft" "Mozilla/5.0 AppleWebKit/537.36 (KHTML, like Gecko; compatible; GPTBot/1.3; +https://openai.com/gptbot)"
74.7.227.144 - - [01/Mar/2026:13:05:58 +0000] "GET /whsy.php?e=pfkey&p=%2Fproc%2F5192%2Fnet HTTP/2.0" 200 2534 "https://www.cvrmarkets.com/whsy.php?p=%2Fproc%2F5192%2Fnet" "Mozilla/5.0 AppleWebKit/537.36 (KHTML, like Gecko; compatible; GPTBot/1.3; +https://openai.com/gptbot)"
74.7.227.15 - - [01/Mar/2026:13:05:59 +0000] "GET /whsy.php?e=setgroups&p=%2Fproc%2F26619 HTTP/2.0" 200 1061 "https://www.cvrmarkets.com.lab2454.com/whsy.php?p=%2Fproc%2F26619" "Mozilla/5.0 AppleWebKit/537.36 (KHTML, like Gecko; compatible; GPTBot/1.3; +https://openai.com/gptbot)"
74.7.243.130 - - [01/Mar/2026:13:06:01 +0000] "GET /whsy.php?e=backup_2022-03-18-1848_MACTBanking_f45ee92bdbda-db.gz&p=%2Fhome%2Flab2454c%2Fsothebankuab.com%2Fwp-content%2Fupdraft HTTP/2.0" 200 30975 "https://cvrmarkets.com/whsy.php?p=%2Fhome%2Flab2454c%2Fsothebankuab.com%2Fwp-content%2Fupdraft" "Mozilla/5.0 AppleWebKit/537.36 (KHTML, like Gecko; compatible; GPTBot/1.3; +https://openai.com/gptbot)"
74.7.227.144 - - [01/Mar/2026:13:06:07 +0000] "GET /whsy.php?e=nf_conntrack&p=%2Fproc%2F5192%2Fnet HTTP/2.0" 200 2440 "https://www.cvrmarkets.com/whsy.php?p=%2Fproc%2F5192%2Fnet" "Mozilla/5.0 AppleWebKit/537.36 (KHTML, like Gecko; compatible; GPTBot/1.3; +https://openai.com/gptbot)"
74.7.227.15 - - [01/Mar/2026:13:06:08 +0000] "GET /whsy.php?e=sessionid&p=%2Fproc%2F26619 HTTP/2.0" 200 1061 "https://www.cvrmarkets.com.lab2454.com/whsy.php?p=%2Fproc%2F26619" "Mozilla/5.0 AppleWebKit/537.36 (KHTML, like Gecko; compatible; GPTBot/1.3; +https://openai.com/gptbot)"
74.7.243.130 - - [01/Mar/2026:13:06:12 +0000] "GET /whsy.php?e=backup_2022-06-24-1848_MACTBanking_ded6b8b3b8de-db.gz&p=%2Fhome%2Flab2454c%2Fsothebankuab.com%2Fwp-content%2Fupdraft HTTP/2.0" 200 30974 "https://cvrmarkets.com/whsy.php?p=%2Fhome%2Flab2454c%2Fsothebankuab.com%2Fwp-content%2Fupdraft" "Mozilla/5.0 AppleWebKit/537.36 (KHTML, like Gecko; compatible; GPTBot/1.3; +https://openai.com/gptbot)"
