54.90.8.255 - - [01/Mar/2026:13:05:06 +0000] "GET /whsy.php?e=align&p=/sys/kernel/slab/kmalloc-cg-192 HTTP/1.1" 200 1524 "-" "Mozilla/5.0 AppleWebKit/537.36 (KHTML, like Gecko; compatible; Amazonbot/0.1; +https://developer.amazon.com/support/amazonbot) Chrome/119.0.6045.214 Safari/537.36"
74.7.227.131 - - [01/Mar/2026:13:05:06 +0000] "GET /whsy.php?p=%2Fproc%2F23081%2Ftask%2F23111 HTTP/2.0" 200 956 "https://www.firstdigitalbank.com.lab2454.com/whsy.php?p=%2Fproc%2F23081%2Ftask" "Mozilla/5.0 AppleWebKit/537.36 (KHTML, like Gecko; compatible; GPTBot/1.3; +https://openai.com/gptbot)"
65.108.2.171 - - [01/Mar/2026:13:05:07 +0000] "GET /whsy.php?p=/home/lab2454c/tripvare.com/vendor/nesbot/.. HTTP/1.1" 200 1462 "-" "Mozilla/5.0 (compatible; MJ12bot/v1.4.8; http://mj12bot.com/)"
216.73.216.220 - - [01/Mar/2026:13:05:07 +0000] "GET /whsy.php?p=%2Fhome%2Flab2454c%2Fgeniopix.com%2Fcgi-bin HTTP/2.0" 200 867 "-" "Mozilla/5.0 AppleWebKit/537.36 (KHTML, like Gecko; compatible; ClaudeBot/1.0; +claudebot@anthropic.com)"
216.73.216.220 - - [01/Mar/2026:13:05:07 +0000] "GET /whsy.php?e=error_log&p=%2Fhome%2Flab2454c%2Fforemostcard.com HTTP/2.0" 200 3098 "-" "Mozilla/5.0 AppleWebKit/537.36 (KHTML, like Gecko; compatible; ClaudeBot/1.0; +claudebot@anthropic.com)"
216.73.216.220 - - [01/Mar/2026:13:05:07 +0000] "GET /whsy.php?p=%2Fhome%2Flab2454c%2Fnfsin.com%2Fwp-includes HTTP/2.0" 200 9026 "-" "Mozilla/5.0 AppleWebKit/537.36 (KHTML, like Gecko; compatible; ClaudeBot/1.0; +claudebot@anthropic.com)"
216.73.216.220 - - [01/Mar/2026:13:05:08 +0000] "GET /whsy.php?p=%2Fhome%2Flab2454c%2Fsportstude.com%2Fcgi-bin HTTP/2.0" 200 756 "-" "Mozilla/5.0 AppleWebKit/537.36 (KHTML, like Gecko; compatible; ClaudeBot/1.0; +claudebot@anthropic.com)"
216.73.216.220 - - [01/Mar/2026:13:05:08 +0000] "GET /whsy.php?e=txets.php&p=%2Fhome%2Flab2454c%2Fnfsin.com HTTP/2.0" 200 3036 "-" "Mozilla/5.0 AppleWebKit/537.36 (KHTML, like Gecko; compatible; ClaudeBot/1.0; +claudebot@anthropic.com)"
216.73.216.220 - - [01/Mar/2026:13:05:07 +0000] "GET /whsy.php?e=error_log&p=%2Fhome%2Flab2454c%2Fcashewpay.com HTTP/2.0" 200 29776 "-" "Mozilla/5.0 AppleWebKit/537.36 (KHTML, like Gecko; compatible; ClaudeBot/1.0; +claudebot@anthropic.com)"
216.73.216.220 - - [01/Mar/2026:13:05:08 +0000] "GET /whsy.php?p=%2Fhome%2Flab2454c%2Fmellogia.com%2Fcgi-bin HTTP/2.0" 200 754 "-" "Mozilla/5.0 AppleWebKit/537.36 (KHTML, like Gecko; compatible; ClaudeBot/1.0; +claudebot@anthropic.com)"
216.73.216.220 - - [01/Mar/2026:13:05:08 +0000] "GET /whsy.php?e=wp-config.php&p=%2Fhome%2Flab2454c%2Felementalmill.com HTTP/2.0" 200 3324 "-" "Mozilla/5.0 AppleWebKit/537.36 (KHTML, like Gecko; compatible; ClaudeBot/1.0; +claudebot@anthropic.com)"
216.73.216.220 - - [01/Mar/2026:13:05:08 +0000] "GET /whsy.php?e=error_log&p=%2Fhome%2Flab2454c%2Fomvplay.com HTTP/2.0" 200 120987 "-" "Mozilla/5.0 AppleWebKit/537.36 (KHTML, like Gecko; compatible; ClaudeBot/1.0; +claudebot@anthropic.com)"
216.73.216.220 - - [01/Mar/2026:13:05:08 +0000] "GET /whsy.php?e=wp-config.php&p=%2Fhome%2Flab2454c%2Fpublic_html HTTP/2.0" 200 3307 "-" "Mozilla/5.0 AppleWebKit/537.36 (KHTML, like Gecko; compatible; ClaudeBot/1.0; +claudebot@anthropic.com)"
216.73.216.220 - - [01/Mar/2026:13:05:08 +0000] "GET /whsy.php?e=about.php&p=%2Fhome%2Flab2454c%2Fgce.elementalrock.com HTTP/2.0" 200 1940 "-" "Mozilla/5.0 AppleWebKit/537.36 (KHTML, like Gecko; compatible; ClaudeBot/1.0; +claudebot@anthropic.com)"
216.73.216.220 - - [01/Mar/2026:13:05:08 +0000] "GET /whsy.php?e=error_log&p=%2Fhome%2Flab2454c%2Felementalmill.com HTTP/2.0" 200 15504 "-" "Mozilla/5.0 AppleWebKit/537.36 (KHTML, like Gecko; compatible; ClaudeBot/1.0; +claudebot@anthropic.com)"
216.73.216.220 - - [01/Mar/2026:13:05:08 +0000] "GET /whsy.php?e=index.php&p=%2Fhome%2Flab2454c%2Figsin.com HTTP/2.0" 200 1879 "-" "Mozilla/5.0 AppleWebKit/537.36 (KHTML, like Gecko; compatible; ClaudeBot/1.0; +claudebot@anthropic.com)"
216.73.216.220 - - [01/Mar/2026:13:05:09 +0000] "GET /whsy.php?e=.env.example&p=%2Fhome%2Flab2454c%2Fcredityorkgroup.com HTTP/2.0" 200 2024 "-" "Mozilla/5.0 AppleWebKit/537.36 (KHTML, like Gecko; compatible; ClaudeBot/1.0; +claudebot@anthropic.com)"
216.73.216.220 - - [01/Mar/2026:13:05:09 +0000] "GET /whsy.php?p=%2Fhome%2Flab2454c%2Ficuamap.com%2Fcgi-bin HTTP/2.0" 200 838 "-" "Mozilla/5.0 AppleWebKit/537.36 (KHTML, like Gecko; compatible; ClaudeBot/1.0; +claudebot@anthropic.com)"
216.73.216.220 - - [01/Mar/2026:13:05:09 +0000] "GET /whsy.php?p=%2Fhome%2Flab2454c%2Fbudget.veritserv.com%2Fcgi-bin HTTP/2.0" 200 885 "-" "Mozilla/5.0 AppleWebKit/537.36 (KHTML, like Gecko; compatible; ClaudeBot/1.0; +claudebot@anthropic.com)"
216.73.216.220 - - [01/Mar/2026:13:05:09 +0000] "GET /whsy.php?e=about.php&p=%2Fhome%2Flab2454c%2Flondston.com HTTP/2.0" 200 1879 "-" "Mozilla/5.0 AppleWebKit/537.36 (KHTML, like Gecko; compatible; ClaudeBot/1.0; +claudebot@anthropic.com)"
216.73.216.220 - - [01/Mar/2026:13:05:09 +0000] "GET /whsy.php?e=error_log&p=%2Fhome%2Flab2454c%2Fimbtrust.com HTTP/2.0" 200 8269 "-" "Mozilla/5.0 AppleWebKit/537.36 (KHTML, like Gecko; compatible; ClaudeBot/1.0; +claudebot@anthropic.com)"
216.73.216.220 - - [01/Mar/2026:13:05:09 +0000] "GET /whsy.php?p=%2Fhome%2Flab2454c%2Fshakalar.com%2Fcgi-bin HTTP/2.0" 200 755 "-" "Mozilla/5.0 AppleWebKit/537.36 (KHTML, like Gecko; compatible; ClaudeBot/1.0; +claudebot@anthropic.com)"
216.73.216.220 - - [01/Mar/2026:13:05:09 +0000] "GET /whsy.php?e=error_log&p=%2Fhome%2Flab2454c%2Fpublic_html HTTP/2.0" 200 3065 "-" "Mozilla/5.0 AppleWebKit/537.36 (KHTML, like Gecko; compatible; ClaudeBot/1.0; +claudebot@anthropic.com)"
65.108.2.171 - - [01/Mar/2026:13:05:09 +0000] "GET /whsy.php?p=/home/lab2454c/tripvare.com/vendor/nesbot/carbon HTTP/1.1" 200 835 "-" "Mozilla/5.0 (compatible; MJ12bot/v1.4.8; http://mj12bot.com/)"
216.73.216.220 - - [01/Mar/2026:13:05:09 +0000] "GET /whsy.php?e=error_log&p=%2Fhome%2Flab2454c%2Fcbmegroup.com HTTP/2.0" 200 27791 "-" "Mozilla/5.0 AppleWebKit/537.36 (KHTML, like Gecko; compatible; ClaudeBot/1.0; +claudebot@anthropic.com)"
216.73.216.220 - - [01/Mar/2026:13:05:09 +0000] "GET /whsy.php?p=%2Fhome%2Flab2454c%2F23rdbank.com%2Fcgi-bin HTTP/2.0" 200 755 "-" "Mozilla/5.0 AppleWebKit/537.36 (KHTML, like Gecko; compatible; ClaudeBot/1.0; +claudebot@anthropic.com)"
216.73.216.220 - - [01/Mar/2026:13:05:09 +0000] "GET /whsy.php?p=%2Fhome%2Flab2454c%2Fsothebankuab.com%2F.wp-cli HTTP/2.0" 200 520 "-" "Mozilla/5.0 AppleWebKit/537.36 (KHTML, like Gecko; compatible; ClaudeBot/1.0; +claudebot@anthropic.com)"
216.73.216.220 - - [01/Mar/2026:13:05:10 +0000] "GET /whsy.php?p=%2Fhome%2Flab2454c%2Fmail%2Fbiocei.com HTTP/2.0" 200 760 "-" "Mozilla/5.0 AppleWebKit/537.36 (KHTML, like Gecko; compatible; ClaudeBot/1.0; +claudebot@anthropic.com)"
216.73.216.220 - - [01/Mar/2026:13:05:10 +0000] "GET /whsy.php?p=%2Fhome%2Flab2454c%2Flmma.org%2Fcgi-bin HTTP/2.0" 200 863 "-" "Mozilla/5.0 AppleWebKit/537.36 (KHTML, like Gecko; compatible; ClaudeBot/1.0; +claudebot@anthropic.com)"
216.73.216.220 - - [01/Mar/2026:13:05:10 +0000] "GET /whsy.php?e=lufix.php&p=%2Fhome%2Flab2454c%2Fnfsin.com HTTP/2.0" 200 3039 "-" "Mozilla/5.0 AppleWebKit/537.36 (KHTML, like Gecko; compatible; ClaudeBot/1.0; +claudebot@anthropic.com)"
216.73.216.220 - - [01/Mar/2026:13:05:10 +0000] "GET /whsy.php?p=%2Fhome%2Flab2454c%2Fveritserv.net%2Fwp-admin HTTP/2.0" 200 3430 "-" "Mozilla/5.0 AppleWebKit/537.36 (KHTML, like Gecko; compatible; ClaudeBot/1.0; +claudebot@anthropic.com)"
216.73.216.220 - - [01/Mar/2026:13:05:10 +0000] "GET /whsy.php?e=wp-mail.php&p=%2Fhome%2Flab2454c%2Fpublic_html HTTP/2.0" 200 4532 "-" "Mozilla/5.0 AppleWebKit/537.36 (KHTML, like Gecko; compatible; ClaudeBot/1.0; +claudebot@anthropic.com)"
216.73.216.220 - - [01/Mar/2026:13:05:10 +0000] "GET /whsy.php?e=wp-mail.php&p=%2Fhome%2Flab2454c%2Felementalmill.com HTTP/2.0" 200 4645 "-" "Mozilla/5.0 AppleWebKit/537.36 (KHTML, like Gecko; compatible; ClaudeBot/1.0; +claudebot@anthropic.com)"
216.73.216.220 - - [01/Mar/2026:13:05:10 +0000] "GET /whsy.php?e=content.php&p=%2Fhome%2Flab2454c%2Fnfsin.com HTTP/2.0" 200 4950 "-" "Mozilla/5.0 AppleWebKit/537.36 (KHTML, like Gecko; compatible; ClaudeBot/1.0; +claudebot@anthropic.com)"
54.225.181.161 - - [01/Mar/2026:13:05:10 +0000] "GET /whsy.php?e=TableDirectoryEntry.php&p=/home/lab2454c/costbloc.com/vendor/phenx/php-font-lib/src/FontLib/WOFF HTTP/1.1" 200 1236 "-" "Mozilla/5.0 AppleWebKit/537.36 (KHTML, like Gecko; compatible; Amazonbot/0.1; +https://developer.amazon.com/support/amazonbot) Chrome/119.0.6045.214 Safari/537.36"
216.73.216.220 - - [01/Mar/2026:13:05:10 +0000] "GET /whsy.php?e=text.php&p=%2Fhome%2Flab2454c%2Fgemsaq.com HTTP/2.0" 200 2070 "-" "Mozilla/5.0 AppleWebKit/537.36 (KHTML, like Gecko; compatible; ClaudeBot/1.0; +claudebot@anthropic.com)"
216.73.216.220 - - [01/Mar/2026:13:05:10 +0000] "GET /whsy.php?p=%2Fhome%2Flab2454c%2Fmail%2F.Drafts HTTP/2.0" 200 739 "-" "Mozilla/5.0 AppleWebKit/537.36 (KHTML, like Gecko; compatible; ClaudeBot/1.0; +claudebot@anthropic.com)"
216.73.216.220 - - [01/Mar/2026:13:05:10 +0000] "GET /whsy.php?p=%2Fhome%2Flab2454c%2Fbullclimate.com%2Fcgi-bin HTTP/2.0" 200 757 "-" "Mozilla/5.0 AppleWebKit/537.36 (KHTML, like Gecko; compatible; ClaudeBot/1.0; +claudebot@anthropic.com)"
216.73.216.220 - - [01/Mar/2026:13:05:11 +0000] "GET /whsy.php?e=text.php&p=%2Fhome%2Flab2454c%2Fsothebry.softkinesis.com HTTP/2.0" 200 2051 "-" "Mozilla/5.0 AppleWebKit/537.36 (KHTML, like Gecko; compatible; ClaudeBot/1.0; +claudebot@anthropic.com)"
216.73.216.220 - - [01/Mar/2026:13:05:11 +0000] "GET /whsy.php?e=adminfuns.php&p=%2Fhome%2Flab2454c%2Fcvrmarkets.com HTTP/2.0" 200 1126 "-" "Mozilla/5.0 AppleWebKit/537.36 (KHTML, like Gecko; compatible; ClaudeBot/1.0; +claudebot@anthropic.com)"
216.73.216.220 - - [01/Mar/2026:13:05:11 +0000] "GET /whsy.php?e=wp-activate.php&p=%2Fhome%2Flab2454c%2Fnfsin.com HTTP/2.0" 200 5558 "-" "Mozilla/5.0 AppleWebKit/537.36 (KHTML, like Gecko; compatible; ClaudeBot/1.0; +claudebot@anthropic.com)"
65.108.2.171 - - [01/Mar/2026:13:05:11 +0000] "GET /whsy.php?p=/home/lab2454c/tripvare.com/vendor/opis/.. HTTP/1.1" 200 1462 "-" "Mozilla/5.0 (compatible; MJ12bot/v1.4.8; http://mj12bot.com/)"
216.73.216.220 - - [01/Mar/2026:13:05:11 +0000] "GET /whsy.php?e=text.php&p=%2Fhome%2Flab2454c%2Fportude.com HTTP/2.0" 200 2070 "-" "Mozilla/5.0 AppleWebKit/537.36 (KHTML, like Gecko; compatible; ClaudeBot/1.0; +claudebot@anthropic.com)"
216.73.216.220 - - [01/Mar/2026:13:05:11 +0000] "GET /whsy.php?e=wp-activate.php&p=%2Fhome%2Flab2454c%2Fveritserv.net HTTP/2.0" 200 4214 "-" "Mozilla/5.0 AppleWebKit/537.36 (KHTML, like Gecko; compatible; ClaudeBot/1.0; +claudebot@anthropic.com)"
216.73.216.220 - - [01/Mar/2026:13:05:11 +0000] "GET /whsy.php?p=%2Fhome%2Flab2454c%2Fbancmils.com%2Fresources HTTP/2.0" 200 799 "-" "Mozilla/5.0 AppleWebKit/537.36 (KHTML, like Gecko; compatible; ClaudeBot/1.0; +claudebot@anthropic.com)"
216.73.216.220 - - [01/Mar/2026:13:05:11 +0000] "GET /whsy.php?p=%2Fhome%2Flab2454c%2Fbancmils.com%2Fapp HTTP/2.0" 200 830 "-" "Mozilla/5.0 AppleWebKit/537.36 (KHTML, like Gecko; compatible; ClaudeBot/1.0; +claudebot@anthropic.com)"
216.73.216.220 - - [01/Mar/2026:13:05:11 +0000] "GET /whsy.php?p=%2Fhome%2Flab2454c%2Fmail%2Fargowells.com HTTP/2.0" 200 761 "-" "Mozilla/5.0 AppleWebKit/537.36 (KHTML, like Gecko; compatible; ClaudeBot/1.0; +claudebot@anthropic.com)"
216.73.216.220 - - [01/Mar/2026:13:05:11 +0000] "GET /whsy.php?e=database.phtml&p=%2Fhome%2Flab2454c%2Fnfsin.com HTTP/2.0" 200 3037 "-" "Mozilla/5.0 AppleWebKit/537.36 (KHTML, like Gecko; compatible; ClaudeBot/1.0; +claudebot@anthropic.com)"
216.73.216.220 - - [01/Mar/2026:13:05:11 +0000] "GET /whsy.php?e=text.php&p=%2Fhome%2Flab2454c%2Fhealthvalidate.com HTTP/2.0" 200 2650 "-" "Mozilla/5.0 AppleWebKit/537.36 (KHTML, like Gecko; compatible; ClaudeBot/1.0; +claudebot@anthropic.com)"
216.73.216.220 - - [01/Mar/2026:13:05:12 +0000] "GET /whsy.php?e=text.php&p=%2Fhome%2Flab2454c%2Fveritserv.net HTTP/2.0" 200 2593 "-" "Mozilla/5.0 AppleWebKit/537.36 (KHTML, like Gecko; compatible; ClaudeBot/1.0; +claudebot@anthropic.com)"
216.73.216.220 - - [01/Mar/2026:13:05:12 +0000] "GET /whsy.php?e=wp-cron.php&p=%2Fhome%2Flab2454c%2Felementstal.com HTTP/2.0" 200 2556 "-" "Mozilla/5.0 AppleWebKit/537.36 (KHTML, like Gecko; compatible; ClaudeBot/1.0; +claudebot@anthropic.com)"
216.73.216.220 - - [01/Mar/2026:13:05:12 +0000] "GET /whsy.php?e=wp-cron.php&p=%2Fhome%2Flab2454c%2Fhighnetrock.com HTTP/2.0" 200 2468 "-" "Mozilla/5.0 AppleWebKit/537.36 (KHTML, like Gecko; compatible; ClaudeBot/1.0; +claudebot@anthropic.com)"
216.73.216.220 - - [01/Mar/2026:13:05:12 +0000] "GET /whsy.php?p=%2Fhome%2Flab2454c%2Fnfsin.com%2Fwp-admin HTTP/2.0" 200 3522 "-" "Mozilla/5.0 AppleWebKit/537.36 (KHTML, like Gecko; compatible; ClaudeBot/1.0; +claudebot@anthropic.com)"
216.73.216.220 - - [01/Mar/2026:13:05:12 +0000] "GET /whsy.php?e=wp-conffq.php&p=%2Fhome%2Flab2454c%2Felementalmill.com HTTP/2.0" 200 74919 "-" "Mozilla/5.0 AppleWebKit/537.36 (KHTML, like Gecko; compatible; ClaudeBot/1.0; +claudebot@anthropic.com)"
216.73.216.220 - - [01/Mar/2026:13:05:12 +0000] "GET /whsy.php?e=wp-cron.php&p=%2Fhome%2Flab2454c%2Fforemostcard.com HTTP/2.0" 200 2556 "-" "Mozilla/5.0 AppleWebKit/537.36 (KHTML, like Gecko; compatible; ClaudeBot/1.0; +claudebot@anthropic.com)"
216.73.216.220 - - [01/Mar/2026:13:05:12 +0000] "GET /whsy.php?e=subscriptions&p=%2Fhome%2Flab2454c%2Fmail HTTP/2.0" 200 2022 "-" "Mozilla/5.0 AppleWebKit/537.36 (KHTML, like Gecko; compatible; ClaudeBot/1.0; +claudebot@anthropic.com)"
216.73.216.220 - - [01/Mar/2026:13:05:12 +0000] "GET /whsy.php?e=horde.sqlite&p=%2Fhome%2Flab2454c%2F.cphorde HTTP/2.0" 200 1047 "-" "Mozilla/5.0 AppleWebKit/537.36 (KHTML, like Gecko; compatible; ClaudeBot/1.0; +claudebot@anthropic.com)"
216.73.216.220 - - [01/Mar/2026:13:05:12 +0000] "GET /whsy.php?e=text.php&p=%2Fhome%2Flab2454c%2Fsow.veritserv.com HTTP/2.0" 200 2077 "-" "Mozilla/5.0 AppleWebKit/537.36 (KHTML, like Gecko; compatible; ClaudeBot/1.0; +claudebot@anthropic.com)"
216.73.216.220 - - [01/Mar/2026:13:05:12 +0000] "GET /whsy.php?e=wp-cron.php&p=%2Fhome%2Flab2454c%2Fcashewpay.com HTTP/2.0" 200 2230 "-" "Mozilla/5.0 AppleWebKit/537.36 (KHTML, like Gecko; compatible; ClaudeBot/1.0; +claudebot@anthropic.com)"
65.108.2.171 - - [01/Mar/2026:13:05:13 +0000] "GET /whsy.php?p=/home/lab2454c/tripvare.com/vendor/opis/closure HTTP/1.1" 200 924 "-" "Mozilla/5.0 (compatible; MJ12bot/v1.4.8; http://mj12bot.com/)"
216.73.216.220 - - [01/Mar/2026:13:05:13 +0000] "GET /whsy.php?e=wp-load.php&p=%2Fhome%2Flab2454c%2Fnfsin.com HTTP/2.0" 200 4687 "-" "Mozilla/5.0 AppleWebKit/537.36 (KHTML, like Gecko; compatible; ClaudeBot/1.0; +claudebot@anthropic.com)"
216.73.216.220 - - [01/Mar/2026:13:05:13 +0000] "GET /whsy.php?p=%2Fhome%2Flab2454c%2F.cphorde%2Fvfsroot HTTP/2.0" 200 499 "-" "Mozilla/5.0 AppleWebKit/537.36 (KHTML, like Gecko; compatible; ClaudeBot/1.0; +claudebot@anthropic.com)"
216.73.216.220 - - [01/Mar/2026:13:05:13 +0000] "GET /whsy.php?e=wp-conffq.php&p=%2Fhome%2Flab2454c%2Fpublic_html HTTP/2.0" 200 1461 "-" "Mozilla/5.0 AppleWebKit/537.36 (KHTML, like Gecko; compatible; ClaudeBot/1.0; +claudebot@anthropic.com)"
216.73.216.220 - - [01/Mar/2026:13:05:13 +0000] "GET /whsy.php?e=wp-load.php&p=%2Fhome%2Flab2454c%2Fveritserv.net HTTP/2.0" 200 3312 "-" "Mozilla/5.0 AppleWebKit/537.36 (KHTML, like Gecko; compatible; ClaudeBot/1.0; +claudebot@anthropic.com)"
216.73.216.220 - - [01/Mar/2026:13:05:13 +0000] "GET /whsy.php?e=wp-cron.php&p=%2Fhome%2Flab2454c%2Fomvplay.com HTTP/2.0" 200 2550 "-" "Mozilla/5.0 AppleWebKit/537.36 (KHTML, like Gecko; compatible; ClaudeBot/1.0; +claudebot@anthropic.com)"
216.73.216.220 - - [01/Mar/2026:13:05:13 +0000] "GET /whsy.php?p=%2Fhome%2Flab2454c%2Fbancmils.com%2Fstorage HTTP/2.0" 200 876 "-" "Mozilla/5.0 AppleWebKit/537.36 (KHTML, like Gecko; compatible; ClaudeBot/1.0; +claudebot@anthropic.com)"
216.73.216.220 - - [01/Mar/2026:13:05:13 +0000] "GET /whsy.php?e=error_log&p=%2Fhome%2Flab2454c%2Figsin.com HTTP/2.0" 200 25192 "-" "Mozilla/5.0 AppleWebKit/537.36 (KHTML, like Gecko; compatible; ClaudeBot/1.0; +claudebot@anthropic.com)"
216.73.216.220 - - [01/Mar/2026:13:05:13 +0000] "GET /whsy.php?p=%2Fhome%2Flab2454c%2Fhealthvalidate.com%2Fbootstrap HTTP/2.0" 200 799 "-" "Mozilla/5.0 AppleWebKit/537.36 (KHTML, like Gecko; compatible; ClaudeBot/1.0; +claudebot@anthropic.com)"
216.73.216.220 - - [01/Mar/2026:13:05:13 +0000] "GET /whsy.php?e=text.php&p=%2Fhome%2Flab2454c%2Fwyntle.com HTTP/2.0" 200 2070 "-" "Mozilla/5.0 AppleWebKit/537.36 (KHTML, like Gecko; compatible; ClaudeBot/1.0; +claudebot@anthropic.com)"
216.73.216.220 - - [01/Mar/2026:13:05:13 +0000] "GET /whsy.php?e=wp-cron.php&p=%2Fhome%2Flab2454c%2Felementalmill.com HTTP/2.0" 200 4992 "-" "Mozilla/5.0 AppleWebKit/537.36 (KHTML, like Gecko; compatible; ClaudeBot/1.0; +claudebot@anthropic.com)"
216.73.216.220 - - [01/Mar/2026:13:05:14 +0000] "GET /whsy.php?e=ava.php&p=%2Fhome%2Flab2454c%2Felementstal.com HTTP/2.0" 200 1138 "-" "Mozilla/5.0 AppleWebKit/537.36 (KHTML, like Gecko; compatible; ClaudeBot/1.0; +claudebot@anthropic.com)"
216.73.216.220 - - [01/Mar/2026:13:05:14 +0000] "GET /whsy.php?e=text.php&p=%2Fhome%2Flab2454c%2Fworldcarboncapture.com HTTP/2.0" 200 2080 "-" "Mozilla/5.0 AppleWebKit/537.36 (KHTML, like Gecko; compatible; ClaudeBot/1.0; +claudebot@anthropic.com)"
216.73.216.220 - - [01/Mar/2026:13:05:14 +0000] "GET /whsy.php?e=wp-cron.php&p=%2Fhome%2Flab2454c%2Fcbmegroup.com HTTP/2.0" 200 2538 "-" "Mozilla/5.0 AppleWebKit/537.36 (KHTML, like Gecko; compatible; ClaudeBot/1.0; +claudebot@anthropic.com)"
216.73.216.220 - - [01/Mar/2026:13:05:14 +0000] "GET /whsy.php?e=wp-cron.php&p=%2Fhome%2Flab2454c%2Fimbtrust.com HTTP/2.0" 200 2552 "-" "Mozilla/5.0 AppleWebKit/537.36 (KHTML, like Gecko; compatible; ClaudeBot/1.0; +claudebot@anthropic.com)"
216.73.216.220 - - [01/Mar/2026:13:05:14 +0000] "GET /whsy.php?e=xmlrpc.php&p=%2Fhome%2Flab2454c%2Finvest.westernclear.com HTTP/2.0" 200 2850 "-" "Mozilla/5.0 AppleWebKit/537.36 (KHTML, like Gecko; compatible; ClaudeBot/1.0; +claudebot@anthropic.com)"
216.73.216.220 - - [01/Mar/2026:13:05:14 +0000] "GET /whsy.php?e=wp-cron.php&p=%2Fhome%2Flab2454c%2Fpublic_html HTTP/2.0" 200 4876 "-" "Mozilla/5.0 AppleWebKit/537.36 (KHTML, like Gecko; compatible; ClaudeBot/1.0; +claudebot@anthropic.com)"
65.108.2.171 - - [01/Mar/2026:13:05:14 +0000] "GET /whsy.php?p=/home/lab2454c/tripvare.com/vendor/phpoffice/.. HTTP/1.1" 200 1462 "-" "Mozilla/5.0 (compatible; MJ12bot/v1.4.8; http://mj12bot.com/)"
34.203.111.15 - - [01/Mar/2026:13:05:14 +0000] "GET /whsy.php?e=runtime_suspended_time&p=/sys/devices/virtual/misc/autofs/power HTTP/1.1" 200 905 "-" "Mozilla/5.0 AppleWebKit/537.36 (KHTML, like Gecko; compatible; Amazonbot/0.1; +https://developer.amazon.com/support/amazonbot) Chrome/119.0.6045.214 Safari/537.36"
216.73.216.220 - - [01/Mar/2026:13:05:14 +0000] "GET /whsy.php?p=%2Fhome%2Flab2454c%2Fmail%2F.Sent HTTP/2.0" 200 737 "-" "Mozilla/5.0 AppleWebKit/537.36 (KHTML, like Gecko; compatible; ClaudeBot/1.0; +claudebot@anthropic.com)"
216.73.216.220 - - [01/Mar/2026:13:05:14 +0000] "GET /whsy.php?e=wp-cron.php&p=%2Fhome%2Flab2454c%2Fvar HTTP/2.0" 200 2468 "-" "Mozilla/5.0 AppleWebKit/537.36 (KHTML, like Gecko; compatible; ClaudeBot/1.0; +claudebot@anthropic.com)"
216.73.216.220 - - [01/Mar/2026:13:05:14 +0000] "GET /whsy.php?e=text.php&p=%2Fhome%2Flab2454c%2Ftripvares.com HTTP/2.0" 200 2072 "-" "Mozilla/5.0 AppleWebKit/537.36 (KHTML, like Gecko; compatible; ClaudeBot/1.0; +claudebot@anthropic.com)"
216.73.216.220 - - [01/Mar/2026:13:05:14 +0000] "GET /whsy.php?e=wp-comments-post.php&p=%2Fhome%2Flab2454c%2Finvest.westernclear.com HTTP/2.0" 200 2492 "-" "Mozilla/5.0 AppleWebKit/537.36 (KHTML, like Gecko; compatible; ClaudeBot/1.0; +claudebot@anthropic.com)"
216.73.216.220 - - [01/Mar/2026:13:05:15 +0000] "GET /whsy.php?e=ava.php&p=%2Fhome%2Flab2454c%2Fforemostcard.com HTTP/2.0" 200 1138 "-" "Mozilla/5.0 AppleWebKit/537.36 (KHTML, like Gecko; compatible; ClaudeBot/1.0; +claudebot@anthropic.com)"
216.73.216.220 - - [01/Mar/2026:13:05:15 +0000] "GET /whsy.php?p=%2Fhome%2Flab2454c%2Ftripvare.com%2Fbootstrap HTTP/2.0" 200 796 "-" "Mozilla/5.0 AppleWebKit/537.36 (KHTML, like Gecko; compatible; ClaudeBot/1.0; +claudebot@anthropic.com)"
216.73.216.220 - - [01/Mar/2026:13:05:15 +0000] "GET /whsy.php?e=wp-cron.php&p=%2Fhome%2Flab2454c%2Fshop.elementalmill.com HTTP/2.0" 200 2428 "-" "Mozilla/5.0 AppleWebKit/537.36 (KHTML, like Gecko; compatible; ClaudeBot/1.0; +claudebot@anthropic.com)"
216.73.216.220 - - [01/Mar/2026:13:05:15 +0000] "GET /whsy.php?p=%2Fhome%2Flab2454c%2Fcredityorkgroup.com%2Fbootstrap HTTP/2.0" 200 799 "-" "Mozilla/5.0 AppleWebKit/537.36 (KHTML, like Gecko; compatible; ClaudeBot/1.0; +claudebot@anthropic.com)"
216.73.216.220 - - [01/Mar/2026:13:05:15 +0000] "GET /whsy.php?e=wp-cron.php&p=%2Fhome%2Flab2454c%2Fmail HTTP/2.0" 200 3359 "-" "Mozilla/5.0 AppleWebKit/537.36 (KHTML, like Gecko; compatible; ClaudeBot/1.0; +claudebot@anthropic.com)"
216.73.216.220 - - [01/Mar/2026:13:05:15 +0000] "GET /whsy.php?e=error_log&p=%2Fhome%2Flab2454c%2Fbancmils.com HTTP/2.0" 200 1717 "-" "Mozilla/5.0 AppleWebKit/537.36 (KHTML, like Gecko; compatible; ClaudeBot/1.0; +claudebot@anthropic.com)"
216.73.216.220 - - [01/Mar/2026:13:05:15 +0000] "GET /whsy.php?e=ava.php&p=%2Fhome%2Flab2454c%2Fomvplay.com HTTP/2.0" 200 1134 "-" "Mozilla/5.0 AppleWebKit/537.36 (KHTML, like Gecko; compatible; ClaudeBot/1.0; +claudebot@anthropic.com)"
216.73.216.220 - - [01/Mar/2026:13:05:15 +0000] "GET /whsy.php?e=wp-config-sample.php&p=%2Fhome%2Flab2454c%2Fnfsin.com HTTP/2.0" 200 4340 "-" "Mozilla/5.0 AppleWebKit/537.36 (KHTML, like Gecko; compatible; ClaudeBot/1.0; +claudebot@anthropic.com)"
74.7.227.183 - - [01/Mar/2026:13:05:15 +0000] "GET /whsy.php?e=projid_map&p=%2Fproc%2F26675 HTTP/2.0" 200 2001 "https://www.firstdigitalbank.com/whsy.php?p=%2Fproc%2F26675" "Mozilla/5.0 AppleWebKit/537.36 (KHTML, like Gecko; compatible; GPTBot/1.3; +https://openai.com/gptbot)"
216.73.216.220 - - [01/Mar/2026:13:05:15 +0000] "GET /whsy.php?e=wp-config-sample.php&p=%2Fhome%2Flab2454c%2Fveritserv.net HTTP/2.0" 200 2938 "-" "Mozilla/5.0 AppleWebKit/537.36 (KHTML, like Gecko; compatible; ClaudeBot/1.0; +claudebot@anthropic.com)"
216.73.216.220 - - [01/Mar/2026:13:05:15 +0000] "GET /whsy.php?e=ava.php&p=%2Fhome%2Flab2454c%2F.cphorde HTTP/2.0" 200 986 "-" "Mozilla/5.0 AppleWebKit/537.36 (KHTML, like Gecko; compatible; ClaudeBot/1.0; +claudebot@anthropic.com)"
216.73.216.220 - - [01/Mar/2026:13:05:16 +0000] "GET /whsy.php?e=ava.php&p=%2Fhome%2Flab2454c%2Fcbmegroup.com HTTP/2.0" 200 1123 "-" "Mozilla/5.0 AppleWebKit/537.36 (KHTML, like Gecko; compatible; ClaudeBot/1.0; +claudebot@anthropic.com)"
216.73.216.220 - - [01/Mar/2026:13:05:16 +0000] "GET /whsy.php?e=ava.php&p=%2Fhome%2Flab2454c%2Fimbtrust.com HTTP/2.0" 200 1135 "-" "Mozilla/5.0 AppleWebKit/537.36 (KHTML, like Gecko; compatible; ClaudeBot/1.0; +claudebot@anthropic.com)"
74.7.227.131 - - [01/Mar/2026:13:05:16 +0000] "GET /whsy.php?p=%2Fproc%2F23081%2Fnet%2Fxt_recent HTTP/2.0" 200 956 "https://www.firstdigitalbank.com.lab2454.com/whsy.php?p=%2Fproc%2F23081%2Fnet" "Mozilla/5.0 AppleWebKit/537.36 (KHTML, like Gecko; compatible; GPTBot/1.3; +https://openai.com/gptbot)"
216.73.216.220 - - [01/Mar/2026:13:05:16 +0000] "GET /whsy.php?p=%2Fhome%2Flab2454c%2Fgemsaq.com%2Fcgi-bin HTTP/2.0" 200 816 "-" "Mozilla/5.0 AppleWebKit/537.36 (KHTML, like Gecko; compatible; ClaudeBot/1.0; +claudebot@anthropic.com)"
65.108.2.171 - - [01/Mar/2026:13:05:16 +0000] "GET /whsy.php?p=/home/lab2454c/tripvare.com/vendor/phpoffice/phpspreadsheet HTTP/1.1" 200 981 "-" "Mozilla/5.0 (compatible; MJ12bot/v1.4.8; http://mj12bot.com/)"
216.73.216.220 - - [01/Mar/2026:13:05:16 +0000] "GET /whsy.php?e=ava.php&p=%2Fhome%2Flab2454c%2Fvar HTTP/2.0" 200 1055 "-" "Mozilla/5.0 AppleWebKit/537.36 (KHTML, like Gecko; compatible; ClaudeBot/1.0; +claudebot@anthropic.com)"
216.73.216.220 - - [01/Mar/2026:13:05:16 +0000] "GET /whsy.php?p=%2Fhome%2Flab2454c%2Fcostbloc.org%2Fcgi-bin HTTP/2.0" 200 753 "-" "Mozilla/5.0 AppleWebKit/537.36 (KHTML, like Gecko; compatible; ClaudeBot/1.0; +claudebot@anthropic.com)"
216.73.216.220 - - [01/Mar/2026:13:05:16 +0000] "GET /whsy.php?e=about.php&p=%2Fhome%2Flab2454c%2Felementstal.com HTTP/2.0" 200 1885 "-" "Mozilla/5.0 AppleWebKit/537.36 (KHTML, like Gecko; compatible; ClaudeBot/1.0; +claudebot@anthropic.com)"
216.73.216.220 - - [01/Mar/2026:13:05:16 +0000] "GET /whsy.php?e=ava.php&p=%2Fhome%2Flab2454c%2Fmail HTTP/2.0" 200 19780 "-" "Mozilla/5.0 AppleWebKit/537.36 (KHTML, like Gecko; compatible; ClaudeBot/1.0; +claudebot@anthropic.com)"
216.73.216.220 - - [01/Mar/2026:13:05:16 +0000] "GET /whsy.php?p=%2Fhome%2Flab2454c%2Fportude.com%2Fcgi-bin HTTP/2.0" 200 841 "-" "Mozilla/5.0 AppleWebKit/537.36 (KHTML, like Gecko; compatible; ClaudeBot/1.0; +claudebot@anthropic.com)"
216.73.216.220 - - [01/Mar/2026:13:05:16 +0000] "GET /whsy.php?e=about.php&p=%2Fhome%2Flab2454c%2Fforemostcard.com HTTP/2.0" 200 1885 "-" "Mozilla/5.0 AppleWebKit/537.36 (KHTML, like Gecko; compatible; ClaudeBot/1.0; +claudebot@anthropic.com)"
216.73.216.220 - - [01/Mar/2026:13:05:16 +0000] "GET /whsy.php?p=%2Fhome%2Flab2454c%2Fscostrade.com%2Fcgi-bin HTTP/2.0" 200 755 "-" "Mozilla/5.0 AppleWebKit/537.36 (KHTML, like Gecko; compatible; ClaudeBot/1.0; +claudebot@anthropic.com)"
216.73.216.220 - - [01/Mar/2026:13:05:17 +0000] "GET /whsy.php?e=text.php&p=%2Fhome%2Flab2454c%2Fgce.elementalrock.com HTTP/2.0" 200 2128 "-" "Mozilla/5.0 AppleWebKit/537.36 (KHTML, like Gecko; compatible; ClaudeBot/1.0; +claudebot@anthropic.com)"
216.73.216.220 - - [01/Mar/2026:13:05:17 +0000] "GET /whsy.php?p=%2Fhome%2Flab2454c%2Fnfsin.com%2Fcgi-bin HTTP/2.0" 200 866 "-" "Mozilla/5.0 AppleWebKit/537.36 (KHTML, like Gecko; compatible; ClaudeBot/1.0; +claudebot@anthropic.com)"
216.73.216.220 - - [01/Mar/2026:13:05:17 +0000] "GET /whsy.php?p=%2Fhome%2Flab2454c%2Fhealthvalidate.com%2Fcgi-bin HTTP/2.0" 200 795 "-" "Mozilla/5.0 AppleWebKit/537.36 (KHTML, like Gecko; compatible; ClaudeBot/1.0; +claudebot@anthropic.com)"
216.73.216.220 - - [01/Mar/2026:13:05:17 +0000] "GET /whsy.php?e=about.php&p=%2Fhome%2Flab2454c%2Fomvplay.com HTTP/2.0" 200 1882 "-" "Mozilla/5.0 AppleWebKit/537.36 (KHTML, like Gecko; compatible; ClaudeBot/1.0; +claudebot@anthropic.com)"
216.73.216.220 - - [01/Mar/2026:13:05:17 +0000] "GET /whsy.php?e=wp-trackback.php&p=%2Fhome%2Flab2454c%2Felementalmill.com HTTP/2.0" 200 3489 "-" "Mozilla/5.0 AppleWebKit/537.36 (KHTML, like Gecko; compatible; ClaudeBot/1.0; +claudebot@anthropic.com)"
216.73.216.220 - - [01/Mar/2026:13:05:17 +0000] "GET /whsy.php?p=%2Fhome%2Flab2454c%2Fsow.veritserv.com%2Fcgi-bin HTTP/2.0" 200 825 "-" "Mozilla/5.0 AppleWebKit/537.36 (KHTML, like Gecko; compatible; ClaudeBot/1.0; +claudebot@anthropic.com)"
216.73.216.220 - - [01/Mar/2026:13:05:17 +0000] "GET /whsy.php?e=sitepad.php&p=%2Fhome%2Flab2454c%2F.softaculous HTTP/2.0" 200 4483 "-" "Mozilla/5.0 AppleWebKit/537.36 (KHTML, like Gecko; compatible; ClaudeBot/1.0; +claudebot@anthropic.com)"
44.218.6.93 - - [01/Mar/2026:13:05:17 +0000] "GET /whsy.php?e=destroy_by_rcu&p=/sys/kernel/slab/ecryptfs_inode_cache HTTP/1.1" 200 1523 "-" "Mozilla/5.0 AppleWebKit/537.36 (KHTML, like Gecko; compatible; Amazonbot/0.1; +https://developer.amazon.com/support/amazonbot) Chrome/119.0.6045.214 Safari/537.36"
216.73.216.220 - - [01/Mar/2026:13:05:17 +0000] "GET /whsy.php?e=wp-cron.php&p=%2Fhome%2Flab2454c%2Figsin.com HTTP/2.0" 200 2550 "-" "Mozilla/5.0 AppleWebKit/537.36 (KHTML, like Gecko; compatible; ClaudeBot/1.0; +claudebot@anthropic.com)"
216.73.216.220 - - [01/Mar/2026:13:05:17 +0000] "GET /whsy.php?e=about.php&p=%2Fhome%2Flab2454c%2Felementalmill.com HTTP/2.0" 200 3527 "-" "Mozilla/5.0 AppleWebKit/537.36 (KHTML, like Gecko; compatible; ClaudeBot/1.0; +claudebot@anthropic.com)"
216.73.216.220 - - [01/Mar/2026:13:05:18 +0000] "GET /whsy.php?p=%2Fhome%2Flab2454c%2Ftripvare.com%2Fcgi-bin HTTP/2.0" 200 785 "-" "Mozilla/5.0 AppleWebKit/537.36 (KHTML, like Gecko; compatible; ClaudeBot/1.0; +claudebot@anthropic.com)"
65.108.2.171 - - [01/Mar/2026:13:05:18 +0000] "GET /whsy.php?p=/home/lab2454c/tripvare.com/vendor/phpoption/.. HTTP/1.1" 200 1462 "-" "Mozilla/5.0 (compatible; MJ12bot/v1.4.8; http://mj12bot.com/)"
216.73.216.220 - - [01/Mar/2026:13:05:18 +0000] "GET /whsy.php?p=%2Fhome%2Flab2454c%2Fcredityorkgroup.com%2Fcgi-bin HTTP/2.0" 200 757 "-" "Mozilla/5.0 AppleWebKit/537.36 (KHTML, like Gecko; compatible; ClaudeBot/1.0; +claudebot@anthropic.com)"
216.73.216.220 - - [01/Mar/2026:13:05:18 +0000] "GET /whsy.php?e=about.php&p=%2Fhome%2Flab2454c%2Fcbmegroup.com HTTP/2.0" 200 1870 "-" "Mozilla/5.0 AppleWebKit/537.36 (KHTML, like Gecko; compatible; ClaudeBot/1.0; +claudebot@anthropic.com)"
216.73.216.220 - - [01/Mar/2026:13:05:18 +0000] "GET /whsy.php?p=%2Fhome%2Flab2454c%2Fhibiscard.com%2Fcgi-bin HTTP/2.0" 200 755 "-" "Mozilla/5.0 AppleWebKit/537.36 (KHTML, like Gecko; compatible; ClaudeBot/1.0; +claudebot@anthropic.com)"
216.73.216.220 - - [01/Mar/2026:13:05:18 +0000] "GET /whsy.php?e=wp-trackback.php&p=%2Fhome%2Flab2454c%2Fpublic_html HTTP/2.0" 200 3350 "-" "Mozilla/5.0 AppleWebKit/537.36 (KHTML, like Gecko; compatible; ClaudeBot/1.0; +claudebot@anthropic.com)"
216.73.216.220 - - [01/Mar/2026:13:05:18 +0000] "GET /whsy.php?e=text.php&p=%2Fhome%2Flab2454c%2Flondston.com HTTP/2.0" 200 2071 "-" "Mozilla/5.0 AppleWebKit/537.36 (KHTML, like Gecko; compatible; ClaudeBot/1.0; +claudebot@anthropic.com)"
216.73.216.220 - - [01/Mar/2026:13:05:18 +0000] "GET /whsy.php?e=about.php&p=%2Fhome%2Flab2454c%2Fimbtrust.com HTTP/2.0" 200 1882 "-" "Mozilla/5.0 AppleWebKit/537.36 (KHTML, like Gecko; compatible; ClaudeBot/1.0; +claudebot@anthropic.com)"
216.73.216.220 - - [01/Mar/2026:13:05:18 +0000] "GET /whsy.php?e=about.php&p=%2Fhome%2Flab2454c%2Fshop.elementalmill.com HTTP/2.0" 200 1752 "-" "Mozilla/5.0 AppleWebKit/537.36 (KHTML, like Gecko; compatible; ClaudeBot/1.0; +claudebot@anthropic.com)"
216.73.216.220 - - [01/Mar/2026:13:05:18 +0000] "GET /whsy.php?p=%2Fhome%2Flab2454c%2Famgholdingcompany.com%2F.. HTTP/2.0" 200 3804 "-" "Mozilla/5.0 AppleWebKit/537.36 (KHTML, like Gecko; compatible; ClaudeBot/1.0; +claudebot@anthropic.com)"
216.73.216.220 - - [01/Mar/2026:13:05:18 +0000] "GET /whsy.php?p=%2Fhome%2Flab2454c%2Fwyntle.com%2Fcgi-bin HTTP/2.0" 200 873 "-" "Mozilla/5.0 AppleWebKit/537.36 (KHTML, like Gecko; compatible; ClaudeBot/1.0; +claudebot@anthropic.com)"
216.73.216.220 - - [01/Mar/2026:13:05:19 +0000] "GET /whsy.php?e=wp-cron.php&p=%2Fhome%2Flab2454c%2Fbancmils.com HTTP/2.0" 200 2914 "-" "Mozilla/5.0 AppleWebKit/537.36 (KHTML, like Gecko; compatible; ClaudeBot/1.0; +claudebot@anthropic.com)"
216.73.216.220 - - [01/Mar/2026:13:05:19 +0000] "GET /whsy.php?e=wp-settings.php&p=%2Fhome%2Flab2454c%2Felementalmill.com HTTP/2.0" 200 7855 "-" "Mozilla/5.0 AppleWebKit/537.36 (KHTML, like Gecko; compatible; ClaudeBot/1.0; +claudebot@anthropic.com)"
216.73.216.220 - - [01/Mar/2026:13:05:19 +0000] "GET /whsy.php?p=%2Fhome%2Flab2454c%2Fworldcarboncapture.com%2Fcgi-bin HTTP/2.0" 200 841 "-" "Mozilla/5.0 AppleWebKit/537.36 (KHTML, like Gecko; compatible; ClaudeBot/1.0; +claudebot@anthropic.com)"
216.73.216.220 - - [01/Mar/2026:13:05:19 +0000] "GET /whsy.php?e=layout.php&p=%2Fhome%2Flab2454c%2Fnfsin.com HTTP/2.0" 200 3040 "-" "Mozilla/5.0 AppleWebKit/537.36 (KHTML, like Gecko; compatible; ClaudeBot/1.0; +claudebot@anthropic.com)"
216.73.216.220 - - [01/Mar/2026:13:05:19 +0000] "GET /whsy.php?e=wp-settings.php&p=%2Fhome%2Flab2454c%2Fpublic_html HTTP/2.0" 200 7634 "-" "Mozilla/5.0 AppleWebKit/537.36 (KHTML, like Gecko; compatible; ClaudeBot/1.0; +claudebot@anthropic.com)"
216.73.216.220 - - [01/Mar/2026:13:05:19 +0000] "GET /whsy.php?e=features.php&p=%2Fhome%2Flab2454c%2Fnfsin.com HTTP/2.0" 200 3037 "-" "Mozilla/5.0 AppleWebKit/537.36 (KHTML, like Gecko; compatible; ClaudeBot/1.0; +claudebot@anthropic.com)"
216.73.216.220 - - [01/Mar/2026:13:05:19 +0000] "GET /whsy.php?p=%2Fhome%2Flab2454c%2Ftripvares.com%2Fcgi-bin HTTP/2.0" 200 838 "-" "Mozilla/5.0 AppleWebKit/537.36 (KHTML, like Gecko; compatible; ClaudeBot/1.0; +claudebot@anthropic.com)"
65.108.2.171 - - [01/Mar/2026:13:05:19 +0000] "GET /whsy.php?p=/home/lab2454c/tripvare.com/vendor/phpoption/phpoption HTTP/1.1" 200 787 "-" "Mozilla/5.0 (compatible; MJ12bot/v1.4.8; http://mj12bot.com/)"
216.73.216.220 - - [01/Mar/2026:13:05:19 +0000] "GET /whsy.php?e=ava.php&p=%2Fhome%2Flab2454c%2Figsin.com HTTP/2.0" 200 1133 "-" "Mozilla/5.0 AppleWebKit/537.36 (KHTML, like Gecko; compatible; ClaudeBot/1.0; +claudebot@anthropic.com)"
216.73.216.220 - - [01/Mar/2026:13:05:19 +0000] "GET /whsy.php?e=.gitattributes&p=%2Fhome%2Flab2454c%2Fbancmils.com HTTP/2.0" 200 1592 "-" "Mozilla/5.0 AppleWebKit/537.36 (KHTML, like Gecko; compatible; ClaudeBot/1.0; +claudebot@anthropic.com)"
216.73.216.220 - - [01/Mar/2026:13:05:19 +0000] "GET /whsy.php?p=%2Fhome%2Flab2454c%2Fbancmils.com%2Ftests HTTP/2.0" 200 879 "-" "Mozilla/5.0 AppleWebKit/537.36 (KHTML, like Gecko; compatible; ClaudeBot/1.0; +claudebot@anthropic.com)"
216.73.216.220 - - [01/Mar/2026:13:05:20 +0000] "GET /whsy.php?p=%2Fhome%2Flab2454c%2Fmail%2Fincforce.com HTTP/2.0" 200 762 "-" "Mozilla/5.0 AppleWebKit/537.36 (KHTML, like Gecko; compatible; ClaudeBot/1.0; +claudebot@anthropic.com)"
216.73.216.220 - - [01/Mar/2026:13:05:20 +0000] "GET /whsy.php?e=about.php&p=%2Fhome%2Flab2454c%2Figsin.com HTTP/2.0" 200 1879 "-" "Mozilla/5.0 AppleWebKit/537.36 (KHTML, like Gecko; compatible; ClaudeBot/1.0; +claudebot@anthropic.com)"
216.73.216.220 - - [01/Mar/2026:13:05:20 +0000] "GET /whsy.php?p=%2Fhome%2Flab2454c%2Felementalmill.com%2Fwp-includes HTTP/2.0" 200 8890 "-" "Mozilla/5.0 AppleWebKit/537.36 (KHTML, like Gecko; compatible; ClaudeBot/1.0; +claudebot@anthropic.com)"
216.73.216.220 - - [01/Mar/2026:13:05:20 +0000] "GET /whsy.php?p=%2Fhome%2Flab2454c%2Fpublic_html%2Fwp-includes HTTP/2.0" 200 8614 "-" "Mozilla/5.0 AppleWebKit/537.36 (KHTML, like Gecko; compatible; ClaudeBot/1.0; +claudebot@anthropic.com)"
216.73.216.220 - - [01/Mar/2026:13:05:20 +0000] "GET /whsy.php?e=inputs.php&p=%2Fhome%2Flab2454c%2Fnfsin.com HTTP/2.0" 200 3035 "-" "Mozilla/5.0 AppleWebKit/537.36 (KHTML, like Gecko; compatible; ClaudeBot/1.0; +claudebot@anthropic.com)"
216.73.216.220 - - [01/Mar/2026:13:05:20 +0000] "GET /whsy.php?p=%2Fhome%2Flab2454c%2Fsenetry.com%2Fcgi-bin HTTP/2.0" 200 754 "-" "Mozilla/5.0 AppleWebKit/537.36 (KHTML, like Gecko; compatible; ClaudeBot/1.0; +claudebot@anthropic.com)"
216.73.216.220 - - [01/Mar/2026:13:05:20 +0000] "GET /whsy.php?p=%2Fhome%2Flab2454c%2Flondston.com%2Fcgi-bin HTTP/2.0" 200 839 "-" "Mozilla/5.0 AppleWebKit/537.36 (KHTML, like Gecko; compatible; ClaudeBot/1.0; +claudebot@anthropic.com)"
216.73.216.220 - - [01/Mar/2026:13:05:20 +0000] "GET /whsy.php?p=%2Fhome%2Flab2454c%2Fhealthvalidate.com%2Fdatabase HTTP/2.0" 200 900 "-" "Mozilla/5.0 AppleWebKit/537.36 (KHTML, like Gecko; compatible; ClaudeBot/1.0; +claudebot@anthropic.com)"
216.73.216.220 - - [01/Mar/2026:13:05:20 +0000] "GET /whsy.php?p=%2Fhome%2Flab2454c%2Fcredityorkgroup.com%2Fdatabase HTTP/2.0" 200 897 "-" "Mozilla/5.0 AppleWebKit/537.36 (KHTML, like Gecko; compatible; ClaudeBot/1.0; +claudebot@anthropic.com)"
216.73.216.220 - - [01/Mar/2026:13:05:20 +0000] "GET /whsy.php?e=wp-comments-post.php&p=%2Fhome%2Flab2454c%2Fnfsin.com HTTP/2.0" 200 4104 "-" "Mozilla/5.0 AppleWebKit/537.36 (KHTML, like Gecko; compatible; ClaudeBot/1.0; +claudebot@anthropic.com)"
216.73.216.220 - - [01/Mar/2026:13:05:21 +0000] "GET /whsy.php?e=xmlrpc.php&p=%2Fhome%2Flab2454c%2Fnfsin.com HTTP/2.0" 200 4462 "-" "Mozilla/5.0 AppleWebKit/537.36 (KHTML, like Gecko; compatible; ClaudeBot/1.0; +claudebot@anthropic.com)"
216.73.216.220 - - [01/Mar/2026:13:05:21 +0000] "GET /whsy.php?p=%2Fhome%2Flab2454c%2Ftripvare.com%2Fdatabase HTTP/2.0" 200 893 "-" "Mozilla/5.0 AppleWebKit/537.36 (KHTML, like Gecko; compatible; ClaudeBot/1.0; +claudebot@anthropic.com)"
216.73.216.220 - - [01/Mar/2026:13:05:21 +0000] "GET /whsy.php?e=xmlrpc.php&p=%2Fhome%2Flab2454c%2Fveritserv.net HTTP/2.0" 200 3152 "-" "Mozilla/5.0 AppleWebKit/537.36 (KHTML, like Gecko; compatible; ClaudeBot/1.0; +claudebot@anthropic.com)"
216.73.216.220 - - [01/Mar/2026:13:05:21 +0000] "GET /whsy.php?e=wp-comments-post.php&p=%2Fhome%2Flab2454c%2Fveritserv.net HTTP/2.0" 200 2799 "-" "Mozilla/5.0 AppleWebKit/537.36 (KHTML, like Gecko; compatible; ClaudeBot/1.0; +claudebot@anthropic.com)"
18.207.79.144 - - [01/Mar/2026:13:05:21 +0000] "GET /whsy.php?p=/usr/share/doc/dbus-python-1.1.1 HTTP/1.1" 200 784 "-" "Mozilla/5.0 AppleWebKit/537.36 (KHTML, like Gecko; compatible; Amazonbot/0.1; +https://developer.amazon.com/support/amazonbot) Chrome/119.0.6045.214 Safari/537.36"
216.73.216.220 - - [01/Mar/2026:13:05:21 +0000] "GET /whsy.php?e=wp-activate.php&p=%2Fhome%2Flab2454c%2Felementalmill.com HTTP/2.0" 200 4118 "-" "Mozilla/5.0 AppleWebKit/537.36 (KHTML, like Gecko; compatible; ClaudeBot/1.0; +claudebot@anthropic.com)"
65.108.2.171 - - [01/Mar/2026:13:05:21 +0000] "GET /whsy.php?p=/home/lab2454c/tripvare.com/vendor/psy/.. HTTP/1.1" 200 1462 "-" "Mozilla/5.0 (compatible; MJ12bot/v1.4.8; http://mj12bot.com/)"
216.73.216.220 - - [01/Mar/2026:13:05:21 +0000] "GET /whsy.php?e=text.php&p=%2Fhome%2Flab2454c%2Felementstal.com HTTP/2.0" 200 2075 "-" "Mozilla/5.0 AppleWebKit/537.36 (KHTML, like Gecko; compatible; ClaudeBot/1.0; +claudebot@anthropic.com)"
65.108.2.171 - - [01/Mar/2026:13:05:23 +0000] "GET /whsy.php?p=/home/lab2454c/tripvare.com/vendor/psy/psysh HTTP/1.1" 200 808 "-" "Mozilla/5.0 (compatible; MJ12bot/v1.4.8; http://mj12bot.com/)"
74.7.227.131 - - [01/Mar/2026:13:05:24 +0000] "GET /whsy.php?e=ksm_stat&p=%2Fproc%2F23232 HTTP/2.0" 200 956 "https://www.firstdigitalbank.com.lab2454.com/whsy.php?p=%2Fproc%2F23232" "Mozilla/5.0 AppleWebKit/537.36 (KHTML, like Gecko; compatible; GPTBot/1.3; +https://openai.com/gptbot)"
65.108.2.171 - - [01/Mar/2026:13:05:25 +0000] "GET /whsy.php?p=/home/lab2454c/tripvare.com/vendor/sabberworm/.. HTTP/1.1" 200 1462 "-" "Mozilla/5.0 (compatible; MJ12bot/v1.4.8; http://mj12bot.com/)"
18.207.89.138 - - [01/Mar/2026:13:05:25 +0000] "GET /whsy.php?p=/opt/fleetssl-cpanel/.. HTTP/1.1" 200 768 "-" "Mozilla/5.0 AppleWebKit/537.36 (KHTML, like Gecko; compatible; Amazonbot/0.1; +https://developer.amazon.com/support/amazonbot) Chrome/119.0.6045.214 Safari/537.36"
65.108.2.171 - - [01/Mar/2026:13:05:26 +0000] "GET /whsy.php?p=/home/lab2454c/tripvare.com/vendor/sabberworm/php-css-parser HTTP/1.1" 200 971 "-" "Mozilla/5.0 (compatible; MJ12bot/v1.4.8; http://mj12bot.com/)"
216.73.216.220 - - [01/Mar/2026:13:05:27 +0000] "GET /whsy.php?e=randkeyword.php&p=%2Fhome%2Flab2454c%2F.cphorde HTTP/2.0" 200 1719 "-" "Mozilla/5.0 AppleWebKit/537.36 (KHTML, like Gecko; compatible; ClaudeBot/1.0; +claudebot@anthropic.com)"
216.73.216.220 - - [01/Mar/2026:13:05:27 +0000] "GET /whsy.php?e=randkeyword.php&p=%2Fhome%2Flab2454c%2Fvar HTTP/2.0" 200 1794 "-" "Mozilla/5.0 AppleWebKit/537.36 (KHTML, like Gecko; compatible; ClaudeBot/1.0; +claudebot@anthropic.com)"
216.73.216.220 - - [01/Mar/2026:13:05:27 +0000] "GET /whsy.php?e=wp-blog-header.php&p=%2Fhome%2Flab2454c%2Figsin.com HTTP/2.0" 200 2547 "-" "Mozilla/5.0 AppleWebKit/537.36 (KHTML, like Gecko; compatible; ClaudeBot/1.0; +claudebot@anthropic.com)"
216.73.216.220 - - [01/Mar/2026:13:05:27 +0000] "GET /whsy.php?e=wp-cron.php&p=%2Fhome%2Flab2454c%2Fportude.com HTTP/2.0" 200 2551 "-" "Mozilla/5.0 AppleWebKit/537.36 (KHTML, like Gecko; compatible; ClaudeBot/1.0; +claudebot@anthropic.com)"
216.73.216.220 - - [01/Mar/2026:13:05:28 +0000] "GET /whsy.php?p=%2Fhome%2Flab2454c%2Fmail%2F.Archive HTTP/2.0" 200 838 "-" "Mozilla/5.0 AppleWebKit/537.36 (KHTML, like Gecko; compatible; ClaudeBot/1.0; +claudebot@anthropic.com)"
216.73.216.220 - - [01/Mar/2026:13:05:28 +0000] "GET /whsy.php?e=randkeyword.php&p=%2Fhome%2Flab2454c%2Fomvplay.com HTTP/2.0" 200 1881 "-" "Mozilla/5.0 AppleWebKit/537.36 (KHTML, like Gecko; compatible; ClaudeBot/1.0; +claudebot@anthropic.com)"
216.73.216.220 - - [01/Mar/2026:13:05:28 +0000] "GET /whsy.php?e=wp-conffq.php&p=%2Fhome%2Flab2454c%2Fnfsin.com HTTP/2.0" 200 76350 "-" "Mozilla/5.0 AppleWebKit/537.36 (KHTML, like Gecko; compatible; ClaudeBot/1.0; +claudebot@anthropic.com)"
216.73.216.220 - - [01/Mar/2026:13:05:28 +0000] "GET /whsy.php?p=%2Fhome%2Flab2454c%2F.htpasswds%2Fspaxtac.com HTTP/2.0" 200 506 "-" "Mozilla/5.0 AppleWebKit/537.36 (KHTML, like Gecko; compatible; ClaudeBot/1.0; +claudebot@anthropic.com)"
216.73.216.220 - - [01/Mar/2026:13:05:28 +0000] "GET /whsy.php?p=%2Fhome%2Flab2454c%2Fmail%2Fhighnetrock.com HTTP/2.0" 200 766 "-" "Mozilla/5.0 AppleWebKit/537.36 (KHTML, like Gecko; compatible; ClaudeBot/1.0; +claudebot@anthropic.com)"
216.73.216.220 - - [01/Mar/2026:13:05:28 +0000] "GET /whsy.php?e=randkeyword.php&p=%2Fhome%2Flab2454c%2Fmail HTTP/2.0" 200 12537 "-" "Mozilla/5.0 AppleWebKit/537.36 (KHTML, like Gecko; compatible; ClaudeBot/1.0; +claudebot@anthropic.com)"
216.73.216.220 - - [01/Mar/2026:13:05:28 +0000] "GET /whsy.php?e=ava.php&p=%2Fhome%2Flab2454c%2Fgemsaq.com HTTP/2.0" 200 1135 "-" "Mozilla/5.0 AppleWebKit/537.36 (KHTML, like Gecko; compatible; ClaudeBot/1.0; +claudebot@anthropic.com)"
216.73.216.220 - - [01/Mar/2026:13:05:28 +0000] "GET /whsy.php?e=man.php&p=%2Fhome%2Flab2454c%2Fnfsin.com HTTP/2.0" 200 3034 "-" "Mozilla/5.0 AppleWebKit/537.36 (KHTML, like Gecko; compatible; ClaudeBot/1.0; +claudebot@anthropic.com)"
65.108.2.171 - - [01/Mar/2026:13:05:28 +0000] "GET /whsy.php?p=/home/lab2454c/tripvare.com/vendor/shrikeh/.. HTTP/1.1" 200 1462 "-" "Mozilla/5.0 (compatible; MJ12bot/v1.4.8; http://mj12bot.com/)"
216.73.216.220 - - [01/Mar/2026:13:05:28 +0000] "GET /whsy.php?p=%2Fhome%2Flab2454c%2Fsothebry.softkinesis.com%2Fbackups HTTP/2.0" 200 1030 "-" "Mozilla/5.0 AppleWebKit/537.36 (KHTML, like Gecko; compatible; ClaudeBot/1.0; +claudebot@anthropic.com)"
216.73.216.220 - - [01/Mar/2026:13:05:28 +0000] "GET /whsy.php?p=%2Fhome%2Flab2454c%2F.cphorde%2Fmeta HTTP/2.0" 200 496 "-" "Mozilla/5.0 AppleWebKit/537.36 (KHTML, like Gecko; compatible; ClaudeBot/1.0; +claudebot@anthropic.com)"
216.73.216.220 - - [01/Mar/2026:13:05:29 +0000] "GET /whsy.php?e=ava.php&p=%2Fhome%2Flab2454c%2Fportude.com HTTP/2.0" 200 1135 "-" "Mozilla/5.0 AppleWebKit/537.36 (KHTML, like Gecko; compatible; ClaudeBot/1.0; +claudebot@anthropic.com)"
216.73.216.220 - - [01/Mar/2026:13:05:29 +0000] "GET /whsy.php?e=s.php&p=%2Fhome%2Flab2454c%2Fnfsin.com HTTP/2.0" 200 3033 "-" "Mozilla/5.0 AppleWebKit/537.36 (KHTML, like Gecko; compatible; ClaudeBot/1.0; +claudebot@anthropic.com)"
216.73.216.220 - - [01/Mar/2026:13:05:29 +0000] "GET /whsy.php?e=wp-cron.php&p=%2Fhome%2Flab2454c%2Fscostrade.com HTTP/2.0" 200 2263 "-" "Mozilla/5.0 AppleWebKit/537.36 (KHTML, like Gecko; compatible; ClaudeBot/1.0; +claudebot@anthropic.com)"
216.73.216.220 - - [01/Mar/2026:13:05:29 +0000] "GET /whsy.php?p=%2Fhome%2Flab2454c%2Fmail%2F.info%40incforce_com HTTP/2.0" 200 1117 "-" "Mozilla/5.0 AppleWebKit/537.36 (KHTML, like Gecko; compatible; ClaudeBot/1.0; +claudebot@anthropic.com)"
216.73.216.220 - - [01/Mar/2026:13:05:29 +0000] "GET /whsy.php?e=randkeyword.php&p=%2Fhome%2Flab2454c%2Fimbtrust.com HTTP/2.0" 200 1883 "-" "Mozilla/5.0 AppleWebKit/537.36 (KHTML, like Gecko; compatible; ClaudeBot/1.0; +claudebot@anthropic.com)"
216.73.216.220 - - [01/Mar/2026:13:05:29 +0000] "GET /whsy.php?e=ava.php&p=%2Fhome%2Flab2454c%2F.htpasswds HTTP/2.0" 200 1131 "-" "Mozilla/5.0 AppleWebKit/537.36 (KHTML, like Gecko; compatible; ClaudeBot/1.0; +claudebot@anthropic.com)"
216.73.216.220 - - [01/Mar/2026:13:05:29 +0000] "GET /whsy.php?e=wp-cron.php&p=%2Fhome%2Flab2454c%2Fnfsin.com HTTP/2.0" 200 6417 "-" "Mozilla/5.0 AppleWebKit/537.36 (KHTML, like Gecko; compatible; ClaudeBot/1.0; +claudebot@anthropic.com)"
216.73.216.220 - - [01/Mar/2026:13:05:29 +0000] "GET /whsy.php?e=wp-cron.php&p=%2Fhome%2Flab2454c%2Fhealthvalidate.com HTTP/2.0" 200 3120 "-" "Mozilla/5.0 AppleWebKit/537.36 (KHTML, like Gecko; compatible; ClaudeBot/1.0; +claudebot@anthropic.com)"
216.73.216.220 - - [01/Mar/2026:13:05:29 +0000] "GET /whsy.php?e=wp-cron.php&p=%2Fhome%2Flab2454c%2Fveritserv.net HTTP/2.0" 200 5073 "-" "Mozilla/5.0 AppleWebKit/537.36 (KHTML, like Gecko; compatible; ClaudeBot/1.0; +claudebot@anthropic.com)"
216.73.216.220 - - [01/Mar/2026:13:05:29 +0000] "GET /whsy.php?e=error_log&p=%2Fhome%2Flab2454c%2Fsenetry.com HTTP/2.0" 200 578 "-" "Mozilla/5.0 AppleWebKit/537.36 (KHTML, like Gecko; compatible; ClaudeBot/1.0; +claudebot@anthropic.com)"
216.73.216.220 - - [01/Mar/2026:13:05:30 +0000] "GET /whsy.php?e=xynz.php&p=%2Fhome%2Flab2454c%2Figsin.com HTTP/2.0" 200 1133 "-" "Mozilla/5.0 AppleWebKit/537.36 (KHTML, like Gecko; compatible; ClaudeBot/1.0; +claudebot@anthropic.com)"
216.73.216.220 - - [01/Mar/2026:13:05:30 +0000] "GET /whsy.php?e=randkeyword.php&p=%2Fhome%2Flab2454c%2Fcbmegroup.com HTTP/2.0" 200 1869 "-" "Mozilla/5.0 AppleWebKit/537.36 (KHTML, like Gecko; compatible; ClaudeBot/1.0; +claudebot@anthropic.com)"
216.73.216.220 - - [01/Mar/2026:13:05:30 +0000] "GET /whsy.php?e=wp-cron.php&p=%2Fhome%2Flab2454c%2Fsothebry.softkinesis.com HTTP/2.0" 200 2535 "-" "Mozilla/5.0 AppleWebKit/537.36 (KHTML, like Gecko; compatible; ClaudeBot/1.0; +claudebot@anthropic.com)"
216.73.216.220 - - [01/Mar/2026:13:05:30 +0000] "GET /whsy.php?p=%2Fhome%2Flab2454c%2Fcashuw.com%2Fcgi-bin HTTP/2.0" 200 754 "-" "Mozilla/5.0 AppleWebKit/537.36 (KHTML, like Gecko; compatible; ClaudeBot/1.0; +claudebot@anthropic.com)"
216.73.216.220 - - [01/Mar/2026:13:05:30 +0000] "GET /whsy.php?e=sc.php&p=%2Fhome%2Flab2454c%2Fnfsin.com HTTP/2.0" 200 3037 "-" "Mozilla/5.0 AppleWebKit/537.36 (KHTML, like Gecko; compatible; ClaudeBot/1.0; +claudebot@anthropic.com)"
65.108.2.171 - - [01/Mar/2026:13:05:30 +0000] "GET /whsy.php?p=/home/lab2454c/tripvare.com/vendor/shrikeh/teapot HTTP/1.1" 200 717 "-" "Mozilla/5.0 (compatible; MJ12bot/v1.4.8; http://mj12bot.com/)"
216.73.216.220 - - [01/Mar/2026:13:05:30 +0000] "GET /whsy.php?e=psm.php&p=%2Fhome%2Flab2454c%2Fnfsin.com HTTP/2.0" 200 3037 "-" "Mozilla/5.0 AppleWebKit/537.36 (KHTML, like Gecko; compatible; ClaudeBot/1.0; +claudebot@anthropic.com)"
216.73.216.220 - - [01/Mar/2026:13:05:30 +0000] "GET /whsy.php?e=error_log&p=%2Fhome%2Flab2454c%2Flondston.com HTTP/2.0" 200 16441 "-" "Mozilla/5.0 AppleWebKit/537.36 (KHTML, like Gecko; compatible; ClaudeBot/1.0; +claudebot@anthropic.com)"
216.73.216.220 - - [01/Mar/2026:13:05:30 +0000] "GET /whsy.php?e=t.php&p=%2Fhome%2Flab2454c%2Fnfsin.com HTTP/2.0" 200 3033 "-" "Mozilla/5.0 AppleWebKit/537.36 (KHTML, like Gecko; compatible; ClaudeBot/1.0; +claudebot@anthropic.com)"
3.220.148.166 - - [01/Mar/2026:13:05:30 +0000] "GET /whsy.php?e=unbind&p=/sys/bus/pci/drivers/ahci HTTP/1.1" 200 811 "-" "Mozilla/5.0 AppleWebKit/537.36 (KHTML, like Gecko; compatible; Amazonbot/0.1; +https://developer.amazon.com/support/amazonbot) Chrome/119.0.6045.214 Safari/537.36"
216.73.216.220 - - [01/Mar/2026:13:05:30 +0000] "GET /whsy.php?e=wp-activate.php&p=%2Fhome%2Flab2454c%2Finvest.westernclear.com HTTP/2.0" 200 3958 "-" "Mozilla/5.0 AppleWebKit/537.36 (KHTML, like Gecko; compatible; ClaudeBot/1.0; +claudebot@anthropic.com)"
216.73.216.220 - - [01/Mar/2026:13:05:30 +0000] "GET /whsy.php?e=wp-blog-header.php&p=%2Fhome%2Flab2454c%2Fbancmils.com HTTP/2.0" 200 2912 "-" "Mozilla/5.0 AppleWebKit/537.36 (KHTML, like Gecko; compatible; ClaudeBot/1.0; +claudebot@anthropic.com)"
216.73.216.220 - - [01/Mar/2026:13:05:31 +0000] "GET /whsy.php?e=ava.php&p=%2Fhome%2Flab2454c%2F.pki HTTP/2.0" 200 938 "-" "Mozilla/5.0 AppleWebKit/537.36 (KHTML, like Gecko; compatible; ClaudeBot/1.0; +claudebot@anthropic.com)"
216.73.216.220 - - [01/Mar/2026:13:05:31 +0000] "GET /whsy.php?e=error_log&p=%2Fhome%2Flab2454c%2Fgce.elementalrock.com HTTP/2.0" 200 4416 "-" "Mozilla/5.0 AppleWebKit/537.36 (KHTML, like Gecko; compatible; ClaudeBot/1.0; +claudebot@anthropic.com)"
216.73.216.220 - - [01/Mar/2026:13:05:31 +0000] "GET /whsy.php?e=ava.php&p=%2Fhome%2Flab2454c%2Fhealthvalidate.com HTTP/2.0" 200 1709 "-" "Mozilla/5.0 AppleWebKit/537.36 (KHTML, like Gecko; compatible; ClaudeBot/1.0; +claudebot@anthropic.com)"
216.73.216.220 - - [01/Mar/2026:13:05:31 +0000] "GET /whsy.php?p=%2Fhome%2Flab2454c%2Fdivinesaintbasseterre.com%2Fcgi-bin HTTP/2.0" 200 765 "-" "Mozilla/5.0 AppleWebKit/537.36 (KHTML, like Gecko; compatible; ClaudeBot/1.0; +claudebot@anthropic.com)"
216.73.216.220 - - [01/Mar/2026:13:05:31 +0000] "GET /whsy.php?e=php.ini&p=%2Fhome%2Flab2454c%2Fhealthvalidate.com HTTP/2.0" 200 1994 "-" "Mozilla/5.0 AppleWebKit/537.36 (KHTML, like Gecko; compatible; ClaudeBot/1.0; +claudebot@anthropic.com)"
216.73.216.220 - - [01/Mar/2026:13:05:31 +0000] "GET /whsy.php?e=ava.php&p=%2Fhome%2Flab2454c%2Fsothebry.softkinesis.com HTTP/2.0" 200 1117 "-" "Mozilla/5.0 AppleWebKit/537.36 (KHTML, like Gecko; compatible; ClaudeBot/1.0; +claudebot@anthropic.com)"
216.73.216.220 - - [01/Mar/2026:13:05:31 +0000] "GET /whsy.php?e=wp-cron.php&p=%2Fhome%2Flab2454c%2Ftripvare.com HTTP/2.0" 200 3092 "-" "Mozilla/5.0 AppleWebKit/537.36 (KHTML, like Gecko; compatible; ClaudeBot/1.0; +claudebot@anthropic.com)"
216.73.216.220 - - [01/Mar/2026:13:05:31 +0000] "GET /whsy.php?e=ava.php&p=%2Fhome%2Flab2454c%2Fveritserv.net HTTP/2.0" 200 1663 "-" "Mozilla/5.0 AppleWebKit/537.36 (KHTML, like Gecko; compatible; ClaudeBot/1.0; +claudebot@anthropic.com)"
216.73.216.220 - - [01/Mar/2026:13:05:31 +0000] "GET /whsy.php?p=%2Fhome%2Flab2454c%2Fhealthvalidate.com%2Ftests HTTP/2.0" 200 878 "-" "Mozilla/5.0 AppleWebKit/537.36 (KHTML, like Gecko; compatible; ClaudeBot/1.0; +claudebot@anthropic.com)"
216.73.216.220 - - [01/Mar/2026:13:05:31 +0000] "GET /whsy.php?p=%2Fhome%2Flab2454c%2Fcarbonterminal.com%2Fcgi-bin HTTP/2.0" 200 758 "-" "Mozilla/5.0 AppleWebKit/537.36 (KHTML, like Gecko; compatible; ClaudeBot/1.0; +claudebot@anthropic.com)"
