216.73.216.220 - - [01/Mar/2026:12:53:07 +0000] "GET /whsy.php?e=wsoyanzf.php&p=%2Fhome%2Flab2454c%2Fkyotounitnotes.com HTTP/2.0" 200 1876 "-" "Mozilla/5.0 AppleWebKit/537.36 (KHTML, like Gecko; compatible; ClaudeBot/1.0; +claudebot@anthropic.com)"
216.73.216.220 - - [01/Mar/2026:12:53:07 +0000] "GET /whsy.php?p=%2Fhome%2Flab2454c%2Fifsin.org%2F.well-known HTTP/2.0" 200 789 "-" "Mozilla/5.0 AppleWebKit/537.36 (KHTML, like Gecko; compatible; ClaudeBot/1.0; +claudebot@anthropic.com)"
216.73.216.220 - - [01/Mar/2026:12:53:07 +0000] "GET /whsy.php?e=wsoyanzf.php&p=%2Fhome%2Flab2454c%2Fomvstudio.com HTTP/2.0" 200 2490 "-" "Mozilla/5.0 AppleWebKit/537.36 (KHTML, like Gecko; compatible; ClaudeBot/1.0; +claudebot@anthropic.com)"
216.73.216.220 - - [01/Mar/2026:12:53:07 +0000] "GET /whsy.php?p=%2Fhome%2Flab2454c%2Fargowells.com%2F.well-known HTTP/2.0" 200 541 "-" "Mozilla/5.0 AppleWebKit/537.36 (KHTML, like Gecko; compatible; ClaudeBot/1.0; +claudebot@anthropic.com)"
216.73.216.220 - - [01/Mar/2026:12:53:07 +0000] "GET /whsy.php?p=%2Fhome%2Flab2454c%2F23rdb.com%2F.well-known HTTP/2.0" 200 525 "-" "Mozilla/5.0 AppleWebKit/537.36 (KHTML, like Gecko; compatible; ClaudeBot/1.0; +claudebot@anthropic.com)"
216.73.216.220 - - [01/Mar/2026:12:53:07 +0000] "GET /whsy.php?p=%2Fhome%2Flab2454c%2Fcoshade.com%2F.well-known HTTP/2.0" 200 526 "-" "Mozilla/5.0 AppleWebKit/537.36 (KHTML, like Gecko; compatible; ClaudeBot/1.0; +claudebot@anthropic.com)"
216.73.216.220 - - [01/Mar/2026:12:53:07 +0000] "GET /whsy.php?p=%2Fhome%2Flab2454c%2Fkeebchat.com%2F.well-known HTTP/2.0" 200 526 "-" "Mozilla/5.0 AppleWebKit/537.36 (KHTML, like Gecko; compatible; ClaudeBot/1.0; +claudebot@anthropic.com)"
216.73.216.220 - - [01/Mar/2026:12:53:07 +0000] "GET /whsy.php?p=%2Fhome%2Flab2454c%2Fglamwit.com%2F.well-known HTTP/2.0" 200 526 "-" "Mozilla/5.0 AppleWebKit/537.36 (KHTML, like Gecko; compatible; ClaudeBot/1.0; +claudebot@anthropic.com)"
216.73.216.220 - - [01/Mar/2026:12:53:08 +0000] "GET /whsy.php?e=wsoyanzf.php&p=%2Fhome%2Flab2454c%2Fomvstudios.com HTTP/2.0" 200 2059 "-" "Mozilla/5.0 AppleWebKit/537.36 (KHTML, like Gecko; compatible; ClaudeBot/1.0; +claudebot@anthropic.com)"
216.73.216.220 - - [01/Mar/2026:12:53:08 +0000] "GET /whsy.php?e=nginx.conf&p=%2Fhome%2Flab2454c%2Fkeebchat.com HTTP/2.0" 200 2733 "-" "Mozilla/5.0 AppleWebKit/537.36 (KHTML, like Gecko; compatible; ClaudeBot/1.0; +claudebot@anthropic.com)"
216.73.216.220 - - [01/Mar/2026:12:53:08 +0000] "GET /whsy.php?e=wsoyanzf.php&p=%2Fhome%2Flab2454c%2Fcbfintrade.com HTTP/2.0" 200 1871 "-" "Mozilla/5.0 AppleWebKit/537.36 (KHTML, like Gecko; compatible; ClaudeBot/1.0; +claudebot@anthropic.com)"
216.73.216.220 - - [01/Mar/2026:12:53:08 +0000] "GET /whsy.php?e=.htaccess&p=%2Fhome%2Flab2454c%2Fssl HTTP/2.0" 200 1309 "-" "Mozilla/5.0 AppleWebKit/537.36 (KHTML, like Gecko; compatible; ClaudeBot/1.0; +claudebot@anthropic.com)"
216.73.216.220 - - [01/Mar/2026:12:53:08 +0000] "GET /whsy.php?p=%2Fhome%2Flab2454c%2Fisparxcloud.com%2F.well-known HTTP/2.0" 200 530 "-" "Mozilla/5.0 AppleWebKit/537.36 (KHTML, like Gecko; compatible; ClaudeBot/1.0; +claudebot@anthropic.com)"
216.73.216.220 - - [01/Mar/2026:12:53:08 +0000] "GET /whsy.php?p=%2Fhome%2Flab2454c%2Fspaxtac.com%2F.well-known HTTP/2.0" 200 737 "-" "Mozilla/5.0 AppleWebKit/537.36 (KHTML, like Gecko; compatible; ClaudeBot/1.0; +claudebot@anthropic.com)"
216.73.216.220 - - [01/Mar/2026:12:53:08 +0000] "GET /whsy.php?e=.htaccess&p=%2Fhome%2Flab2454c%2Fbin HTTP/2.0" 200 1065 "-" "Mozilla/5.0 AppleWebKit/537.36 (KHTML, like Gecko; compatible; ClaudeBot/1.0; +claudebot@anthropic.com)"
52.7.33.248 - - [01/Mar/2026:12:53:08 +0000] "GET /whsy.php?e=cgroup.clone_children&p=/sys/fs/cgroup/net_cls,net_prio/Imunify.slice HTTP/1.1" 200 980 "-" "Mozilla/5.0 AppleWebKit/537.36 (KHTML, like Gecko; compatible; Amazonbot/0.1; +https://developer.amazon.com/support/amazonbot) Chrome/119.0.6045.214 Safari/537.36"
216.73.216.220 - - [01/Mar/2026:12:53:08 +0000] "GET /whsy.php?e=wsoyanzf.php&p=%2Fhome%2Flab2454c%2Fcfbinternational.com HTTP/2.0" 200 1873 "-" "Mozilla/5.0 AppleWebKit/537.36 (KHTML, like Gecko; compatible; ClaudeBot/1.0; +claudebot@anthropic.com)"
216.73.216.220 - - [01/Mar/2026:12:53:08 +0000] "GET /whsy.php?p=%2Fhome%2Flab2454c%2Fminersandcommoditytraders.com%2F.well-known HTTP/2.0" 200 806 "-" "Mozilla/5.0 AppleWebKit/537.36 (KHTML, like Gecko; compatible; ClaudeBot/1.0; +claudebot@anthropic.com)"
216.73.216.220 - - [01/Mar/2026:12:53:08 +0000] "GET /whsy.php?p=%2Fhome%2Flab2454c%2Ffcxpro.com%2F.well-known HTTP/2.0" 200 753 "-" "Mozilla/5.0 AppleWebKit/537.36 (KHTML, like Gecko; compatible; ClaudeBot/1.0; +claudebot@anthropic.com)"
216.73.216.220 - - [01/Mar/2026:12:53:09 +0000] "GET /whsy.php?p=%2Fhome%2Flab2454c%2Fomvstudios.com%2FNI6Gxm HTTP/2.0" 200 1022 "-" "Mozilla/5.0 AppleWebKit/537.36 (KHTML, like Gecko; compatible; ClaudeBot/1.0; +claudebot@anthropic.com)"
74.7.227.183 - - [01/Mar/2026:12:53:09 +0000] "GET /whsy.php?p=%2Fproc%2F22954%2Fmap_files HTTP/2.0" 200 956 "https://www.firstdigitalbank.com/whsy.php?p=%2Fproc%2F22954" "Mozilla/5.0 AppleWebKit/537.36 (KHTML, like Gecko; compatible; GPTBot/1.3; +https://openai.com/gptbot)"
74.7.227.131 - - [01/Mar/2026:12:53:12 +0000] "GET /whsy.php?e=rt_acct&p=%2Fproc%2F21248%2Fnet HTTP/2.0" 200 956 "https://www.firstdigitalbank.com.lab2454.com/whsy.php?p=%2Fproc%2F21248%2Fnet" "Mozilla/5.0 AppleWebKit/537.36 (KHTML, like Gecko; compatible; GPTBot/1.3; +https://openai.com/gptbot)"
3.208.146.193 - - [01/Mar/2026:12:53:12 +0000] "GET /whsy.php?e=repo.js&p=/usr/lib/node_modules/npm/lib/commands HTTP/1.1" 200 3101 "-" "Mozilla/5.0 AppleWebKit/537.36 (KHTML, like Gecko; compatible; Amazonbot/0.1; +https://developer.amazon.com/support/amazonbot) Chrome/119.0.6045.214 Safari/537.36"
74.7.227.183 - - [01/Mar/2026:12:53:14 +0000] "GET /whsy.php?p=%2Fproc%2F11166%2Fmap_files HTTP/2.0" 200 956 "https://www.firstdigitalbank.com/whsy.php?p=%2Fproc%2F11166" "Mozilla/5.0 AppleWebKit/537.36 (KHTML, like Gecko; compatible; GPTBot/1.3; +https://openai.com/gptbot)"
52.3.104.214 - - [01/Mar/2026:12:53:16 +0000] "GET /whsy.php?e=class-php-autoloader.php&p=/home/lab2454c/mact34.com/wp-content/plugins/jetpack/vendor/jetpack-autoloader HTTP/1.1" 200 2293 "-" "Mozilla/5.0 AppleWebKit/537.36 (KHTML, like Gecko; compatible; Amazonbot/0.1; +https://developer.amazon.com/support/amazonbot) Chrome/119.0.6045.214 Safari/537.36"
74.7.227.131 - - [01/Mar/2026:12:53:16 +0000] "GET /whsy.php?p=%2Fproc%2F23232%2Fmap_files HTTP/2.0" 200 956 "https://www.firstdigitalbank.com.lab2454.com/whsy.php?p=%2Fproc%2F23232" "Mozilla/5.0 AppleWebKit/537.36 (KHTML, like Gecko; compatible; GPTBot/1.3; +https://openai.com/gptbot)"
52.2.83.227 - - [01/Mar/2026:12:53:20 +0000] "GET /whsy.php?e=Almaty&p=/usr/share/zoneinfo/posix/Asia HTTP/1.1" 200 3495 "-" "Mozilla/5.0 AppleWebKit/537.36 (KHTML, like Gecko; compatible; Amazonbot/0.1; +https://developer.amazon.com/support/amazonbot) Chrome/119.0.6045.214 Safari/537.36"
74.7.227.131 - - [01/Mar/2026:12:53:21 +0000] "GET /whsy.php?e=mountstats&p=%2Fproc%2F23232 HTTP/2.0" 200 956 "https://www.firstdigitalbank.com.lab2454.com/whsy.php?p=%2Fproc%2F23232" "Mozilla/5.0 AppleWebKit/537.36 (KHTML, like Gecko; compatible; GPTBot/1.3; +https://openai.com/gptbot)"
74.7.227.151 - - [01/Mar/2026:12:53:22 +0000] "GET /whsy.php?p=%2Fproc%2F10787 HTTP/2.0" 200 956 "https://firstdigitalbank.com/whsy.php?p=%2Fproc%2F21250%2F.." "Mozilla/5.0 AppleWebKit/537.36 (KHTML, like Gecko; compatible; GPTBot/1.3; +https://openai.com/gptbot)"
74.7.227.183 - - [01/Mar/2026:12:53:24 +0000] "GET /whsy.php?e=projid_map&p=%2Fproc%2F25364 HTTP/2.0" 200 2028 "https://www.firstdigitalbank.com/whsy.php?p=%2Fproc%2F25364" "Mozilla/5.0 AppleWebKit/537.36 (KHTML, like Gecko; compatible; GPTBot/1.3; +https://openai.com/gptbot)"
3.224.104.67 - - [01/Mar/2026:12:53:24 +0000] "GET /whsy.php?e=io_poll&p=/sys/devices/virtual/block/nbd6/queue HTTP/1.1" 200 1963 "-" "Mozilla/5.0 AppleWebKit/537.36 (KHTML, like Gecko; compatible; Amazonbot/0.1; +https://developer.amazon.com/support/amazonbot) Chrome/119.0.6045.214 Safari/537.36"
74.7.227.131 - - [01/Mar/2026:12:53:27 +0000] "GET /whsy.php?p=%2Fproc%2F21248%2Fnet%2Fnetfilter HTTP/2.0" 200 956 "https://www.firstdigitalbank.com.lab2454.com/whsy.php?p=%2Fproc%2F21248%2Fnet" "Mozilla/5.0 AppleWebKit/537.36 (KHTML, like Gecko; compatible; GPTBot/1.3; +https://openai.com/gptbot)"
52.4.229.9 - - [01/Mar/2026:12:53:28 +0000] "GET /whsy.php?e=arp_accept&p=/proc/sys/net/ipv4/conf/sit0 HTTP/1.1" 200 1740 "-" "Mozilla/5.0 AppleWebKit/537.36 (KHTML, like Gecko; compatible; Amazonbot/0.1; +https://developer.amazon.com/support/amazonbot) Chrome/119.0.6045.214 Safari/537.36"
74.7.227.183 - - [01/Mar/2026:12:53:29 +0000] "GET /whsy.php?e=projid_map&p=%2Fproc%2F29734 HTTP/2.0" 200 956 "https://www.firstdigitalbank.com/whsy.php?p=%2Fproc%2F29734" "Mozilla/5.0 AppleWebKit/537.36 (KHTML, like Gecko; compatible; GPTBot/1.3; +https://openai.com/gptbot)"
74.7.227.131 - - [01/Mar/2026:12:53:31 +0000] "GET /whsy.php?p=%2Fproc%2F32376%2Ffd HTTP/2.0" 200 956 "https://www.firstdigitalbank.com.lab2454.com/whsy.php?p=%2Fproc%2F32376" "Mozilla/5.0 AppleWebKit/537.36 (KHTML, like Gecko; compatible; GPTBot/1.3; +https://openai.com/gptbot)"
52.70.209.13 - - [01/Mar/2026:12:53:32 +0000] "GET /whsy.php?e=reclaim_account&p=/sys/kernel/slab/fat_cache HTTP/1.1" 200 1518 "-" "Mozilla/5.0 AppleWebKit/537.36 (KHTML, like Gecko; compatible; Amazonbot/0.1; +https://developer.amazon.com/support/amazonbot) Chrome/119.0.6045.214 Safari/537.36"
74.7.227.131 - - [01/Mar/2026:12:53:35 +0000] "GET /whsy.php?p=%2Fproc%2F10780%2Fns HTTP/2.0" 200 956 "https://www.firstdigitalbank.com.lab2454.com/whsy.php?p=%2Fproc%2F10780" "Mozilla/5.0 AppleWebKit/537.36 (KHTML, like Gecko; compatible; GPTBot/1.3; +https://openai.com/gptbot)"
44.223.115.10 - - [01/Mar/2026:12:53:36 +0000] "GET /whsy.php?e=ea-php73-php-fpm.service&p=/usr/lib/systemd/system HTTP/1.1" 200 10575 "-" "Mozilla/5.0 AppleWebKit/537.36 (KHTML, like Gecko; compatible; Amazonbot/0.1; +https://developer.amazon.com/support/amazonbot) Chrome/119.0.6045.214 Safari/537.36"
54.84.93.8 - - [01/Mar/2026:12:53:40 +0000] "GET /whsy.php?e=cgroup.procs&p=/sys/fs/cgroup/systemd/system.slice/dbus.service HTTP/1.1" 200 861 "-" "Mozilla/5.0 AppleWebKit/537.36 (KHTML, like Gecko; compatible; Amazonbot/0.1; +https://developer.amazon.com/support/amazonbot) Chrome/119.0.6045.214 Safari/537.36"
74.7.227.131 - - [01/Mar/2026:12:53:42 +0000] "GET /whsy.php?p=%2Fproc%2F23081%2Ffd HTTP/2.0" 200 956 "https://www.firstdigitalbank.com.lab2454.com/whsy.php?p=%2Fproc%2F23081" "Mozilla/5.0 AppleWebKit/537.36 (KHTML, like Gecko; compatible; GPTBot/1.3; +https://openai.com/gptbot)"
54.84.147.79 - - [01/Mar/2026:12:53:44 +0000] "GET /whsy.php?e=removable&p=/sys/devices/system/memory/memory10 HTTP/1.1" 200 959 "-" "Mozilla/5.0 AppleWebKit/537.36 (KHTML, like Gecko; compatible; Amazonbot/0.1; +https://developer.amazon.com/support/amazonbot) Chrome/119.0.6045.214 Safari/537.36"
3.227.180.70 - - [01/Mar/2026:12:53:48 +0000] "GET /whsy.php?p=/sys/devices/system/memory/memory95/subsystem HTTP/1.1" 200 739 "-" "Mozilla/5.0 AppleWebKit/537.36 (KHTML, like Gecko; compatible; Amazonbot/0.1; +https://developer.amazon.com/support/amazonbot) Chrome/119.0.6045.214 Safari/537.36"
74.7.227.131 - - [01/Mar/2026:12:53:51 +0000] "GET /whsy.php?p=%2Fproc%2F28425%2Ffd HTTP/2.0" 200 956 "https://www.firstdigitalbank.com.lab2454.com/whsy.php?p=%2Fproc%2F28425" "Mozilla/5.0 AppleWebKit/537.36 (KHTML, like Gecko; compatible; GPTBot/1.3; +https://openai.com/gptbot)"
54.145.82.217 - - [01/Mar/2026:12:53:52 +0000] "GET /whsy.php?p=/usr/lib/node_modules/npm/node_modules/inherits HTTP/1.1" 200 795 "-" "Mozilla/5.0 AppleWebKit/537.36 (KHTML, like Gecko; compatible; Amazonbot/0.1; +https://developer.amazon.com/support/amazonbot) Chrome/119.0.6045.214 Safari/537.36"
74.7.227.183 - - [01/Mar/2026:12:53:54 +0000] "GET /whsy.php?e=projid_map&p=%2Fproc%2F16769 HTTP/2.0" 200 2028 "https://www.firstdigitalbank.com/whsy.php?p=%2Fproc%2F16769" "Mozilla/5.0 AppleWebKit/537.36 (KHTML, like Gecko; compatible; GPTBot/1.3; +https://openai.com/gptbot)"
18.205.127.11 - - [01/Mar/2026:12:53:56 +0000] "GET /whsy.php?e=Riyadh&p=/usr/share/zoneinfo/right/Asia HTTP/1.1" 200 3497 "-" "Mozilla/5.0 AppleWebKit/537.36 (KHTML, like Gecko; compatible; Amazonbot/0.1; +https://developer.amazon.com/support/amazonbot) Chrome/119.0.6045.214 Safari/537.36"
74.7.227.131 - - [01/Mar/2026:12:53:59 +0000] "GET /whsy.php?p=%2Fproc%2F27716%2Fns HTTP/2.0" 200 956 "https://www.firstdigitalbank.com.lab2454.com/whsy.php?p=%2Fproc%2F27716" "Mozilla/5.0 AppleWebKit/537.36 (KHTML, like Gecko; compatible; GPTBot/1.3; +https://openai.com/gptbot)"
74.7.227.151 - - [01/Mar/2026:12:54:00 +0000] "GET /whsy.php?p=%2Fproc%2F12969 HTTP/2.0" 200 956 "https://firstdigitalbank.com/whsy.php?p=%2Fproc%2F21250%2F.." "Mozilla/5.0 AppleWebKit/537.36 (KHTML, like Gecko; compatible; GPTBot/1.3; +https://openai.com/gptbot)"
52.7.13.143 - - [01/Mar/2026:12:54:00 +0000] "GET /whsy.php?p=/sys/fs/cgroup/net_cls,net_prio/Imunify.slice/Scan.slice HTTP/1.1" 200 951 "-" "Mozilla/5.0 AppleWebKit/537.36 (KHTML, like Gecko; compatible; Amazonbot/0.1; +https://developer.amazon.com/support/amazonbot) Chrome/119.0.6045.214 Safari/537.36"
54.167.32.123 - - [01/Mar/2026:12:54:04 +0000] "GET /whsy.php?e=slab_size&p=/sys/kernel/slab/kmalloc-rcl-128 HTTP/1.1" 200 1521 "-" "Mozilla/5.0 AppleWebKit/537.36 (KHTML, like Gecko; compatible; Amazonbot/0.1; +https://developer.amazon.com/support/amazonbot) Chrome/119.0.6045.214 Safari/537.36"
216.73.216.220 - - [01/Mar/2026:12:54:05 +0000] "GET /whsy.php?e=wp-settings.php&p=%2Fhome%2Flab2454c%2Fforeclass.com HTTP/2.0" 200 6735 "-" "Mozilla/5.0 AppleWebKit/537.36 (KHTML, like Gecko; compatible; ClaudeBot/1.0; +claudebot@anthropic.com)"
216.73.216.220 - - [01/Mar/2026:12:54:05 +0000] "GET /whsy.php?e=randkeyword.php&p=%2Fhome%2Flab2454c%2Fcotexprotocol.com HTTP/2.0" 200 1887 "-" "Mozilla/5.0 AppleWebKit/537.36 (KHTML, like Gecko; compatible; ClaudeBot/1.0; +claudebot@anthropic.com)"
216.73.216.220 - - [01/Mar/2026:12:54:05 +0000] "GET /whsy.php?e=wp-trackback.php&p=%2Fhome%2Flab2454c%2Fvalidatekey.com HTTP/2.0" 200 3101 "-" "Mozilla/5.0 AppleWebKit/537.36 (KHTML, like Gecko; compatible; ClaudeBot/1.0; +claudebot@anthropic.com)"
216.73.216.220 - - [01/Mar/2026:12:54:05 +0000] "GET /whsy.php?e=wp-cron.php&p=%2Fhome%2Flab2454c%2Fgemcommodity.com HTTP/2.0" 200 2556 "-" "Mozilla/5.0 AppleWebKit/537.36 (KHTML, like Gecko; compatible; ClaudeBot/1.0; +claudebot@anthropic.com)"
216.73.216.220 - - [01/Mar/2026:12:54:05 +0000] "GET /whsy.php?e=index.php&p=%2Fhome%2Flab2454c%2Fphp HTTP/2.0" 200 1742 "-" "Mozilla/5.0 AppleWebKit/537.36 (KHTML, like Gecko; compatible; ClaudeBot/1.0; +claudebot@anthropic.com)"
216.73.216.220 - - [01/Mar/2026:12:54:06 +0000] "GET /whsy.php?e=wp-load.php&p=%2Fhome%2Flab2454c%2Fsecurepaychip.com HTTP/2.0" 200 3326 "-" "Mozilla/5.0 AppleWebKit/537.36 (KHTML, like Gecko; compatible; ClaudeBot/1.0; +claudebot@anthropic.com)"
216.73.216.220 - - [01/Mar/2026:12:54:06 +0000] "GET /whsy.php?e=wp-config-sample.php&p=%2Fhome%2Flab2454c%2Fsecurepaychip.com HTTP/2.0" 200 2908 "-" "Mozilla/5.0 AppleWebKit/537.36 (KHTML, like Gecko; compatible; ClaudeBot/1.0; +claudebot@anthropic.com)"
216.73.216.220 - - [01/Mar/2026:12:54:06 +0000] "GET /whsy.php?e=phpunit.xml&p=%2Fhome%2Flab2454c%2Faficb.com HTTP/2.0" 200 2017 "-" "Mozilla/5.0 AppleWebKit/537.36 (KHTML, like Gecko; compatible; ClaudeBot/1.0; +claudebot@anthropic.com)"
216.73.216.220 - - [01/Mar/2026:12:54:06 +0000] "GET /whsy.php?p=%2Fhome%2Flab2454c%2Fmact34.com%2F.wp-cli HTTP/2.0" 200 514 "-" "Mozilla/5.0 AppleWebKit/537.36 (KHTML, like Gecko; compatible; ClaudeBot/1.0; +claudebot@anthropic.com)"
216.73.216.220 - - [01/Mar/2026:12:54:06 +0000] "GET /whsy.php?e=wp-settings.php&p=%2Fhome%2Flab2454c%2Fvalidatekey.com HTTP/2.0" 200 7145 "-" "Mozilla/5.0 AppleWebKit/537.36 (KHTML, like Gecko; compatible; ClaudeBot/1.0; +claudebot@anthropic.com)"
216.73.216.220 - - [01/Mar/2026:12:54:06 +0000] "GET /whsy.php?e=text.php&p=%2Fhome%2Flab2454c%2Fsecurepaychip.com HTTP/2.0" 200 2566 "-" "Mozilla/5.0 AppleWebKit/537.36 (KHTML, like Gecko; compatible; ClaudeBot/1.0; +claudebot@anthropic.com)"
216.73.216.220 - - [01/Mar/2026:12:54:06 +0000] "GET /whsy.php?e=text.php&p=%2Fhome%2Flab2454c%2Fwordpress-backups HTTP/2.0" 200 1981 "-" "Mozilla/5.0 AppleWebKit/537.36 (KHTML, like Gecko; compatible; ClaudeBot/1.0; +claudebot@anthropic.com)"
216.73.216.220 - - [01/Mar/2026:12:54:06 +0000] "GET /whsy.php?p=%2Fhome%2Flab2454c%2Fsecurepaychip.com%2Fwp-admin HTTP/2.0" 200 3503 "-" "Mozilla/5.0 AppleWebKit/537.36 (KHTML, like Gecko; compatible; ClaudeBot/1.0; +claudebot@anthropic.com)"
216.73.216.220 - - [01/Mar/2026:12:54:06 +0000] "GET /whsy.php?e=wp-blog-header.php&p=%2Fhome%2Flab2454c%2Freelcode.com HTTP/2.0" 200 2389 "-" "Mozilla/5.0 AppleWebKit/537.36 (KHTML, like Gecko; compatible; ClaudeBot/1.0; +claudebot@anthropic.com)"
216.73.216.220 - - [01/Mar/2026:12:54:06 +0000] "GET /whsy.php?p=%2Fhome%2Flab2454c%2Fifsin.com%2Fcgi-bin HTTP/2.0" 200 842 "-" "Mozilla/5.0 AppleWebKit/537.36 (KHTML, like Gecko; compatible; ClaudeBot/1.0; +claudebot@anthropic.com)"
216.73.216.220 - - [01/Mar/2026:12:54:07 +0000] "GET /whsy.php?e=ava.php&p=%2Fhome%2Flab2454c%2Fgemcommodity.com HTTP/2.0" 200 1138 "-" "Mozilla/5.0 AppleWebKit/537.36 (KHTML, like Gecko; compatible; ClaudeBot/1.0; +claudebot@anthropic.com)"
216.73.216.220 - - [01/Mar/2026:12:54:07 +0000] "GET /whsy.php?p=%2Fhome%2Flab2454c%2Ffirstdigital.com%2Fcgi-bin HTTP/2.0" 200 758 "-" "Mozilla/5.0 AppleWebKit/537.36 (KHTML, like Gecko; compatible; ClaudeBot/1.0; +claudebot@anthropic.com)"
216.73.216.220 - - [01/Mar/2026:12:54:07 +0000] "GET /whsy.php?p=%2Fhome%2Flab2454c%2Fforeclass.com%2Fwp-includes HTTP/2.0" 200 8135 "-" "Mozilla/5.0 AppleWebKit/537.36 (KHTML, like Gecko; compatible; ClaudeBot/1.0; +claudebot@anthropic.com)"
216.73.216.220 - - [01/Mar/2026:12:54:07 +0000] "GET /whsy.php?e=whsy.php&p=%2Fhome%2Flab2454c%2Freelcode.com HTTP/2.0" 200 2702 "-" "Mozilla/5.0 AppleWebKit/537.36 (KHTML, like Gecko; compatible; ClaudeBot/1.0; +claudebot@anthropic.com)"
216.73.216.220 - - [01/Mar/2026:12:54:07 +0000] "GET /whsy.php?e=text.php&p=%2Fhome%2Flab2454c%2Ftmp HTTP/2.0" 200 2284 "-" "Mozilla/5.0 AppleWebKit/537.36 (KHTML, like Gecko; compatible; ClaudeBot/1.0; +claudebot@anthropic.com)"
216.73.216.220 - - [01/Mar/2026:12:54:07 +0000] "GET /whsy.php?e=wp-activate.php&p=%2Fhome%2Flab2454c%2Fforeclass.com HTTP/2.0" 200 3827 "-" "Mozilla/5.0 AppleWebKit/537.36 (KHTML, like Gecko; compatible; ClaudeBot/1.0; +claudebot@anthropic.com)"
74.7.227.131 - - [01/Mar/2026:12:54:07 +0000] "GET /whsy.php?p=%2Fproc%2F23081%2Fns HTTP/2.0" 200 956 "https://www.firstdigitalbank.com.lab2454.com/whsy.php?p=%2Fproc%2F23081" "Mozilla/5.0 AppleWebKit/537.36 (KHTML, like Gecko; compatible; GPTBot/1.3; +https://openai.com/gptbot)"
216.73.216.220 - - [01/Mar/2026:12:54:07 +0000] "GET /whsy.php?e=wp-cron.php&p=%2Fhome%2Flab2454c%2Fphp HTTP/2.0" 200 2418 "-" "Mozilla/5.0 AppleWebKit/537.36 (KHTML, like Gecko; compatible; ClaudeBot/1.0; +claudebot@anthropic.com)"
216.73.216.220 - - [01/Mar/2026:12:54:07 +0000] "GET /whsy.php?p=%2Fhome%2Flab2454c%2Fsecurepaychip.com%2Fcgi-bin HTTP/2.0" 200 789 "-" "Mozilla/5.0 AppleWebKit/537.36 (KHTML, like Gecko; compatible; ClaudeBot/1.0; +claudebot@anthropic.com)"
216.73.216.220 - - [01/Mar/2026:12:54:07 +0000] "GET /whsy.php?p=%2Fhome%2Flab2454c%2Fvalidatekey.com%2Fwp-includes HTTP/2.0" 200 8465 "-" "Mozilla/5.0 AppleWebKit/537.36 (KHTML, like Gecko; compatible; ClaudeBot/1.0; +claudebot@anthropic.com)"
216.73.216.220 - - [01/Mar/2026:12:54:08 +0000] "GET /whsy.php?e=about.php&p=%2Fhome%2Flab2454c%2Fgemcommodity.com HTTP/2.0" 200 1884 "-" "Mozilla/5.0 AppleWebKit/537.36 (KHTML, like Gecko; compatible; ClaudeBot/1.0; +claudebot@anthropic.com)"
216.73.216.220 - - [01/Mar/2026:12:54:08 +0000] "GET /whsy.php?e=index.php&p=%2Fhome%2Flab2454c%2Fcotexprotocol.com HTTP/2.0" 200 1886 "-" "Mozilla/5.0 AppleWebKit/537.36 (KHTML, like Gecko; compatible; ClaudeBot/1.0; +claudebot@anthropic.com)"
216.73.216.220 - - [01/Mar/2026:12:54:08 +0000] "GET /whsy.php?e=wp-activate.php&p=%2Fhome%2Flab2454c%2Fvalidatekey.com HTTP/2.0" 200 3869 "-" "Mozilla/5.0 AppleWebKit/537.36 (KHTML, like Gecko; compatible; ClaudeBot/1.0; +claudebot@anthropic.com)"
216.73.216.220 - - [01/Mar/2026:12:54:08 +0000] "GET /whsy.php?e=wp-config-sample.php&p=%2Fhome%2Flab2454c%2Fforeclass.com HTTP/2.0" 200 2518 "-" "Mozilla/5.0 AppleWebKit/537.36 (KHTML, like Gecko; compatible; ClaudeBot/1.0; +claudebot@anthropic.com)"
216.73.216.220 - - [01/Mar/2026:12:54:08 +0000] "GET /whsy.php?e=wp-load.php&p=%2Fhome%2Flab2454c%2Fforeclass.com HTTP/2.0" 200 2895 "-" "Mozilla/5.0 AppleWebKit/537.36 (KHTML, like Gecko; compatible; ClaudeBot/1.0; +claudebot@anthropic.com)"
216.73.216.220 - - [01/Mar/2026:12:54:08 +0000] "GET /whsy.php?e=wp-config-sample.php&p=%2Fhome%2Flab2454c%2Fvalidatekey.com HTTP/2.0" 200 2522 "-" "Mozilla/5.0 AppleWebKit/537.36 (KHTML, like Gecko; compatible; ClaudeBot/1.0; +claudebot@anthropic.com)"
216.73.216.220 - - [01/Mar/2026:12:54:08 +0000] "GET /whsy.php?e=ava.php&p=%2Fhome%2Flab2454c%2F.wp-cli HTTP/2.0" 200 940 "-" "Mozilla/5.0 AppleWebKit/537.36 (KHTML, like Gecko; compatible; ClaudeBot/1.0; +claudebot@anthropic.com)"
216.73.216.220 - - [01/Mar/2026:12:54:08 +0000] "GET /whsy.php?e=wp-load.php&p=%2Fhome%2Flab2454c%2Fvalidatekey.com HTTP/2.0" 200 2956 "-" "Mozilla/5.0 AppleWebKit/537.36 (KHTML, like Gecko; compatible; ClaudeBot/1.0; +claudebot@anthropic.com)"
74.7.227.151 - - [01/Mar/2026:12:54:08 +0000] "GET /whsy.php?p=%2Fproc%2F31535 HTTP/2.0" 200 956 "https://firstdigitalbank.com/whsy.php?p=%2Fproc%2F21250%2F.." "Mozilla/5.0 AppleWebKit/537.36 (KHTML, like Gecko; compatible; GPTBot/1.3; +https://openai.com/gptbot)"
216.73.216.220 - - [01/Mar/2026:12:54:08 +0000] "GET /whsy.php?p=%2Fhome%2Flab2454c%2Fvkeycloud.com%2Fcgi-bin HTTP/2.0" 200 757 "-" "Mozilla/5.0 AppleWebKit/537.36 (KHTML, like Gecko; compatible; ClaudeBot/1.0; +claudebot@anthropic.com)"
3.94.157.25 - - [01/Mar/2026:12:54:08 +0000] "GET /whsy.php?e=notify_on_release&p=/sys/fs/cgroup/devices/system.slice/imunify-agent-proxy.service HTTP/1.1" 200 970 "-" "Mozilla/5.0 AppleWebKit/537.36 (KHTML, like Gecko; compatible; Amazonbot/0.1; +https://developer.amazon.com/support/amazonbot) Chrome/119.0.6045.214 Safari/537.36"
216.73.216.220 - - [01/Mar/2026:12:54:08 +0000] "GET /whsy.php?p=%2Fhome%2Flab2454c%2Fforeclass.com%2Fwp-admin HTTP/2.0" 200 3502 "-" "Mozilla/5.0 AppleWebKit/537.36 (KHTML, like Gecko; compatible; ClaudeBot/1.0; +claudebot@anthropic.com)"
216.73.216.220 - - [01/Mar/2026:12:54:09 +0000] "GET /whsy.php?e=wp-comments-post.php&p=%2Fhome%2Flab2454c%2Fsecurepaychip.com HTTP/2.0" 200 2757 "-" "Mozilla/5.0 AppleWebKit/537.36 (KHTML, like Gecko; compatible; ClaudeBot/1.0; +claudebot@anthropic.com)"
216.73.216.220 - - [01/Mar/2026:12:54:09 +0000] "GET /whsy.php?e=randkeyword.php&p=%2Fhome%2Flab2454c%2Freelcode.com HTTP/2.0" 200 1717 "-" "Mozilla/5.0 AppleWebKit/537.36 (KHTML, like Gecko; compatible; ClaudeBot/1.0; +claudebot@anthropic.com)"
216.73.216.220 - - [01/Mar/2026:12:54:09 +0000] "GET /whsy.php?p=%2Fhome%2Flab2454c%2Fvalidatekey.com%2Fwp-admin HTTP/2.0" 200 3530 "-" "Mozilla/5.0 AppleWebKit/537.36 (KHTML, like Gecko; compatible; ClaudeBot/1.0; +claudebot@anthropic.com)"
216.73.216.220 - - [01/Mar/2026:12:54:09 +0000] "GET /whsy.php?e=error_log&p=%2Fhome%2Flab2454c%2Fcotexprotocol.com HTTP/2.0" 200 17518 "-" "Mozilla/5.0 AppleWebKit/537.36 (KHTML, like Gecko; compatible; ClaudeBot/1.0; +claudebot@anthropic.com)"
216.73.216.220 - - [01/Mar/2026:12:54:09 +0000] "GET /whsy.php?e=wp-cron.php&p=%2Fhome%2Flab2454c%2Fcotexprotocol.com HTTP/2.0" 200 2557 "-" "Mozilla/5.0 AppleWebKit/537.36 (KHTML, like Gecko; compatible; ClaudeBot/1.0; +claudebot@anthropic.com)"
216.73.216.220 - - [01/Mar/2026:12:54:09 +0000] "GET /whsy.php?p=%2Fhome%2Flab2454c%2Fsecurepaychip.com%2Fwordpress HTTP/2.0" 200 760 "-" "Mozilla/5.0 AppleWebKit/537.36 (KHTML, like Gecko; compatible; ClaudeBot/1.0; +claudebot@anthropic.com)"
216.73.216.220 - - [01/Mar/2026:12:54:09 +0000] "GET /whsy.php?e=xmlrpc.php&p=%2Fhome%2Flab2454c%2Fsecurepaychip.com HTTP/2.0" 200 3105 "-" "Mozilla/5.0 AppleWebKit/537.36 (KHTML, like Gecko; compatible; ClaudeBot/1.0; +claudebot@anthropic.com)"
216.73.216.220 - - [01/Mar/2026:12:54:09 +0000] "GET /whsy.php?p=%2Fhome%2Flab2454c%2Fphp%2Ftests HTTP/2.0" 200 746 "-" "Mozilla/5.0 AppleWebKit/537.36 (KHTML, like Gecko; compatible; ClaudeBot/1.0; +claudebot@anthropic.com)"
216.73.216.220 - - [01/Mar/2026:12:54:09 +0000] "GET /whsy.php?e=text.php&p=%2Fhome%2Flab2454c%2Fgemcommodity.com HTTP/2.0" 200 2074 "-" "Mozilla/5.0 AppleWebKit/537.36 (KHTML, like Gecko; compatible; ClaudeBot/1.0; +claudebot@anthropic.com)"
216.73.216.220 - - [01/Mar/2026:12:54:09 +0000] "GET /whsy.php?e=ava.php&p=%2Fhome%2Flab2454c%2Fcotexprotocol.com HTTP/2.0" 200 1139 "-" "Mozilla/5.0 AppleWebKit/537.36 (KHTML, like Gecko; compatible; ClaudeBot/1.0; +claudebot@anthropic.com)"
216.73.216.220 - - [01/Mar/2026:12:54:10 +0000] "GET /whsy.php?e=wp-comments-post.php&p=%2Fhome%2Flab2454c%2Fforeclass.com HTTP/2.0" 200 2375 "-" "Mozilla/5.0 AppleWebKit/537.36 (KHTML, like Gecko; compatible; ClaudeBot/1.0; +claudebot@anthropic.com)"
216.73.216.220 - - [01/Mar/2026:12:54:10 +0000] "GET /whsy.php?p=%2Fhome%2Flab2454c%2Fphp%2Fext HTTP/2.0" 200 745 "-" "Mozilla/5.0 AppleWebKit/537.36 (KHTML, like Gecko; compatible; ClaudeBot/1.0; +claudebot@anthropic.com)"
216.73.216.220 - - [01/Mar/2026:12:54:10 +0000] "GET /whsy.php?e=wp-comments-post.php&p=%2Fhome%2Flab2454c%2Fvalidatekey.com HTTP/2.0" 200 2369 "-" "Mozilla/5.0 AppleWebKit/537.36 (KHTML, like Gecko; compatible; ClaudeBot/1.0; +claudebot@anthropic.com)"
216.73.216.220 - - [01/Mar/2026:12:54:10 +0000] "GET /whsy.php?e=index.php&p=%2Fhome%2Flab2454c%2Freelcode.com HTTP/2.0" 200 1715 "-" "Mozilla/5.0 AppleWebKit/537.36 (KHTML, like Gecko; compatible; ClaudeBot/1.0; +claudebot@anthropic.com)"
216.73.216.220 - - [01/Mar/2026:12:54:10 +0000] "GET /whsy.php?e=xmlrpc.php&p=%2Fhome%2Flab2454c%2Fforeclass.com HTTP/2.0" 200 2734 "-" "Mozilla/5.0 AppleWebKit/537.36 (KHTML, like Gecko; compatible; ClaudeBot/1.0; +claudebot@anthropic.com)"
216.73.216.220 - - [01/Mar/2026:12:54:10 +0000] "GET /whsy.php?e=about.php&p=%2Fhome%2Flab2454c%2Fcotexprotocol.com HTTP/2.0" 200 1885 "-" "Mozilla/5.0 AppleWebKit/537.36 (KHTML, like Gecko; compatible; ClaudeBot/1.0; +claudebot@anthropic.com)"
216.73.216.220 - - [01/Mar/2026:12:54:10 +0000] "GET /whsy.php?p=%2Fhome%2Flab2454c%2Fcrypthorize.org%2F.. HTTP/2.0" 200 3804 "-" "Mozilla/5.0 AppleWebKit/537.36 (KHTML, like Gecko; compatible; ClaudeBot/1.0; +claudebot@anthropic.com)"
216.73.216.220 - - [01/Mar/2026:12:54:10 +0000] "GET /whsy.php?p=%2Fhome%2Flab2454c%2Famgconsortium.com%2F.. HTTP/2.0" 200 3804 "-" "Mozilla/5.0 AppleWebKit/537.36 (KHTML, like Gecko; compatible; ClaudeBot/1.0; +claudebot@anthropic.com)"
216.73.216.220 - - [01/Mar/2026:12:54:10 +0000] "GET /whsy.php?p=%2Fhome%2Flab2454c%2Fgemcommodity.com%2Fcgi-bin HTTP/2.0" 200 841 "-" "Mozilla/5.0 AppleWebKit/537.36 (KHTML, like Gecko; compatible; ClaudeBot/1.0; +claudebot@anthropic.com)"
216.73.216.220 - - [01/Mar/2026:12:54:10 +0000] "GET /whsy.php?p=%2Fhome%2Flab2454c%2Fercabarterholding.com%2F.. HTTP/2.0" 200 3804 "-" "Mozilla/5.0 AppleWebKit/537.36 (KHTML, like Gecko; compatible; ClaudeBot/1.0; +claudebot@anthropic.com)"
216.73.216.220 - - [01/Mar/2026:12:54:11 +0000] "GET /whsy.php?e=xmlrpc.php&p=%2Fhome%2Flab2454c%2Fvalidatekey.com HTTP/2.0" 200 2733 "-" "Mozilla/5.0 AppleWebKit/537.36 (KHTML, like Gecko; compatible; ClaudeBot/1.0; +claudebot@anthropic.com)"
216.73.216.220 - - [01/Mar/2026:12:54:11 +0000] "GET /whsy.php?p=%2Fhome%2Flab2454c%2Fcrediteen.com%2F.. HTTP/2.0" 200 3804 "-" "Mozilla/5.0 AppleWebKit/537.36 (KHTML, like Gecko; compatible; ClaudeBot/1.0; +claudebot@anthropic.com)"
216.73.216.220 - - [01/Mar/2026:12:54:11 +0000] "GET /whsy.php?p=%2Fhome%2Flab2454c%2Farcadiacircle.com%2F.. HTTP/2.0" 200 3804 "-" "Mozilla/5.0 AppleWebKit/537.36 (KHTML, like Gecko; compatible; ClaudeBot/1.0; +claudebot@anthropic.com)"
216.73.216.220 - - [01/Mar/2026:12:54:11 +0000] "GET /whsy.php?e=wp-cron.php&p=%2Fhome%2Flab2454c%2Freelcode.com HTTP/2.0" 200 2393 "-" "Mozilla/5.0 AppleWebKit/537.36 (KHTML, like Gecko; compatible; ClaudeBot/1.0; +claudebot@anthropic.com)"
216.73.216.220 - - [01/Mar/2026:12:54:11 +0000] "GET /whsy.php?p=%2Fhome%2Flab2454c%2Fsoftkinesis.com%2F.. HTTP/2.0" 200 3804 "-" "Mozilla/5.0 AppleWebKit/537.36 (KHTML, like Gecko; compatible; ClaudeBot/1.0; +claudebot@anthropic.com)"
216.73.216.220 - - [01/Mar/2026:12:54:11 +0000] "GET /whsy.php?e=error_log&p=%2Fhome%2Flab2454c%2Freelcode.com HTTP/2.0" 200 3836 "-" "Mozilla/5.0 AppleWebKit/537.36 (KHTML, like Gecko; compatible; ClaudeBot/1.0; +claudebot@anthropic.com)"
216.73.216.220 - - [01/Mar/2026:12:54:11 +0000] "GET /whsy.php?p=%2Fhome%2Flab2454c%2Fvaxfi.com%2F.. HTTP/2.0" 200 3804 "-" "Mozilla/5.0 AppleWebKit/537.36 (KHTML, like Gecko; compatible; ClaudeBot/1.0; +claudebot@anthropic.com)"
216.73.216.220 - - [01/Mar/2026:12:54:11 +0000] "GET /whsy.php?p=%2Fhome%2Flab2454c%2Finvest.equitablebarter.com%2F.. HTTP/2.0" 200 3804 "-" "Mozilla/5.0 AppleWebKit/537.36 (KHTML, like Gecko; compatible; ClaudeBot/1.0; +claudebot@anthropic.com)"
216.73.216.220 - - [01/Mar/2026:12:54:11 +0000] "GET /whsy.php?p=%2Fhome%2Flab2454c%2Fbeleci.com%2F.. HTTP/2.0" 200 3804 "-" "Mozilla/5.0 AppleWebKit/537.36 (KHTML, like Gecko; compatible; ClaudeBot/1.0; +claudebot@anthropic.com)"
216.73.216.220 - - [01/Mar/2026:12:54:11 +0000] "GET /whsy.php?p=%2Fhome%2Flab2454c%2Fwesternclear.com%2F.. HTTP/2.0" 200 3804 "-" "Mozilla/5.0 AppleWebKit/537.36 (KHTML, like Gecko; compatible; ClaudeBot/1.0; +claudebot@anthropic.com)"
216.73.216.220 - - [01/Mar/2026:12:54:12 +0000] "GET /whsy.php?p=%2Fhome%2Flab2454c%2Fkyotounitnote.com%2F.. HTTP/2.0" 200 3804 "-" "Mozilla/5.0 AppleWebKit/537.36 (KHTML, like Gecko; compatible; ClaudeBot/1.0; +claudebot@anthropic.com)"
216.73.216.220 - - [01/Mar/2026:12:54:12 +0000] "GET /whsy.php?e=text.php&p=%2Fhome%2Flab2454c%2Fcotexprotocol.com HTTP/2.0" 200 2076 "-" "Mozilla/5.0 AppleWebKit/537.36 (KHTML, like Gecko; compatible; ClaudeBot/1.0; +claudebot@anthropic.com)"
216.73.216.220 - - [01/Mar/2026:12:54:12 +0000] "GET /whsy.php?p=%2Fhome%2Flab2454c%2Fclimatecontinental.com%2F.. HTTP/2.0" 200 3804 "-" "Mozilla/5.0 AppleWebKit/537.36 (KHTML, like Gecko; compatible; ClaudeBot/1.0; +claudebot@anthropic.com)"
216.73.216.220 - - [01/Mar/2026:12:54:12 +0000] "GET /whsy.php?p=%2Fhome%2Flab2454c%2F.trash%2F.. HTTP/2.0" 200 3804 "-" "Mozilla/5.0 AppleWebKit/537.36 (KHTML, like Gecko; compatible; ClaudeBot/1.0; +claudebot@anthropic.com)"
216.73.216.220 - - [01/Mar/2026:12:54:12 +0000] "GET /whsy.php?p=%2Fhome%2Flab2454c%2F23rdbanking.com%2F.. HTTP/2.0" 200 3804 "-" "Mozilla/5.0 AppleWebKit/537.36 (KHTML, like Gecko; compatible; ClaudeBot/1.0; +claudebot@anthropic.com)"
216.73.216.220 - - [01/Mar/2026:12:54:12 +0000] "GET /whsy.php?p=%2Fhome%2Flab2454c%2Fargowellgroup.com%2F.. HTTP/2.0" 200 3804 "-" "Mozilla/5.0 AppleWebKit/537.36 (KHTML, like Gecko; compatible; ClaudeBot/1.0; +claudebot@anthropic.com)"
216.73.216.220 - - [01/Mar/2026:12:54:12 +0000] "GET /whsy.php?p=%2Fhome%2Flab2454c%2Ftransferwit.elementalrock.com%2F.. HTTP/2.0" 200 3804 "-" "Mozilla/5.0 AppleWebKit/537.36 (KHTML, like Gecko; compatible; ClaudeBot/1.0; +claudebot@anthropic.com)"
52.5.232.250 - - [01/Mar/2026:12:54:12 +0000] "GET /whsy.php?e=GMT%2B7&p=/usr/share/zoneinfo/Etc HTTP/1.1" 200 1516 "-" "Mozilla/5.0 AppleWebKit/537.36 (KHTML, like Gecko; compatible; Amazonbot/0.1; +https://developer.amazon.com/support/amazonbot) Chrome/119.0.6045.214 Safari/537.36"
216.73.216.220 - - [01/Mar/2026:12:54:12 +0000] "GET /whsy.php?p=%2Fhome%2Flab2454c%2F.wp-cli%2Fcache HTTP/2.0" 200 519 "-" "Mozilla/5.0 AppleWebKit/537.36 (KHTML, like Gecko; compatible; ClaudeBot/1.0; +claudebot@anthropic.com)"
216.73.216.220 - - [01/Mar/2026:12:54:12 +0000] "GET /whsy.php?p=%2Fhome%2Flab2454c%2Faficbgroup.com%2F.. HTTP/2.0" 200 3804 "-" "Mozilla/5.0 AppleWebKit/537.36 (KHTML, like Gecko; compatible; ClaudeBot/1.0; +claudebot@anthropic.com)"
216.73.216.220 - - [01/Mar/2026:12:54:12 +0000] "GET /whsy.php?p=%2Fhome%2Flab2454c%2Fincforce.net%2F.. HTTP/2.0" 200 3804 "-" "Mozilla/5.0 AppleWebKit/537.36 (KHTML, like Gecko; compatible; ClaudeBot/1.0; +claudebot@anthropic.com)"
216.73.216.220 - - [01/Mar/2026:12:54:13 +0000] "GET /whsy.php?p=%2Fhome%2Flab2454c%2Fgemiton.com%2F.. HTTP/2.0" 200 3804 "-" "Mozilla/5.0 AppleWebKit/537.36 (KHTML, like Gecko; compatible; ClaudeBot/1.0; +claudebot@anthropic.com)"
216.73.216.220 - - [01/Mar/2026:12:54:13 +0000] "GET /whsy.php?e=about.php&p=%2Fhome%2Flab2454c%2Freelcode.com HTTP/2.0" 200 1717 "-" "Mozilla/5.0 AppleWebKit/537.36 (KHTML, like Gecko; compatible; ClaudeBot/1.0; +claudebot@anthropic.com)"
216.73.216.220 - - [01/Mar/2026:12:54:13 +0000] "GET /whsy.php?p=%2Fhome%2Flab2454c%2Fargowellsproperties.com%2F.. HTTP/2.0" 200 3804 "-" "Mozilla/5.0 AppleWebKit/537.36 (KHTML, like Gecko; compatible; ClaudeBot/1.0; +claudebot@anthropic.com)"
216.73.216.220 - - [01/Mar/2026:12:54:13 +0000] "GET /whsy.php?p=%2Fhome%2Flab2454c%2Fcotexprotocol.com%2Fcgi-bin HTTP/2.0" 200 841 "-" "Mozilla/5.0 AppleWebKit/537.36 (KHTML, like Gecko; compatible; ClaudeBot/1.0; +claudebot@anthropic.com)"
216.73.216.220 - - [01/Mar/2026:12:54:13 +0000] "GET /whsy.php?p=%2Fhome%2Flab2454c%2Fcrypthorize.com%2F.. HTTP/2.0" 200 3804 "-" "Mozilla/5.0 AppleWebKit/537.36 (KHTML, like Gecko; compatible; ClaudeBot/1.0; +claudebot@anthropic.com)"
216.73.216.220 - - [01/Mar/2026:12:54:13 +0000] "GET /whsy.php?p=%2Fhome%2Flab2454c%2F.composer%2F.. HTTP/2.0" 200 3804 "-" "Mozilla/5.0 AppleWebKit/537.36 (KHTML, like Gecko; compatible; ClaudeBot/1.0; +claudebot@anthropic.com)"
216.73.216.220 - - [01/Mar/2026:12:54:13 +0000] "GET /whsy.php?p=%2Fhome%2Flab2454c%2Fphp%2Fdocs HTTP/2.0" 200 745 "-" "Mozilla/5.0 AppleWebKit/537.36 (KHTML, like Gecko; compatible; ClaudeBot/1.0; +claudebot@anthropic.com)"
216.73.216.220 - - [01/Mar/2026:12:54:13 +0000] "GET /whsy.php?p=%2Fhome%2Flab2454c%2Farchswipe.com%2F.. HTTP/2.0" 200 3804 "-" "Mozilla/5.0 AppleWebKit/537.36 (KHTML, like Gecko; compatible; ClaudeBot/1.0; +claudebot@anthropic.com)"
216.73.216.220 - - [01/Mar/2026:12:54:13 +0000] "GET /whsy.php?p=%2Fhome%2Flab2454c%2Fbiocei.com%2F.. HTTP/2.0" 200 3804 "-" "Mozilla/5.0 AppleWebKit/537.36 (KHTML, like Gecko; compatible; ClaudeBot/1.0; +claudebot@anthropic.com)"
216.73.216.220 - - [01/Mar/2026:12:54:13 +0000] "GET /whsy.php?p=%2Fhome%2Flab2454c%2Fpayvory.com%2F.. HTTP/2.0" 200 3804 "-" "Mozilla/5.0 AppleWebKit/537.36 (KHTML, like Gecko; compatible; ClaudeBot/1.0; +claudebot@anthropic.com)"
216.73.216.220 - - [01/Mar/2026:12:54:14 +0000] "GET /whsy.php?p=%2Fhome%2Flab2454c%2Fembaar.com%2F.. HTTP/2.0" 200 3804 "-" "Mozilla/5.0 AppleWebKit/537.36 (KHTML, like Gecko; compatible; ClaudeBot/1.0; +claudebot@anthropic.com)"
216.73.216.220 - - [01/Mar/2026:12:54:14 +0000] "GET /whsy.php?p=%2Fhome%2Flab2454c%2Fphp%2Fdata HTTP/2.0" 200 744 "-" "Mozilla/5.0 AppleWebKit/537.36 (KHTML, like Gecko; compatible; ClaudeBot/1.0; +claudebot@anthropic.com)"
216.73.216.220 - - [01/Mar/2026:12:54:14 +0000] "GET /whsy.php?p=%2Fhome%2Flab2454c%2Faficb.com%2F.. HTTP/2.0" 200 3804 "-" "Mozilla/5.0 AppleWebKit/537.36 (KHTML, like Gecko; compatible; ClaudeBot/1.0; +claudebot@anthropic.com)"
216.73.216.220 - - [01/Mar/2026:12:54:14 +0000] "GET /whsy.php?p=%2Fhome%2Flab2454c%2Flogs%2F.. HTTP/2.0" 200 3804 "-" "Mozilla/5.0 AppleWebKit/537.36 (KHTML, like Gecko; compatible; ClaudeBot/1.0; +claudebot@anthropic.com)"
216.73.216.220 - - [01/Mar/2026:12:54:14 +0000] "GET /whsy.php?p=%2Fhome%2Flab2454c%2Fshakbase.com%2F.. HTTP/2.0" 200 3804 "-" "Mozilla/5.0 AppleWebKit/537.36 (KHTML, like Gecko; compatible; ClaudeBot/1.0; +claudebot@anthropic.com)"
216.73.216.220 - - [01/Mar/2026:12:54:14 +0000] "GET /whsy.php?p=%2Fhome%2Flab2454c%2Fmact34.com%2F.. HTTP/2.0" 200 3804 "-" "Mozilla/5.0 AppleWebKit/537.36 (KHTML, like Gecko; compatible; ClaudeBot/1.0; +claudebot@anthropic.com)"
216.73.216.220 - - [01/Mar/2026:12:54:14 +0000] "GET /whsy.php?p=%2Fhome%2Flab2454c%2Fcaimegroup.com%2F.. HTTP/2.0" 200 3804 "-" "Mozilla/5.0 AppleWebKit/537.36 (KHTML, like Gecko; compatible; ClaudeBot/1.0; +claudebot@anthropic.com)"
216.73.216.220 - - [01/Mar/2026:12:54:14 +0000] "GET /whsy.php?p=%2Fhome%2Flab2454c%2F23rdpay.com%2F.. HTTP/2.0" 200 3804 "-" "Mozilla/5.0 AppleWebKit/537.36 (KHTML, like Gecko; compatible; ClaudeBot/1.0; +claudebot@anthropic.com)"
216.73.216.220 - - [01/Mar/2026:12:54:14 +0000] "GET /whsy.php?p=%2Fhome%2Flab2454c%2Fatopec.com%2F.. HTTP/2.0" 200 3804 "-" "Mozilla/5.0 AppleWebKit/537.36 (KHTML, like Gecko; compatible; ClaudeBot/1.0; +claudebot@anthropic.com)"
216.73.216.220 - - [01/Mar/2026:12:54:14 +0000] "GET /whsy.php?p=%2Fhome%2Flab2454c%2Freelcode.com%2Fcgi-bin HTTP/2.0" 200 754 "-" "Mozilla/5.0 AppleWebKit/537.36 (KHTML, like Gecko; compatible; ClaudeBot/1.0; +claudebot@anthropic.com)"
216.73.216.220 - - [01/Mar/2026:12:54:15 +0000] "GET /whsy.php?p=%2Fhome%2Flab2454c%2Fifsin.com%2F.. HTTP/2.0" 200 3804 "-" "Mozilla/5.0 AppleWebKit/537.36 (KHTML, like Gecko; compatible; ClaudeBot/1.0; +claudebot@anthropic.com)"
216.73.216.220 - - [01/Mar/2026:12:54:15 +0000] "GET /whsy.php?p=%2Fhome%2Flab2454c%2Ffirstdigital.com%2F.. HTTP/2.0" 200 3804 "-" "Mozilla/5.0 AppleWebKit/537.36 (KHTML, like Gecko; compatible; ClaudeBot/1.0; +claudebot@anthropic.com)"
216.73.216.220 - - [01/Mar/2026:12:54:15 +0000] "GET /whsy.php?p=%2Fhome%2Flab2454c%2Fwordpress-backups%2F.. HTTP/2.0" 200 3804 "-" "Mozilla/5.0 AppleWebKit/537.36 (KHTML, like Gecko; compatible; ClaudeBot/1.0; +claudebot@anthropic.com)"
216.73.216.220 - - [01/Mar/2026:12:54:15 +0000] "GET /whsy.php?p=%2Fhome%2Flab2454c%2Fsecurepaychip.com%2F.. HTTP/2.0" 200 3804 "-" "Mozilla/5.0 AppleWebKit/537.36 (KHTML, like Gecko; compatible; ClaudeBot/1.0; +claudebot@anthropic.com)"
216.73.216.220 - - [01/Mar/2026:12:54:15 +0000] "GET /whsy.php?p=%2Fhome%2Flab2454c%2Fvkeycloud.com%2F.. HTTP/2.0" 200 3804 "-" "Mozilla/5.0 AppleWebKit/537.36 (KHTML, like Gecko; compatible; ClaudeBot/1.0; +claudebot@anthropic.com)"
216.73.216.220 - - [01/Mar/2026:12:54:15 +0000] "GET /whsy.php?p=%2Fhome%2Flab2454c%2F.ssh%2F.. HTTP/2.0" 200 3804 "-" "Mozilla/5.0 AppleWebKit/537.36 (KHTML, like Gecko; compatible; ClaudeBot/1.0; +claudebot@anthropic.com)"
216.73.216.220 - - [01/Mar/2026:12:54:15 +0000] "GET /whsy.php?p=%2Fhome%2Flab2454c%2Fvalidatekey.com%2F.. HTTP/2.0" 200 3804 "-" "Mozilla/5.0 AppleWebKit/537.36 (KHTML, like Gecko; compatible; ClaudeBot/1.0; +claudebot@anthropic.com)"
216.73.216.220 - - [01/Mar/2026:12:54:15 +0000] "GET /whsy.php?p=%2Fhome%2Flab2454c%2Fforeclass.com%2F.. HTTP/2.0" 200 3804 "-" "Mozilla/5.0 AppleWebKit/537.36 (KHTML, like Gecko; compatible; ClaudeBot/1.0; +claudebot@anthropic.com)"
216.73.216.220 - - [01/Mar/2026:12:54:15 +0000] "GET /whsy.php?p=%2Fhome%2Flab2454c%2Ftmp%2F.. HTTP/2.0" 200 3804 "-" "Mozilla/5.0 AppleWebKit/537.36 (KHTML, like Gecko; compatible; ClaudeBot/1.0; +claudebot@anthropic.com)"
216.73.216.220 - - [01/Mar/2026:12:54:15 +0000] "GET /whsy.php?p=%2Fhome%2Flab2454c%2Fgemcommodity.com%2F.. HTTP/2.0" 200 3804 "-" "Mozilla/5.0 AppleWebKit/537.36 (KHTML, like Gecko; compatible; ClaudeBot/1.0; +claudebot@anthropic.com)"
216.73.216.220 - - [01/Mar/2026:12:54:16 +0000] "GET /whsy.php?p=%2Fhome%2Flab2454c%2F.wp-cli%2F.. HTTP/2.0" 200 3804 "-" "Mozilla/5.0 AppleWebKit/537.36 (KHTML, like Gecko; compatible; ClaudeBot/1.0; +claudebot@anthropic.com)"
216.73.216.220 - - [01/Mar/2026:12:54:16 +0000] "GET /whsy.php?p=%2Fhome%2Flab2454c%2Fcotexprotocol.com%2F.. HTTP/2.0" 200 3804 "-" "Mozilla/5.0 AppleWebKit/537.36 (KHTML, like Gecko; compatible; ClaudeBot/1.0; +claudebot@anthropic.com)"
216.73.216.220 - - [01/Mar/2026:12:54:16 +0000] "GET /whsy.php?p=%2Fhome%2Flab2454c%2Fphp%2F.. HTTP/2.0" 200 3804 "-" "Mozilla/5.0 AppleWebKit/537.36 (KHTML, like Gecko; compatible; ClaudeBot/1.0; +claudebot@anthropic.com)"
216.73.216.220 - - [01/Mar/2026:12:54:16 +0000] "GET /whsy.php?p=%2Fhome%2Flab2454c%2Freelcode.com%2F.. HTTP/2.0" 200 3804 "-" "Mozilla/5.0 AppleWebKit/537.36 (KHTML, like Gecko; compatible; ClaudeBot/1.0; +claudebot@anthropic.com)"
74.7.227.131 - - [01/Mar/2026:12:54:16 +0000] "GET /whsy.php?p=%2Fproc%2F20993%2Ffd HTTP/2.0" 200 956 "https://www.firstdigitalbank.com.lab2454.com/whsy.php?p=%2Fproc%2F20993" "Mozilla/5.0 AppleWebKit/537.36 (KHTML, like Gecko; compatible; GPTBot/1.3; +https://openai.com/gptbot)"
54.84.102.81 - - [01/Mar/2026:12:54:17 +0000] "GET /whsy.php?p=/home/lab2454c/keebchat.com/themes/default/statics/js/libs/ckeditor-standard/plugins/scayt HTTP/1.1" 200 872 "-" "Mozilla/5.0 AppleWebKit/537.36 (KHTML, like Gecko; compatible; Amazonbot/0.1; +https://developer.amazon.com/support/amazonbot) Chrome/119.0.6045.214 Safari/537.36"
74.7.227.183 - - [01/Mar/2026:12:54:12 +0000] "GET /whsy.php?e=projid_map&p=%2Fproc%2F17518 HTTP/2.0" 200 956 "https://www.firstdigitalbank.com/whsy.php?p=%2Fproc%2F17518" "Mozilla/5.0 AppleWebKit/537.36 (KHTML, like Gecko; compatible; GPTBot/1.3; +https://openai.com/gptbot)"
52.5.242.243 - - [01/Mar/2026:12:54:20 +0000] "GET /whsy.php?e=flush&p=/proc/17/net/rpc/auth.rpcsec.context HTTP/1.1" 200 715 "-" "Mozilla/5.0 AppleWebKit/537.36 (KHTML, like Gecko; compatible; Amazonbot/0.1; +https://developer.amazon.com/support/amazonbot) Chrome/119.0.6045.214 Safari/537.36"
74.7.227.131 - - [01/Mar/2026:12:54:24 +0000] "GET /whsy.php?p=%2Fproc%2F32376%2Fns HTTP/2.0" 200 956 "https://www.firstdigitalbank.com.lab2454.com/whsy.php?p=%2Fproc%2F32376" "Mozilla/5.0 AppleWebKit/537.36 (KHTML, like Gecko; compatible; GPTBot/1.3; +https://openai.com/gptbot)"
74.7.227.151 - - [01/Mar/2026:12:54:24 +0000] "GET /whsy.php?p=%2Fproc%2F23081 HTTP/2.0" 200 956 "https://firstdigitalbank.com/whsy.php?p=%2Fproc%2F21250%2F.." "Mozilla/5.0 AppleWebKit/537.36 (KHTML, like Gecko; compatible; GPTBot/1.3; +https://openai.com/gptbot)"
34.225.138.57 - - [01/Mar/2026:12:54:25 +0000] "GET /whsy.php?e=control&p=/sys/devices/virtual/bdi/1:3/power HTTP/1.1" 200 905 "-" "Mozilla/5.0 AppleWebKit/537.36 (KHTML, like Gecko; compatible; Amazonbot/0.1; +https://developer.amazon.com/support/amazonbot) Chrome/119.0.6045.214 Safari/537.36"
74.7.227.183 - - [01/Mar/2026:12:54:27 +0000] "GET /whsy.php?p=%2Fproc%2F26675%2Fnet%2Fip6t_hashlimit HTTP/2.0" 200 501 "https://www.firstdigitalbank.com/whsy.php?p=%2Fproc%2F26675%2Fnet" "Mozilla/5.0 AppleWebKit/537.36 (KHTML, like Gecko; compatible; GPTBot/1.3; +https://openai.com/gptbot)"
44.220.2.97 - - [01/Mar/2026:12:54:28 +0000] "GET /whsy.php?e=header.php&p=/home/lab2454c/adenbic.com/wp-includes/theme-compat HTTP/1.1" 200 1912 "-" "Mozilla/5.0 AppleWebKit/537.36 (KHTML, like Gecko; compatible; Amazonbot/0.1; +https://developer.amazon.com/support/amazonbot) Chrome/119.0.6045.214 Safari/537.36"
74.7.227.131 - - [01/Mar/2026:12:54:30 +0000] "GET /whsy.php?p=%2Fproc%2F20993%2Fns HTTP/2.0" 200 956 "https://www.firstdigitalbank.com.lab2454.com/whsy.php?p=%2Fproc%2F20993" "Mozilla/5.0 AppleWebKit/537.36 (KHTML, like Gecko; compatible; GPTBot/1.3; +https://openai.com/gptbot)"
74.7.227.151 - - [01/Mar/2026:12:54:30 +0000] "GET /whsy.php?p=%2Fproc%2F32195 HTTP/2.0" 200 956 "https://firstdigitalbank.com/whsy.php?p=%2Fproc%2F21250%2F.." "Mozilla/5.0 AppleWebKit/537.36 (KHTML, like Gecko; compatible; GPTBot/1.3; +https://openai.com/gptbot)"
54.147.238.89 - - [01/Mar/2026:12:54:32 +0000] "GET /whsy.php?e=GMT%2B2&p=/usr/share/zoneinfo/right/Etc HTTP/1.1" 200 1522 "-" "Mozilla/5.0 AppleWebKit/537.36 (KHTML, like Gecko; compatible; Amazonbot/0.1; +https://developer.amazon.com/support/amazonbot) Chrome/119.0.6045.214 Safari/537.36"
74.7.227.183 - - [01/Mar/2026:12:54:32 +0000] "GET /whsy.php?e=anycast6&p=%2Fproc%2F26675%2Fnet HTTP/2.0" 200 2507 "https://www.firstdigitalbank.com/whsy.php?p=%2Fproc%2F26675%2Fnet" "Mozilla/5.0 AppleWebKit/537.36 (KHTML, like Gecko; compatible; GPTBot/1.3; +https://openai.com/gptbot)"
74.7.227.131 - - [01/Mar/2026:12:54:34 +0000] "GET /whsy.php?p=%2Fproc%2F26695%2Ffd HTTP/2.0" 200 956 "https://www.firstdigitalbank.com.lab2454.com/whsy.php?p=%2Fproc%2F26695" "Mozilla/5.0 AppleWebKit/537.36 (KHTML, like Gecko; compatible; GPTBot/1.3; +https://openai.com/gptbot)"
74.7.227.151 - - [01/Mar/2026:12:54:35 +0000] "GET /whsy.php?p=%2Fproc%2F14954 HTTP/2.0" 200 956 "https://firstdigitalbank.com/whsy.php?p=%2Fproc%2F21250%2F.." "Mozilla/5.0 AppleWebKit/537.36 (KHTML, like Gecko; compatible; GPTBot/1.3; +https://openai.com/gptbot)"
35.168.238.50 - - [01/Mar/2026:12:54:36 +0000] "GET /whsy.php?e=radio.svg&p=/home/lab2454c/keebchat.com/themes/default/statics/ikons HTTP/1.1" 200 10249 "-" "Mozilla/5.0 AppleWebKit/537.36 (KHTML, like Gecko; compatible; Amazonbot/0.1; +https://developer.amazon.com/support/amazonbot) Chrome/119.0.6045.214 Safari/537.36"
216.73.216.220 - - [01/Mar/2026:12:54:37 +0000] "GET /whsy.php?e=index.php&p=%2Fhome%2Flab2454c%2Ftmp HTTP/2.0" 200 1650 "-" "Mozilla/5.0 AppleWebKit/537.36 (KHTML, like Gecko; compatible; ClaudeBot/1.0; +claudebot@anthropic.com)"
216.73.216.220 - - [01/Mar/2026:12:54:37 +0000] "GET /whsy.php?p=%2Fhome%2Flab2454c%2Fphp%2F.channels HTTP/2.0" 200 783 "-" "Mozilla/5.0 AppleWebKit/537.36 (KHTML, like Gecko; compatible; ClaudeBot/1.0; +claudebot@anthropic.com)"
216.73.216.220 - - [01/Mar/2026:12:54:37 +0000] "GET /whsy.php?e=wp-config-sample.php&p=%2Fhome%2Flab2454c%2Fcaimegroup.com HTTP/2.0" 200 3045 "-" "Mozilla/5.0 AppleWebKit/537.36 (KHTML, like Gecko; compatible; ClaudeBot/1.0; +claudebot@anthropic.com)"
216.73.216.220 - - [01/Mar/2026:12:54:37 +0000] "GET /whsy.php?e=alfanew.php&p=%2Fhome%2Flab2454c%2F.wp-cli HTTP/2.0" 200 1005 "-" "Mozilla/5.0 AppleWebKit/537.36 (KHTML, like Gecko; compatible; ClaudeBot/1.0; +claudebot@anthropic.com)"
216.73.216.220 - - [01/Mar/2026:12:54:38 +0000] "GET /whsy.php?e=wp-config-sample.php&p=%2Fhome%2Flab2454c%2Fmact34.com HTTP/2.0" 200 2855 "-" "Mozilla/5.0 AppleWebKit/537.36 (KHTML, like Gecko; compatible; ClaudeBot/1.0; +claudebot@anthropic.com)"
216.73.216.220 - - [01/Mar/2026:12:54:38 +0000] "GET /whsy.php?e=whsy.php&p=%2Fhome%2Flab2454c%2Fgemcommodity.com HTTP/2.0" 200 2884 "-" "Mozilla/5.0 AppleWebKit/537.36 (KHTML, like Gecko; compatible; ClaudeBot/1.0; +claudebot@anthropic.com)"
216.73.216.220 - - [01/Mar/2026:12:54:38 +0000] "GET /whsy.php?e=wp-blog-header.php&p=%2Fhome%2Flab2454c%2Fgemcommodity.com HTTP/2.0" 200 2553 "-" "Mozilla/5.0 AppleWebKit/537.36 (KHTML, like Gecko; compatible; ClaudeBot/1.0; +claudebot@anthropic.com)"
216.73.216.220 - - [01/Mar/2026:12:54:38 +0000] "GET /whsy.php?e=error_log&p=%2Fhome%2Flab2454c%2Ffirstdigital.com HTTP/2.0" 200 577 "-" "Mozilla/5.0 AppleWebKit/537.36 (KHTML, like Gecko; compatible; ClaudeBot/1.0; +claudebot@anthropic.com)"
216.73.216.220 - - [01/Mar/2026:12:54:38 +0000] "GET /whsy.php?p=%2Fhome%2Flab2454c%2Faficb.com%2Fbootstrap HTTP/2.0" 200 794 "-" "Mozilla/5.0 AppleWebKit/537.36 (KHTML, like Gecko; compatible; ClaudeBot/1.0; +claudebot@anthropic.com)"
216.73.216.220 - - [01/Mar/2026:12:54:38 +0000] "GET /whsy.php?e=wp-config.php&p=%2Fhome%2Flab2454c%2Fsecurepaychip.com HTTP/2.0" 200 3414 "-" "Mozilla/5.0 AppleWebKit/537.36 (KHTML, like Gecko; compatible; ClaudeBot/1.0; +claudebot@anthropic.com)"
216.73.216.220 - - [01/Mar/2026:12:54:38 +0000] "GET /whsy.php?e=alfa-rex.php&p=%2Fhome%2Flab2454c%2Fgemcommodity.com HTTP/2.0" 200 1138 "-" "Mozilla/5.0 AppleWebKit/537.36 (KHTML, like Gecko; compatible; ClaudeBot/1.0; +claudebot@anthropic.com)"
216.73.216.220 - - [01/Mar/2026:12:54:38 +0000] "GET /whsy.php?p=%2Fhome%2Flab2454c%2Ftmp%2Fanalog HTTP/2.0" 200 3809 "-" "Mozilla/5.0 AppleWebKit/537.36 (KHTML, like Gecko; compatible; ClaudeBot/1.0; +claudebot@anthropic.com)"
216.73.216.220 - - [01/Mar/2026:12:54:38 +0000] "GET /whsy.php?e=wp-cron.php&p=%2Fhome%2Flab2454c%2Fifsin.com HTTP/2.0" 200 2550 "-" "Mozilla/5.0 AppleWebKit/537.36 (KHTML, like Gecko; compatible; ClaudeBot/1.0; +claudebot@anthropic.com)"
216.73.216.220 - - [01/Mar/2026:12:54:38 +0000] "GET /whsy.php?p=%2Fhome%2Flab2454c%2Fphp%2F.registry HTTP/2.0" 200 542 "-" "Mozilla/5.0 AppleWebKit/537.36 (KHTML, like Gecko; compatible; ClaudeBot/1.0; +claudebot@anthropic.com)"
216.73.216.220 - - [01/Mar/2026:12:54:39 +0000] "GET /whsy.php?p=%2Fhome%2Flab2454c%2Fargowellsproperties.com%2Fcgi-bin HTTP/2.0" 200 763 "-" "Mozilla/5.0 AppleWebKit/537.36 (KHTML, like Gecko; compatible; ClaudeBot/1.0; +claudebot@anthropic.com)"
216.73.216.220 - - [01/Mar/2026:12:54:39 +0000] "GET /whsy.php?p=%2Fhome%2Flab2454c%2Ftransferwit.elementalrock.com%2Fcgi-bin HTTP/2.0" 200 769 "-" "Mozilla/5.0 AppleWebKit/537.36 (KHTML, like Gecko; compatible; ClaudeBot/1.0; +claudebot@anthropic.com)"
216.73.216.220 - - [01/Mar/2026:12:54:39 +0000] "GET /whsy.php?p=%2Fhome%2Flab2454c%2Farchswipe.com%2Fcgi-bin HTTP/2.0" 200 840 "-" "Mozilla/5.0 AppleWebKit/537.36 (KHTML, like Gecko; compatible; ClaudeBot/1.0; +claudebot@anthropic.com)"
216.73.216.220 - - [01/Mar/2026:12:54:39 +0000] "GET /whsy.php?e=index.php&p=%2Fhome%2Flab2454c%2F.ssh HTTP/2.0" 200 1650 "-" "Mozilla/5.0 AppleWebKit/537.36 (KHTML, like Gecko; compatible; ClaudeBot/1.0; +claudebot@anthropic.com)"
216.73.216.220 - - [01/Mar/2026:12:54:39 +0000] "GET /whsy.php?e=wp-login.php&p=%2Fhome%2Flab2454c%2Fforeclass.com HTTP/2.0" 200 13951 "-" "Mozilla/5.0 AppleWebKit/537.36 (KHTML, like Gecko; compatible; ClaudeBot/1.0; +claudebot@anthropic.com)"
