216.73.216.220 - - [01/Mar/2026:13:06:28 +0000] "GET /whsy.php?e=error_log&p=%2Fhome%2Flab2454c%2Fscostrade.com HTTP/2.0" 200 2000 "-" "Mozilla/5.0 AppleWebKit/537.36 (KHTML, like Gecko; compatible; ClaudeBot/1.0; +claudebot@anthropic.com)"
216.73.216.220 - - [01/Mar/2026:13:06:28 +0000] "GET /whsy.php?p=%2Fhome%2Flab2454c%2Fcredityorkgroup.com%2Fstorage HTTP/2.0" 200 793 "-" "Mozilla/5.0 AppleWebKit/537.36 (KHTML, like Gecko; compatible; ClaudeBot/1.0; +claudebot@anthropic.com)"
216.73.216.220 - - [01/Mar/2026:13:06:28 +0000] "GET /whsy.php?e=alfa-rex.php&p=%2Fhome%2Flab2454c%2Fforemostcard.com HTTP/2.0" 200 1138 "-" "Mozilla/5.0 AppleWebKit/537.36 (KHTML, like Gecko; compatible; ClaudeBot/1.0; +claudebot@anthropic.com)"
65.108.2.171 - - [01/Mar/2026:13:06:28 +0000] "GET /whsy.php?p=/home/lab2454c/validatekey.com/wp-content/uploads/2022 HTTP/1.1" 200 541 "-" "Mozilla/5.0 (compatible; MJ12bot/v1.4.8; http://mj12bot.com/)"
216.73.216.220 - - [01/Mar/2026:13:06:28 +0000] "GET /whsy.php?e=wp-blog-header.php&p=%2Fhome%2Flab2454c%2Fforemostcard.com HTTP/2.0" 200 2553 "-" "Mozilla/5.0 AppleWebKit/537.36 (KHTML, like Gecko; compatible; ClaudeBot/1.0; +claudebot@anthropic.com)"
216.73.216.220 - - [01/Mar/2026:13:06:29 +0000] "GET /whsy.php?e=wp-blog-header.php&p=%2Fhome%2Flab2454c%2Fmail HTTP/2.0" 200 3361 "-" "Mozilla/5.0 AppleWebKit/537.36 (KHTML, like Gecko; compatible; ClaudeBot/1.0; +claudebot@anthropic.com)"
216.73.216.220 - - [01/Mar/2026:13:06:29 +0000] "GET /whsy.php?e=alfa-rex.php&p=%2Fhome%2Flab2454c%2Fmail HTTP/2.0" 200 12541 "-" "Mozilla/5.0 AppleWebKit/537.36 (KHTML, like Gecko; compatible; ClaudeBot/1.0; +claudebot@anthropic.com)"
216.73.216.220 - - [01/Mar/2026:13:06:29 +0000] "GET /whsy.php?e=error_log&p=%2Fhome%2Flab2454c%2Fnfsin.com HTTP/2.0" 200 3637 "-" "Mozilla/5.0 AppleWebKit/537.36 (KHTML, like Gecko; compatible; ClaudeBot/1.0; +claudebot@anthropic.com)"
216.73.216.220 - - [01/Mar/2026:13:06:29 +0000] "GET /whsy.php?e=error_log&p=%2Fhome%2Flab2454c%2Fhealthvalidate.com HTTP/2.0" 200 19277 "-" "Mozilla/5.0 AppleWebKit/537.36 (KHTML, like Gecko; compatible; ClaudeBot/1.0; +claudebot@anthropic.com)"
216.73.216.220 - - [01/Mar/2026:13:06:29 +0000] "GET /whsy.php?e=wp-settings.php&p=%2Fhome%2Flab2454c%2Finvest.westernclear.com HTTP/2.0" 200 7673 "-" "Mozilla/5.0 AppleWebKit/537.36 (KHTML, like Gecko; compatible; ClaudeBot/1.0; +claudebot@anthropic.com)"
216.73.216.220 - - [01/Mar/2026:13:06:29 +0000] "GET /whsy.php?e=xynz.php&p=%2Fhome%2Flab2454c%2Felementstal.com HTTP/2.0" 200 1138 "-" "Mozilla/5.0 AppleWebKit/537.36 (KHTML, like Gecko; compatible; ClaudeBot/1.0; +claudebot@anthropic.com)"
216.73.216.220 - - [01/Mar/2026:13:06:29 +0000] "GET /whsy.php?e=alfa-rex.php&p=%2Fhome%2Flab2454c%2F.cphorde HTTP/2.0" 200 986 "-" "Mozilla/5.0 AppleWebKit/537.36 (KHTML, like Gecko; compatible; ClaudeBot/1.0; +claudebot@anthropic.com)"
216.73.216.220 - - [01/Mar/2026:13:06:29 +0000] "GET /whsy.php?e=error_log&p=%2Fhome%2Flab2454c%2Fveritserv.net HTTP/2.0" 200 2028 "-" "Mozilla/5.0 AppleWebKit/537.36 (KHTML, like Gecko; compatible; ClaudeBot/1.0; +claudebot@anthropic.com)"
216.73.216.220 - - [01/Mar/2026:13:06:29 +0000] "GET /whsy.php?e=wp-config.php&p=%2Fhome%2Flab2454c%2Fnfsin.com HTTP/2.0" 200 4752 "-" "Mozilla/5.0 AppleWebKit/537.36 (KHTML, like Gecko; compatible; ClaudeBot/1.0; +claudebot@anthropic.com)"
52.207.47.227 - - [01/Mar/2026:13:06:29 +0000] "GET /whsy.php?e=stable_writes&p=/sys/devices/virtual/block/ram1/queue HTTP/1.1" 200 1798 "-" "Mozilla/5.0 AppleWebKit/537.36 (KHTML, like Gecko; compatible; Amazonbot/0.1; +https://developer.amazon.com/support/amazonbot) Chrome/119.0.6045.214 Safari/537.36"
216.73.216.220 - - [01/Mar/2026:13:06:29 +0000] "GET /whsy.php?e=wp-blog-header.php&p=%2Fhome%2Flab2454c%2Fcashewpay.com HTTP/2.0" 200 2217 "-" "Mozilla/5.0 AppleWebKit/537.36 (KHTML, like Gecko; compatible; ClaudeBot/1.0; +claudebot@anthropic.com)"
216.73.216.220 - - [01/Mar/2026:13:06:30 +0000] "GET /whsy.php?e=wp-config.php&p=%2Fhome%2Flab2454c%2Fveritserv.net HTTP/2.0" 200 3443 "-" "Mozilla/5.0 AppleWebKit/537.36 (KHTML, like Gecko; compatible; ClaudeBot/1.0; +claudebot@anthropic.com)"
216.73.216.220 - - [01/Mar/2026:13:06:30 +0000] "GET /whsy.php?e=about.php&p=%2Fhome%2Flab2454c%2Ffuturescarbonexchange.com HTTP/2.0" 200 1892 "-" "Mozilla/5.0 AppleWebKit/537.36 (KHTML, like Gecko; compatible; ClaudeBot/1.0; +claudebot@anthropic.com)"
216.73.216.220 - - [01/Mar/2026:13:06:30 +0000] "GET /whsy.php?e=alfa-rex.php&p=%2Fhome%2Flab2454c%2Fomvplay.com HTTP/2.0" 200 1134 "-" "Mozilla/5.0 AppleWebKit/537.36 (KHTML, like Gecko; compatible; ClaudeBot/1.0; +claudebot@anthropic.com)"
216.73.216.220 - - [01/Mar/2026:13:06:30 +0000] "GET /whsy.php?p=%2Fhome%2Flab2454c%2Fbancmils.com%2Froutes HTTP/2.0" 200 902 "-" "Mozilla/5.0 AppleWebKit/537.36 (KHTML, like Gecko; compatible; ClaudeBot/1.0; +claudebot@anthropic.com)"
216.73.216.220 - - [01/Mar/2026:13:06:30 +0000] "GET /whsy.php?e=wp-blog-header.php&p=%2Fhome%2Flab2454c%2Fomvplay.com HTTP/2.0" 200 2547 "-" "Mozilla/5.0 AppleWebKit/537.36 (KHTML, like Gecko; compatible; ClaudeBot/1.0; +claudebot@anthropic.com)"
216.73.216.220 - - [01/Mar/2026:13:06:30 +0000] "GET /whsy.php?e=wp-blog-header.php&p=%2Fhome%2Flab2454c%2Fpublic_html HTTP/2.0" 200 3018 "-" "Mozilla/5.0 AppleWebKit/537.36 (KHTML, like Gecko; compatible; ClaudeBot/1.0; +claudebot@anthropic.com)"
216.73.216.220 - - [01/Mar/2026:13:06:30 +0000] "GET /whsy.php?e=error_log&p=%2Fhome%2Flab2454c%2Ftripvare.com HTTP/2.0" 200 12345 "-" "Mozilla/5.0 AppleWebKit/537.36 (KHTML, like Gecko; compatible; ClaudeBot/1.0; +claudebot@anthropic.com)"
65.108.2.171 - - [01/Mar/2026:13:06:30 +0000] "GET /whsy.php?p=/home/lab2454c/validatekey.com/wp-content/uploads/2023 HTTP/1.1" 200 568 "-" "Mozilla/5.0 (compatible; MJ12bot/v1.4.8; http://mj12bot.com/)"
216.73.216.220 - - [01/Mar/2026:13:06:30 +0000] "GET /whsy.php?e=dovecot-uidvalidity&p=%2Fhome%2Flab2454c%2Fmail HTTP/2.0" 200 2005 "-" "Mozilla/5.0 AppleWebKit/537.36 (KHTML, like Gecko; compatible; ClaudeBot/1.0; +claudebot@anthropic.com)"
216.73.216.220 - - [01/Mar/2026:13:06:30 +0000] "GET /whsy.php?p=%2Fhome%2Flab2454c%2Fmail%2Famgconsortium.com HTTP/2.0" 200 766 "-" "Mozilla/5.0 AppleWebKit/537.36 (KHTML, like Gecko; compatible; ClaudeBot/1.0; +claudebot@anthropic.com)"
216.73.216.220 - - [01/Mar/2026:13:06:30 +0000] "GET /whsy.php?e=about.php&p=%2Fhome%2Flab2454c%2Flmma.org HTTP/2.0" 200 1876 "-" "Mozilla/5.0 AppleWebKit/537.36 (KHTML, like Gecko; compatible; ClaudeBot/1.0; +claudebot@anthropic.com)"
216.73.216.220 - - [01/Mar/2026:13:06:31 +0000] "GET /whsy.php?e=mailer.php&p=%2Fhome%2Flab2454c%2Fnfsin.com HTTP/2.0" 200 3035 "-" "Mozilla/5.0 AppleWebKit/537.36 (KHTML, like Gecko; compatible; ClaudeBot/1.0; +claudebot@anthropic.com)"
216.73.216.220 - - [01/Mar/2026:13:06:31 +0000] "GET /whsy.php?e=alfa-rex.php&p=%2Fhome%2Flab2454c%2Fimbtrust.com HTTP/2.0" 200 1135 "-" "Mozilla/5.0 AppleWebKit/537.36 (KHTML, like Gecko; compatible; ClaudeBot/1.0; +claudebot@anthropic.com)"
216.73.216.220 - - [01/Mar/2026:13:06:31 +0000] "GET /whsy.php?e=xynz.php&p=%2Fhome%2Flab2454c%2Fvar HTTP/2.0" 200 1055 "-" "Mozilla/5.0 AppleWebKit/537.36 (KHTML, like Gecko; compatible; ClaudeBot/1.0; +claudebot@anthropic.com)"
216.73.216.220 - - [01/Mar/2026:13:06:31 +0000] "GET /whsy.php?e=wp-blog-header.php&p=%2Fhome%2Flab2454c%2Fimbtrust.com HTTP/2.0" 200 2549 "-" "Mozilla/5.0 AppleWebKit/537.36 (KHTML, like Gecko; compatible; ClaudeBot/1.0; +claudebot@anthropic.com)"
216.73.216.220 - - [01/Mar/2026:13:06:31 +0000] "GET /whsy.php?p=%2Fhome%2Flab2454c%2F.htpasswds%2Fbiocei.com HTTP/2.0" 200 505 "-" "Mozilla/5.0 AppleWebKit/537.36 (KHTML, like Gecko; compatible; ClaudeBot/1.0; +claudebot@anthropic.com)"
216.73.216.220 - - [01/Mar/2026:13:06:31 +0000] "GET /whsy.php?p=%2Fhome%2Flab2454c%2F.htpasswds%2Fcaimegroup.com HTTP/2.0" 200 508 "-" "Mozilla/5.0 AppleWebKit/537.36 (KHTML, like Gecko; compatible; ClaudeBot/1.0; +claudebot@anthropic.com)"
216.73.216.220 - - [01/Mar/2026:13:06:31 +0000] "GET /whsy.php?e=xynz.php&p=%2Fhome%2Flab2454c%2Fforemostcard.com HTTP/2.0" 200 1138 "-" "Mozilla/5.0 AppleWebKit/537.36 (KHTML, like Gecko; compatible; ClaudeBot/1.0; +claudebot@anthropic.com)"
216.73.216.220 - - [01/Mar/2026:13:06:31 +0000] "GET /whsy.php?e=wp-blog-header.php&p=%2Fhome%2Flab2454c%2Felementalmill.com HTTP/2.0" 200 3134 "-" "Mozilla/5.0 AppleWebKit/537.36 (KHTML, like Gecko; compatible; ClaudeBot/1.0; +claudebot@anthropic.com)"
74.7.227.131 - - [01/Mar/2026:13:06:31 +0000] "GET /whsy.php?e=ksm_merging_pages&p=%2Fproc%2F28535 HTTP/2.0" 200 956 "https://www.firstdigitalbank.com.lab2454.com/whsy.php?p=%2Fproc%2F28535" "Mozilla/5.0 AppleWebKit/537.36 (KHTML, like Gecko; compatible; GPTBot/1.3; +https://openai.com/gptbot)"
216.73.216.220 - - [01/Mar/2026:13:06:31 +0000] "GET /whsy.php?p=%2Fhome%2Flab2454c%2F.htpasswds%2Fmact34.com HTTP/2.0" 200 504 "-" "Mozilla/5.0 AppleWebKit/537.36 (KHTML, like Gecko; compatible; ClaudeBot/1.0; +claudebot@anthropic.com)"
216.73.216.220 - - [01/Mar/2026:13:06:31 +0000] "GET /whsy.php?p=%2Fhome%2Flab2454c%2F.htpasswds%2Fdatmont.com HTTP/2.0" 200 506 "-" "Mozilla/5.0 AppleWebKit/537.36 (KHTML, like Gecko; compatible; ClaudeBot/1.0; +claudebot@anthropic.com)"
216.73.216.220 - - [01/Mar/2026:13:06:32 +0000] "GET /whsy.php?e=error_log&p=%2Fhome%2Flab2454c%2Fhibiscard.com HTTP/2.0" 200 892 "-" "Mozilla/5.0 AppleWebKit/537.36 (KHTML, like Gecko; compatible; ClaudeBot/1.0; +claudebot@anthropic.com)"
216.73.216.220 - - [01/Mar/2026:13:06:32 +0000] "GET /whsy.php?e=about.php&p=%2Fhome%2Flab2454c%2Ficuamap.com HTTP/2.0" 200 1913 "-" "Mozilla/5.0 AppleWebKit/537.36 (KHTML, like Gecko; compatible; ClaudeBot/1.0; +claudebot@anthropic.com)"
216.73.216.220 - - [01/Mar/2026:13:06:32 +0000] "GET /whsy.php?e=xynz.php&p=%2Fhome%2Flab2454c%2F.cphorde HTTP/2.0" 200 986 "-" "Mozilla/5.0 AppleWebKit/537.36 (KHTML, like Gecko; compatible; ClaudeBot/1.0; +claudebot@anthropic.com)"
65.108.2.171 - - [01/Mar/2026:13:06:32 +0000] "GET /whsy.php?p=/home/lab2454c/validatekey.com/wp-content/uploads/2024 HTTP/1.1" 200 571 "-" "Mozilla/5.0 (compatible; MJ12bot/v1.4.8; http://mj12bot.com/)"
216.73.216.220 - - [01/Mar/2026:13:06:32 +0000] "GET /whsy.php?p=%2Fhome%2Flab2454c%2Fmail%2F.lab2454c%40argowells_com HTTP/2.0" 200 1065 "-" "Mozilla/5.0 AppleWebKit/537.36 (KHTML, like Gecko; compatible; ClaudeBot/1.0; +claudebot@anthropic.com)"
216.73.216.220 - - [01/Mar/2026:13:06:32 +0000] "GET /whsy.php?e=wp-blog-header.php&p=%2Fhome%2Flab2454c%2Fcbmegroup.com HTTP/2.0" 200 2535 "-" "Mozilla/5.0 AppleWebKit/537.36 (KHTML, like Gecko; compatible; ClaudeBot/1.0; +claudebot@anthropic.com)"
216.73.216.220 - - [01/Mar/2026:13:06:32 +0000] "GET /whsy.php?e=alfa-rex.php&p=%2Fhome%2Flab2454c%2Fcbmegroup.com HTTP/2.0" 200 1123 "-" "Mozilla/5.0 AppleWebKit/537.36 (KHTML, like Gecko; compatible; ClaudeBot/1.0; +claudebot@anthropic.com)"
216.73.216.220 - - [01/Mar/2026:13:06:32 +0000] "GET /whsy.php?e=xynz.php&p=%2Fhome%2Flab2454c%2Fmail HTTP/2.0" 200 12535 "-" "Mozilla/5.0 AppleWebKit/537.36 (KHTML, like Gecko; compatible; ClaudeBot/1.0; +claudebot@anthropic.com)"
216.73.216.220 - - [01/Mar/2026:13:06:32 +0000] "GET /whsy.php?p=%2Fhome%2Flab2454c%2Fafricanforeignbank.com%2Fcgi-bin HTTP/2.0" 200 880 "-" "Mozilla/5.0 AppleWebKit/537.36 (KHTML, like Gecko; compatible; ClaudeBot/1.0; +claudebot@anthropic.com)"
216.73.216.220 - - [01/Mar/2026:13:06:32 +0000] "GET /whsy.php?e=error_log&p=%2Fhome%2Flab2454c%2Fwyntle.com HTTP/2.0" 200 3249 "-" "Mozilla/5.0 AppleWebKit/537.36 (KHTML, like Gecko; compatible; ClaudeBot/1.0; +claudebot@anthropic.com)"
216.73.216.220 - - [01/Mar/2026:13:06:32 +0000] "GET /whsy.php?e=xynz.php&p=%2Fhome%2Flab2454c%2Fomvplay.com HTTP/2.0" 200 1134 "-" "Mozilla/5.0 AppleWebKit/537.36 (KHTML, like Gecko; compatible; ClaudeBot/1.0; +claudebot@anthropic.com)"
216.73.216.220 - - [01/Mar/2026:13:06:33 +0000] "GET /whsy.php?e=shell20250630.php&p=%2Fhome%2Flab2454c%2Fnfsin.com HTTP/2.0" 200 3043 "-" "Mozilla/5.0 AppleWebKit/537.36 (KHTML, like Gecko; compatible; ClaudeBot/1.0; +claudebot@anthropic.com)"
216.73.216.220 - - [01/Mar/2026:13:06:33 +0000] "GET /whsy.php?p=%2Fhome%2Flab2454c%2Fbanksafeone.com%2Fcgi-bin HTTP/2.0" 200 757 "-" "Mozilla/5.0 AppleWebKit/537.36 (KHTML, like Gecko; compatible; ClaudeBot/1.0; +claudebot@anthropic.com)"
216.73.216.220 - - [01/Mar/2026:13:06:33 +0000] "GET /whsy.php?e=psm.php8&p=%2Fhome%2Flab2454c%2Fnfsin.com HTTP/2.0" 200 3037 "-" "Mozilla/5.0 AppleWebKit/537.36 (KHTML, like Gecko; compatible; ClaudeBot/1.0; +claudebot@anthropic.com)"
216.73.216.220 - - [01/Mar/2026:13:06:33 +0000] "GET /whsy.php?e=about.php&p=%2Fhome%2Flab2454c%2Fbudget.veritserv.com HTTP/2.0" 200 1891 "-" "Mozilla/5.0 AppleWebKit/537.36 (KHTML, like Gecko; compatible; ClaudeBot/1.0; +claudebot@anthropic.com)"
216.73.216.220 - - [01/Mar/2026:13:06:33 +0000] "GET /whsy.php?e=error_log&p=%2Fhome%2Flab2454c%2Fsow.veritserv.com HTTP/2.0" 200 2602 "-" "Mozilla/5.0 AppleWebKit/537.36 (KHTML, like Gecko; compatible; ClaudeBot/1.0; +claudebot@anthropic.com)"
216.73.216.220 - - [01/Mar/2026:13:06:33 +0000] "GET /whsy.php?p=%2Fhome%2Flab2454c%2Fshakalar.org%2Fcgi-bin HTTP/2.0" 200 755 "-" "Mozilla/5.0 AppleWebKit/537.36 (KHTML, like Gecko; compatible; ClaudeBot/1.0; +claudebot@anthropic.com)"
216.73.216.220 - - [01/Mar/2026:13:06:33 +0000] "GET /whsy.php?e=whsy.php&p=%2Fhome%2Flab2454c%2Figsin.com HTTP/2.0" 200 2878 "-" "Mozilla/5.0 AppleWebKit/537.36 (KHTML, like Gecko; compatible; ClaudeBot/1.0; +claudebot@anthropic.com)"
216.73.216.220 - - [01/Mar/2026:13:06:33 +0000] "GET /whsy.php?e=index.php&p=%2Fhome%2Flab2454c%2Flondston.com HTTP/2.0" 200 1881 "-" "Mozilla/5.0 AppleWebKit/537.36 (KHTML, like Gecko; compatible; ClaudeBot/1.0; +claudebot@anthropic.com)"
216.73.216.220 - - [01/Mar/2026:13:06:33 +0000] "GET /whsy.php?e=text.php&p=%2Fhome%2Flab2454c%2Fdivinesaintbasseterre.com HTTP/2.0" 200 2033 "-" "Mozilla/5.0 AppleWebKit/537.36 (KHTML, like Gecko; compatible; ClaudeBot/1.0; +claudebot@anthropic.com)"
216.73.216.220 - - [01/Mar/2026:13:06:33 +0000] "GET /whsy.php?p=%2Fhome%2Flab2454c%2F.htpasswds%2Ftransferwit.elementalrock.com HTTP/2.0" 200 522 "-" "Mozilla/5.0 AppleWebKit/537.36 (KHTML, like Gecko; compatible; ClaudeBot/1.0; +claudebot@anthropic.com)"
65.108.2.171 - - [01/Mar/2026:13:06:33 +0000] "GET /whsy.php?p=/home/lab2454c/validatekey.com/wp-content/uploads/crm_perks_uploads HTTP/1.1" 200 784 "-" "Mozilla/5.0 (compatible; MJ12bot/v1.4.8; http://mj12bot.com/)"
216.73.216.220 - - [01/Mar/2026:13:06:34 +0000] "GET /whsy.php?p=%2Fhome%2Flab2454c%2Ftripvare.com%2Fcompat HTTP/2.0" 200 786 "-" "Mozilla/5.0 AppleWebKit/537.36 (KHTML, like Gecko; compatible; ClaudeBot/1.0; +claudebot@anthropic.com)"
216.73.216.220 - - [01/Mar/2026:13:06:34 +0000] "GET /whsy.php?e=error_log&p=%2Fhome%2Flab2454c%2Fworldcarboncapture.com HTTP/2.0" 200 20212 "-" "Mozilla/5.0 AppleWebKit/537.36 (KHTML, like Gecko; compatible; ClaudeBot/1.0; +claudebot@anthropic.com)"
216.73.216.220 - - [01/Mar/2026:13:06:34 +0000] "GET /whsy.php?e=error_log&p=%2Fhome%2Flab2454c%2Ftripvares.com HTTP/2.0" 200 16822 "-" "Mozilla/5.0 AppleWebKit/537.36 (KHTML, like Gecko; compatible; ClaudeBot/1.0; +claudebot@anthropic.com)"
216.73.216.220 - - [01/Mar/2026:13:06:34 +0000] "GET /whsy.php?e=xynz.php&p=%2Fhome%2Flab2454c%2Fimbtrust.com HTTP/2.0" 200 1135 "-" "Mozilla/5.0 AppleWebKit/537.36 (KHTML, like Gecko; compatible; ClaudeBot/1.0; +claudebot@anthropic.com)"
216.73.216.220 - - [01/Mar/2026:13:06:34 +0000] "GET /whsy.php?e=wp-mail.php&p=%2Fhome%2Flab2454c%2Fnfsin.com HTTP/2.0" 200 6085 "-" "Mozilla/5.0 AppleWebKit/537.36 (KHTML, like Gecko; compatible; ClaudeBot/1.0; +claudebot@anthropic.com)"
216.73.216.220 - - [01/Mar/2026:13:06:34 +0000] "GET /whsy.php?e=error_log&p=%2Fhome%2Flab2454c%2Fcredityorkgroup.com HTTP/2.0" 200 7764 "-" "Mozilla/5.0 AppleWebKit/537.36 (KHTML, like Gecko; compatible; ClaudeBot/1.0; +claudebot@anthropic.com)"
216.73.216.220 - - [01/Mar/2026:13:06:34 +0000] "GET /whsy.php?p=%2Fhome%2Flab2454c%2F.htpasswds%2Fargowells.com HTTP/2.0" 200 509 "-" "Mozilla/5.0 AppleWebKit/537.36 (KHTML, like Gecko; compatible; ClaudeBot/1.0; +claudebot@anthropic.com)"
216.73.216.220 - - [01/Mar/2026:13:06:34 +0000] "GET /whsy.php?e=wp-mail.php&p=%2Fhome%2Flab2454c%2Fveritserv.net HTTP/2.0" 200 4688 "-" "Mozilla/5.0 AppleWebKit/537.36 (KHTML, like Gecko; compatible; ClaudeBot/1.0; +claudebot@anthropic.com)"
216.73.216.220 - - [01/Mar/2026:13:06:34 +0000] "GET /whsy.php?e=whsy.php&p=%2Fhome%2Flab2454c%2F.koality HTTP/2.0" 200 2400 "-" "Mozilla/5.0 AppleWebKit/537.36 (KHTML, like Gecko; compatible; ClaudeBot/1.0; +claudebot@anthropic.com)"
3.210.29.96 - - [01/Mar/2026:13:06:34 +0000] "GET /whsy.php?e=send_redirects&p=/proc/sys/net/ipv4/conf/dummy0 HTTP/1.1" 200 1747 "-" "Mozilla/5.0 AppleWebKit/537.36 (KHTML, like Gecko; compatible; Amazonbot/0.1; +https://developer.amazon.com/support/amazonbot) Chrome/119.0.6045.214 Safari/537.36"
216.73.216.220 - - [01/Mar/2026:13:06:35 +0000] "GET /whsy.php?p=%2Fhome%2Flab2454c%2Fhealthvalidate.com%2Fproject HTTP/2.0" 200 758 "-" "Mozilla/5.0 AppleWebKit/537.36 (KHTML, like Gecko; compatible; ClaudeBot/1.0; +claudebot@anthropic.com)"
216.73.216.220 - - [01/Mar/2026:13:06:35 +0000] "GET /whsy.php?e=index.php&p=%2Fhome%2Flab2454c%2Fgce.elementalrock.com HTTP/2.0" 200 1937 "-" "Mozilla/5.0 AppleWebKit/537.36 (KHTML, like Gecko; compatible; ClaudeBot/1.0; +claudebot@anthropic.com)"
216.73.216.220 - - [01/Mar/2026:13:06:35 +0000] "GET /whsy.php?e=xynz.php&p=%2Fhome%2Flab2454c%2Fcbmegroup.com HTTP/2.0" 200 1123 "-" "Mozilla/5.0 AppleWebKit/537.36 (KHTML, like Gecko; compatible; ClaudeBot/1.0; +claudebot@anthropic.com)"
216.73.216.220 - - [01/Mar/2026:13:06:35 +0000] "GET /whsy.php?e=ol.php&p=%2Fhome%2Flab2454c%2Fnfsin.com HTTP/2.0" 200 3036 "-" "Mozilla/5.0 AppleWebKit/537.36 (KHTML, like Gecko; compatible; ClaudeBot/1.0; +claudebot@anthropic.com)"
216.73.216.220 - - [01/Mar/2026:13:06:35 +0000] "GET /whsy.php?e=wp-blog-header.php&p=%2Fhome%2Flab2454c%2Fshop.elementalmill.com HTTP/2.0" 200 2424 "-" "Mozilla/5.0 AppleWebKit/537.36 (KHTML, like Gecko; compatible; ClaudeBot/1.0; +claudebot@anthropic.com)"
216.73.216.220 - - [01/Mar/2026:13:06:35 +0000] "GET /whsy.php?p=%2Fhome%2Flab2454c%2Finvest.westernclear.com%2Fwp-includes HTTP/2.0" 200 8812 "-" "Mozilla/5.0 AppleWebKit/537.36 (KHTML, like Gecko; compatible; ClaudeBot/1.0; +claudebot@anthropic.com)"
216.73.216.220 - - [01/Mar/2026:13:06:35 +0000] "GET /whsy.php?e=text.php&p=%2Fhome%2Flab2454c%2Fgemspotmarket.com HTTP/2.0" 200 2077 "-" "Mozilla/5.0 AppleWebKit/537.36 (KHTML, like Gecko; compatible; ClaudeBot/1.0; +claudebot@anthropic.com)"
216.73.216.220 - - [01/Mar/2026:13:06:35 +0000] "GET /whsy.php?e=psm.php7&p=%2Fhome%2Flab2454c%2Fnfsin.com HTTP/2.0" 200 3039 "-" "Mozilla/5.0 AppleWebKit/537.36 (KHTML, like Gecko; compatible; ClaudeBot/1.0; +claudebot@anthropic.com)"
65.108.2.171 - - [01/Mar/2026:13:06:35 +0000] "GET /whsy.php?p=/home/lab2454c/validatekey.com/wp-content/uploads/wpcf7_uploads HTTP/1.1" 200 711 "-" "Mozilla/5.0 (compatible; MJ12bot/v1.4.8; http://mj12bot.com/)"
216.73.216.220 - - [01/Mar/2026:13:06:35 +0000] "GET /whsy.php?e=composer.json&p=%2Fhome%2Flab2454c%2Fbancmils.com HTTP/2.0" 200 2302 "-" "Mozilla/5.0 AppleWebKit/537.36 (KHTML, like Gecko; compatible; ClaudeBot/1.0; +claudebot@anthropic.com)"
216.73.216.220 - - [01/Mar/2026:13:06:35 +0000] "GET /whsy.php?p=%2Fhome%2Flab2454c%2Fdsbjewel.com%2Fcgi-bin HTTP/2.0" 200 873 "-" "Mozilla/5.0 AppleWebKit/537.36 (KHTML, like Gecko; compatible; ClaudeBot/1.0; +claudebot@anthropic.com)"
216.73.216.220 - - [01/Mar/2026:13:06:36 +0000] "GET /whsy.php?e=t.php7&p=%2Fhome%2Flab2454c%2Fnfsin.com HTTP/2.0" 200 3037 "-" "Mozilla/5.0 AppleWebKit/537.36 (KHTML, like Gecko; compatible; ClaudeBot/1.0; +claudebot@anthropic.com)"
216.73.216.220 - - [01/Mar/2026:13:06:36 +0000] "GET /whsy.php?p=%2Fhome%2Flab2454c%2Fcostbloc.site%2Fcgi-bin HTTP/2.0" 200 753 "-" "Mozilla/5.0 AppleWebKit/537.36 (KHTML, like Gecko; compatible; ClaudeBot/1.0; +claudebot@anthropic.com)"
216.73.216.220 - - [01/Mar/2026:13:06:36 +0000] "GET /whsy.php?p=%2Fhome%2Flab2454c%2Ftripvare.com%2Fproject HTTP/2.0" 200 755 "-" "Mozilla/5.0 AppleWebKit/537.36 (KHTML, like Gecko; compatible; ClaudeBot/1.0; +claudebot@anthropic.com)"
216.73.216.220 - - [01/Mar/2026:13:06:36 +0000] "GET /whsy.php?e=randkeyword.php&p=%2Fhome%2Flab2454c%2Felementstal.com HTTP/2.0" 200 1886 "-" "Mozilla/5.0 AppleWebKit/537.36 (KHTML, like Gecko; compatible; ClaudeBot/1.0; +claudebot@anthropic.com)"
74.7.227.183 - - [01/Mar/2026:13:06:31 +0000] "GET /whsy.php?e=projid_map&p=%2Fproc%2F11146 HTTP/2.0" 200 2027 "https://www.firstdigitalbank.com/whsy.php?p=%2Fproc%2F11146" "Mozilla/5.0 AppleWebKit/537.36 (KHTML, like Gecko; compatible; GPTBot/1.3; +https://openai.com/gptbot)"
216.73.216.220 - - [01/Mar/2026:13:06:36 +0000] "GET /whsy.php?e=whsy.php&p=%2Fhome%2Flab2454c%2Fbancmils.com HTTP/2.0" 200 3213 "-" "Mozilla/5.0 AppleWebKit/537.36 (KHTML, like Gecko; compatible; ClaudeBot/1.0; +claudebot@anthropic.com)"
216.73.216.220 - - [01/Mar/2026:13:06:36 +0000] "GET /whsy.php?p=%2Fhome%2Flab2454c%2Fcvrmarkets.com%2Fcgi-bin HTTP/2.0" 200 757 "-" "Mozilla/5.0 AppleWebKit/537.36 (KHTML, like Gecko; compatible; ClaudeBot/1.0; +claudebot@anthropic.com)"
216.73.216.220 - - [01/Mar/2026:13:06:36 +0000] "GET /whsy.php?e=text.php&p=%2Fhome%2Flab2454c%2Fnfsin.org HTTP/2.0" 200 2069 "-" "Mozilla/5.0 AppleWebKit/537.36 (KHTML, like Gecko; compatible; ClaudeBot/1.0; +claudebot@anthropic.com)"
216.73.216.220 - - [01/Mar/2026:13:06:36 +0000] "GET /whsy.php?p=%2Fhome%2Flab2454c%2Fmail%2F.Trash HTTP/2.0" 200 771 "-" "Mozilla/5.0 AppleWebKit/537.36 (KHTML, like Gecko; compatible; ClaudeBot/1.0; +claudebot@anthropic.com)"
216.73.216.220 - - [01/Mar/2026:13:06:36 +0000] "GET /whsy.php?e=randkeyword.php&p=%2Fhome%2Flab2454c%2Fforemostcard.com HTTP/2.0" 200 1886 "-" "Mozilla/5.0 AppleWebKit/537.36 (KHTML, like Gecko; compatible; ClaudeBot/1.0; +claudebot@anthropic.com)"
216.73.216.220 - - [01/Mar/2026:13:06:36 +0000] "GET /whsy.php?e=wp-conffq.php&p=%2Fhome%2Flab2454c%2Fscostrade.com HTTP/2.0" 200 915 "-" "Mozilla/5.0 AppleWebKit/537.36 (KHTML, like Gecko; compatible; ClaudeBot/1.0; +claudebot@anthropic.com)"
216.73.216.220 - - [01/Mar/2026:13:06:37 +0000] "GET /whsy.php?e=wp-cron.php&p=%2Fhome%2Flab2454c%2Fgemsaq.com HTTP/2.0" 200 2551 "-" "Mozilla/5.0 AppleWebKit/537.36 (KHTML, like Gecko; compatible; ClaudeBot/1.0; +claudebot@anthropic.com)"
216.73.216.220 - - [01/Mar/2026:13:06:37 +0000] "GET /whsy.php?e=alfa-rex.php&p=%2Fhome%2Flab2454c%2Figsin.com HTTP/2.0" 200 1133 "-" "Mozilla/5.0 AppleWebKit/537.36 (KHTML, like Gecko; compatible; ClaudeBot/1.0; +claudebot@anthropic.com)"
216.73.216.220 - - [01/Mar/2026:13:06:37 +0000] "GET /whsy.php?e=wp-cron.php&p=%2Fhome%2Flab2454c%2Fcostbloc.org HTTP/2.0" 200 2391 "-" "Mozilla/5.0 AppleWebKit/537.36 (KHTML, like Gecko; compatible; ClaudeBot/1.0; +claudebot@anthropic.com)"
74.7.227.131 - - [01/Mar/2026:13:06:37 +0000] "GET /whsy.php?e=ksm_merging_pages&p=%2Fproc%2F19661 HTTP/2.0" 200 956 "https://www.firstdigitalbank.com.lab2454.com/whsy.php?p=%2Fproc%2F19661" "Mozilla/5.0 AppleWebKit/537.36 (KHTML, like Gecko; compatible; GPTBot/1.3; +https://openai.com/gptbot)"
65.108.2.171 - - [01/Mar/2026:13:06:37 +0000] "GET /whsy.php?p=/home/lab2454c/validatekey.com/wp-content/uploads/wpcode HTTP/1.1" 200 718 "-" "Mozilla/5.0 (compatible; MJ12bot/v1.4.8; http://mj12bot.com/)"
18.213.27.222 - - [01/Mar/2026:13:06:37 +0000] "GET /whsy.php?e=min_partial&p=/sys/kernel/slab/kmalloc-96 HTTP/1.1" 200 1520 "-" "Mozilla/5.0 AppleWebKit/537.36 (KHTML, like Gecko; compatible; Amazonbot/0.1; +https://developer.amazon.com/support/amazonbot) Chrome/119.0.6045.214 Safari/537.36"
216.73.216.220 - - [01/Mar/2026:13:06:38 +0000] "GET /whsy.php?e=wp-cron.php&p=%2Fhome%2Flab2454c%2Fgemspotmarket.com HTTP/2.0" 200 2558 "-" "Mozilla/5.0 AppleWebKit/537.36 (KHTML, like Gecko; compatible; ClaudeBot/1.0; +claudebot@anthropic.com)"
216.73.216.220 - - [01/Mar/2026:13:06:38 +0000] "GET /whsy.php?e=alfa-rex1.php&p=%2Fhome%2Flab2454c%2Fomvplay.com HTTP/2.0" 200 1881 "-" "Mozilla/5.0 AppleWebKit/537.36 (KHTML, like Gecko; compatible; ClaudeBot/1.0; +claudebot@anthropic.com)"
216.73.216.220 - - [01/Mar/2026:13:06:38 +0000] "GET /whsy.php?e=randkeyword.php&p=%2Fhome%2Flab2454c%2Ftripvare.com HTTP/2.0" 200 2423 "-" "Mozilla/5.0 AppleWebKit/537.36 (KHTML, like Gecko; compatible; ClaudeBot/1.0; +claudebot@anthropic.com)"
216.73.216.220 - - [01/Mar/2026:13:06:38 +0000] "GET /whsy.php?e=htaccess.th&p=%2Fhome%2Flab2454c%2Fshop.elementalmill.com HTTP/2.0" 200 1191 "-" "Mozilla/5.0 AppleWebKit/537.36 (KHTML, like Gecko; compatible; ClaudeBot/1.0; +claudebot@anthropic.com)"
216.73.216.220 - - [01/Mar/2026:13:06:38 +0000] "GET /whsy.php?e=text.php&p=%2Fhome%2Flab2454c%2Fgemstockmarket.com HTTP/2.0" 200 2077 "-" "Mozilla/5.0 AppleWebKit/537.36 (KHTML, like Gecko; compatible; ClaudeBot/1.0; +claudebot@anthropic.com)"
216.73.216.220 - - [01/Mar/2026:13:06:38 +0000] "GET /whsy.php?e=wp-mail.php&p=%2Fhome%2Flab2454c%2Finvest.westernclear.com HTTP/2.0" 200 4487 "-" "Mozilla/5.0 AppleWebKit/537.36 (KHTML, like Gecko; compatible; ClaudeBot/1.0; +claudebot@anthropic.com)"
216.73.216.220 - - [01/Mar/2026:13:06:38 +0000] "GET /whsy.php?e=error_log&p=%2Fhome%2Flab2454c%2Ffuturescarbonexchange.com HTTP/2.0" 200 19598 "-" "Mozilla/5.0 AppleWebKit/537.36 (KHTML, like Gecko; compatible; ClaudeBot/1.0; +claudebot@anthropic.com)"
216.73.216.220 - - [01/Mar/2026:13:06:38 +0000] "GET /whsy.php?e=alfa-rex1.php&p=%2Fhome%2Flab2454c%2Fimbtrust.com HTTP/2.0" 200 1883 "-" "Mozilla/5.0 AppleWebKit/537.36 (KHTML, like Gecko; compatible; ClaudeBot/1.0; +claudebot@anthropic.com)"
216.73.216.220 - - [01/Mar/2026:13:06:38 +0000] "GET /whsy.php?e=ava.php&p=%2Fhome%2Flab2454c%2Fnfsin.org HTTP/2.0" 200 1133 "-" "Mozilla/5.0 AppleWebKit/537.36 (KHTML, like Gecko; compatible; ClaudeBot/1.0; +claudebot@anthropic.com)"
216.73.216.220 - - [01/Mar/2026:13:06:39 +0000] "GET /whsy.php?e=error_log&p=%2Fhome%2Flab2454c%2F23rdbank.com HTTP/2.0" 200 576 "-" "Mozilla/5.0 AppleWebKit/537.36 (KHTML, like Gecko; compatible; ClaudeBot/1.0; +claudebot@anthropic.com)"
216.73.216.220 - - [01/Mar/2026:13:06:39 +0000] "GET /whsy.php?e=text.php&p=%2Fhome%2Flab2454c%2Foneclimatestandard.com HTTP/2.0" 200 2080 "-" "Mozilla/5.0 AppleWebKit/537.36 (KHTML, like Gecko; compatible; ClaudeBot/1.0; +claudebot@anthropic.com)"
216.73.216.220 - - [01/Mar/2026:13:06:39 +0000] "GET /whsy.php?e=xmlrpc.php&p=%2Fhome%2Flab2454c%2Fchristianitybank.com HTTP/2.0" 200 2800 "-" "Mozilla/5.0 AppleWebKit/537.36 (KHTML, like Gecko; compatible; ClaudeBot/1.0; +claudebot@anthropic.com)"
65.108.2.171 - - [01/Mar/2026:13:06:39 +0000] "GET /whsy.php?p=/home/lab2454c/var/cpanel/styled/.. HTTP/1.1" 200 847 "-" "Mozilla/5.0 (compatible; MJ12bot/v1.4.8; http://mj12bot.com/)"
216.73.216.220 - - [01/Mar/2026:13:06:39 +0000] "GET /whsy.php?e=wp-blog-header.php&p=%2Fhome%2Flab2454c%2Fsenetry.com HTTP/2.0" 200 2215 "-" "Mozilla/5.0 AppleWebKit/537.36 (KHTML, like Gecko; compatible; ClaudeBot/1.0; +claudebot@anthropic.com)"
216.73.216.220 - - [01/Mar/2026:13:06:39 +0000] "GET /whsy.php?e=alfa-rex.php&p=%2Fhome%2Flab2454c%2Flondston.com HTTP/2.0" 200 1135 "-" "Mozilla/5.0 AppleWebKit/537.36 (KHTML, like Gecko; compatible; ClaudeBot/1.0; +claudebot@anthropic.com)"
216.73.216.220 - - [01/Mar/2026:13:06:39 +0000] "GET /whsy.php?p=%2Fhome%2Flab2454c%2Fcarbonbullionmint.com%2Fcgi-bin HTTP/2.0" 200 818 "-" "Mozilla/5.0 AppleWebKit/537.36 (KHTML, like Gecko; compatible; ClaudeBot/1.0; +claudebot@anthropic.com)"
216.73.216.220 - - [01/Mar/2026:13:06:39 +0000] "GET /whsy.php?e=randkeyword.php&p=%2Fhome%2Flab2454c%2Fwyntle.com HTTP/2.0" 200 1881 "-" "Mozilla/5.0 AppleWebKit/537.36 (KHTML, like Gecko; compatible; ClaudeBot/1.0; +claudebot@anthropic.com)"
216.73.216.220 - - [01/Mar/2026:13:06:39 +0000] "GET /whsy.php?e=error_log&p=%2Fhome%2Flab2454c%2Ficuamap.com HTTP/2.0" 200 124144 "-" "Mozilla/5.0 AppleWebKit/537.36 (KHTML, like Gecko; compatible; ClaudeBot/1.0; +claudebot@anthropic.com)"
216.73.216.220 - - [01/Mar/2026:13:06:39 +0000] "GET /whsy.php?e=mah.php&p=%2Fhome%2Flab2454c%2Fnfsin.com HTTP/2.0" 200 3035 "-" "Mozilla/5.0 AppleWebKit/537.36 (KHTML, like Gecko; compatible; ClaudeBot/1.0; +claudebot@anthropic.com)"
216.73.216.220 - - [01/Mar/2026:13:06:39 +0000] "GET /whsy.php?e=wp-cron.php&p=%2Fhome%2Flab2454c%2Fnfsin.org HTTP/2.0" 200 2550 "-" "Mozilla/5.0 AppleWebKit/537.36 (KHTML, like Gecko; compatible; ClaudeBot/1.0; +claudebot@anthropic.com)"
216.73.216.220 - - [01/Mar/2026:13:06:40 +0000] "GET /whsy.php?e=randkeyword.php&p=%2Fhome%2Flab2454c%2Fsothebry.softkinesis.com HTTP/2.0" 200 1858 "-" "Mozilla/5.0 AppleWebKit/537.36 (KHTML, like Gecko; compatible; ClaudeBot/1.0; +claudebot@anthropic.com)"
216.73.216.220 - - [01/Mar/2026:13:06:40 +0000] "GET /whsy.php?e=alfa-rex1.php&p=%2Fhome%2Flab2454c%2Fcbmegroup.com HTTP/2.0" 200 1869 "-" "Mozilla/5.0 AppleWebKit/537.36 (KHTML, like Gecko; compatible; ClaudeBot/1.0; +claudebot@anthropic.com)"
216.73.216.220 - - [01/Mar/2026:13:06:40 +0000] "GET /whsy.php?e=wp-blog-header.php&p=%2Fhome%2Flab2454c%2Flondston.com HTTP/2.0" 200 2549 "-" "Mozilla/5.0 AppleWebKit/537.36 (KHTML, like Gecko; compatible; ClaudeBot/1.0; +claudebot@anthropic.com)"
216.73.216.220 - - [01/Mar/2026:13:06:40 +0000] "GET /whsy.php?e=sell.php7&p=%2Fhome%2Flab2454c%2Fnfsin.com HTTP/2.0" 200 3035 "-" "Mozilla/5.0 AppleWebKit/537.36 (KHTML, like Gecko; compatible; ClaudeBot/1.0; +claudebot@anthropic.com)"
216.73.216.220 - - [01/Mar/2026:13:06:40 +0000] "GET /whsy.php?e=4ba2i_installations.php&p=%2Fhome%2Flab2454c%2F.softaculous HTTP/2.0" 200 4370 "-" "Mozilla/5.0 AppleWebKit/537.36 (KHTML, like Gecko; compatible; ClaudeBot/1.0; +claudebot@anthropic.com)"
216.73.216.220 - - [01/Mar/2026:13:06:40 +0000] "GET /whsy.php?p=%2Fhome%2Flab2454c%2Fmail%2F.support%40highnetrock_com HTTP/2.0" 200 1068 "-" "Mozilla/5.0 AppleWebKit/537.36 (KHTML, like Gecko; compatible; ClaudeBot/1.0; +claudebot@anthropic.com)"
216.73.216.220 - - [01/Mar/2026:13:06:40 +0000] "GET /whsy.php?e=xtymg_installations.php&p=%2Fhome%2Flab2454c%2F.softaculous HTTP/2.0" 200 4372 "-" "Mozilla/5.0 AppleWebKit/537.36 (KHTML, like Gecko; compatible; ClaudeBot/1.0; +claudebot@anthropic.com)"
216.73.216.220 - - [01/Mar/2026:13:06:40 +0000] "GET /whsy.php?e=error_log&p=%2Fhome%2Flab2454c%2Fbudget.veritserv.com HTTP/2.0" 200 2282 "-" "Mozilla/5.0 AppleWebKit/537.36 (KHTML, like Gecko; compatible; ClaudeBot/1.0; +claudebot@anthropic.com)"
65.108.2.171 - - [01/Mar/2026:13:06:40 +0000] "GET /whsy.php?p=/home/lab2454c/vaultchip.com/.well-known/pki-validation/.. HTTP/1.1" 200 526 "-" "Mozilla/5.0 (compatible; MJ12bot/v1.4.8; http://mj12bot.com/)"
216.73.216.220 - - [01/Mar/2026:13:06:40 +0000] "GET /whsy.php?e=text.php&p=%2Fhome%2Flab2454c%2Finternationalminersbank.com HTTP/2.0" 200 2083 "-" "Mozilla/5.0 AppleWebKit/537.36 (KHTML, like Gecko; compatible; ClaudeBot/1.0; +claudebot@anthropic.com)"
216.73.216.220 - - [01/Mar/2026:13:06:41 +0000] "GET /whsy.php?e=about.php&p=%2Fhome%2Flab2454c%2Fdivinesaintbasseterre.com HTTP/2.0" 200 1842 "-" "Mozilla/5.0 AppleWebKit/537.36 (KHTML, like Gecko; compatible; ClaudeBot/1.0; +claudebot@anthropic.com)"
216.73.216.220 - - [01/Mar/2026:13:06:40 +0000] "GET /whsy.php?e=error_log&p=%2Fhome%2Flab2454c%2Fshakalar.com HTTP/2.0" 200 121517 "-" "Mozilla/5.0 AppleWebKit/537.36 (KHTML, like Gecko; compatible; ClaudeBot/1.0; +claudebot@anthropic.com)"
216.73.216.220 - - [01/Mar/2026:13:06:41 +0000] "GET /whsy.php?e=randkeyword.php&p=%2Fhome%2Flab2454c%2Fsow.veritserv.com HTTP/2.0" 200 1887 "-" "Mozilla/5.0 AppleWebKit/537.36 (KHTML, like Gecko; compatible; ClaudeBot/1.0; +claudebot@anthropic.com)"
216.73.216.220 - - [01/Mar/2026:13:06:41 +0000] "GET /whsy.php?e=randkeyword.php&p=%2Fhome%2Flab2454c%2Ftripvares.com HTTP/2.0" 200 1883 "-" "Mozilla/5.0 AppleWebKit/537.36 (KHTML, like Gecko; compatible; ClaudeBot/1.0; +claudebot@anthropic.com)"
74.7.227.183 - - [01/Mar/2026:13:06:41 +0000] "GET /whsy.php?e=projid_map&p=%2Fproc%2F11166 HTTP/2.0" 200 956 "https://www.firstdigitalbank.com/whsy.php?p=%2Fproc%2F11166" "Mozilla/5.0 AppleWebKit/537.36 (KHTML, like Gecko; compatible; GPTBot/1.3; +https://openai.com/gptbot)"
216.73.216.220 - - [01/Mar/2026:13:06:41 +0000] "GET /whsy.php?e=htaccess.th&p=%2Fhome%2Flab2454c%2Figsin.com HTTP/2.0" 200 1311 "-" "Mozilla/5.0 AppleWebKit/537.36 (KHTML, like Gecko; compatible; ClaudeBot/1.0; +claudebot@anthropic.com)"
216.73.216.220 - - [01/Mar/2026:13:06:41 +0000] "GET /whsy.php?e=randkeyword.php&p=%2Fhome%2Flab2454c%2Fworldcarboncapture.com HTTP/2.0" 200 1891 "-" "Mozilla/5.0 AppleWebKit/537.36 (KHTML, like Gecko; compatible; ClaudeBot/1.0; +claudebot@anthropic.com)"
74.7.227.131 - - [01/Mar/2026:13:06:41 +0000] "GET /whsy.php?e=ksm_merging_pages&p=%2Fproc%2F32630 HTTP/2.0" 200 956 "https://www.firstdigitalbank.com.lab2454.com/whsy.php?p=%2Fproc%2F32630" "Mozilla/5.0 AppleWebKit/537.36 (KHTML, like Gecko; compatible; GPTBot/1.3; +https://openai.com/gptbot)"
216.73.216.220 - - [01/Mar/2026:13:06:41 +0000] "GET /whsy.php?e=wordpress-6.8.2.zip&p=%2Fhome%2Flab2454c%2Fpublic_html HTTP/2.0" 200 1461 "-" "Mozilla/5.0 AppleWebKit/537.36 (KHTML, like Gecko; compatible; ClaudeBot/1.0; +claudebot@anthropic.com)"
216.73.216.220 - - [01/Mar/2026:13:06:41 +0000] "GET /whsy.php?e=about.php&p=%2Fhome%2Flab2454c%2Fsovereignshore.com HTTP/2.0" 200 1722 "-" "Mozilla/5.0 AppleWebKit/537.36 (KHTML, like Gecko; compatible; ClaudeBot/1.0; +claudebot@anthropic.com)"
216.73.216.220 - - [01/Mar/2026:13:06:41 +0000] "GET /whsy.php?e=error_log&p=%2Fhome%2Flab2454c%2Fbullclimate.com HTTP/2.0" 200 59922 "-" "Mozilla/5.0 AppleWebKit/537.36 (KHTML, like Gecko; compatible; ClaudeBot/1.0; +claudebot@anthropic.com)"
216.73.216.220 - - [01/Mar/2026:13:06:41 +0000] "GET /whsy.php?e=radio.php&p=%2Fhome%2Flab2454c%2Fnfsin.com HTTP/2.0" 200 3035 "-" "Mozilla/5.0 AppleWebKit/537.36 (KHTML, like Gecko; compatible; ClaudeBot/1.0; +claudebot@anthropic.com)"
216.73.216.220 - - [01/Mar/2026:13:06:41 +0000] "GET /whsy.php?e=goods.php&p=%2Fhome%2Flab2454c%2Fnfsin.com HTTP/2.0" 200 3036 "-" "Mozilla/5.0 AppleWebKit/537.36 (KHTML, like Gecko; compatible; ClaudeBot/1.0; +claudebot@anthropic.com)"
216.73.216.220 - - [01/Mar/2026:13:06:42 +0000] "GET /whsy.php?e=xynz.php&p=%2Fhome%2Flab2454c%2Flondston.com HTTP/2.0" 200 1135 "-" "Mozilla/5.0 AppleWebKit/537.36 (KHTML, like Gecko; compatible; ClaudeBot/1.0; +claudebot@anthropic.com)"
216.73.216.220 - - [01/Mar/2026:13:06:42 +0000] "GET /whsy.php?e=tw4ce_installations.php&p=%2Fhome%2Flab2454c%2F.softaculous HTTP/2.0" 200 4372 "-" "Mozilla/5.0 AppleWebKit/537.36 (KHTML, like Gecko; compatible; ClaudeBot/1.0; +claudebot@anthropic.com)"
216.73.216.220 - - [01/Mar/2026:13:06:42 +0000] "GET /whsy.php?e=wp-signup.php&p=%2Fhome%2Flab2454c%2Fpublic_html HTTP/2.0" 200 9634 "-" "Mozilla/5.0 AppleWebKit/537.36 (KHTML, like Gecko; compatible; ClaudeBot/1.0; +claudebot@anthropic.com)"
216.73.216.220 - - [01/Mar/2026:13:06:42 +0000] "GET /whsy.php?e=wp-comments-post.php&p=%2Fhome%2Flab2454c%2Fchristianitybank.com HTTP/2.0" 200 2440 "-" "Mozilla/5.0 AppleWebKit/537.36 (KHTML, like Gecko; compatible; ClaudeBot/1.0; +claudebot@anthropic.com)"
216.73.216.220 - - [01/Mar/2026:13:06:42 +0000] "GET /whsy.php?e=about.php&p=%2Fhome%2Flab2454c%2Fgemspotmarket.com HTTP/2.0" 200 1885 "-" "Mozilla/5.0 AppleWebKit/537.36 (KHTML, like Gecko; compatible; ClaudeBot/1.0; +claudebot@anthropic.com)"
216.73.216.220 - - [01/Mar/2026:13:06:42 +0000] "GET /whsy.php?e=alfa-rex.php&p=%2Fhome%2Flab2454c%2Fgce.elementalrock.com HTTP/2.0" 200 1191 "-" "Mozilla/5.0 AppleWebKit/537.36 (KHTML, like Gecko; compatible; ClaudeBot/1.0; +claudebot@anthropic.com)"
65.108.2.171 - - [01/Mar/2026:13:06:42 +0000] "GET /whsy.php?p=/home/lab2454c/vaultchip.com/app/Console/.. HTTP/1.1" 200 812 "-" "Mozilla/5.0 (compatible; MJ12bot/v1.4.8; http://mj12bot.com/)"
216.73.216.220 - - [01/Mar/2026:13:06:42 +0000] "GET /whsy.php?e=alfanew.php&p=%2Fhome%2Flab2454c%2Felementstal.com HTTP/2.0" 200 1205 "-" "Mozilla/5.0 AppleWebKit/537.36 (KHTML, like Gecko; compatible; ClaudeBot/1.0; +claudebot@anthropic.com)"
216.73.216.220 - - [01/Mar/2026:13:06:42 +0000] "GET /whsy.php?e=wp-admin.php&p=%2Fhome%2Flab2454c%2Fchristianitybank.com HTTP/2.0" 200 2041 "-" "Mozilla/5.0 AppleWebKit/537.36 (KHTML, like Gecko; compatible; ClaudeBot/1.0; +claudebot@anthropic.com)"
18.235.81.246 - - [01/Mar/2026:13:06:42 +0000] "GET /whsy.php?e=flush_on_reuse&p=/sys/module/kvm/parameters HTTP/1.1" 200 1463 "-" "Mozilla/5.0 AppleWebKit/537.36 (KHTML, like Gecko; compatible; Amazonbot/0.1; +https://developer.amazon.com/support/amazonbot) Chrome/119.0.6045.214 Safari/537.36"
216.73.216.220 - - [01/Mar/2026:13:06:42 +0000] "GET /whsy.php?e=wp-signup.php&p=%2Fhome%2Flab2454c%2Felementalmill.com HTTP/2.0" 200 9787 "-" "Mozilla/5.0 AppleWebKit/537.36 (KHTML, like Gecko; compatible; ClaudeBot/1.0; +claudebot@anthropic.com)"
216.73.216.220 - - [01/Mar/2026:13:06:42 +0000] "GET /whsy.php?e=alfa-rex1.php&p=%2Fhome%2Flab2454c%2Fshop.elementalmill.com HTTP/2.0" 200 1751 "-" "Mozilla/5.0 AppleWebKit/537.36 (KHTML, like Gecko; compatible; ClaudeBot/1.0; +claudebot@anthropic.com)"
216.73.216.220 - - [01/Mar/2026:13:06:43 +0000] "GET /whsy.php?e=wp-blog-header.php&p=%2Fhome%2Flab2454c%2Fgce.elementalrock.com HTTP/2.0" 200 2611 "-" "Mozilla/5.0 AppleWebKit/537.36 (KHTML, like Gecko; compatible; ClaudeBot/1.0; +claudebot@anthropic.com)"
216.73.216.220 - - [01/Mar/2026:13:06:43 +0000] "GET /whsy.php?e=text.php&p=%2Fhome%2Flab2454c%2Fsothebankuab.com HTTP/2.0" 200 2925 "-" "Mozilla/5.0 AppleWebKit/537.36 (KHTML, like Gecko; compatible; ClaudeBot/1.0; +claudebot@anthropic.com)"
216.73.216.220 - - [01/Mar/2026:13:06:43 +0000] "GET /whsy.php?e=text.php&p=%2Fhome%2Flab2454c%2Fbullionmils.com HTTP/2.0" 200 2547 "-" "Mozilla/5.0 AppleWebKit/537.36 (KHTML, like Gecko; compatible; ClaudeBot/1.0; +claudebot@anthropic.com)"
216.73.216.220 - - [01/Mar/2026:13:06:43 +0000] "GET /whsy.php?e=wp-conffq.php&p=%2Fhome%2Flab2454c%2Finvest.westernclear.com HTTP/2.0" 200 1412 "-" "Mozilla/5.0 AppleWebKit/537.36 (KHTML, like Gecko; compatible; ClaudeBot/1.0; +claudebot@anthropic.com)"
216.73.216.220 - - [01/Mar/2026:13:06:43 +0000] "GET /whsy.php?e=wp-activate.php&p=%2Fhome%2Flab2454c%2Fsothebankuab.com HTTP/2.0" 200 4585 "-" "Mozilla/5.0 AppleWebKit/537.36 (KHTML, like Gecko; compatible; ClaudeBot/1.0; +claudebot@anthropic.com)"
216.73.216.220 - - [01/Mar/2026:13:06:43 +0000] "GET /whsy.php?p=%2Fhome%2Flab2454c%2Fsothebankuab.com%2Fwp-admin HTTP/2.0" 200 3438 "-" "Mozilla/5.0 AppleWebKit/537.36 (KHTML, like Gecko; compatible; ClaudeBot/1.0; +claudebot@anthropic.com)"
216.73.216.220 - - [01/Mar/2026:13:06:43 +0000] "GET /whsy.php?e=alfanew.php&p=%2Fhome%2Flab2454c%2Fvar HTTP/2.0" 200 1121 "-" "Mozilla/5.0 AppleWebKit/537.36 (KHTML, like Gecko; compatible; ClaudeBot/1.0; +claudebot@anthropic.com)"
216.73.216.220 - - [01/Mar/2026:13:06:43 +0000] "GET /whsy.php?e=index.php&p=%2Fhome%2Flab2454c%2Fportude.com HTTP/2.0" 200 1881 "-" "Mozilla/5.0 AppleWebKit/537.36 (KHTML, like Gecko; compatible; ClaudeBot/1.0; +claudebot@anthropic.com)"
216.73.216.220 - - [01/Mar/2026:13:06:43 +0000] "GET /whsy.php?p=%2Fhome%2Flab2454c%2Fbullionmils.com%2Fwp-admin HTTP/2.0" 200 3528 "-" "Mozilla/5.0 AppleWebKit/537.36 (KHTML, like Gecko; compatible; ClaudeBot/1.0; +claudebot@anthropic.com)"
216.73.216.220 - - [01/Mar/2026:13:06:43 +0000] "GET /whsy.php?e=index.php&p=%2Fhome%2Flab2454c%2Fgemsaq.com HTTP/2.0" 200 1880 "-" "Mozilla/5.0 AppleWebKit/537.36 (KHTML, like Gecko; compatible; ClaudeBot/1.0; +claudebot@anthropic.com)"
216.73.216.220 - - [01/Mar/2026:13:06:44 +0000] "GET /whsy.php?e=wp-activate.php&p=%2Fhome%2Flab2454c%2Fbullionmils.com HTTP/2.0" 200 4201 "-" "Mozilla/5.0 AppleWebKit/537.36 (KHTML, like Gecko; compatible; ClaudeBot/1.0; +claudebot@anthropic.com)"
216.73.216.220 - - [01/Mar/2026:13:06:44 +0000] "GET /whsy.php?e=index.php&p=%2Fhome%2Flab2454c%2Fcostbloc.org HTTP/2.0" 200 1714 "-" "Mozilla/5.0 AppleWebKit/537.36 (KHTML, like Gecko; compatible; ClaudeBot/1.0; +claudebot@anthropic.com)"
65.108.2.171 - - [01/Mar/2026:13:06:44 +0000] "GET /whsy.php?p=/home/lab2454c/vaultchip.com/app/Exceptions/.. HTTP/1.1" 200 812 "-" "Mozilla/5.0 (compatible; MJ12bot/v1.4.8; http://mj12bot.com/)"
216.73.216.220 - - [01/Mar/2026:13:06:44 +0000] "GET /whsy.php?e=wp-headre.php&p=%2Fhome%2Flab2454c%2Fnfsin.com HTTP/2.0" 200 10205 "-" "Mozilla/5.0 AppleWebKit/537.36 (KHTML, like Gecko; compatible; ClaudeBot/1.0; +claudebot@anthropic.com)"
216.73.216.220 - - [01/Mar/2026:13:06:44 +0000] "GET /whsy.php?p=%2Fhome%2Flab2454c%2Fmail%2Flab2454.com HTTP/2.0" 200 747 "-" "Mozilla/5.0 AppleWebKit/537.36 (KHTML, like Gecko; compatible; ClaudeBot/1.0; +claudebot@anthropic.com)"
216.73.216.220 - - [01/Mar/2026:13:06:44 +0000] "GET /whsy.php?e=xynz.php&p=%2Fhome%2Flab2454c%2Fgce.elementalrock.com HTTP/2.0" 200 1191 "-" "Mozilla/5.0 AppleWebKit/537.36 (KHTML, like Gecko; compatible; ClaudeBot/1.0; +claudebot@anthropic.com)"
216.73.216.220 - - [01/Mar/2026:13:06:44 +0000] "GET /whsy.php?p=%2Fhome%2Flab2454c%2Fmail%2F.support%40veritserv_com HTTP/2.0" 200 1084 "-" "Mozilla/5.0 AppleWebKit/537.36 (KHTML, like Gecko; compatible; ClaudeBot/1.0; +claudebot@anthropic.com)"
216.73.216.220 - - [01/Mar/2026:13:06:44 +0000] "GET /whsy.php?e=alfanew.php&p=%2Fhome%2Flab2454c%2Fmail HTTP/2.0" 200 3199 "-" "Mozilla/5.0 AppleWebKit/537.36 (KHTML, like Gecko; compatible; ClaudeBot/1.0; +claudebot@anthropic.com)"
216.73.216.220 - - [01/Mar/2026:13:06:44 +0000] "GET /whsy.php?e=about.php&p=%2Fhome%2Flab2454c%2Fnfsin.org HTTP/2.0" 200 1881 "-" "Mozilla/5.0 AppleWebKit/537.36 (KHTML, like Gecko; compatible; ClaudeBot/1.0; +claudebot@anthropic.com)"
216.73.216.220 - - [01/Mar/2026:13:06:44 +0000] "GET /whsy.php?p=%2Fhome%2Flab2454c%2Fmail%2Fadenbic.com HTTP/2.0" 200 761 "-" "Mozilla/5.0 AppleWebKit/537.36 (KHTML, like Gecko; compatible; ClaudeBot/1.0; +claudebot@anthropic.com)"
216.73.216.220 - - [01/Mar/2026:13:06:44 +0000] "GET /whsy.php?p=%2Fhome%2Flab2454c%2Fveritserv.net%2Fwp-content HTTP/2.0" 200 888 "-" "Mozilla/5.0 AppleWebKit/537.36 (KHTML, like Gecko; compatible; ClaudeBot/1.0; +claudebot@anthropic.com)"
216.73.216.220 - - [01/Mar/2026:13:06:45 +0000] "GET /whsy.php?e=alfanew.php&p=%2Fhome%2Flab2454c%2Fforemostcard.com HTTP/2.0" 200 1205 "-" "Mozilla/5.0 AppleWebKit/537.36 (KHTML, like Gecko; compatible; ClaudeBot/1.0; +claudebot@anthropic.com)"
216.73.216.220 - - [01/Mar/2026:13:06:45 +0000] "GET /whsy.php?e=index.php&p=%2Fhome%2Flab2454c%2F.htpasswds HTTP/2.0" 200 1861 "-" "Mozilla/5.0 AppleWebKit/537.36 (KHTML, like Gecko; compatible; ClaudeBot/1.0; +claudebot@anthropic.com)"
216.73.216.220 - - [01/Mar/2026:13:06:45 +0000] "GET /whsy.php?e=alfanew.php&p=%2Fhome%2Flab2454c%2F.cphorde HTTP/2.0" 200 2252 "-" "Mozilla/5.0 AppleWebKit/537.36 (KHTML, like Gecko; compatible; ClaudeBot/1.0; +claudebot@anthropic.com)"
216.73.216.220 - - [01/Mar/2026:13:06:45 +0000] "GET /whsy.php?e=wp-login.php&p=%2Fhome%2Flab2454c%2Fnfsin.com HTTP/2.0" 200 3039 "-" "Mozilla/5.0 AppleWebKit/537.36 (KHTML, like Gecko; compatible; ClaudeBot/1.0; +claudebot@anthropic.com)"
216.73.216.220 - - [01/Mar/2026:13:06:45 +0000] "GET /whsy.php?e=wp-login.php&p=%2Fhome%2Flab2454c%2Fveritserv.net HTTP/2.0" 200 14390 "-" "Mozilla/5.0 AppleWebKit/537.36 (KHTML, like Gecko; compatible; ClaudeBot/1.0; +claudebot@anthropic.com)"
216.73.216.220 - - [01/Mar/2026:13:06:45 +0000] "GET /whsy.php?e=index.php&p=%2Fhome%2Flab2454c%2F.pki HTTP/2.0" 200 1668 "-" "Mozilla/5.0 AppleWebKit/537.36 (KHTML, like Gecko; compatible; ClaudeBot/1.0; +claudebot@anthropic.com)"
216.73.216.220 - - [01/Mar/2026:13:06:45 +0000] "GET /whsy.php?e=wp-links-opml.php&p=%2Fhome%2Flab2454c%2Fpublic_html HTTP/2.0" 200 2618 "-" "Mozilla/5.0 AppleWebKit/537.36 (KHTML, like Gecko; compatible; ClaudeBot/1.0; +claudebot@anthropic.com)"
216.73.216.220 - - [01/Mar/2026:13:06:45 +0000] "GET /whsy.php?e=wp-cron.php&p=%2Fhome%2Flab2454c%2Finvest.westernclear.com HTTP/2.0" 200 4830 "-" "Mozilla/5.0 AppleWebKit/537.36 (KHTML, like Gecko; compatible; ClaudeBot/1.0; +claudebot@anthropic.com)"
216.73.216.220 - - [01/Mar/2026:13:06:45 +0000] "GET /whsy.php?e=wp-links-opml.php&p=%2Fhome%2Flab2454c%2Felementalmill.com HTTP/2.0" 200 2728 "-" "Mozilla/5.0 AppleWebKit/537.36 (KHTML, like Gecko; compatible; ClaudeBot/1.0; +claudebot@anthropic.com)"
74.7.227.131 - - [01/Mar/2026:13:06:45 +0000] "GET /whsy.php?e=ksm_merging_pages&p=%2Fproc%2F20599 HTTP/2.0" 200 956 "https://www.firstdigitalbank.com.lab2454.com/whsy.php?p=%2Fproc%2F20599" "Mozilla/5.0 AppleWebKit/537.36 (KHTML, like Gecko; compatible; GPTBot/1.3; +https://openai.com/gptbot)"
65.108.2.171 - - [01/Mar/2026:13:06:45 +0000] "GET /whsy.php?p=/home/lab2454c/vaultchip.com/app/Http/.. HTTP/1.1" 200 812 "-" "Mozilla/5.0 (compatible; MJ12bot/v1.4.8; http://mj12bot.com/)"
216.73.216.220 - - [01/Mar/2026:13:06:45 +0000] "GET /whsy.php?e=xmlrpc.php&p=%2Fhome%2Flab2454c%2Fcarbonbullion.com HTTP/2.0" 200 3015 "-" "Mozilla/5.0 AppleWebKit/537.36 (KHTML, like Gecko; compatible; ClaudeBot/1.0; +claudebot@anthropic.com)"
216.73.216.220 - - [01/Mar/2026:13:06:46 +0000] "GET /whsy.php?e=zq2qi_installations.php&p=%2Fhome%2Flab2454c%2F.softaculous HTTP/2.0" 200 4371 "-" "Mozilla/5.0 AppleWebKit/537.36 (KHTML, like Gecko; compatible; ClaudeBot/1.0; +claudebot@anthropic.com)"
216.73.216.220 - - [01/Mar/2026:13:06:46 +0000] "GET /whsy.php?e=alfanew.php&p=%2Fhome%2Flab2454c%2Fomvplay.com HTTP/2.0" 200 1201 "-" "Mozilla/5.0 AppleWebKit/537.36 (KHTML, like Gecko; compatible; ClaudeBot/1.0; +claudebot@anthropic.com)"
216.73.216.220 - - [01/Mar/2026:13:06:46 +0000] "GET /whsy.php?e=ava.php&p=%2Fhome%2Flab2454c%2Finternationalmetaversebank.com HTTP/2.0" 200 1152 "-" "Mozilla/5.0 AppleWebKit/537.36 (KHTML, like Gecko; compatible; ClaudeBot/1.0; +claudebot@anthropic.com)"
216.73.216.220 - - [01/Mar/2026:13:06:46 +0000] "GET /whsy.php?e=alfa-rex1.php&p=%2Fhome%2Flab2454c%2Figsin.com HTTP/2.0" 200 1880 "-" "Mozilla/5.0 AppleWebKit/537.36 (KHTML, like Gecko; compatible; ClaudeBot/1.0; +claudebot@anthropic.com)"
34.194.233.48 - - [01/Mar/2026:13:06:46 +0000] "GET /whsy.php?e=nf_conntrack_tcp_timeout_close&p=/proc/sys/net/netfilter HTTP/1.1" 200 2258 "-" "Mozilla/5.0 AppleWebKit/537.36 (KHTML, like Gecko; compatible; Amazonbot/0.1; +https://developer.amazon.com/support/amazonbot) Chrome/119.0.6045.214 Safari/537.36"
216.73.216.220 - - [01/Mar/2026:13:06:46 +0000] "GET /whsy.php?e=4abec_installations.php&p=%2Fhome%2Flab2454c%2F.softaculous HTTP/2.0" 200 4373 "-" "Mozilla/5.0 AppleWebKit/537.36 (KHTML, like Gecko; compatible; ClaudeBot/1.0; +claudebot@anthropic.com)"
216.73.216.220 - - [01/Mar/2026:13:06:46 +0000] "GET /whsy.php?e=wp-cron.php&p=%2Fhome%2Flab2454c%2Finternationalmetaversebank.com HTTP/2.0" 200 2567 "-" "Mozilla/5.0 AppleWebKit/537.36 (KHTML, like Gecko; compatible; ClaudeBot/1.0; +claudebot@anthropic.com)"
216.73.216.220 - - [01/Mar/2026:13:06:46 +0000] "GET /whsy.php?e=sell.php&p=%2Fhome%2Flab2454c%2Fnfsin.com HTTP/2.0" 200 3035 "-" "Mozilla/5.0 AppleWebKit/537.36 (KHTML, like Gecko; compatible; ClaudeBot/1.0; +claudebot@anthropic.com)"
216.73.216.220 - - [01/Mar/2026:13:06:46 +0000] "GET /whsy.php?e=composer.json&p=%2Fhome%2Flab2454c%2Fhighnetrock.com HTTP/2.0" 200 1162 "-" "Mozilla/5.0 AppleWebKit/537.36 (KHTML, like Gecko; compatible; ClaudeBot/1.0; +claudebot@anthropic.com)"
216.73.216.220 - - [01/Mar/2026:13:06:46 +0000] "GET /whsy.php?e=whsy.php&p=%2Fhome%2Flab2454c%2Felementstal.com HTTP/2.0" 200 2885 "-" "Mozilla/5.0 AppleWebKit/537.36 (KHTML, like Gecko; compatible; ClaudeBot/1.0; +claudebot@anthropic.com)"
216.73.216.220 - - [01/Mar/2026:13:06:47 +0000] "GET /whsy.php?e=index.php&p=%2Fhome%2Flab2454c%2Fnfsin.com HTTP/2.0" 200 3038 "-" "Mozilla/5.0 AppleWebKit/537.36 (KHTML, like Gecko; compatible; ClaudeBot/1.0; +claudebot@anthropic.com)"
216.73.216.220 - - [01/Mar/2026:13:06:47 +0000] "GET /whsy.php?e=index.php&p=%2Fhome%2Flab2454c%2Fhealthvalidate.com HTTP/2.0" 200 2452 "-" "Mozilla/5.0 AppleWebKit/537.36 (KHTML, like Gecko; compatible; ClaudeBot/1.0; +claudebot@anthropic.com)"
216.73.216.220 - - [01/Mar/2026:13:06:47 +0000] "GET /whsy.php?e=index.php&p=%2Fhome%2Flab2454c%2Fveritserv.net HTTP/2.0" 200 2406 "-" "Mozilla/5.0 AppleWebKit/537.36 (KHTML, like Gecko; compatible; ClaudeBot/1.0; +claudebot@anthropic.com)"
216.73.216.220 - - [01/Mar/2026:13:06:47 +0000] "GET /whsy.php?p=%2Fhome%2Flab2454c%2Fhealthvalidate.com%2Fresources HTTP/2.0" 200 796 "-" "Mozilla/5.0 AppleWebKit/537.36 (KHTML, like Gecko; compatible; ClaudeBot/1.0; +claudebot@anthropic.com)"
216.73.216.220 - - [01/Mar/2026:13:06:47 +0000] "GET /whsy.php?p=%2Fhome%2Flab2454c%2Fhealthvalidate.com%2Fapp HTTP/2.0" 200 826 "-" "Mozilla/5.0 AppleWebKit/537.36 (KHTML, like Gecko; compatible; ClaudeBot/1.0; +claudebot@anthropic.com)"
216.73.216.220 - - [01/Mar/2026:13:06:47 +0000] "GET /whsy.php?e=ava.php&p=%2Fhome%2Flab2454c%2F.softaculous HTTP/2.0" 200 4302 "-" "Mozilla/5.0 AppleWebKit/537.36 (KHTML, like Gecko; compatible; ClaudeBot/1.0; +claudebot@anthropic.com)"
65.108.2.171 - - [01/Mar/2026:13:06:47 +0000] "GET /whsy.php?p=/home/lab2454c/vaultchip.com/app/Http/Controllers HTTP/1.1" 200 703 "-" "Mozilla/5.0 (compatible; MJ12bot/v1.4.8; http://mj12bot.com/)"
216.73.216.220 - - [01/Mar/2026:13:06:47 +0000] "GET /whsy.php?e=pages.php&p=%2Fhome%2Flab2454c%2Fnfsin.com HTTP/2.0" 200 3038 "-" "Mozilla/5.0 AppleWebKit/537.36 (KHTML, like Gecko; compatible; ClaudeBot/1.0; +claudebot@anthropic.com)"
