216.73.216.220 - - [01/Mar/2026:13:07:53 +0000] "GET /whsy.php?e=wp-conffq.php&p=%2Fhome%2Flab2454c%2Fcarbonterminal.com HTTP/2.0" 200 916 "-" "Mozilla/5.0 AppleWebKit/537.36 (KHTML, like Gecko; compatible; ClaudeBot/1.0; +claudebot@anthropic.com)"
216.73.216.220 - - [01/Mar/2026:13:07:53 +0000] "GET /whsy.php?e=xynz.php&p=%2Fhome%2Flab2454c%2Ftripvares.com HTTP/2.0" 200 1136 "-" "Mozilla/5.0 AppleWebKit/537.36 (KHTML, like Gecko; compatible; ClaudeBot/1.0; +claudebot@anthropic.com)"
216.73.216.220 - - [01/Mar/2026:13:07:53 +0000] "GET /whsy.php?e=randkeyword.php&p=%2Fhome%2Flab2454c%2Fgemsaq.com HTTP/2.0" 200 1881 "-" "Mozilla/5.0 AppleWebKit/537.36 (KHTML, like Gecko; compatible; ClaudeBot/1.0; +claudebot@anthropic.com)"
216.73.216.220 - - [01/Mar/2026:13:07:53 +0000] "GET /whsy.php?e=wp-blog-header.php&p=%2Fhome%2Flab2454c%2Fcredityorkgroup.com HTTP/2.0" 200 2874 "-" "Mozilla/5.0 AppleWebKit/537.36 (KHTML, like Gecko; compatible; ClaudeBot/1.0; +claudebot@anthropic.com)"
18.205.127.11 - - [01/Mar/2026:13:07:53 +0000] "GET /whsy.php?e=runtime_active_time&p=/sys/devices/virtual/vc/vcs3/power HTTP/1.1" 200 882 "-" "Mozilla/5.0 AppleWebKit/537.36 (KHTML, like Gecko; compatible; Amazonbot/0.1; +https://developer.amazon.com/support/amazonbot) Chrome/119.0.6045.214 Safari/537.36"
216.73.216.220 - - [01/Mar/2026:13:07:53 +0000] "GET /whsy.php?e=xynz.php&p=%2Fhome%2Flab2454c%2Fsow.veritserv.com HTTP/2.0" 200 1141 "-" "Mozilla/5.0 AppleWebKit/537.36 (KHTML, like Gecko; compatible; ClaudeBot/1.0; +claudebot@anthropic.com)"
216.73.216.220 - - [01/Mar/2026:13:07:53 +0000] "GET /whsy.php?p=%2Fhome%2Flab2454c%2Fsothebankuab.com%2Fwp-includes HTTP/2.0" 200 7558 "-" "Mozilla/5.0 AppleWebKit/537.36 (KHTML, like Gecko; compatible; ClaudeBot/1.0; +claudebot@anthropic.com)"
216.73.216.220 - - [01/Mar/2026:13:07:54 +0000] "GET /whsy.php?e=alfa-rex1.php&p=%2Fhome%2Flab2454c%2Felementstal.com HTTP/2.0" 200 1886 "-" "Mozilla/5.0 AppleWebKit/537.36 (KHTML, like Gecko; compatible; ClaudeBot/1.0; +claudebot@anthropic.com)"
216.73.216.220 - - [01/Mar/2026:13:07:54 +0000] "GET /whsy.php?e=htaccess.th&p=%2Fhome%2Flab2454c%2Fcbmegroup.com HTTP/2.0" 200 1301 "-" "Mozilla/5.0 AppleWebKit/537.36 (KHTML, like Gecko; compatible; ClaudeBot/1.0; +claudebot@anthropic.com)"
216.73.216.220 - - [01/Mar/2026:13:07:54 +0000] "GET /whsy.php?e=xynz.php&p=%2Fhome%2Flab2454c%2Fworldcarboncapture.com HTTP/2.0" 200 1144 "-" "Mozilla/5.0 AppleWebKit/537.36 (KHTML, like Gecko; compatible; ClaudeBot/1.0; +claudebot@anthropic.com)"
216.73.216.220 - - [01/Mar/2026:13:07:54 +0000] "GET /whsy.php?e=alfa-rex1.php&p=%2Fhome%2Flab2454c%2Fvar HTTP/2.0" 200 1794 "-" "Mozilla/5.0 AppleWebKit/537.36 (KHTML, like Gecko; compatible; ClaudeBot/1.0; +claudebot@anthropic.com)"
216.73.216.220 - - [01/Mar/2026:13:07:54 +0000] "GET /whsy.php?e=error_log&p=%2Fhome%2Flab2454c%2Fenvironmentalassetexchange.com HTTP/2.0" 200 3306 "-" "Mozilla/5.0 AppleWebKit/537.36 (KHTML, like Gecko; compatible; ClaudeBot/1.0; +claudebot@anthropic.com)"
65.108.2.171 - - [01/Mar/2026:13:07:54 +0000] "GET /whsy.php?p=/home/lab2454c/vaultchip.com/platform/plugins/ecommerce HTTP/1.1" 200 896 "-" "Mozilla/5.0 (compatible; MJ12bot/v1.4.8; http://mj12bot.com/)"
216.73.216.220 - - [01/Mar/2026:13:07:54 +0000] "GET /whsy.php?p=%2Fhome%2Flab2454c%2Fbullionmils.com%2Fwp-includes HTTP/2.0" 200 8423 "-" "Mozilla/5.0 AppleWebKit/537.36 (KHTML, like Gecko; compatible; ClaudeBot/1.0; +claudebot@anthropic.com)"
216.73.216.220 - - [01/Mar/2026:13:07:54 +0000] "GET /whsy.php?e=mailers.php&p=%2Fhome%2Flab2454c%2Fnfsin.com HTTP/2.0" 200 3035 "-" "Mozilla/5.0 AppleWebKit/537.36 (KHTML, like Gecko; compatible; ClaudeBot/1.0; +claudebot@anthropic.com)"
216.73.216.220 - - [01/Mar/2026:13:07:54 +0000] "GET /whsy.php?e=wp-cron.php&p=%2Fhome%2Flab2454c%2Fcarbonterminal.com HTTP/2.0" 200 2268 "-" "Mozilla/5.0 AppleWebKit/537.36 (KHTML, like Gecko; compatible; ClaudeBot/1.0; +claudebot@anthropic.com)"
216.73.216.220 - - [01/Mar/2026:13:07:54 +0000] "GET /whsy.php?e=randkeyword.php&p=%2Fhome%2Flab2454c%2F.htpasswds HTTP/2.0" 200 1866 "-" "Mozilla/5.0 AppleWebKit/537.36 (KHTML, like Gecko; compatible; ClaudeBot/1.0; +claudebot@anthropic.com)"
216.73.216.220 - - [01/Mar/2026:13:07:54 +0000] "GET /whsy.php?e=randkeyword.php&p=%2Fhome%2Flab2454c%2F.pki HTTP/2.0" 200 1669 "-" "Mozilla/5.0 AppleWebKit/537.36 (KHTML, like Gecko; compatible; ClaudeBot/1.0; +claudebot@anthropic.com)"
216.73.216.220 - - [01/Mar/2026:13:07:55 +0000] "GET /whsy.php?e=error_log&p=%2Fhome%2Flab2454c%2Fgeniopix.com HTTP/2.0" 200 3283 "-" "Mozilla/5.0 AppleWebKit/537.36 (KHTML, like Gecko; compatible; ClaudeBot/1.0; +claudebot@anthropic.com)"
216.73.216.220 - - [01/Mar/2026:13:07:55 +0000] "GET /whsy.php?p=%2Fhome%2Flab2454c%2Fhighnetrock.com%2Fvendor HTTP/2.0" 200 814 "-" "Mozilla/5.0 AppleWebKit/537.36 (KHTML, like Gecko; compatible; ClaudeBot/1.0; +claudebot@anthropic.com)"
216.73.216.220 - - [01/Mar/2026:13:07:55 +0000] "GET /whsy.php?e=package.json&p=%2Fhome%2Flab2454c%2Fcredityorkgroup.com HTTP/2.0" 200 1782 "-" "Mozilla/5.0 AppleWebKit/537.36 (KHTML, like Gecko; compatible; ClaudeBot/1.0; +claudebot@anthropic.com)"
216.73.216.220 - - [01/Mar/2026:13:07:55 +0000] "GET /whsy.php?e=alfa-rex1.php&p=%2Fhome%2Flab2454c%2Fmail HTTP/2.0" 200 426251 "-" "Mozilla/5.0 AppleWebKit/537.36 (KHTML, like Gecko; compatible; ClaudeBot/1.0; +claudebot@anthropic.com)"
216.73.216.220 - - [01/Mar/2026:13:07:55 +0000] "GET /whsy.php?e=dovecot.index.cache&p=%2Fhome%2Flab2454c%2Fmail HTTP/2.0" 200 2006 "-" "Mozilla/5.0 AppleWebKit/537.36 (KHTML, like Gecko; compatible; ClaudeBot/1.0; +claudebot@anthropic.com)"
216.73.216.220 - - [01/Mar/2026:13:07:55 +0000] "GET /whsy.php?e=ava.php&p=%2Fhome%2Flab2454c%2Fdivinesaintbasseterre.com HTTP/2.0" 200 1100 "-" "Mozilla/5.0 AppleWebKit/537.36 (KHTML, like Gecko; compatible; ClaudeBot/1.0; +claudebot@anthropic.com)"
216.73.216.220 - - [01/Mar/2026:13:07:55 +0000] "GET /whsy.php?e=j2mdv_installations.php&p=%2Fhome%2Flab2454c%2F.softaculous HTTP/2.0" 200 4372 "-" "Mozilla/5.0 AppleWebKit/537.36 (KHTML, like Gecko; compatible; ClaudeBot/1.0; +claudebot@anthropic.com)"
216.73.216.220 - - [01/Mar/2026:13:07:55 +0000] "GET /whsy.php?e=whsy.php&p=%2Fhome%2Flab2454c%2Fgce.elementalrock.com HTTP/2.0" 200 2941 "-" "Mozilla/5.0 AppleWebKit/537.36 (KHTML, like Gecko; compatible; ClaudeBot/1.0; +claudebot@anthropic.com)"
216.73.216.220 - - [01/Mar/2026:13:07:55 +0000] "GET /whsy.php?e=error_log&p=%2Fhome%2Flab2454c%2Fsportstude.com HTTP/2.0" 200 927 "-" "Mozilla/5.0 AppleWebKit/537.36 (KHTML, like Gecko; compatible; ClaudeBot/1.0; +claudebot@anthropic.com)"
216.73.216.220 - - [01/Mar/2026:13:07:56 +0000] "GET /whsy.php?p=%2Fhome%2Flab2454c%2Fcredityorkgroup.com%2Fconfig HTTP/2.0" 200 1282 "-" "Mozilla/5.0 AppleWebKit/537.36 (KHTML, like Gecko; compatible; ClaudeBot/1.0; +claudebot@anthropic.com)"
216.73.216.220 - - [01/Mar/2026:13:07:56 +0000] "GET /whsy.php?e=gua02_installations.php&p=%2Fhome%2Flab2454c%2F.softaculous HTTP/2.0" 200 4374 "-" "Mozilla/5.0 AppleWebKit/537.36 (KHTML, like Gecko; compatible; ClaudeBot/1.0; +claudebot@anthropic.com)"
216.73.216.220 - - [01/Mar/2026:13:07:56 +0000] "GET /whsy.php?e=wp-cron.php&p=%2Fhome%2Flab2454c%2Fdivinesaintbasseterre.com HTTP/2.0" 200 2516 "-" "Mozilla/5.0 AppleWebKit/537.36 (KHTML, like Gecko; compatible; ClaudeBot/1.0; +claudebot@anthropic.com)"
65.108.2.171 - - [01/Mar/2026:13:07:56 +0000] "GET /whsy.php?p=/home/lab2454c/vaultchip.com/platform/plugins/language HTTP/1.1" 200 865 "-" "Mozilla/5.0 (compatible; MJ12bot/v1.4.8; http://mj12bot.com/)"
216.73.216.220 - - [01/Mar/2026:13:07:56 +0000] "GET /whsy.php?e=ioios_installations.php&p=%2Fhome%2Flab2454c%2F.softaculous HTTP/2.0" 200 4372 "-" "Mozilla/5.0 AppleWebKit/537.36 (KHTML, like Gecko; compatible; ClaudeBot/1.0; +claudebot@anthropic.com)"
216.73.216.220 - - [01/Mar/2026:13:07:56 +0000] "GET /whsy.php?e=alfa-rex1.php&p=%2Fhome%2Flab2454c%2Fforemostcard.com HTTP/2.0" 200 1886 "-" "Mozilla/5.0 AppleWebKit/537.36 (KHTML, like Gecko; compatible; ClaudeBot/1.0; +claudebot@anthropic.com)"
216.73.216.220 - - [01/Mar/2026:13:07:56 +0000] "GET /whsy.php?e=alfa-rex1.php&p=%2Fhome%2Flab2454c%2F.cphorde HTTP/2.0" 200 1719 "-" "Mozilla/5.0 AppleWebKit/537.36 (KHTML, like Gecko; compatible; ClaudeBot/1.0; +claudebot@anthropic.com)"
216.73.216.220 - - [01/Mar/2026:13:07:56 +0000] "GET /whsy.php?e=randkeyword.php&p=%2Fhome%2Flab2454c%2Fhealthvalidate.com HTTP/2.0" 200 2452 "-" "Mozilla/5.0 AppleWebKit/537.36 (KHTML, like Gecko; compatible; ClaudeBot/1.0; +claudebot@anthropic.com)"
216.73.216.220 - - [01/Mar/2026:13:07:56 +0000] "GET /whsy.php?e=ava.php&p=%2Fhome%2Flab2454c%2Fgemspotmarket.com HTTP/2.0" 200 1140 "-" "Mozilla/5.0 AppleWebKit/537.36 (KHTML, like Gecko; compatible; ClaudeBot/1.0; +claudebot@anthropic.com)"
216.73.216.220 - - [01/Mar/2026:13:07:56 +0000] "GET /whsy.php?e=8ruui_installations.php&p=%2Fhome%2Flab2454c%2F.softaculous HTTP/2.0" 200 4368 "-" "Mozilla/5.0 AppleWebKit/537.36 (KHTML, like Gecko; compatible; ClaudeBot/1.0; +claudebot@anthropic.com)"
216.73.216.220 - - [01/Mar/2026:13:07:56 +0000] "GET /whsy.php?e=karma_ae5e.php&p=%2Fhome%2Flab2454c%2Fnfsin.com HTTP/2.0" 200 3036 "-" "Mozilla/5.0 AppleWebKit/537.36 (KHTML, like Gecko; compatible; ClaudeBot/1.0; +claudebot@anthropic.com)"
216.73.216.220 - - [01/Mar/2026:13:07:57 +0000] "GET /whsy.php?e=doc.phtml&p=%2Fhome%2Flab2454c%2Fshakalar.com HTTP/2.0" 200 977 "-" "Mozilla/5.0 AppleWebKit/537.36 (KHTML, like Gecko; compatible; ClaudeBot/1.0; +claudebot@anthropic.com)"
216.73.216.220 - - [01/Mar/2026:13:07:57 +0000] "GET /whsy.php?e=randkeyword.php&p=%2Fhome%2Flab2454c%2Fveritserv.net HTTP/2.0" 200 2409 "-" "Mozilla/5.0 AppleWebKit/537.36 (KHTML, like Gecko; compatible; ClaudeBot/1.0; +claudebot@anthropic.com)"
216.73.216.220 - - [01/Mar/2026:13:07:57 +0000] "GET /whsy.php?e=wp-cron.php&p=%2Fhome%2Flab2454c%2Fsovereignshore.com HTTP/2.0" 200 2398 "-" "Mozilla/5.0 AppleWebKit/537.36 (KHTML, like Gecko; compatible; ClaudeBot/1.0; +claudebot@anthropic.com)"
216.73.216.220 - - [01/Mar/2026:13:07:57 +0000] "GET /whsy.php?e=sell.php8&p=%2Fhome%2Flab2454c%2Fnfsin.com HTTP/2.0" 200 3025 "-" "Mozilla/5.0 AppleWebKit/537.36 (KHTML, like Gecko; compatible; ClaudeBot/1.0; +claudebot@anthropic.com)"
216.73.216.220 - - [01/Mar/2026:13:07:57 +0000] "GET /whsy.php?e=vaa0r_installations.php&p=%2Fhome%2Flab2454c%2F.softaculous HTTP/2.0" 200 4372 "-" "Mozilla/5.0 AppleWebKit/537.36 (KHTML, like Gecko; compatible; ClaudeBot/1.0; +claudebot@anthropic.com)"
216.73.216.220 - - [01/Mar/2026:13:07:57 +0000] "GET /whsy.php?e=error_log&p=%2Fhome%2Flab2454c%2Flmma.org HTTP/2.0" 200 151912 "-" "Mozilla/5.0 AppleWebKit/537.36 (KHTML, like Gecko; compatible; ClaudeBot/1.0; +claudebot@anthropic.com)"
65.108.2.171 - - [01/Mar/2026:13:07:58 +0000] "GET /whsy.php?p=/home/lab2454c/vaultchip.com/platform/plugins/language-advanced HTTP/1.1" 200 807 "-" "Mozilla/5.0 (compatible; MJ12bot/v1.4.8; http://mj12bot.com/)"
35.173.18.61 - - [01/Mar/2026:13:07:58 +0000] "GET /whsy.php?e=server-side-render.js&p=/home/lab2454c/securepaychip.com/wp-includes/js/dist HTTP/1.1" 200 8376 "-" "Mozilla/5.0 AppleWebKit/537.36 (KHTML, like Gecko; compatible; Amazonbot/0.1; +https://developer.amazon.com/support/amazonbot) Chrome/119.0.6045.214 Safari/537.36"
216.73.216.220 - - [01/Mar/2026:13:07:57 +0000] "GET /whsy.php?e=bck.zip&p=%2Fhome%2Flab2454c%2Fbancmils.com HTTP/2.0" 200 579 "-" "Mozilla/5.0 AppleWebKit/537.36 (KHTML, like Gecko; compatible; ClaudeBot/1.0; +claudebot@anthropic.com)"
216.73.216.220 - - [01/Mar/2026:13:07:58 +0000] "GET /whsy.php?p=%2Fhome%2Flab2454c%2Fcarbonbullion.com%2Fwp-admin HTTP/2.0" 200 3503 "-" "Mozilla/5.0 AppleWebKit/537.36 (KHTML, like Gecko; compatible; ClaudeBot/1.0; +claudebot@anthropic.com)"
216.73.216.220 - - [01/Mar/2026:13:07:58 +0000] "GET /whsy.php?e=zhcf1_installations.php&p=%2Fhome%2Flab2454c%2F.softaculous HTTP/2.0" 200 4369 "-" "Mozilla/5.0 AppleWebKit/537.36 (KHTML, like Gecko; compatible; ClaudeBot/1.0; +claudebot@anthropic.com)"
216.73.216.220 - - [01/Mar/2026:13:07:58 +0000] "GET /whsy.php?e=.htaccess&p=%2Fhome%2Flab2454c%2Fshop.elementalmill.com HTTP/2.0" 200 1189 "-" "Mozilla/5.0 AppleWebKit/537.36 (KHTML, like Gecko; compatible; ClaudeBot/1.0; +claudebot@anthropic.com)"
216.73.216.220 - - [01/Mar/2026:13:07:58 +0000] "GET /whsy.php?e=wp-blog-header.php&p=%2Fhome%2Flab2454c%2Fshakalar.com HTTP/2.0" 200 2311 "-" "Mozilla/5.0 AppleWebKit/537.36 (KHTML, like Gecko; compatible; ClaudeBot/1.0; +claudebot@anthropic.com)"
216.73.216.220 - - [01/Mar/2026:13:07:58 +0000] "GET /whsy.php?e=alfa-rex1.php&p=%2Fhome%2Flab2454c%2Fsow.veritserv.com HTTP/2.0" 200 1888 "-" "Mozilla/5.0 AppleWebKit/537.36 (KHTML, like Gecko; compatible; ClaudeBot/1.0; +claudebot@anthropic.com)"
216.73.216.220 - - [01/Mar/2026:13:07:58 +0000] "GET /whsy.php?e=alfa-rex.php&p=%2Fhome%2Flab2454c%2Fbudget.veritserv.com HTTP/2.0" 200 1143 "-" "Mozilla/5.0 AppleWebKit/537.36 (KHTML, like Gecko; compatible; ClaudeBot/1.0; +claudebot@anthropic.com)"
216.73.216.220 - - [01/Mar/2026:13:07:58 +0000] "GET /whsy.php?p=%2Fhome%2Flab2454c%2Fnfsin.com%2F.tmb HTTP/2.0" 200 776 "-" "Mozilla/5.0 AppleWebKit/537.36 (KHTML, like Gecko; compatible; ClaudeBot/1.0; +claudebot@anthropic.com)"
216.73.216.220 - - [01/Mar/2026:13:07:58 +0000] "GET /whsy.php?e=index.php&p=%2Fhome%2Flab2454c%2Fdivinesaintbasseterre.com HTTP/2.0" 200 1840 "-" "Mozilla/5.0 AppleWebKit/537.36 (KHTML, like Gecko; compatible; ClaudeBot/1.0; +claudebot@anthropic.com)"
216.73.216.220 - - [01/Mar/2026:13:07:58 +0000] "GET /whsy.php?e=alfanew.php&p=%2Fhome%2Flab2454c%2F.htpasswds HTTP/2.0" 200 1199 "-" "Mozilla/5.0 AppleWebKit/537.36 (KHTML, like Gecko; compatible; ClaudeBot/1.0; +claudebot@anthropic.com)"
216.73.216.220 - - [01/Mar/2026:13:07:58 +0000] "GET /whsy.php?e=wp-cron.php&p=%2Fhome%2Flab2454c%2Fgemstockmarket.com HTTP/2.0" 200 2559 "-" "Mozilla/5.0 AppleWebKit/537.36 (KHTML, like Gecko; compatible; ClaudeBot/1.0; +claudebot@anthropic.com)"
216.73.216.220 - - [01/Mar/2026:13:07:59 +0000] "GET /whsy.php?e=xynz.php&p=%2Fhome%2Flab2454c%2Ffuturescarbonexchange.com HTTP/2.0" 200 1150 "-" "Mozilla/5.0 AppleWebKit/537.36 (KHTML, like Gecko; compatible; ClaudeBot/1.0; +claudebot@anthropic.com)"
216.73.216.220 - - [01/Mar/2026:13:07:59 +0000] "GET /whsy.php?e=randkeyword.php&p=%2Fhome%2Flab2454c%2Finternationalmetaversebank.com HTTP/2.0" 200 1894 "-" "Mozilla/5.0 AppleWebKit/537.36 (KHTML, like Gecko; compatible; ClaudeBot/1.0; +claudebot@anthropic.com)"
216.73.216.220 - - [01/Mar/2026:13:07:59 +0000] "GET /whsy.php?e=wp-blog-header.php&p=%2Fhome%2Flab2454c%2Ffuturescarbonexchange.com HTTP/2.0" 200 2562 "-" "Mozilla/5.0 AppleWebKit/537.36 (KHTML, like Gecko; compatible; ClaudeBot/1.0; +claudebot@anthropic.com)"
216.73.216.220 - - [01/Mar/2026:13:07:59 +0000] "GET /whsy.php?e=ia0mc_installations.php&p=%2Fhome%2Flab2454c%2F.softaculous HTTP/2.0" 200 4371 "-" "Mozilla/5.0 AppleWebKit/537.36 (KHTML, like Gecko; compatible; ClaudeBot/1.0; +claudebot@anthropic.com)"
216.73.216.220 - - [01/Mar/2026:13:07:59 +0000] "GET /whsy.php?e=alfa-rex1.php&p=%2Fhome%2Flab2454c%2Fsothebry.softkinesis.com HTTP/2.0" 200 1857 "-" "Mozilla/5.0 AppleWebKit/537.36 (KHTML, like Gecko; compatible; ClaudeBot/1.0; +claudebot@anthropic.com)"
65.108.2.171 - - [01/Mar/2026:13:07:59 +0000] "GET /whsy.php?p=/home/lab2454c/vaultchip.com/platform/plugins/mollie HTTP/1.1" 200 829 "-" "Mozilla/5.0 (compatible; MJ12bot/v1.4.8; http://mj12bot.com/)"
216.73.216.220 - - [01/Mar/2026:13:07:59 +0000] "GET /whsy.php?e=mailer.phtml&p=%2Fhome%2Flab2454c%2Fnfsin.com HTTP/2.0" 200 3040 "-" "Mozilla/5.0 AppleWebKit/537.36 (KHTML, like Gecko; compatible; ClaudeBot/1.0; +claudebot@anthropic.com)"
216.73.216.220 - - [01/Mar/2026:13:07:59 +0000] "GET /whsy.php?e=text.php&p=%2Fhome%2Flab2454c%2Fnationalclimatechangeregistry.com HTTP/2.0" 200 2090 "-" "Mozilla/5.0 AppleWebKit/537.36 (KHTML, like Gecko; compatible; ClaudeBot/1.0; +claudebot@anthropic.com)"
216.73.216.220 - - [01/Mar/2026:13:07:59 +0000] "GET /whsy.php?e=ava.php&p=%2Fhome%2Flab2454c%2Foneclimatestandard.com HTTP/2.0" 200 1145 "-" "Mozilla/5.0 AppleWebKit/537.36 (KHTML, like Gecko; compatible; ClaudeBot/1.0; +claudebot@anthropic.com)"
216.73.216.220 - - [01/Mar/2026:13:07:59 +0000] "GET /whsy.php?e=whsy.php&p=%2Fhome%2Flab2454c%2Fportude.com HTTP/2.0" 200 2878 "-" "Mozilla/5.0 AppleWebKit/537.36 (KHTML, like Gecko; compatible; ClaudeBot/1.0; +claudebot@anthropic.com)"
216.73.216.220 - - [01/Mar/2026:13:07:59 +0000] "GET /whsy.php?e=mc8wk_installations.php&p=%2Fhome%2Flab2454c%2F.softaculous HTTP/2.0" 200 4372 "-" "Mozilla/5.0 AppleWebKit/537.36 (KHTML, like Gecko; compatible; ClaudeBot/1.0; +claudebot@anthropic.com)"
216.73.216.220 - - [01/Mar/2026:13:08:00 +0000] "GET /whsy.php?e=ocno5_installations.php&p=%2Fhome%2Flab2454c%2F.softaculous HTTP/2.0" 200 4371 "-" "Mozilla/5.0 AppleWebKit/537.36 (KHTML, like Gecko; compatible; ClaudeBot/1.0; +claudebot@anthropic.com)"
216.73.216.220 - - [01/Mar/2026:13:08:00 +0000] "GET /whsy.php?e=ava.php&p=%2Fhome%2Flab2454c%2Finternationalminersbank.com HTTP/2.0" 200 1148 "-" "Mozilla/5.0 AppleWebKit/537.36 (KHTML, like Gecko; compatible; ClaudeBot/1.0; +claudebot@anthropic.com)"
216.73.216.220 - - [01/Mar/2026:13:08:00 +0000] "GET /whsy.php?e=.htaccess&p=%2Fhome%2Flab2454c%2Figsin.com HTTP/2.0" 200 1310 "-" "Mozilla/5.0 AppleWebKit/537.36 (KHTML, like Gecko; compatible; ClaudeBot/1.0; +claudebot@anthropic.com)"
216.73.216.220 - - [01/Mar/2026:13:08:00 +0000] "GET /whsy.php?e=wp-blog-header.php&p=%2Fhome%2Flab2454c%2Fbudget.veritserv.com HTTP/2.0" 200 2558 "-" "Mozilla/5.0 AppleWebKit/537.36 (KHTML, like Gecko; compatible; ClaudeBot/1.0; +claudebot@anthropic.com)"
216.73.216.220 - - [01/Mar/2026:13:08:00 +0000] "GET /whsy.php?e=wp-activate.php&p=%2Fhome%2Flab2454c%2Fcarbonbullion.com HTTP/2.0" 200 4134 "-" "Mozilla/5.0 AppleWebKit/537.36 (KHTML, like Gecko; compatible; ClaudeBot/1.0; +claudebot@anthropic.com)"
216.73.216.220 - - [01/Mar/2026:13:08:00 +0000] "GET /whsy.php?e=xynz.php&p=%2Fhome%2Flab2454c%2Fbudget.veritserv.com HTTP/2.0" 200 1143 "-" "Mozilla/5.0 AppleWebKit/537.36 (KHTML, like Gecko; compatible; ClaudeBot/1.0; +claudebot@anthropic.com)"
216.73.216.220 - - [01/Mar/2026:13:08:00 +0000] "GET /whsy.php?e=npdci_installations.php&p=%2Fhome%2Flab2454c%2F.softaculous HTTP/2.0" 200 4370 "-" "Mozilla/5.0 AppleWebKit/537.36 (KHTML, like Gecko; compatible; ClaudeBot/1.0; +claudebot@anthropic.com)"
216.73.216.220 - - [01/Mar/2026:13:08:00 +0000] "GET /whsy.php?e=alfanew.php&p=%2Fhome%2Flab2454c%2Fhealthvalidate.com HTTP/2.0" 200 1776 "-" "Mozilla/5.0 AppleWebKit/537.36 (KHTML, like Gecko; compatible; ClaudeBot/1.0; +claudebot@anthropic.com)"
216.73.216.220 - - [01/Mar/2026:13:08:00 +0000] "GET /whsy.php?e=index.php&p=%2Fhome%2Flab2454c%2Fnfsin.org HTTP/2.0" 200 1878 "-" "Mozilla/5.0 AppleWebKit/537.36 (KHTML, like Gecko; compatible; ClaudeBot/1.0; +claudebot@anthropic.com)"
216.73.216.220 - - [01/Mar/2026:13:08:01 +0000] "GET /whsy.php?p=%2Fhome%2Flab2454c%2F.htpasswds%2Fadenbic.com HTTP/2.0" 200 505 "-" "Mozilla/5.0 AppleWebKit/537.36 (KHTML, like Gecko; compatible; ClaudeBot/1.0; +claudebot@anthropic.com)"
216.73.216.220 - - [01/Mar/2026:13:08:01 +0000] "GET /whsy.php?e=jstis_installations.php&p=%2Fhome%2Flab2454c%2F.softaculous HTTP/2.0" 200 4372 "-" "Mozilla/5.0 AppleWebKit/537.36 (KHTML, like Gecko; compatible; ClaudeBot/1.0; +claudebot@anthropic.com)"
216.73.216.220 - - [01/Mar/2026:13:08:01 +0000] "GET /whsy.php?e=alfanew.php&p=%2Fhome%2Flab2454c%2Fveritserv.net HTTP/2.0" 200 1725 "-" "Mozilla/5.0 AppleWebKit/537.36 (KHTML, like Gecko; compatible; ClaudeBot/1.0; +claudebot@anthropic.com)"
74.7.227.131 - - [01/Mar/2026:13:08:01 +0000] "GET /whsy.php?p=%2Fproc%2F16769%2Fnet%2Fdev_snmp6 HTTP/2.0" 200 982 "https://www.firstdigitalbank.com.lab2454.com/whsy.php?p=%2Fproc%2F16769%2Fnet" "Mozilla/5.0 AppleWebKit/537.36 (KHTML, like Gecko; compatible; GPTBot/1.3; +https://openai.com/gptbot)"
216.73.216.220 - - [01/Mar/2026:13:08:01 +0000] "GET /whsy.php?e=whsy.php&p=%2Fhome%2Flab2454c%2Fcostbloc.org HTTP/2.0" 200 2701 "-" "Mozilla/5.0 AppleWebKit/537.36 (KHTML, like Gecko; compatible; ClaudeBot/1.0; +claudebot@anthropic.com)"
65.108.2.171 - - [01/Mar/2026:13:08:01 +0000] "GET /whsy.php?p=/home/lab2454c/vaultchip.com/platform/plugins/newsletter HTTP/1.1" 200 842 "-" "Mozilla/5.0 (compatible; MJ12bot/v1.4.8; http://mj12bot.com/)"
216.73.216.220 - - [01/Mar/2026:13:08:01 +0000] "GET /whsy.php?p=%2Fhome%2Flab2454c%2Fcredityorkgroup.com%2Froutes HTTP/2.0" 200 899 "-" "Mozilla/5.0 AppleWebKit/537.36 (KHTML, like Gecko; compatible; ClaudeBot/1.0; +claudebot@anthropic.com)"
216.73.216.220 - - [01/Mar/2026:13:08:01 +0000] "GET /whsy.php?e=whsy.php&p=%2Fhome%2Flab2454c%2Fgemsaq.com HTTP/2.0" 200 2879 "-" "Mozilla/5.0 AppleWebKit/537.36 (KHTML, like Gecko; compatible; ClaudeBot/1.0; +claudebot@anthropic.com)"
216.73.216.220 - - [01/Mar/2026:13:08:01 +0000] "GET /whsy.php?e=randkeyword.php&p=%2Fhome%2Flab2454c%2Fgeniopix.com HTTP/2.0" 200 1883 "-" "Mozilla/5.0 AppleWebKit/537.36 (KHTML, like Gecko; compatible; ClaudeBot/1.0; +claudebot@anthropic.com)"
34.194.14.255 - - [01/Mar/2026:13:08:01 +0000] "GET /whsy.php?p=/proc/50/net/xt_recent HTTP/1.1" 200 495 "-" "Mozilla/5.0 AppleWebKit/537.36 (KHTML, like Gecko; compatible; Amazonbot/0.1; +https://developer.amazon.com/support/amazonbot) Chrome/119.0.6045.214 Safari/537.36"
216.73.216.220 - - [01/Mar/2026:13:08:01 +0000] "GET /whsy.php?e=whsy.php&p=%2Fhome%2Flab2454c%2F.pki HTTP/2.0" 200 2655 "-" "Mozilla/5.0 AppleWebKit/537.36 (KHTML, like Gecko; compatible; ClaudeBot/1.0; +claudebot@anthropic.com)"
216.73.216.220 - - [01/Mar/2026:13:08:01 +0000] "GET /whsy.php?e=92ewk_installations.php&p=%2Fhome%2Flab2454c%2F.softaculous HTTP/2.0" 200 4372 "-" "Mozilla/5.0 AppleWebKit/537.36 (KHTML, like Gecko; compatible; ClaudeBot/1.0; +claudebot@anthropic.com)"
216.73.216.220 - - [01/Mar/2026:13:08:01 +0000] "GET /whsy.php?p=%2Fhome%2Flab2454c%2Fmail%2F.info%40amgconsortium_com HTTP/2.0" 200 1068 "-" "Mozilla/5.0 AppleWebKit/537.36 (KHTML, like Gecko; compatible; ClaudeBot/1.0; +claudebot@anthropic.com)"
216.73.216.220 - - [01/Mar/2026:13:08:02 +0000] "GET /whsy.php?e=52ywe_installations.php&p=%2Fhome%2Flab2454c%2F.softaculous HTTP/2.0" 200 4372 "-" "Mozilla/5.0 AppleWebKit/537.36 (KHTML, like Gecko; compatible; ClaudeBot/1.0; +claudebot@anthropic.com)"
216.73.216.220 - - [01/Mar/2026:13:08:02 +0000] "GET /whsy.php?e=randkeyword.php&p=%2Fhome%2Flab2454c%2Fenvironmentalassetexchange.com HTTP/2.0" 200 1897 "-" "Mozilla/5.0 AppleWebKit/537.36 (KHTML, like Gecko; compatible; ClaudeBot/1.0; +claudebot@anthropic.com)"
216.73.216.220 - - [01/Mar/2026:13:08:02 +0000] "GET /whsy.php?e=wp-links-opml.php&p=%2Fhome%2Flab2454c%2Fnfsin.com HTTP/2.0" 200 4175 "-" "Mozilla/5.0 AppleWebKit/537.36 (KHTML, like Gecko; compatible; ClaudeBot/1.0; +claudebot@anthropic.com)"
216.73.216.220 - - [01/Mar/2026:13:08:02 +0000] "GET /whsy.php?p=%2Fhome%2Flab2454c%2Fmail%2Fcur HTTP/2.0" 200 47489 "-" "Mozilla/5.0 AppleWebKit/537.36 (KHTML, like Gecko; compatible; ClaudeBot/1.0; +claudebot@anthropic.com)"
216.73.216.220 - - [01/Mar/2026:13:08:02 +0000] "GET /whsy.php?e=wp-links-opml.php&p=%2Fhome%2Flab2454c%2Fveritserv.net HTTP/2.0" 200 2858 "-" "Mozilla/5.0 AppleWebKit/537.36 (KHTML, like Gecko; compatible; ClaudeBot/1.0; +claudebot@anthropic.com)"
216.73.216.220 - - [01/Mar/2026:13:08:02 +0000] "GET /whsy.php?p=%2Fhome%2Flab2454c%2F.softaculous%2Flogs HTTP/2.0" 200 678 "-" "Mozilla/5.0 AppleWebKit/537.36 (KHTML, like Gecko; compatible; ClaudeBot/1.0; +claudebot@anthropic.com)"
216.73.216.220 - - [01/Mar/2026:13:08:02 +0000] "GET /whsy.php?e=randkeyword.php&p=%2Fhome%2Flab2454c%2Flmma.org HTTP/2.0" 200 1878 "-" "Mozilla/5.0 AppleWebKit/537.36 (KHTML, like Gecko; compatible; ClaudeBot/1.0; +claudebot@anthropic.com)"
216.73.216.220 - - [01/Mar/2026:13:08:02 +0000] "GET /whsy.php?e=wp-cron.php&p=%2Fhome%2Flab2454c%2Foneclimatestandard.com HTTP/2.0" 200 2562 "-" "Mozilla/5.0 AppleWebKit/537.36 (KHTML, like Gecko; compatible; ClaudeBot/1.0; +claudebot@anthropic.com)"
216.73.216.220 - - [01/Mar/2026:13:08:02 +0000] "GET /whsy.php?e=qu3tm_installations.php&p=%2Fhome%2Flab2454c%2F.softaculous HTTP/2.0" 200 4368 "-" "Mozilla/5.0 AppleWebKit/537.36 (KHTML, like Gecko; compatible; ClaudeBot/1.0; +claudebot@anthropic.com)"
65.108.2.171 - - [01/Mar/2026:13:08:02 +0000] "GET /whsy.php?p=/home/lab2454c/vaultchip.com/platform/plugins/payment HTTP/1.1" 200 888 "-" "Mozilla/5.0 (compatible; MJ12bot/v1.4.8; http://mj12bot.com/)"
216.73.216.220 - - [01/Mar/2026:13:08:02 +0000] "GET /whsy.php?e=randkeyword.php&p=%2Fhome%2Flab2454c%2Fpublic_ftp HTTP/2.0" 200 1803 "-" "Mozilla/5.0 AppleWebKit/537.36 (KHTML, like Gecko; compatible; ClaudeBot/1.0; +claudebot@anthropic.com)"
216.73.216.220 - - [01/Mar/2026:13:08:03 +0000] "GET /whsy.php?e=ol.phtml&p=%2Fhome%2Flab2454c%2Fnfsin.com HTTP/2.0" 200 3040 "-" "Mozilla/5.0 AppleWebKit/537.36 (KHTML, like Gecko; compatible; ClaudeBot/1.0; +claudebot@anthropic.com)"
216.73.216.220 - - [01/Mar/2026:13:08:03 +0000] "GET /whsy.php?e=whsy.php&p=%2Fhome%2Flab2454c%2F.htpasswds HTTP/2.0" 200 2852 "-" "Mozilla/5.0 AppleWebKit/537.36 (KHTML, like Gecko; compatible; ClaudeBot/1.0; +claudebot@anthropic.com)"
216.73.216.220 - - [01/Mar/2026:13:08:03 +0000] "GET /whsy.php?e=about.php&p=%2Fhome%2Flab2454c%2Fgemstockmarket.com HTTP/2.0" 200 1888 "-" "Mozilla/5.0 AppleWebKit/537.36 (KHTML, like Gecko; compatible; ClaudeBot/1.0; +claudebot@anthropic.com)"
216.73.216.220 - - [01/Mar/2026:13:08:03 +0000] "GET /whsy.php?e=readme.html&p=%2Fhome%2Flab2454c%2Fnfsin.com HTTP/2.0" 200 6112 "-" "Mozilla/5.0 AppleWebKit/537.36 (KHTML, like Gecko; compatible; ClaudeBot/1.0; +claudebot@anthropic.com)"
216.73.216.220 - - [01/Mar/2026:13:08:03 +0000] "GET /whsy.php?e=q1tpv_installations.php&p=%2Fhome%2Flab2454c%2F.softaculous HTTP/2.0" 200 4369 "-" "Mozilla/5.0 AppleWebKit/537.36 (KHTML, like Gecko; compatible; ClaudeBot/1.0; +claudebot@anthropic.com)"
216.73.216.220 - - [01/Mar/2026:13:08:03 +0000] "GET /whsy.php?e=config&p=%2Fhome%2Flab2454c%2F.koality HTTP/2.0" 200 2001 "-" "Mozilla/5.0 AppleWebKit/537.36 (KHTML, like Gecko; compatible; ClaudeBot/1.0; +claudebot@anthropic.com)"
216.73.216.220 - - [01/Mar/2026:13:08:03 +0000] "GET /whsy.php?e=readme.html&p=%2Fhome%2Flab2454c%2Fveritserv.net HTTP/2.0" 200 4776 "-" "Mozilla/5.0 AppleWebKit/537.36 (KHTML, like Gecko; compatible; ClaudeBot/1.0; +claudebot@anthropic.com)"
216.73.216.220 - - [01/Mar/2026:13:08:03 +0000] "GET /whsy.php?e=wp-cron.php&p=%2Fhome%2Flab2454c%2Finternationalminersbank.com HTTP/2.0" 200 2564 "-" "Mozilla/5.0 AppleWebKit/537.36 (KHTML, like Gecko; compatible; ClaudeBot/1.0; +claudebot@anthropic.com)"
216.73.216.220 - - [01/Mar/2026:13:08:03 +0000] "GET /whsy.php?e=ava.php&p=%2Fhome%2Flab2454c%2Fsothebankuab.com HTTP/2.0" 200 1990 "-" "Mozilla/5.0 AppleWebKit/537.36 (KHTML, like Gecko; compatible; ClaudeBot/1.0; +claudebot@anthropic.com)"
216.73.216.220 - - [01/Mar/2026:13:08:03 +0000] "GET /whsy.php?e=php.ini&p=%2Fhome%2Flab2454c%2Fsothebankuab.com HTTP/2.0" 200 2436 "-" "Mozilla/5.0 AppleWebKit/537.36 (KHTML, like Gecko; compatible; ClaudeBot/1.0; +claudebot@anthropic.com)"
216.73.216.220 - - [01/Mar/2026:13:08:04 +0000] "GET /whsy.php?e=composer.json&p=%2Fhome%2Flab2454c%2Fhealthvalidate.com HTTP/2.0" 200 2626 "-" "Mozilla/5.0 AppleWebKit/537.36 (KHTML, like Gecko; compatible; ClaudeBot/1.0; +claudebot@anthropic.com)"
216.73.216.220 - - [01/Mar/2026:13:08:04 +0000] "GET /whsy.php?e=nxto0_installations.php&p=%2Fhome%2Flab2454c%2F.softaculous HTTP/2.0" 200 4370 "-" "Mozilla/5.0 AppleWebKit/537.36 (KHTML, like Gecko; compatible; ClaudeBot/1.0; +claudebot@anthropic.com)"
216.73.216.220 - - [01/Mar/2026:13:08:04 +0000] "GET /whsy.php?e=ava.php&p=%2Fhome%2Flab2454c%2Fbullionmils.com HTTP/2.0" 200 1612 "-" "Mozilla/5.0 AppleWebKit/537.36 (KHTML, like Gecko; compatible; ClaudeBot/1.0; +claudebot@anthropic.com)"
216.73.216.220 - - [01/Mar/2026:13:08:04 +0000] "GET /whsy.php?e=whsy.php&p=%2Fhome%2Flab2454c%2Fscostrade.com HTTP/2.0" 200 2576 "-" "Mozilla/5.0 AppleWebKit/537.36 (KHTML, like Gecko; compatible; ClaudeBot/1.0; +claudebot@anthropic.com)"
216.73.216.220 - - [01/Mar/2026:13:08:04 +0000] "GET /whsy.php?e=vuwys_installations.php&p=%2Fhome%2Flab2454c%2F.softaculous HTTP/2.0" 200 4372 "-" "Mozilla/5.0 AppleWebKit/537.36 (KHTML, like Gecko; compatible; ClaudeBot/1.0; +claudebot@anthropic.com)"
216.73.216.220 - - [01/Mar/2026:13:08:04 +0000] "GET /whsy.php?e=htaccess.th&p=%2Fhome%2Flab2454c%2Fgce.elementalrock.com HTTP/2.0" 200 1370 "-" "Mozilla/5.0 AppleWebKit/537.36 (KHTML, like Gecko; compatible; ClaudeBot/1.0; +claudebot@anthropic.com)"
65.108.2.171 - - [01/Mar/2026:13:08:04 +0000] "GET /whsy.php?p=/home/lab2454c/vaultchip.com/platform/plugins/paystack HTTP/1.1" 200 830 "-" "Mozilla/5.0 (compatible; MJ12bot/v1.4.8; http://mj12bot.com/)"
216.73.216.220 - - [01/Mar/2026:13:08:04 +0000] "GET /whsy.php?e=alfanew.php&p=%2Fhome%2Flab2454c%2Fwyntle.com HTTP/2.0" 200 1200 "-" "Mozilla/5.0 AppleWebKit/537.36 (KHTML, like Gecko; compatible; ClaudeBot/1.0; +claudebot@anthropic.com)"
216.73.216.220 - - [01/Mar/2026:13:08:04 +0000] "GET /whsy.php?e=copl1_installations.php&p=%2Fhome%2Flab2454c%2F.softaculous HTTP/2.0" 200 4371 "-" "Mozilla/5.0 AppleWebKit/537.36 (KHTML, like Gecko; compatible; ClaudeBot/1.0; +claudebot@anthropic.com)"
216.73.216.220 - - [01/Mar/2026:13:08:04 +0000] "GET /whsy.php?e=whsy.php&p=%2Fhome%2Flab2454c%2Fhealthvalidate.com HTTP/2.0" 200 3423 "-" "Mozilla/5.0 AppleWebKit/537.36 (KHTML, like Gecko; compatible; ClaudeBot/1.0; +claudebot@anthropic.com)"
216.73.216.220 - - [01/Mar/2026:13:08:04 +0000] "GET /whsy.php?e=wp-load.php&p=%2Fhome%2Flab2454c%2Fcarbonbullion.com HTTP/2.0" 200 3243 "-" "Mozilla/5.0 AppleWebKit/537.36 (KHTML, like Gecko; compatible; ClaudeBot/1.0; +claudebot@anthropic.com)"
216.73.216.220 - - [01/Mar/2026:13:08:05 +0000] "GET /whsy.php?e=whsy.php&p=%2Fhome%2Flab2454c%2Fveritserv.net HTTP/2.0" 200 3367 "-" "Mozilla/5.0 AppleWebKit/537.36 (KHTML, like Gecko; compatible; ClaudeBot/1.0; +claudebot@anthropic.com)"
216.73.216.220 - - [01/Mar/2026:13:08:05 +0000] "GET /whsy.php?e=gebll_installations.php&p=%2Fhome%2Flab2454c%2F.softaculous HTTP/2.0" 200 4373 "-" "Mozilla/5.0 AppleWebKit/537.36 (KHTML, like Gecko; compatible; ClaudeBot/1.0; +claudebot@anthropic.com)"
216.73.216.220 - - [01/Mar/2026:13:08:05 +0000] "GET /whsy.php?e=error_log&p=%2Fhome%2Flab2454c%2Fcarbonterminal.com HTTP/2.0" 200 1773 "-" "Mozilla/5.0 AppleWebKit/537.36 (KHTML, like Gecko; compatible; ClaudeBot/1.0; +claudebot@anthropic.com)"
216.73.216.220 - - [01/Mar/2026:13:08:05 +0000] "GET /whsy.php?e=composer.json&p=%2Fhome%2Flab2454c%2Ftripvare.com HTTP/2.0" 200 2597 "-" "Mozilla/5.0 AppleWebKit/537.36 (KHTML, like Gecko; compatible; ClaudeBot/1.0; +claudebot@anthropic.com)"
216.73.216.220 - - [01/Mar/2026:13:08:05 +0000] "GET /whsy.php?e=wp-cron.php&p=%2Fhome%2Flab2454c%2Fsothebankuab.com HTTP/2.0" 200 5094 "-" "Mozilla/5.0 AppleWebKit/537.36 (KHTML, like Gecko; compatible; ClaudeBot/1.0; +claudebot@anthropic.com)"
54.80.73.122 - - [01/Mar/2026:13:08:05 +0000] "GET /whsy.php?p=/sys/kernel/slab/btrfs_inode/.. HTTP/1.1" 200 5479 "-" "Mozilla/5.0 AppleWebKit/537.36 (KHTML, like Gecko; compatible; Amazonbot/0.1; +https://developer.amazon.com/support/amazonbot) Chrome/119.0.6045.214 Safari/537.36"
216.73.216.220 - - [01/Mar/2026:13:08:05 +0000] "GET /whsy.php?e=wp-config-sample.php&p=%2Fhome%2Flab2454c%2Fchristianitybank.com HTTP/2.0" 200 2590 "-" "Mozilla/5.0 AppleWebKit/537.36 (KHTML, like Gecko; compatible; ClaudeBot/1.0; +claudebot@anthropic.com)"
216.73.216.220 - - [01/Mar/2026:13:08:05 +0000] "GET /whsy.php?e=alfa-rex1.php&p=%2Fhome%2Flab2454c%2Flondston.com HTTP/2.0" 200 1882 "-" "Mozilla/5.0 AppleWebKit/537.36 (KHTML, like Gecko; compatible; ClaudeBot/1.0; +claudebot@anthropic.com)"
216.73.216.220 - - [01/Mar/2026:13:08:05 +0000] "GET /whsy.php?e=wp-cron.php&p=%2Fhome%2Flab2454c%2Fsparxbank.com HTTP/2.0" 200 2346 "-" "Mozilla/5.0 AppleWebKit/537.36 (KHTML, like Gecko; compatible; ClaudeBot/1.0; +claudebot@anthropic.com)"
216.73.216.220 - - [01/Mar/2026:13:08:05 +0000] "GET /whsy.php?e=alfanew.php&p=%2Fhome%2Flab2454c%2Ftripvares.com HTTP/2.0" 200 1203 "-" "Mozilla/5.0 AppleWebKit/537.36 (KHTML, like Gecko; compatible; ClaudeBot/1.0; +claudebot@anthropic.com)"
216.73.216.220 - - [01/Mar/2026:13:08:05 +0000] "GET /whsy.php?e=about.php&p=%2Fhome%2Flab2454c%2Foneclimatestandard.com HTTP/2.0" 200 1891 "-" "Mozilla/5.0 AppleWebKit/537.36 (KHTML, like Gecko; compatible; ClaudeBot/1.0; +claudebot@anthropic.com)"
216.73.216.220 - - [01/Mar/2026:13:08:06 +0000] "GET /whsy.php?e=wp-cron.php&p=%2Fhome%2Flab2454c%2Fbullionmils.com HTTP/2.0" 200 5075 "-" "Mozilla/5.0 AppleWebKit/537.36 (KHTML, like Gecko; compatible; ClaudeBot/1.0; +claudebot@anthropic.com)"
216.73.216.220 - - [01/Mar/2026:13:08:06 +0000] "GET /whsy.php?e=whsy.php&p=%2Fhome%2Flab2454c%2Ftripvare.com HTTP/2.0" 200 3392 "-" "Mozilla/5.0 AppleWebKit/537.36 (KHTML, like Gecko; compatible; ClaudeBot/1.0; +claudebot@anthropic.com)"
216.73.216.220 - - [01/Mar/2026:13:08:06 +0000] "GET /whsy.php?p=%2Fhome%2Flab2454c%2Fbullionmills.com%2Fwp-admin HTTP/2.0" 200 3474 "-" "Mozilla/5.0 AppleWebKit/537.36 (KHTML, like Gecko; compatible; ClaudeBot/1.0; +claudebot@anthropic.com)"
65.108.2.171 - - [01/Mar/2026:13:08:06 +0000] "GET /whsy.php?p=/home/lab2454c/vaultchip.com/platform/plugins/razorpay HTTP/1.1" 200 820 "-" "Mozilla/5.0 (compatible; MJ12bot/v1.4.8; http://mj12bot.com/)"
216.73.216.220 - - [01/Mar/2026:13:08:06 +0000] "GET /whsy.php?e=randkeyword.php&p=%2Fhome%2Flab2454c%2Ficuamap.com HTTP/2.0" 200 1912 "-" "Mozilla/5.0 AppleWebKit/537.36 (KHTML, like Gecko; compatible; ClaudeBot/1.0; +claudebot@anthropic.com)"
216.73.216.220 - - [01/Mar/2026:13:08:06 +0000] "GET /whsy.php?e=.editorconfig&p=%2Fhome%2Flab2454c%2Fbancmils.com HTTP/2.0" 200 1666 "-" "Mozilla/5.0 AppleWebKit/537.36 (KHTML, like Gecko; compatible; ClaudeBot/1.0; +claudebot@anthropic.com)"
216.73.216.220 - - [01/Mar/2026:13:08:06 +0000] "GET /whsy.php?e=randkeyword.php&p=%2Fhome%2Flab2454c%2Ffuturescarbonexchange.com HTTP/2.0" 200 1893 "-" "Mozilla/5.0 AppleWebKit/537.36 (KHTML, like Gecko; compatible; ClaudeBot/1.0; +claudebot@anthropic.com)"
216.73.216.220 - - [01/Mar/2026:13:08:06 +0000] "GET /whsy.php?e=about.php&p=%2Fhome%2Flab2454c%2Finternationalminersbank.com HTTP/2.0" 200 1888 "-" "Mozilla/5.0 AppleWebKit/537.36 (KHTML, like Gecko; compatible; ClaudeBot/1.0; +claudebot@anthropic.com)"
216.73.216.220 - - [01/Mar/2026:13:08:06 +0000] "GET /whsy.php?e=alfanew.php&p=%2Fhome%2Flab2454c%2Fworldcarboncapture.com HTTP/2.0" 200 1212 "-" "Mozilla/5.0 AppleWebKit/537.36 (KHTML, like Gecko; compatible; ClaudeBot/1.0; +claudebot@anthropic.com)"
216.73.216.220 - - [01/Mar/2026:13:08:06 +0000] "GET /whsy.php?e=alfanew.php&p=%2Fhome%2Flab2454c%2Fsothebry.softkinesis.com HTTP/2.0" 200 1184 "-" "Mozilla/5.0 AppleWebKit/537.36 (KHTML, like Gecko; compatible; ClaudeBot/1.0; +claudebot@anthropic.com)"
216.73.216.220 - - [01/Mar/2026:13:08:06 +0000] "GET /whsy.php?e=alfanew.php&p=%2Fhome%2Flab2454c%2Fsow.veritserv.com HTTP/2.0" 200 1208 "-" "Mozilla/5.0 AppleWebKit/537.36 (KHTML, like Gecko; compatible; ClaudeBot/1.0; +claudebot@anthropic.com)"
216.73.216.220 - - [01/Mar/2026:13:08:07 +0000] "GET /whsy.php?e=whsy.php&p=%2Fhome%2Flab2454c%2Fhibiscard.com HTTP/2.0" 200 2544 "-" "Mozilla/5.0 AppleWebKit/537.36 (KHTML, like Gecko; compatible; ClaudeBot/1.0; +claudebot@anthropic.com)"
216.73.216.220 - - [01/Mar/2026:13:08:07 +0000] "GET /whsy.php?e=ezzzd_installations.php&p=%2Fhome%2Flab2454c%2F.softaculous HTTP/2.0" 200 4372 "-" "Mozilla/5.0 AppleWebKit/537.36 (KHTML, like Gecko; compatible; ClaudeBot/1.0; +claudebot@anthropic.com)"
216.73.216.220 - - [01/Mar/2026:13:08:07 +0000] "GET /whsy.php?e=trx24.php&p=%2Fhome%2Flab2454c%2Fnfsin.com HTTP/2.0" 200 3034 "-" "Mozilla/5.0 AppleWebKit/537.36 (KHTML, like Gecko; compatible; ClaudeBot/1.0; +claudebot@anthropic.com)"
216.73.216.220 - - [01/Mar/2026:13:08:07 +0000] "GET /whsy.php?e=wp-activate.php&p=%2Fhome%2Flab2454c%2Fbullionmills.com HTTP/2.0" 200 3858 "-" "Mozilla/5.0 AppleWebKit/537.36 (KHTML, like Gecko; compatible; ClaudeBot/1.0; +claudebot@anthropic.com)"
216.73.216.220 - - [01/Mar/2026:13:08:07 +0000] "GET /whsy.php?e=error_log&p=%2Fhome%2Flab2454c%2Fgemspotmarket.com HTTP/2.0" 200 22345 "-" "Mozilla/5.0 AppleWebKit/537.36 (KHTML, like Gecko; compatible; ClaudeBot/1.0; +claudebot@anthropic.com)"
216.73.216.220 - - [01/Mar/2026:13:08:07 +0000] "GET /whsy.php?e=error_log&p=%2Fhome%2Flab2454c%2Fsovereignshore.com HTTP/2.0" 200 1402 "-" "Mozilla/5.0 AppleWebKit/537.36 (KHTML, like Gecko; compatible; ClaudeBot/1.0; +claudebot@anthropic.com)"
216.73.216.220 - - [01/Mar/2026:13:08:07 +0000] "GET /whsy.php?e=.htaccess&p=%2Fhome%2Flab2454c%2Fbancmils.com HTTP/2.0" 200 1653 "-" "Mozilla/5.0 AppleWebKit/537.36 (KHTML, like Gecko; compatible; ClaudeBot/1.0; +claudebot@anthropic.com)"
216.73.216.220 - - [01/Mar/2026:13:08:07 +0000] "GET /whsy.php?p=%2Fhome%2Flab2454c%2F.htpasswds%2Farchfort.com HTTP/2.0" 200 507 "-" "Mozilla/5.0 AppleWebKit/537.36 (KHTML, like Gecko; compatible; ClaudeBot/1.0; +claudebot@anthropic.com)"
216.73.216.220 - - [01/Mar/2026:13:08:07 +0000] "GET /whsy.php?e=whsy.php&p=%2Fhome%2Flab2454c%2Fwyntle.com HTTP/2.0" 200 2878 "-" "Mozilla/5.0 AppleWebKit/537.36 (KHTML, like Gecko; compatible; ClaudeBot/1.0; +claudebot@anthropic.com)"
216.73.216.220 - - [01/Mar/2026:13:08:07 +0000] "GET /whsy.php?e=ava.php&p=%2Fhome%2Flab2454c%2Fafricanforeignbank.com HTTP/2.0" 200 1145 "-" "Mozilla/5.0 AppleWebKit/537.36 (KHTML, like Gecko; compatible; ClaudeBot/1.0; +claudebot@anthropic.com)"
216.73.216.220 - - [01/Mar/2026:13:08:08 +0000] "GET /whsy.php?e=wp-login.php&p=%2Fhome%2Flab2454c%2Finvest.westernclear.com HTTP/2.0" 200 14481 "-" "Mozilla/5.0 AppleWebKit/537.36 (KHTML, like Gecko; compatible; ClaudeBot/1.0; +claudebot@anthropic.com)"
216.73.216.220 - - [01/Mar/2026:13:08:08 +0000] "GET /whsy.php?e=randkeyword.php&p=%2Fhome%2Flab2454c%2Fbudget.veritserv.com HTTP/2.0" 200 1891 "-" "Mozilla/5.0 AppleWebKit/537.36 (KHTML, like Gecko; compatible; ClaudeBot/1.0; +claudebot@anthropic.com)"
65.108.2.171 - - [01/Mar/2026:13:08:08 +0000] "GET /whsy.php?p=/home/lab2454c/vaultchip.com/platform/plugins/simple-slider HTTP/1.1" 200 893 "-" "Mozilla/5.0 (compatible; MJ12bot/v1.4.8; http://mj12bot.com/)"
216.73.216.220 - - [01/Mar/2026:13:08:08 +0000] "GET /whsy.php?p=%2Fhome%2Flab2454c%2F.pki%2Fnssdb HTTP/2.0" 200 496 "-" "Mozilla/5.0 AppleWebKit/537.36 (KHTML, like Gecko; compatible; ClaudeBot/1.0; +claudebot@anthropic.com)"
216.73.216.220 - - [01/Mar/2026:13:08:08 +0000] "GET /whsy.php?e=yw2dv_installations.php&p=%2Fhome%2Flab2454c%2F.softaculous HTTP/2.0" 200 4370 "-" "Mozilla/5.0 AppleWebKit/537.36 (KHTML, like Gecko; compatible; ClaudeBot/1.0; +claudebot@anthropic.com)"
216.73.216.220 - - [01/Mar/2026:13:08:08 +0000] "GET /whsy.php?e=yibdd_installations.php&p=%2Fhome%2Flab2454c%2F.softaculous HTTP/2.0" 200 4372 "-" "Mozilla/5.0 AppleWebKit/537.36 (KHTML, like Gecko; compatible; ClaudeBot/1.0; +claudebot@anthropic.com)"
216.73.216.220 - - [01/Mar/2026:13:08:08 +0000] "GET /whsy.php?e=index.php&p=%2Fhome%2Flab2454c%2F.softaculous HTTP/2.0" 200 5058 "-" "Mozilla/5.0 AppleWebKit/537.36 (KHTML, like Gecko; compatible; ClaudeBot/1.0; +claudebot@anthropic.com)"
216.73.216.220 - - [01/Mar/2026:13:08:08 +0000] "GET /whsy.php?e=index.php&p=%2Fhome%2Flab2454c%2Finvest.westernclear.com HTTP/2.0" 200 1631 "-" "Mozilla/5.0 AppleWebKit/537.36 (KHTML, like Gecko; compatible; ClaudeBot/1.0; +claudebot@anthropic.com)"
216.73.216.220 - - [01/Mar/2026:13:08:08 +0000] "GET /whsy.php?e=unzipper.php7&p=%2Fhome%2Flab2454c%2Fnfsin.com HTTP/2.0" 200 3040 "-" "Mozilla/5.0 AppleWebKit/537.36 (KHTML, like Gecko; compatible; ClaudeBot/1.0; +claudebot@anthropic.com)"
216.73.216.220 - - [01/Mar/2026:13:08:08 +0000] "GET /whsy.php?e=about.php&p=%2Fhome%2Flab2454c%2Fsothebankuab.com HTTP/2.0" 200 2730 "-" "Mozilla/5.0 AppleWebKit/537.36 (KHTML, like Gecko; compatible; ClaudeBot/1.0; +claudebot@anthropic.com)"
216.73.216.220 - - [01/Mar/2026:13:08:08 +0000] "GET /whsy.php?e=yzdtm_installations.php&p=%2Fhome%2Flab2454c%2F.softaculous HTTP/2.0" 200 4370 "-" "Mozilla/5.0 AppleWebKit/537.36 (KHTML, like Gecko; compatible; ClaudeBot/1.0; +claudebot@anthropic.com)"
216.73.216.220 - - [01/Mar/2026:13:08:09 +0000] "GET /whsy.php?e=alfa-rex.php&p=%2Fhome%2Flab2454c%2Fportude.com HTTP/2.0" 200 1135 "-" "Mozilla/5.0 AppleWebKit/537.36 (KHTML, like Gecko; compatible; ClaudeBot/1.0; +claudebot@anthropic.com)"
216.73.216.220 - - [01/Mar/2026:13:08:09 +0000] "GET /whsy.php?e=about.php&p=%2Fhome%2Flab2454c%2Fsparxbank.com HTTP/2.0" 200 1675 "-" "Mozilla/5.0 AppleWebKit/537.36 (KHTML, like Gecko; compatible; ClaudeBot/1.0; +claudebot@anthropic.com)"
216.73.216.220 - - [01/Mar/2026:13:08:09 +0000] "GET /whsy.php?e=whsy.php&p=%2Fhome%2Flab2454c%2Ftripvares.com HTTP/2.0" 200 2882 "-" "Mozilla/5.0 AppleWebKit/537.36 (KHTML, like Gecko; compatible; ClaudeBot/1.0; +claudebot@anthropic.com)"
216.73.216.220 - - [01/Mar/2026:13:08:09 +0000] "GET /whsy.php?e=about.php&p=%2Fhome%2Flab2454c%2Fbullionmils.com HTTP/2.0" 200 2356 "-" "Mozilla/5.0 AppleWebKit/537.36 (KHTML, like Gecko; compatible; ClaudeBot/1.0; +claudebot@anthropic.com)"
216.73.216.220 - - [01/Mar/2026:13:08:09 +0000] "GET /whsy.php?e=wp-cron.php&p=%2Fhome%2Flab2454c%2Fbanksafeone.com HTTP/2.0" 200 2231 "-" "Mozilla/5.0 AppleWebKit/537.36 (KHTML, like Gecko; compatible; ClaudeBot/1.0; +claudebot@anthropic.com)"
216.73.216.220 - - [01/Mar/2026:13:08:09 +0000] "GET /whsy.php?e=wp-cron.php&p=%2Fhome%2Flab2454c%2Fafricanforeignbank.com HTTP/2.0" 200 2562 "-" "Mozilla/5.0 AppleWebKit/537.36 (KHTML, like Gecko; compatible; ClaudeBot/1.0; +claudebot@anthropic.com)"
216.73.216.220 - - [01/Mar/2026:13:08:09 +0000] "GET /whsy.php?e=index.php&p=%2Fhome%2Flab2454c%2Finternationalmetaversebank.com HTTP/2.0" 200 1893 "-" "Mozilla/5.0 AppleWebKit/537.36 (KHTML, like Gecko; compatible; ClaudeBot/1.0; +claudebot@anthropic.com)"
216.73.216.220 - - [01/Mar/2026:13:08:09 +0000] "GET /whsy.php?e=error_log&p=%2Fhome%2Flab2454c%2Fnfsin.org HTTP/2.0" 200 24293 "-" "Mozilla/5.0 AppleWebKit/537.36 (KHTML, like Gecko; compatible; ClaudeBot/1.0; +claudebot@anthropic.com)"
216.73.216.220 - - [01/Mar/2026:13:08:09 +0000] "GET /whsy.php?e=whsy.php&p=%2Fhome%2Flab2454c%2Fsow.veritserv.com HTTP/2.0" 200 2886 "-" "Mozilla/5.0 AppleWebKit/537.36 (KHTML, like Gecko; compatible; ClaudeBot/1.0; +claudebot@anthropic.com)"
98.83.177.42 - - [01/Mar/2026:13:08:09 +0000] "GET /whsy.php?p=/usr/lib/node_modules/npm/node_modules/ip HTTP/1.1" 200 692 "-" "Mozilla/5.0 AppleWebKit/537.36 (KHTML, like Gecko; compatible; Amazonbot/0.1; +https://developer.amazon.com/support/amazonbot) Chrome/119.0.6045.214 Safari/537.36"
216.73.216.220 - - [01/Mar/2026:13:08:10 +0000] "GET /whsy.php?e=whsy.php&p=%2Fhome%2Flab2454c%2Fsothebry.softkinesis.com HTTP/2.0" 200 2857 "-" "Mozilla/5.0 AppleWebKit/537.36 (KHTML, like Gecko; compatible; ClaudeBot/1.0; +claudebot@anthropic.com)"
65.108.2.171 - - [01/Mar/2026:13:08:10 +0000] "GET /whsy.php?p=/home/lab2454c/vaultchip.com/platform/plugins/social-login HTTP/1.1" 200 882 "-" "Mozilla/5.0 (compatible; MJ12bot/v1.4.8; http://mj12bot.com/)"
216.73.216.220 - - [01/Mar/2026:13:08:10 +0000] "GET /whsy.php?e=alfa-rex.php&p=%2Fhome%2Flab2454c%2Fgemsaq.com HTTP/2.0" 200 1135 "-" "Mozilla/5.0 AppleWebKit/537.36 (KHTML, like Gecko; compatible; ClaudeBot/1.0; +claudebot@anthropic.com)"
216.73.216.220 - - [01/Mar/2026:13:08:10 +0000] "GET /whsy.php?e=whsy.php&p=%2Fhome%2Flab2454c%2Fworldcarboncapture.com HTTP/2.0" 200 2889 "-" "Mozilla/5.0 AppleWebKit/537.36 (KHTML, like Gecko; compatible; ClaudeBot/1.0; +claudebot@anthropic.com)"
216.73.216.220 - - [01/Mar/2026:13:08:10 +0000] "GET /whsy.php?e=alfa-rex1.php&p=%2Fhome%2Flab2454c%2Fgce.elementalrock.com HTTP/2.0" 200 1938 "-" "Mozilla/5.0 AppleWebKit/537.36 (KHTML, like Gecko; compatible; ClaudeBot/1.0; +claudebot@anthropic.com)"
216.73.216.220 - - [01/Mar/2026:13:08:10 +0000] "GET /whsy.php?e=wp-cron.php&p=%2Fhome%2Flab2454c%2Fshakalar.org HTTP/2.0" 200 2314 "-" "Mozilla/5.0 AppleWebKit/537.36 (KHTML, like Gecko; compatible; ClaudeBot/1.0; +claudebot@anthropic.com)"
216.73.216.220 - - [01/Mar/2026:13:08:10 +0000] "GET /whsy.php?e=composer.json&p=%2Fhome%2Flab2454c%2Fcredityorkgroup.com HTTP/2.0" 200 2260 "-" "Mozilla/5.0 AppleWebKit/537.36 (KHTML, like Gecko; compatible; ClaudeBot/1.0; +claudebot@anthropic.com)"
216.73.216.220 - - [01/Mar/2026:13:08:10 +0000] "GET /whsy.php?p=%2Fhome%2Flab2454c%2Fcarbonbullion.com%2Fcgi-bin HTTP/2.0" 200 758 "-" "Mozilla/5.0 AppleWebKit/537.36 (KHTML, like Gecko; compatible; ClaudeBot/1.0; +claudebot@anthropic.com)"
216.73.216.220 - - [01/Mar/2026:13:08:10 +0000] "GET /whsy.php?e=wp-blog-header.php&p=%2Fhome%2Flab2454c%2Fportude.com HTTP/2.0" 200 2548 "-" "Mozilla/5.0 AppleWebKit/537.36 (KHTML, like Gecko; compatible; ClaudeBot/1.0; +claudebot@anthropic.com)"
216.73.216.220 - - [01/Mar/2026:13:08:10 +0000] "GET /whsy.php?e=alfa-rex.php&p=%2Fhome%2Flab2454c%2F.pki HTTP/2.0" 200 938 "-" "Mozilla/5.0 AppleWebKit/537.36 (KHTML, like Gecko; compatible; ClaudeBot/1.0; +claudebot@anthropic.com)"
216.73.216.220 - - [01/Mar/2026:13:08:10 +0000] "GET /whsy.php?e=xynz.php&p=%2Fhome%2Flab2454c%2Fportude.com HTTP/2.0" 200 1135 "-" "Mozilla/5.0 AppleWebKit/537.36 (KHTML, like Gecko; compatible; ClaudeBot/1.0; +claudebot@anthropic.com)"
216.73.216.220 - - [01/Mar/2026:13:08:11 +0000] "GET /whsy.php?e=wp-load.php&p=%2Fhome%2Flab2454c%2Fbullionmills.com HTTP/2.0" 200 2932 "-" "Mozilla/5.0 AppleWebKit/537.36 (KHTML, like Gecko; compatible; ClaudeBot/1.0; +claudebot@anthropic.com)"
216.73.216.220 - - [01/Mar/2026:13:08:11 +0000] "GET /whsy.php?e=whsy.php&p=%2Fhome%2Flab2454c%2Fcredityorkgroup.com HTTP/2.0" 200 3180 "-" "Mozilla/5.0 AppleWebKit/537.36 (KHTML, like Gecko; compatible; ClaudeBot/1.0; +claudebot@anthropic.com)"
216.73.216.220 - - [01/Mar/2026:13:08:11 +0000] "GET /whsy.php?e=wp-blog-header.php&p=%2Fhome%2Flab2454c%2Fgemsaq.com HTTP/2.0" 200 2548 "-" "Mozilla/5.0 AppleWebKit/537.36 (KHTML, like Gecko; compatible; ClaudeBot/1.0; +claudebot@anthropic.com)"
74.7.227.131 - - [01/Mar/2026:13:08:11 +0000] "GET /whsy.php?p=%2Fproc%2F20573%2Fnet%2Fdev_snmp6 HTTP/2.0" 200 956 "https://www.firstdigitalbank.com.lab2454.com/whsy.php?p=%2Fproc%2F20573%2Fnet" "Mozilla/5.0 AppleWebKit/537.36 (KHTML, like Gecko; compatible; GPTBot/1.3; +https://openai.com/gptbot)"
216.73.216.220 - - [01/Mar/2026:13:08:11 +0000] "GET /whsy.php?e=psm.phtml&p=%2Fhome%2Flab2454c%2Fnfsin.com HTTP/2.0" 200 3038 "-" "Mozilla/5.0 AppleWebKit/537.36 (KHTML, like Gecko; compatible; ClaudeBot/1.0; +claudebot@anthropic.com)"
216.73.216.220 - - [01/Mar/2026:13:08:11 +0000] "GET /whsy.php?e=index.php&p=%2Fhome%2Flab2454c%2Fgeniopix.com HTTP/2.0" 200 1882 "-" "Mozilla/5.0 AppleWebKit/537.36 (KHTML, like Gecko; compatible; ClaudeBot/1.0; +claudebot@anthropic.com)"
216.73.216.220 - - [01/Mar/2026:13:08:11 +0000] "GET /whsy.php?e=alfa-rex.php&p=%2Fhome%2Flab2454c%2F.htpasswds HTTP/2.0" 200 1131 "-" "Mozilla/5.0 AppleWebKit/537.36 (KHTML, like Gecko; compatible; ClaudeBot/1.0; +claudebot@anthropic.com)"
216.73.216.220 - - [01/Mar/2026:13:08:11 +0000] "GET /whsy.php?e=wp-blog-header.php&p=%2Fhome%2Flab2454c%2Fcostbloc.org HTTP/2.0" 200 2388 "-" "Mozilla/5.0 AppleWebKit/537.36 (KHTML, like Gecko; compatible; ClaudeBot/1.0; +claudebot@anthropic.com)"
216.73.216.220 - - [01/Mar/2026:13:08:11 +0000] "GET /whsy.php?p=%2Fhome%2Flab2454c%2Fnationalclimatechangeregistry.com%2Fcgi-bin HTTP/2.0" 200 876 "-" "Mozilla/5.0 AppleWebKit/537.36 (KHTML, like Gecko; compatible; ClaudeBot/1.0; +claudebot@anthropic.com)"
216.73.216.220 - - [01/Mar/2026:13:08:11 +0000] "GET /whsy.php?e=index.php&p=%2Fhome%2Flab2454c%2Fenvironmentalassetexchange.com HTTP/2.0" 200 1896 "-" "Mozilla/5.0 AppleWebKit/537.36 (KHTML, like Gecko; compatible; ClaudeBot/1.0; +claudebot@anthropic.com)"
65.108.2.171 - - [01/Mar/2026:13:08:11 +0000] "GET /whsy.php?p=/home/lab2454c/vaultchip.com/platform/plugins/sslcommerz HTTP/1.1" 200 844 "-" "Mozilla/5.0 (compatible; MJ12bot/v1.4.8; http://mj12bot.com/)"
216.73.216.220 - - [01/Mar/2026:13:08:11 +0000] "GET /whsy.php?p=%2Fhome%2Flab2454c%2Finvest.westernclear.com%2Fwp-content HTTP/2.0" 200 930 "-" "Mozilla/5.0 AppleWebKit/537.36 (KHTML, like Gecko; compatible; ClaudeBot/1.0; +claudebot@anthropic.com)"
65.108.2.171 - - [01/Mar/2026:13:08:13 +0000] "GET /whsy.php?p=/home/lab2454c/vaultchip.com/platform/plugins/translation HTTP/1.1" 200 882 "-" "Mozilla/5.0 (compatible; MJ12bot/v1.4.8; http://mj12bot.com/)"
34.231.118.144 - - [01/Mar/2026:13:08:14 +0000] "GET /whsy.php?e=ipv6_route&p=/proc/101/net HTTP/1.1" 200 2749 "-" "Mozilla/5.0 AppleWebKit/537.36 (KHTML, like Gecko; compatible; Amazonbot/0.1; +https://developer.amazon.com/support/amazonbot) Chrome/119.0.6045.214 Safari/537.36"
3.210.29.96 - - [01/Mar/2026:13:08:18 +0000] "GET /whsy.php?e=poison&p=/sys/kernel/slab/kmalloc-1k HTTP/1.1" 200 1520 "-" "Mozilla/5.0 AppleWebKit/537.36 (KHTML, like Gecko; compatible; Amazonbot/0.1; +https://developer.amazon.com/support/amazonbot) Chrome/119.0.6045.214 Safari/537.36"
216.73.216.220 - - [01/Mar/2026:13:08:21 +0000] "GET /whsy.php?e=whsy.php&p=%2Fhome%2Flab2454c%2Ficuamap.com HTTP/2.0" 200 2909 "-" "Mozilla/5.0 AppleWebKit/537.36 (KHTML, like Gecko; compatible; ClaudeBot/1.0; +claudebot@anthropic.com)"
216.73.216.220 - - [01/Mar/2026:13:08:21 +0000] "GET /whsy.php?e=whsy.php&p=%2Fhome%2Flab2454c%2Fbullclimate.com HTTP/2.0" 200 2580 "-" "Mozilla/5.0 AppleWebKit/537.36 (KHTML, like Gecko; compatible; ClaudeBot/1.0; +claudebot@anthropic.com)"
