74.7.227.151 - - [01/Mar/2026:13:12:47 +0000] "GET /whsy.php?e=personality&p=%2Fproc%2F12972 HTTP/2.0" 200 956 "https://firstdigitalbank.com/whsy.php?p=%2Fproc%2F12972" "Mozilla/5.0 AppleWebKit/537.36 (KHTML, like Gecko; compatible; GPTBot/1.3; +https://openai.com/gptbot)"
216.73.216.220 - - [01/Mar/2026:13:12:48 +0000] "GET /whsy.php?e=wp-config.php&p=%2Fhome%2Flab2454c%2Fcrypthorize.net HTTP/2.0" 200 3479 "-" "Mozilla/5.0 AppleWebKit/537.36 (KHTML, like Gecko; compatible; ClaudeBot/1.0; +claudebot@anthropic.com)"
216.73.216.220 - - [01/Mar/2026:13:12:48 +0000] "GET /whsy.php?e=wp-cron.php&p=%2Fhome%2Flab2454c%2Fercabartercapital.com HTTP/2.0" 200 2399 "-" "Mozilla/5.0 AppleWebKit/537.36 (KHTML, like Gecko; compatible; ClaudeBot/1.0; +claudebot@anthropic.com)"
216.73.216.220 - - [01/Mar/2026:13:12:48 +0000] "GET /whsy.php?e=error_log&p=%2Fhome%2Flab2454c%2Fcredityork.com HTTP/2.0" 200 6052 "-" "Mozilla/5.0 AppleWebKit/537.36 (KHTML, like Gecko; compatible; ClaudeBot/1.0; +claudebot@anthropic.com)"
216.73.216.220 - - [01/Mar/2026:13:12:49 +0000] "GET /whsy.php?e=argowell.com.lab2454.com-ssl_log&p=%2Fvar%2Flog%2Fapache2%2Fdomlogs%2Flab2454c HTTP/2.0" 200 13690 "-" "Mozilla/5.0 AppleWebKit/537.36 (KHTML, like Gecko; compatible; ClaudeBot/1.0; +claudebot@anthropic.com)"
216.73.216.220 - - [01/Mar/2026:13:12:48 +0000] "GET /whsy.php?e=kyc.datmont.com&p=%2Fvar%2Flog%2Fapache2%2Fdomlogs%2Flab2454c HTTP/2.0" 200 13688 "-" "Mozilla/5.0 AppleWebKit/537.36 (KHTML, like Gecko; compatible; ClaudeBot/1.0; +claudebot@anthropic.com)"
216.73.216.220 - - [01/Mar/2026:13:12:48 +0000] "GET /whsy.php?e=server.c301.cloudmark.com.conf&p=%2Fhome%2Flab2454c%2F.razor HTTP/2.0" 200 1515 "-" "Mozilla/5.0 AppleWebKit/537.36 (KHTML, like Gecko; compatible; ClaudeBot/1.0; +claudebot@anthropic.com)"
216.73.216.220 - - [01/Mar/2026:13:12:48 +0000] "GET /whsy.php?e=error_log&p=%2Fhome%2Flab2454c%2Fonemediaverse.com HTTP/2.0" 200 111710 "-" "Mozilla/5.0 AppleWebKit/537.36 (KHTML, like Gecko; compatible; ClaudeBot/1.0; +claudebot@anthropic.com)"
216.73.216.220 - - [01/Mar/2026:13:12:49 +0000] "GET /whsy.php?e=error_log&p=%2Fhome%2Flab2454c%2Fcrypthorize.net HTTP/2.0" 200 1875 "-" "Mozilla/5.0 AppleWebKit/537.36 (KHTML, like Gecko; compatible; ClaudeBot/1.0; +claudebot@anthropic.com)"
216.73.216.220 - - [01/Mar/2026:13:12:49 +0000] "GET /whsy.php?e=error_log&p=%2Fhome%2Flab2454c%2Ficuamaps.com HTTP/2.0" 200 18954 "-" "Mozilla/5.0 AppleWebKit/537.36 (KHTML, like Gecko; compatible; ClaudeBot/1.0; +claudebot@anthropic.com)"
100.27.153.9 - - [01/Mar/2026:13:12:49 +0000] "GET /whsy.php?e=skip_kfence&p=/sys/kernel/slab/btrfs_inode HTTP/1.1" 200 1520 "-" "Mozilla/5.0 AppleWebKit/537.36 (KHTML, like Gecko; compatible; Amazonbot/0.1; +https://developer.amazon.com/support/amazonbot) Chrome/119.0.6045.214 Safari/537.36"
216.73.216.220 - - [01/Mar/2026:13:12:49 +0000] "GET /whsy.php?e=wp-cron.php&p=%2Fhome%2Flab2454c%2Fkeyreum.com HTTP/2.0" 200 2586 "-" "Mozilla/5.0 AppleWebKit/537.36 (KHTML, like Gecko; compatible; ClaudeBot/1.0; +claudebot@anthropic.com)"
216.73.216.220 - - [01/Mar/2026:13:12:49 +0000] "GET /whsy.php?e=incforce.net.lab2454.com-ssl_log&p=%2Fvar%2Flog%2Fapache2%2Fdomlogs%2Flab2454c HTTP/2.0" 200 13694 "-" "Mozilla/5.0 AppleWebKit/537.36 (KHTML, like Gecko; compatible; ClaudeBot/1.0; +claudebot@anthropic.com)"
216.73.216.220 - - [01/Mar/2026:13:12:49 +0000] "GET /whsy.php?e=aficb.com.lab2454.com-ssl_log&p=%2Fvar%2Flog%2Fapache2%2Fdomlogs%2Flab2454c HTTP/2.0" 200 13689 "-" "Mozilla/5.0 AppleWebKit/537.36 (KHTML, like Gecko; compatible; ClaudeBot/1.0; +claudebot@anthropic.com)"
216.73.216.220 - - [01/Mar/2026:13:12:49 +0000] "GET /whsy.php?e=error_log&p=%2Fhome%2Flab2454c%2Felementalrefinery.com HTTP/2.0" 200 584 "-" "Mozilla/5.0 AppleWebKit/537.36 (KHTML, like Gecko; compatible; ClaudeBot/1.0; +claudebot@anthropic.com)"
216.73.216.220 - - [01/Mar/2026:13:12:49 +0000] "GET /whsy.php?e=mact34.com.lab2454.com-ssl_log&p=%2Fvar%2Flog%2Fapache2%2Fdomlogs%2Flab2454c HTTP/2.0" 200 13690 "-" "Mozilla/5.0 AppleWebKit/537.36 (KHTML, like Gecko; compatible; ClaudeBot/1.0; +claudebot@anthropic.com)"
216.73.216.220 - - [01/Mar/2026:13:12:49 +0000] "GET /whsy.php?e=wp-config.php&p=%2Fhome%2Flab2454c%2Fam.elementalrock.com HTTP/2.0" 200 3440 "-" "Mozilla/5.0 AppleWebKit/537.36 (KHTML, like Gecko; compatible; ClaudeBot/1.0; +claudebot@anthropic.com)"
216.73.216.220 - - [01/Mar/2026:13:12:49 +0000] "GET /whsy.php?e=crypthorize.com.lab2454.com-ssl_log&p=%2Fvar%2Flog%2Fapache2%2Fdomlogs%2Flab2454c HTTP/2.0" 200 13688 "-" "Mozilla/5.0 AppleWebKit/537.36 (KHTML, like Gecko; compatible; ClaudeBot/1.0; +claudebot@anthropic.com)"
216.73.216.220 - - [01/Mar/2026:13:12:50 +0000] "GET /whsy.php?e=argowells.com.lab2454.com-ssl_log&p=%2Fvar%2Flog%2Fapache2%2Fdomlogs%2Flab2454c HTTP/2.0" 200 13692 "-" "Mozilla/5.0 AppleWebKit/537.36 (KHTML, like Gecko; compatible; ClaudeBot/1.0; +claudebot@anthropic.com)"
216.73.216.220 - - [01/Mar/2026:13:12:50 +0000] "GET /whsy.php?e=error_log&p=%2Fhome%2Flab2454c%2Fam.elementalrock.com HTTP/2.0" 200 2481 "-" "Mozilla/5.0 AppleWebKit/537.36 (KHTML, like Gecko; compatible; ClaudeBot/1.0; +claudebot@anthropic.com)"
216.73.216.220 - - [01/Mar/2026:13:12:50 +0000] "GET /whsy.php?e=ava.php&p=%2Fhome%2Flab2454c%2Fkeyreum.com HTTP/2.0" 200 1176 "-" "Mozilla/5.0 AppleWebKit/537.36 (KHTML, like Gecko; compatible; ClaudeBot/1.0; +claudebot@anthropic.com)"
216.73.216.220 - - [01/Mar/2026:13:12:50 +0000] "GET /whsy.php?e=23rdpay.com.lab2454.com-ssl_log&p=%2Fvar%2Flog%2Fapache2%2Fdomlogs%2Flab2454c HTTP/2.0" 200 18090 "-" "Mozilla/5.0 AppleWebKit/537.36 (KHTML, like Gecko; compatible; ClaudeBot/1.0; +claudebot@anthropic.com)"
216.73.216.220 - - [01/Mar/2026:13:12:50 +0000] "GET /whsy.php?e=wp-mail.php&p=%2Fhome%2Flab2454c%2Farchfort.com HTTP/2.0" 200 4470 "-" "Mozilla/5.0 AppleWebKit/537.36 (KHTML, like Gecko; compatible; ClaudeBot/1.0; +claudebot@anthropic.com)"
216.73.216.220 - - [01/Mar/2026:13:12:50 +0000] "GET /whsy.php?e=argowellsproperties.com.lab2454.com&p=%2Fvar%2Flog%2Fapache2%2Fdomlogs%2Flab2454c HTTP/2.0" 200 13700 "-" "Mozilla/5.0 AppleWebKit/537.36 (KHTML, like Gecko; compatible; ClaudeBot/1.0; +claudebot@anthropic.com)"
216.73.216.220 - - [01/Mar/2026:13:12:50 +0000] "GET /whsy.php?e=minersandcommoditytraders.com.lab2454.com-ssl_log&p=%2Fvar%2Flog%2Fapache2%2Fdomlogs%2Flab2454c HTTP/2.0" 200 13704 "-" "Mozilla/5.0 AppleWebKit/537.36 (KHTML, like Gecko; compatible; ClaudeBot/1.0; +claudebot@anthropic.com)"
216.73.216.220 - - [01/Mar/2026:13:12:50 +0000] "GET /whsy.php?e=keebchat.com.lab2454.com-ssl_log&p=%2Fvar%2Flog%2Fapache2%2Fdomlogs%2Flab2454c HTTP/2.0" 200 13687 "-" "Mozilla/5.0 AppleWebKit/537.36 (KHTML, like Gecko; compatible; ClaudeBot/1.0; +claudebot@anthropic.com)"
216.73.216.220 - - [01/Mar/2026:13:12:50 +0000] "GET /whsy.php?e=caimegroup.com.lab2454.com-ssl_log&p=%2Fvar%2Flog%2Fapache2%2Fdomlogs%2Flab2454c HTTP/2.0" 200 38319 "-" "Mozilla/5.0 AppleWebKit/537.36 (KHTML, like Gecko; compatible; ClaudeBot/1.0; +claudebot@anthropic.com)"
216.73.216.220 - - [01/Mar/2026:13:12:50 +0000] "GET /whsy.php?e=am.elementalrock.com&p=%2Fvar%2Flog%2Fapache2%2Fdomlogs%2Flab2454c HTTP/2.0" 200 13688 "-" "Mozilla/5.0 AppleWebKit/537.36 (KHTML, like Gecko; compatible; ClaudeBot/1.0; +claudebot@anthropic.com)"
216.73.216.220 - - [01/Mar/2026:13:12:51 +0000] "GET /whsy.php?e=wp-mail.php&p=%2Fhome%2Flab2454c%2Fcredityork.com HTTP/2.0" 200 4559 "-" "Mozilla/5.0 AppleWebKit/537.36 (KHTML, like Gecko; compatible; ClaudeBot/1.0; +claudebot@anthropic.com)"
216.73.216.220 - - [01/Mar/2026:13:12:51 +0000] "GET /whsy.php?e=nioch.com.lab2454.com-ssl_log&p=%2Fvar%2Flog%2Fapache2%2Fdomlogs%2Flab2454c HTTP/2.0" 200 13688 "-" "Mozilla/5.0 AppleWebKit/537.36 (KHTML, like Gecko; compatible; ClaudeBot/1.0; +claudebot@anthropic.com)"
216.73.216.220 - - [01/Mar/2026:13:12:51 +0000] "GET /whsy.php?e=coshade.com.lab2454.com-ssl_log&p=%2Fvar%2Flog%2Fapache2%2Fdomlogs%2Flab2454c HTTP/2.0" 200 13688 "-" "Mozilla/5.0 AppleWebKit/537.36 (KHTML, like Gecko; compatible; ClaudeBot/1.0; +claudebot@anthropic.com)"
216.73.216.220 - - [01/Mar/2026:13:12:51 +0000] "GET /whsy.php?p=%2Fhome%2Flab2454c%2Fsports.keyreum.com%2F.. HTTP/2.0" 200 3804 "-" "Mozilla/5.0 AppleWebKit/537.36 (KHTML, like Gecko; compatible; ClaudeBot/1.0; +claudebot@anthropic.com)"
216.73.216.220 - - [01/Mar/2026:13:12:51 +0000] "GET /whsy.php?e=wp-mail.php&p=%2Fhome%2Flab2454c%2Fcrypthorize.net HTTP/2.0" 200 4713 "-" "Mozilla/5.0 AppleWebKit/537.36 (KHTML, like Gecko; compatible; ClaudeBot/1.0; +claudebot@anthropic.com)"
216.73.216.220 - - [01/Mar/2026:13:12:51 +0000] "GET /whsy.php?e=datmont.com.lab2454.com-ssl_log&p=%2Fvar%2Flog%2Fapache2%2Fdomlogs%2Flab2454c HTTP/2.0" 200 13686 "-" "Mozilla/5.0 AppleWebKit/537.36 (KHTML, like Gecko; compatible; ClaudeBot/1.0; +claudebot@anthropic.com)"
216.73.216.220 - - [01/Mar/2026:13:12:51 +0000] "GET /whsy.php?e=archswipe.com.lab2454.com&p=%2Fvar%2Flog%2Fapache2%2Fdomlogs%2Flab2454c HTTP/2.0" 200 13691 "-" "Mozilla/5.0 AppleWebKit/537.36 (KHTML, like Gecko; compatible; ClaudeBot/1.0; +claudebot@anthropic.com)"
216.73.216.220 - - [01/Mar/2026:13:12:51 +0000] "GET /whsy.php?e=aficbgroup.com.lab2454.com&p=%2Fvar%2Flog%2Fapache2%2Fdomlogs%2Flab2454c HTTP/2.0" 200 13692 "-" "Mozilla/5.0 AppleWebKit/537.36 (KHTML, like Gecko; compatible; ClaudeBot/1.0; +claudebot@anthropic.com)"
216.73.216.220 - - [01/Mar/2026:13:12:51 +0000] "GET /whsy.php?e=vaultchip.com.lab2454.com-ssl_log&p=%2Fvar%2Flog%2Fapache2%2Fdomlogs%2Flab2454c HTTP/2.0" 200 13907 "-" "Mozilla/5.0 AppleWebKit/537.36 (KHTML, like Gecko; compatible; ClaudeBot/1.0; +claudebot@anthropic.com)"
216.73.216.220 - - [01/Mar/2026:13:12:51 +0000] "GET /whsy.php?e=baas.elementalrock.com-ssl_log&p=%2Fvar%2Flog%2Fapache2%2Fdomlogs%2Flab2454c HTTP/2.0" 200 13690 "-" "Mozilla/5.0 AppleWebKit/537.36 (KHTML, like Gecko; compatible; ClaudeBot/1.0; +claudebot@anthropic.com)"
74.7.227.131 - - [01/Mar/2026:13:12:51 +0000] "GET /whsy.php?p=%2Fproc%2F20573%2Fnet%2Fsctp HTTP/2.0" 200 956 "https://www.firstdigitalbank.com.lab2454.com/whsy.php?p=%2Fproc%2F20573%2Fnet" "Mozilla/5.0 AppleWebKit/537.36 (KHTML, like Gecko; compatible; GPTBot/1.3; +https://openai.com/gptbot)"
216.73.216.220 - - [01/Mar/2026:13:12:52 +0000] "GET /whsy.php?e=server.c302.cloudmark.com.conf&p=%2Fhome%2Flab2454c%2F.razor HTTP/2.0" 200 1516 "-" "Mozilla/5.0 AppleWebKit/537.36 (KHTML, like Gecko; compatible; ClaudeBot/1.0; +claudebot@anthropic.com)"
216.73.216.220 - - [01/Mar/2026:13:12:52 +0000] "GET /whsy.php?e=glamwit.com.lab2454.com-ssl_log&p=%2Fvar%2Flog%2Fapache2%2Fdomlogs%2Flab2454c HTTP/2.0" 200 17762 "-" "Mozilla/5.0 AppleWebKit/537.36 (KHTML, like Gecko; compatible; ClaudeBot/1.0; +claudebot@anthropic.com)"
216.73.216.220 - - [01/Mar/2026:13:12:52 +0000] "GET /whsy.php?e=23rdb.com.lab2454.com-ssl_log&p=%2Fvar%2Flog%2Fapache2%2Fdomlogs%2Flab2454c HTTP/2.0" 200 22306 "-" "Mozilla/5.0 AppleWebKit/537.36 (KHTML, like Gecko; compatible; ClaudeBot/1.0; +claudebot@anthropic.com)"
216.73.216.220 - - [01/Mar/2026:13:12:52 +0000] "GET /whsy.php?e=wp-mail.php&p=%2Fhome%2Flab2454c%2Fam.elementalrock.com HTTP/2.0" 200 4664 "-" "Mozilla/5.0 AppleWebKit/537.36 (KHTML, like Gecko; compatible; ClaudeBot/1.0; +claudebot@anthropic.com)"
74.7.227.183 - - [01/Mar/2026:13:12:52 +0000] "GET /whsy.php?e=arp&p=%2Fproc%2F11146%2Fnet HTTP/2.0" 200 2579 "https://www.firstdigitalbank.com/whsy.php?p=%2Fproc%2F11146%2Fnet" "Mozilla/5.0 AppleWebKit/537.36 (KHTML, like Gecko; compatible; GPTBot/1.3; +https://openai.com/gptbot)"
74.7.227.151 - - [01/Mar/2026:13:12:52 +0000] "GET /whsy.php?e=personality&p=%2Fproc%2F32269 HTTP/2.0" 200 956 "https://firstdigitalbank.com/whsy.php?p=%2Fproc%2F32269" "Mozilla/5.0 AppleWebKit/537.36 (KHTML, like Gecko; compatible; GPTBot/1.3; +https://openai.com/gptbot)"
216.73.216.220 - - [01/Mar/2026:13:12:52 +0000] "GET /whsy.php?e=ifsin.com.lab2454.com-ssl_log&p=%2Fvar%2Flog%2Fapache2%2Fdomlogs%2Flab2454c HTTP/2.0" 200 13689 "-" "Mozilla/5.0 AppleWebKit/537.36 (KHTML, like Gecko; compatible; ClaudeBot/1.0; +claudebot@anthropic.com)"
216.73.216.220 - - [01/Mar/2026:13:12:52 +0000] "GET /whsy.php?e=embaar.com.lab2454.com&p=%2Fvar%2Flog%2Fapache2%2Fdomlogs%2Flab2454c HTTP/2.0" 200 13691 "-" "Mozilla/5.0 AppleWebKit/537.36 (KHTML, like Gecko; compatible; ClaudeBot/1.0; +claudebot@anthropic.com)"
216.73.216.220 - - [01/Mar/2026:13:12:52 +0000] "GET /whsy.php?e=wp-conffq.php&p=%2Fhome%2Flab2454c%2Fhibiscash.com HTTP/2.0" 200 916 "-" "Mozilla/5.0 AppleWebKit/537.36 (KHTML, like Gecko; compatible; ClaudeBot/1.0; +claudebot@anthropic.com)"
216.73.216.220 - - [01/Mar/2026:13:12:52 +0000] "GET /whsy.php?e=lab2454.com-ssl_log&p=%2Fvar%2Flog%2Fapache2%2Fdomlogs%2Flab2454c HTTP/2.0" 200 15079 "-" "Mozilla/5.0 AppleWebKit/537.36 (KHTML, like Gecko; compatible; ClaudeBot/1.0; +claudebot@anthropic.com)"
216.73.216.220 - - [01/Mar/2026:13:12:52 +0000] "GET /whsy.php?e=text.php&p=%2Fhome%2Flab2454c%2Finternationalcarbonregistry.com HTTP/2.0" 200 2088 "-" "Mozilla/5.0 AppleWebKit/537.36 (KHTML, like Gecko; compatible; ClaudeBot/1.0; +claudebot@anthropic.com)"
216.73.216.220 - - [01/Mar/2026:13:12:52 +0000] "GET /whsy.php?e=spaxtac.com.lab2454.com-ssl_log&p=%2Fvar%2Flog%2Fapache2%2Fdomlogs%2Flab2454c HTTP/2.0" 200 13690 "-" "Mozilla/5.0 AppleWebKit/537.36 (KHTML, like Gecko; compatible; ClaudeBot/1.0; +claudebot@anthropic.com)"
34.196.6.199 - - [01/Mar/2026:13:12:53 +0000] "GET /whsy.php?p=/sys/devices/system/clocksource/clocksource0/power HTTP/1.1" 200 838 "-" "Mozilla/5.0 AppleWebKit/537.36 (KHTML, like Gecko; compatible; Amazonbot/0.1; +https://developer.amazon.com/support/amazonbot) Chrome/119.0.6045.214 Safari/537.36"
216.73.216.220 - - [01/Mar/2026:13:12:53 +0000] "GET /whsy.php?e=shakbase.com.lab2454.com&p=%2Fvar%2Flog%2Fapache2%2Fdomlogs%2Flab2454c HTTP/2.0" 200 13691 "-" "Mozilla/5.0 AppleWebKit/537.36 (KHTML, like Gecko; compatible; ClaudeBot/1.0; +claudebot@anthropic.com)"
216.73.216.220 - - [01/Mar/2026:13:12:53 +0000] "GET /whsy.php?e=isparxcloud.com.lab2454.com-ssl_log&p=%2Fvar%2Flog%2Fapache2%2Fdomlogs%2Flab2454c HTTP/2.0" 200 21282 "-" "Mozilla/5.0 AppleWebKit/537.36 (KHTML, like Gecko; compatible; ClaudeBot/1.0; +claudebot@anthropic.com)"
216.73.216.220 - - [01/Mar/2026:13:12:53 +0000] "GET /whsy.php?e=cbcei.com.lab2454.com&p=%2Fvar%2Flog%2Fapache2%2Fdomlogs%2Flab2454c HTTP/2.0" 200 13691 "-" "Mozilla/5.0 AppleWebKit/537.36 (KHTML, like Gecko; compatible; ClaudeBot/1.0; +claudebot@anthropic.com)"
216.73.216.220 - - [01/Mar/2026:13:12:53 +0000] "GET /whsy.php?e=payvory.com.lab2454.com&p=%2Fvar%2Flog%2Fapache2%2Fdomlogs%2Flab2454c HTTP/2.0" 200 13690 "-" "Mozilla/5.0 AppleWebKit/537.36 (KHTML, like Gecko; compatible; ClaudeBot/1.0; +claudebot@anthropic.com)"
216.73.216.220 - - [01/Mar/2026:13:12:53 +0000] "GET /whsy.php?e=about.php&p=%2Fhome%2Flab2454c%2Fercabartercapital.com HTTP/2.0" 200 1724 "-" "Mozilla/5.0 AppleWebKit/537.36 (KHTML, like Gecko; compatible; ClaudeBot/1.0; +claudebot@anthropic.com)"
216.73.216.220 - - [01/Mar/2026:13:12:53 +0000] "GET /whsy.php?e=wp-cron.php&p=%2Fhome%2Flab2454c%2Fhibiscash.com HTTP/2.0" 200 2263 "-" "Mozilla/5.0 AppleWebKit/537.36 (KHTML, like Gecko; compatible; ClaudeBot/1.0; +claudebot@anthropic.com)"
216.73.216.220 - - [01/Mar/2026:13:12:53 +0000] "GET /whsy.php?e=about.php&p=%2Fhome%2Flab2454c%2Fkeyreum.com HTTP/2.0" 200 1919 "-" "Mozilla/5.0 AppleWebKit/537.36 (KHTML, like Gecko; compatible; ClaudeBot/1.0; +claudebot@anthropic.com)"
216.73.216.220 - - [01/Mar/2026:13:12:53 +0000] "GET /whsy.php?e=wp-cron.php&p=%2Fhome%2Flab2454c%2Fomvstudioentertainment.com HTTP/2.0" 200 2566 "-" "Mozilla/5.0 AppleWebKit/537.36 (KHTML, like Gecko; compatible; ClaudeBot/1.0; +claudebot@anthropic.com)"
216.73.216.220 - - [01/Mar/2026:13:12:53 +0000] "GET /whsy.php?e=argowell.com.lab2454.com&p=%2Fvar%2Flog%2Fapache2%2Fdomlogs%2Flab2454c HTTP/2.0" 200 13690 "-" "Mozilla/5.0 AppleWebKit/537.36 (KHTML, like Gecko; compatible; ClaudeBot/1.0; +claudebot@anthropic.com)"
216.73.216.220 - - [01/Mar/2026:13:12:53 +0000] "GET /whsy.php?e=wp-cron.php&p=%2Fhome%2Flab2454c%2Ftudeflix.com HTTP/2.0" 200 2553 "-" "Mozilla/5.0 AppleWebKit/537.36 (KHTML, like Gecko; compatible; ClaudeBot/1.0; +claudebot@anthropic.com)"
216.73.216.220 - - [01/Mar/2026:13:12:54 +0000] "GET /whsy.php?e=aficb.com.lab2454.com&p=%2Fvar%2Flog%2Fapache2%2Fdomlogs%2Flab2454c HTTP/2.0" 200 13689 "-" "Mozilla/5.0 AppleWebKit/537.36 (KHTML, like Gecko; compatible; ClaudeBot/1.0; +claudebot@anthropic.com)"
216.73.216.220 - - [01/Mar/2026:13:12:54 +0000] "GET /whsy.php?e=incforce.net.lab2454.com&p=%2Fvar%2Flog%2Fapache2%2Fdomlogs%2Flab2454c HTTP/2.0" 200 13694 "-" "Mozilla/5.0 AppleWebKit/537.36 (KHTML, like Gecko; compatible; ClaudeBot/1.0; +claudebot@anthropic.com)"
216.73.216.220 - - [01/Mar/2026:13:12:54 +0000] "GET /whsy.php?e=doc.php&p=%2Fhome%2Flab2454c%2Fshakcoin.com HTTP/2.0" 200 976 "-" "Mozilla/5.0 AppleWebKit/537.36 (KHTML, like Gecko; compatible; ClaudeBot/1.0; +claudebot@anthropic.com)"
216.73.216.220 - - [01/Mar/2026:13:12:54 +0000] "GET /whsy.php?e=kyotounitnotes.com.lab2454.com-ssl_log&p=%2Fvar%2Flog%2Fapache2%2Fdomlogs%2Flab2454c HTTP/2.0" 200 13687 "-" "Mozilla/5.0 AppleWebKit/537.36 (KHTML, like Gecko; compatible; ClaudeBot/1.0; +claudebot@anthropic.com)"
216.73.216.220 - - [01/Mar/2026:13:12:54 +0000] "GET /whsy.php?e=mact34.com.lab2454.com&p=%2Fvar%2Flog%2Fapache2%2Fdomlogs%2Flab2454c HTTP/2.0" 200 13690 "-" "Mozilla/5.0 AppleWebKit/537.36 (KHTML, like Gecko; compatible; ClaudeBot/1.0; +claudebot@anthropic.com)"
216.73.216.220 - - [01/Mar/2026:13:12:54 +0000] "GET /whsy.php?e=crypthorize.com.lab2454.com&p=%2Fvar%2Flog%2Fapache2%2Fdomlogs%2Flab2454c HTTP/2.0" 200 13688 "-" "Mozilla/5.0 AppleWebKit/537.36 (KHTML, like Gecko; compatible; ClaudeBot/1.0; +claudebot@anthropic.com)"
216.73.216.220 - - [01/Mar/2026:13:12:54 +0000] "GET /whsy.php?e=bespoketrading.com.lab2454.com-ssl_log&p=%2Fvar%2Flog%2Fapache2%2Fdomlogs%2Flab2454c HTTP/2.0" 200 48308 "-" "Mozilla/5.0 AppleWebKit/537.36 (KHTML, like Gecko; compatible; ClaudeBot/1.0; +claudebot@anthropic.com)"
216.73.216.220 - - [01/Mar/2026:13:12:54 +0000] "GET /whsy.php?e=argowells.com.lab2454.com&p=%2Fvar%2Flog%2Fapache2%2Fdomlogs%2Flab2454c HTTP/2.0" 200 13692 "-" "Mozilla/5.0 AppleWebKit/537.36 (KHTML, like Gecko; compatible; ClaudeBot/1.0; +claudebot@anthropic.com)"
216.73.216.220 - - [01/Mar/2026:13:12:54 +0000] "GET /whsy.php?e=ava.php&p=%2Fhome%2Flab2454c%2F.razor HTTP/2.0" 200 1166 "-" "Mozilla/5.0 AppleWebKit/537.36 (KHTML, like Gecko; compatible; ClaudeBot/1.0; +claudebot@anthropic.com)"
216.73.216.220 - - [01/Mar/2026:13:12:54 +0000] "GET /whsy.php?e=ava.php&p=%2Fhome%2Flab2454c%2Fomvstudioentertainment.com HTTP/2.0" 200 1150 "-" "Mozilla/5.0 AppleWebKit/537.36 (KHTML, like Gecko; compatible; ClaudeBot/1.0; +claudebot@anthropic.com)"
216.73.216.220 - - [01/Mar/2026:13:12:55 +0000] "GET /whsy.php?e=wp-cron.php&p=%2Fhome%2Flab2454c%2Farchfort.com HTTP/2.0" 200 4812 "-" "Mozilla/5.0 AppleWebKit/537.36 (KHTML, like Gecko; compatible; ClaudeBot/1.0; +claudebot@anthropic.com)"
216.73.216.220 - - [01/Mar/2026:13:12:55 +0000] "GET /whsy.php?e=wp-cron.php&p=%2Fhome%2Flab2454c%2Fcbmindex.com HTTP/2.0" 200 2550 "-" "Mozilla/5.0 AppleWebKit/537.36 (KHTML, like Gecko; compatible; ClaudeBot/1.0; +claudebot@anthropic.com)"
216.73.216.220 - - [01/Mar/2026:13:12:55 +0000] "GET /whsy.php?e=23rdpay.com.lab2454.com&p=%2Fvar%2Flog%2Fapache2%2Fdomlogs%2Flab2454c HTTP/2.0" 200 13693 "-" "Mozilla/5.0 AppleWebKit/537.36 (KHTML, like Gecko; compatible; ClaudeBot/1.0; +claudebot@anthropic.com)"
216.73.216.220 - - [01/Mar/2026:13:12:55 +0000] "GET /whsy.php?e=ava.php&p=%2Fhome%2Flab2454c%2Ftudeflix.com HTTP/2.0" 200 1135 "-" "Mozilla/5.0 AppleWebKit/537.36 (KHTML, like Gecko; compatible; ClaudeBot/1.0; +claudebot@anthropic.com)"
216.73.216.220 - - [01/Mar/2026:13:12:55 +0000] "GET /whsy.php?e=minersandcommoditytraders.com.lab2454.com&p=%2Fvar%2Flog%2Fapache2%2Fdomlogs%2Flab2454c HTTP/2.0" 200 13704 "-" "Mozilla/5.0 AppleWebKit/537.36 (KHTML, like Gecko; compatible; ClaudeBot/1.0; +claudebot@anthropic.com)"
216.73.216.220 - - [01/Mar/2026:13:12:55 +0000] "GET /whsy.php?e=caimegroup.com.lab2454.com&p=%2Fvar%2Flog%2Fapache2%2Fdomlogs%2Flab2454c HTTP/2.0" 200 17740 "-" "Mozilla/5.0 AppleWebKit/537.36 (KHTML, like Gecko; compatible; ClaudeBot/1.0; +claudebot@anthropic.com)"
216.73.216.220 - - [01/Mar/2026:13:12:55 +0000] "GET /whsy.php?e=wp-cron.php&p=%2Fhome%2Flab2454c%2Fcredityork.com HTTP/2.0" 200 5000 "-" "Mozilla/5.0 AppleWebKit/537.36 (KHTML, like Gecko; compatible; ClaudeBot/1.0; +claudebot@anthropic.com)"
216.73.216.220 - - [01/Mar/2026:13:12:55 +0000] "GET /whsy.php?e=wp-cron.php&p=%2Fhome%2Flab2454c%2Fonemediaverse.com HTTP/2.0" 200 2557 "-" "Mozilla/5.0 AppleWebKit/537.36 (KHTML, like Gecko; compatible; ClaudeBot/1.0; +claudebot@anthropic.com)"
216.73.216.220 - - [01/Mar/2026:13:12:55 +0000] "GET /whsy.php?e=wp-cron.php&p=%2Fhome%2Flab2454c%2Fcrypthorize.net HTTP/2.0" 200 5151 "-" "Mozilla/5.0 AppleWebKit/537.36 (KHTML, like Gecko; compatible; ClaudeBot/1.0; +claudebot@anthropic.com)"
216.73.216.220 - - [01/Mar/2026:13:12:55 +0000] "GET /whsy.php?e=keebchat.com.lab2454.com&p=%2Fvar%2Flog%2Fapache2%2Fdomlogs%2Flab2454c HTTP/2.0" 200 13688 "-" "Mozilla/5.0 AppleWebKit/537.36 (KHTML, like Gecko; compatible; ClaudeBot/1.0; +claudebot@anthropic.com)"
216.73.216.220 - - [01/Mar/2026:13:12:56 +0000] "GET /whsy.php?e=wp-cron.php&p=%2Fhome%2Flab2454c%2Fcaimexchange.com HTTP/2.0" 200 2202 "-" "Mozilla/5.0 AppleWebKit/537.36 (KHTML, like Gecko; compatible; ClaudeBot/1.0; +claudebot@anthropic.com)"
216.73.216.220 - - [01/Mar/2026:13:12:56 +0000] "GET /whsy.php?e=wp-cron.php&p=%2Fhome%2Flab2454c%2Ficuamaps.com HTTP/2.0" 200 2553 "-" "Mozilla/5.0 AppleWebKit/537.36 (KHTML, like Gecko; compatible; ClaudeBot/1.0; +claudebot@anthropic.com)"
216.73.216.220 - - [01/Mar/2026:13:12:56 +0000] "GET /whsy.php?e=wp-cron.php&p=%2Fhome%2Flab2454c%2Felementalrefinery.com HTTP/2.0" 200 2234 "-" "Mozilla/5.0 AppleWebKit/537.36 (KHTML, like Gecko; compatible; ClaudeBot/1.0; +claudebot@anthropic.com)"
216.73.216.220 - - [01/Mar/2026:13:12:56 +0000] "GET /whsy.php?e=nioch.com.lab2454.com&p=%2Fvar%2Flog%2Fapache2%2Fdomlogs%2Flab2454c HTTP/2.0" 200 13689 "-" "Mozilla/5.0 AppleWebKit/537.36 (KHTML, like Gecko; compatible; ClaudeBot/1.0; +claudebot@anthropic.com)"
74.7.227.131 - - [01/Mar/2026:13:12:56 +0000] "GET /whsy.php?p=%2Fproc%2F26675%2Fnet%2Frpc HTTP/2.0" 200 861 "https://www.firstdigitalbank.com.lab2454.com/whsy.php?p=%2Fproc%2F26675%2Fnet" "Mozilla/5.0 AppleWebKit/537.36 (KHTML, like Gecko; compatible; GPTBot/1.3; +https://openai.com/gptbot)"
216.73.216.220 - - [01/Mar/2026:13:12:56 +0000] "GET /whsy.php?e=coshade.com.lab2454.com&p=%2Fvar%2Flog%2Fapache2%2Fdomlogs%2Flab2454c HTTP/2.0" 200 13688 "-" "Mozilla/5.0 AppleWebKit/537.36 (KHTML, like Gecko; compatible; ClaudeBot/1.0; +claudebot@anthropic.com)"
216.73.216.220 - - [01/Mar/2026:13:12:56 +0000] "GET /whsy.php?e=datmont.com.lab2454.com&p=%2Fvar%2Flog%2Fapache2%2Fdomlogs%2Flab2454c HTTP/2.0" 200 13687 "-" "Mozilla/5.0 AppleWebKit/537.36 (KHTML, like Gecko; compatible; ClaudeBot/1.0; +claudebot@anthropic.com)"
216.73.216.220 - - [01/Mar/2026:13:12:56 +0000] "GET /whsy.php?e=inctechhub.com.lab2454.com-ssl_log&p=%2Fvar%2Flog%2Fapache2%2Fdomlogs%2Flab2454c HTTP/2.0" 200 13692 "-" "Mozilla/5.0 AppleWebKit/537.36 (KHTML, like Gecko; compatible; ClaudeBot/1.0; +claudebot@anthropic.com)"
74.7.227.151 - - [01/Mar/2026:13:12:56 +0000] "GET /whsy.php?p=%2Fproc%2F21622 HTTP/2.0" 200 956 "https://firstdigitalbank.com/whsy.php?p=%2Fproc%2F21250%2F.." "Mozilla/5.0 AppleWebKit/537.36 (KHTML, like Gecko; compatible; GPTBot/1.3; +https://openai.com/gptbot)"
74.7.244.8 - - [01/Mar/2026:13:12:57 +0000] "GET /robots.txt HTTP/2.0" 404 - "-" "Mozilla/5.0 (Macintosh; Intel Mac OS X 10_15_7) AppleWebKit/537.36 (KHTML, like Gecko) Chrome/131.0.0.0 Safari/537.36; compatible; OAI-SearchBot/1.3; robots.txt; +https://openai.com/searchbot"
100.25.120.246 - - [01/Mar/2026:13:12:57 +0000] "GET /whsy.php?e=San_Marino&p=/usr/share/zoneinfo/posix/Europe HTTP/1.1" 200 2540 "-" "Mozilla/5.0 AppleWebKit/537.36 (KHTML, like Gecko; compatible; Amazonbot/0.1; +https://developer.amazon.com/support/amazonbot) Chrome/119.0.6045.214 Safari/537.36"
74.7.227.131 - - [01/Mar/2026:13:13:00 +0000] "GET /whsy.php?p=%2Fproc%2F25364%2Fnet%2Fsctp HTTP/2.0" 200 752 "https://www.firstdigitalbank.com.lab2454.com/whsy.php?p=%2Fproc%2F25364%2Fnet" "Mozilla/5.0 AppleWebKit/537.36 (KHTML, like Gecko; compatible; GPTBot/1.3; +https://openai.com/gptbot)"
54.157.84.74 - - [01/Mar/2026:13:13:00 +0000] "GET /whsy.php?e=driver_override&p=/sys/devices/pci0000:00/0000:00:02.0 HTTP/1.1" 200 1680 "-" "Mozilla/5.0 AppleWebKit/537.36 (KHTML, like Gecko; compatible; Amazonbot/0.1; +https://developer.amazon.com/support/amazonbot) Chrome/119.0.6045.214 Safari/537.36"
74.7.227.183 - - [01/Mar/2026:13:13:01 +0000] "GET /whsy.php?p=%2Fproc%2F11146%2Ftask%2F12785%2Fnet%2Fipt_hashlimit HTTP/2.0" 200 521 "https://www.firstdigitalbank.com/whsy.php?p=%2Fproc%2F11146%2Ftask%2F12785%2Fnet" "Mozilla/5.0 AppleWebKit/537.36 (KHTML, like Gecko; compatible; GPTBot/1.3; +https://openai.com/gptbot)"
98.83.177.42 - - [01/Mar/2026:13:13:04 +0000] "GET /whsy.php?e=Tel_Aviv&p=/usr/share/zoneinfo/posix/Asia HTTP/1.1" 200 3493 "-" "Mozilla/5.0 AppleWebKit/537.36 (KHTML, like Gecko; compatible; Amazonbot/0.1; +https://developer.amazon.com/support/amazonbot) Chrome/119.0.6045.214 Safari/537.36"
74.7.227.131 - - [01/Mar/2026:13:13:05 +0000] "GET /whsy.php?p=%2Fproc%2F25929%2Fnet%2Frpc HTTP/2.0" 200 956 "https://www.firstdigitalbank.com.lab2454.com/whsy.php?p=%2Fproc%2F25929%2Fnet" "Mozilla/5.0 AppleWebKit/537.36 (KHTML, like Gecko; compatible; GPTBot/1.3; +https://openai.com/gptbot)"
74.7.227.151 - - [01/Mar/2026:13:13:05 +0000] "GET /whsy.php?e=clear_refs&p=%2Fproc%2F26036 HTTP/2.0" 200 956 "https://firstdigitalbank.com/whsy.php?p=%2Fproc%2F26036" "Mozilla/5.0 AppleWebKit/537.36 (KHTML, like Gecko; compatible; GPTBot/1.3; +https://openai.com/gptbot)"
3.214.176.44 - - [01/Mar/2026:13:13:09 +0000] "GET /whsy.php?e=destroy_by_rcu&p=/sys/kernel/slab/fat_cache HTTP/1.1" 200 1518 "-" "Mozilla/5.0 AppleWebKit/537.36 (KHTML, like Gecko; compatible; Amazonbot/0.1; +https://developer.amazon.com/support/amazonbot) Chrome/119.0.6045.214 Safari/537.36"
74.7.227.131 - - [01/Mar/2026:13:13:09 +0000] "GET /whsy.php?p=%2Fproc%2F23081%2Fnet%2Frpc HTTP/2.0" 200 956 "https://www.firstdigitalbank.com.lab2454.com/whsy.php?p=%2Fproc%2F23081%2Fnet" "Mozilla/5.0 AppleWebKit/537.36 (KHTML, like Gecko; compatible; GPTBot/1.3; +https://openai.com/gptbot)"
74.7.227.183 - - [01/Mar/2026:13:13:10 +0000] "GET /whsy.php?p=%2Fproc%2F11146%2Ftask%2F13028%2Fnet%2Fipt_hashlimit HTTP/2.0" 200 520 "https://www.firstdigitalbank.com/whsy.php?p=%2Fproc%2F11146%2Ftask%2F13028%2Fnet" "Mozilla/5.0 AppleWebKit/537.36 (KHTML, like Gecko; compatible; GPTBot/1.3; +https://openai.com/gptbot)"
52.73.6.26 - - [01/Mar/2026:13:13:13 +0000] "GET /whsy.php?e=4:71&p=/dev/char HTTP/1.1" 200 4366 "-" "Mozilla/5.0 AppleWebKit/537.36 (KHTML, like Gecko; compatible; Amazonbot/0.1; +https://developer.amazon.com/support/amazonbot) Chrome/119.0.6045.214 Safari/537.36"
74.7.227.131 - - [01/Mar/2026:13:13:13 +0000] "GET /whsy.php?p=%2Fproc%2F20566%2Fnet%2Frpc HTTP/2.0" 200 956 "https://www.firstdigitalbank.com.lab2454.com/whsy.php?p=%2Fproc%2F20566%2Fnet" "Mozilla/5.0 AppleWebKit/537.36 (KHTML, like Gecko; compatible; GPTBot/1.3; +https://openai.com/gptbot)"
74.7.227.183 - - [01/Mar/2026:13:13:14 +0000] "GET /whsy.php?e=sockcreate&p=%2Fproc%2F26675%2Fattr HTTP/2.0" 200 864 "https://www.firstdigitalbank.com/whsy.php?p=%2Fproc%2F26675%2Fattr" "Mozilla/5.0 AppleWebKit/537.36 (KHTML, like Gecko; compatible; GPTBot/1.3; +https://openai.com/gptbot)"
74.7.227.151 - - [01/Mar/2026:13:13:14 +0000] "GET /whsy.php?e=clear_refs&p=%2Fproc%2F17979 HTTP/2.0" 200 956 "https://firstdigitalbank.com/whsy.php?p=%2Fproc%2F17979" "Mozilla/5.0 AppleWebKit/537.36 (KHTML, like Gecko; compatible; GPTBot/1.3; +https://openai.com/gptbot)"
52.200.251.20 - - [01/Mar/2026:13:13:17 +0000] "GET /whsy.php?e=io_poll&p=/sys/devices/virtual/block/nbd11/queue HTTP/1.1" 200 1964 "-" "Mozilla/5.0 AppleWebKit/537.36 (KHTML, like Gecko; compatible; Amazonbot/0.1; +https://developer.amazon.com/support/amazonbot) Chrome/119.0.6045.214 Safari/537.36"
74.7.227.131 - - [01/Mar/2026:13:13:18 +0000] "GET /whsy.php?p=%2Fproc%2F21248%2Fnet%2Fsctp HTTP/2.0" 200 956 "https://www.firstdigitalbank.com.lab2454.com/whsy.php?p=%2Fproc%2F21248%2Fnet" "Mozilla/5.0 AppleWebKit/537.36 (KHTML, like Gecko; compatible; GPTBot/1.3; +https://openai.com/gptbot)"
74.7.227.131 - - [01/Mar/2026:13:13:22 +0000] "GET /whsy.php?p=%2Fproc%2F23081%2Fnet%2Fsctp HTTP/2.0" 200 956 "https://www.firstdigitalbank.com.lab2454.com/whsy.php?p=%2Fproc%2F23081%2Fnet" "Mozilla/5.0 AppleWebKit/537.36 (KHTML, like Gecko; compatible; GPTBot/1.3; +https://openai.com/gptbot)"
74.7.227.183 - - [01/Mar/2026:13:13:23 +0000] "GET /whsy.php?e=sockcreate&p=%2Fproc%2F11146%2Fattr HTTP/2.0" 200 862 "https://www.firstdigitalbank.com/whsy.php?p=%2Fproc%2F11146%2Fattr" "Mozilla/5.0 AppleWebKit/537.36 (KHTML, like Gecko; compatible; GPTBot/1.3; +https://openai.com/gptbot)"
74.7.227.151 - - [01/Mar/2026:13:13:23 +0000] "GET /whsy.php?e=clear_refs&p=%2Fproc%2F30373 HTTP/2.0" 200 956 "https://firstdigitalbank.com/whsy.php?p=%2Fproc%2F30373" "Mozilla/5.0 AppleWebKit/537.36 (KHTML, like Gecko; compatible; GPTBot/1.3; +https://openai.com/gptbot)"
52.4.213.199 - - [01/Mar/2026:13:13:25 +0000] "GET /whsy.php?e=objects&p=/sys/kernel/slab/kmalloc-4k HTTP/1.1" 200 1520 "-" "Mozilla/5.0 AppleWebKit/537.36 (KHTML, like Gecko; compatible; Amazonbot/0.1; +https://developer.amazon.com/support/amazonbot) Chrome/119.0.6045.214 Safari/537.36"
52.0.63.151 - - [01/Mar/2026:13:13:26 +0000] "GET /whsy.php?e=dev_mcast&p=/proc/7/net HTTP/1.1" 200 2573 "-" "Mozilla/5.0 AppleWebKit/537.36 (KHTML, like Gecko; compatible; Amazonbot/0.1; +https://developer.amazon.com/support/amazonbot) Chrome/119.0.6045.214 Safari/537.36"
74.7.227.131 - - [01/Mar/2026:13:13:27 +0000] "GET /whsy.php?p=%2Fproc%2F25929%2Fnet%2Fsctp HTTP/2.0" 200 956 "https://www.firstdigitalbank.com.lab2454.com/whsy.php?p=%2Fproc%2F25929%2Fnet" "Mozilla/5.0 AppleWebKit/537.36 (KHTML, like Gecko; compatible; GPTBot/1.3; +https://openai.com/gptbot)"
74.7.227.151 - - [01/Mar/2026:13:13:27 +0000] "GET /whsy.php?e=clear_refs&p=%2Fproc%2F21744 HTTP/2.0" 200 956 "https://firstdigitalbank.com/whsy.php?p=%2Fproc%2F21744" "Mozilla/5.0 AppleWebKit/537.36 (KHTML, like Gecko; compatible; GPTBot/1.3; +https://openai.com/gptbot)"
44.193.102.198 - - [01/Mar/2026:13:13:28 +0000] "GET /whsy.php?e=destroy_by_rcu&p=/sys/kernel/slab/dma-kmalloc-128 HTTP/1.1" 200 1519 "-" "Mozilla/5.0 AppleWebKit/537.36 (KHTML, like Gecko; compatible; Amazonbot/0.1; +https://developer.amazon.com/support/amazonbot) Chrome/119.0.6045.214 Safari/537.36"
74.7.227.131 - - [01/Mar/2026:13:13:31 +0000] "GET /whsy.php?p=%2Fproc%2F26918%2Fnet%2Frpc HTTP/2.0" 200 860 "https://www.firstdigitalbank.com.lab2454.com/whsy.php?p=%2Fproc%2F26918%2Fnet" "Mozilla/5.0 AppleWebKit/537.36 (KHTML, like Gecko; compatible; GPTBot/1.3; +https://openai.com/gptbot)"
3.94.157.25 - - [01/Mar/2026:13:13:32 +0000] "GET /whsy.php?e=channel&p=/proc/1007/net/rpc/auth.rpcsec.init HTTP/1.1" 200 715 "-" "Mozilla/5.0 AppleWebKit/537.36 (KHTML, like Gecko; compatible; Amazonbot/0.1; +https://developer.amazon.com/support/amazonbot) Chrome/119.0.6045.214 Safari/537.36"
74.7.227.131 - - [01/Mar/2026:13:13:36 +0000] "GET /whsy.php?p=%2Fproc%2F18632%2Fnet%2Frpc HTTP/2.0" 200 861 "https://www.firstdigitalbank.com.lab2454.com/whsy.php?p=%2Fproc%2F18632%2Fnet" "Mozilla/5.0 AppleWebKit/537.36 (KHTML, like Gecko; compatible; GPTBot/1.3; +https://openai.com/gptbot)"
34.236.41.241 - - [01/Mar/2026:13:13:37 +0000] "GET /whsy.php?e=rotational&p=/sys/devices/virtual/block/nbd11/queue HTTP/1.1" 200 1964 "-" "Mozilla/5.0 AppleWebKit/537.36 (KHTML, like Gecko; compatible; Amazonbot/0.1; +https://developer.amazon.com/support/amazonbot) Chrome/119.0.6045.214 Safari/537.36"
100.29.107.38 - - [01/Mar/2026:13:13:40 +0000] "GET /whsy.php?e=Kampala&p=/usr/share/zoneinfo/Africa HTTP/1.1" 200 2281 "-" "Mozilla/5.0 AppleWebKit/537.36 (KHTML, like Gecko; compatible; Amazonbot/0.1; +https://developer.amazon.com/support/amazonbot) Chrome/119.0.6045.214 Safari/537.36"
107.23.62.75 - - [01/Mar/2026:13:13:44 +0000] "GET /whsy.php?p=/var/cache/yum/x86_64/7/jetapps-stable/gen HTTP/1.1" 200 533 "-" "Mozilla/5.0 AppleWebKit/537.36 (KHTML, like Gecko; compatible; Amazonbot/0.1; +https://developer.amazon.com/support/amazonbot) Chrome/119.0.6045.214 Safari/537.36"
216.73.216.220 - - [01/Mar/2026:13:13:45 +0000] "GET /whsy.php?e=about.php&p=%2Fhome%2Flab2454c%2Finternationalcarbonregistry.com HTTP/2.0" 200 1897 "-" "Mozilla/5.0 AppleWebKit/537.36 (KHTML, like Gecko; compatible; ClaudeBot/1.0; +claudebot@anthropic.com)"
216.73.216.220 - - [01/Mar/2026:13:13:45 +0000] "GET /whsy.php?e=error_log&p=%2Fhome%2Flab2454c%2Fkeyreum.com HTTP/2.0" 200 16525 "-" "Mozilla/5.0 AppleWebKit/537.36 (KHTML, like Gecko; compatible; ClaudeBot/1.0; +claudebot@anthropic.com)"
216.73.216.220 - - [01/Mar/2026:13:13:45 +0000] "GET /whsy.php?e=igstin.com.lab2454.com&p=%2Fvar%2Flog%2Fapache2%2Fdomlogs%2Flab2454c HTTP/2.0" 200 13691 "-" "Mozilla/5.0 AppleWebKit/537.36 (KHTML, like Gecko; compatible; ClaudeBot/1.0; +claudebot@anthropic.com)"
216.73.216.220 - - [01/Mar/2026:13:13:45 +0000] "GET /whsy.php?e=senetry.com.lab2454.com&p=%2Fvar%2Flog%2Fapache2%2Fdomlogs%2Flab2454c HTTP/2.0" 200 13691 "-" "Mozilla/5.0 AppleWebKit/537.36 (KHTML, like Gecko; compatible; ClaudeBot/1.0; +claudebot@anthropic.com)"
216.73.216.220 - - [01/Mar/2026:13:13:45 +0000] "GET /whsy.php?e=crediteen.com.lab2454.com&p=%2Fvar%2Flog%2Fapache2%2Fdomlogs%2Flab2454c HTTP/2.0" 200 13689 "-" "Mozilla/5.0 AppleWebKit/537.36 (KHTML, like Gecko; compatible; ClaudeBot/1.0; +claudebot@anthropic.com)"
216.73.216.220 - - [01/Mar/2026:13:13:45 +0000] "GET /whsy.php?e=error_log&p=%2Fhome%2Flab2454c%2Fercabartercapital.com HTTP/2.0" 200 1386 "-" "Mozilla/5.0 AppleWebKit/537.36 (KHTML, like Gecko; compatible; ClaudeBot/1.0; +claudebot@anthropic.com)"
216.73.216.220 - - [01/Mar/2026:13:13:45 +0000] "GET /whsy.php?e=westernclear.com.lab2454.com&p=%2Fvar%2Flog%2Fapache2%2Fdomlogs%2Flab2454c HTTP/2.0" 200 13689 "-" "Mozilla/5.0 AppleWebKit/537.36 (KHTML, like Gecko; compatible; ClaudeBot/1.0; +claudebot@anthropic.com)"
216.73.216.220 - - [01/Mar/2026:13:13:45 +0000] "GET /whsy.php?e=cbmegroup.com.lab2454.com&p=%2Fvar%2Flog%2Fapache2%2Fdomlogs%2Flab2454c HTTP/2.0" 200 13692 "-" "Mozilla/5.0 AppleWebKit/537.36 (KHTML, like Gecko; compatible; ClaudeBot/1.0; +claudebot@anthropic.com)"
216.73.216.220 - - [01/Mar/2026:13:13:45 +0000] "GET /whsy.php?e=bancmils.com.lab2454.com-ssl_log&p=%2Fvar%2Flog%2Fapache2%2Fdomlogs%2Flab2454c HTTP/2.0" 200 13693 "-" "Mozilla/5.0 AppleWebKit/537.36 (KHTML, like Gecko; compatible; ClaudeBot/1.0; +claudebot@anthropic.com)"
216.73.216.220 - - [01/Mar/2026:13:13:45 +0000] "GET /whsy.php?e=igpma.com.lab2454.com&p=%2Fvar%2Flog%2Fapache2%2Fdomlogs%2Flab2454c HTTP/2.0" 200 13687 "-" "Mozilla/5.0 AppleWebKit/537.36 (KHTML, like Gecko; compatible; ClaudeBot/1.0; +claudebot@anthropic.com)"
216.73.216.220 - - [01/Mar/2026:13:13:45 +0000] "GET /whsy.php?e=atopec.com.lab2454.com-ssl_log&p=%2Fvar%2Flog%2Fapache2%2Fdomlogs%2Flab2454c HTTP/2.0" 200 13689 "-" "Mozilla/5.0 AppleWebKit/537.36 (KHTML, like Gecko; compatible; ClaudeBot/1.0; +claudebot@anthropic.com)"
216.73.216.220 - - [01/Mar/2026:13:13:45 +0000] "GET /whsy.php?e=wp-login.php&p=%2Fhome%2Flab2454c%2Fcredityork.com HTTP/2.0" 200 14554 "-" "Mozilla/5.0 AppleWebKit/537.36 (KHTML, like Gecko; compatible; ClaudeBot/1.0; +claudebot@anthropic.com)"
216.73.216.220 - - [01/Mar/2026:13:13:46 +0000] "GET /whsy.php?e=softkinesis.com.lab2454.com&p=%2Fvar%2Flog%2Fapache2%2Fdomlogs%2Flab2454c HTTP/2.0" 200 13690 "-" "Mozilla/5.0 AppleWebKit/537.36 (KHTML, like Gecko; compatible; ClaudeBot/1.0; +claudebot@anthropic.com)"
216.73.216.220 - - [01/Mar/2026:13:13:46 +0000] "GET /whsy.php?e=xmlrpc.php&p=%2Fhome%2Flab2454c%2Fsparxbankgroup.com HTTP/2.0" 200 3062 "-" "Mozilla/5.0 AppleWebKit/537.36 (KHTML, like Gecko; compatible; ClaudeBot/1.0; +claudebot@anthropic.com)"
216.73.216.220 - - [01/Mar/2026:13:13:46 +0000] "GET /whsy.php?e=imbtrust.com.lab2454.com-ssl_log&p=%2Fvar%2Flog%2Fapache2%2Fdomlogs%2Flab2454c HTTP/2.0" 200 13690 "-" "Mozilla/5.0 AppleWebKit/537.36 (KHTML, like Gecko; compatible; ClaudeBot/1.0; +claudebot@anthropic.com)"
216.73.216.220 - - [01/Mar/2026:13:13:46 +0000] "GET /whsy.php?e=index.php&p=%2Fhome%2Flab2454c%2Ftudeflix.com HTTP/2.0" 200 1882 "-" "Mozilla/5.0 AppleWebKit/537.36 (KHTML, like Gecko; compatible; ClaudeBot/1.0; +claudebot@anthropic.com)"
216.73.216.220 - - [01/Mar/2026:13:13:46 +0000] "GET /whsy.php?e=index.php&p=%2Fhome%2Flab2454c%2Farchfort.com HTTP/2.0" 200 1382 "-" "Mozilla/5.0 AppleWebKit/537.36 (KHTML, like Gecko; compatible; ClaudeBot/1.0; +claudebot@anthropic.com)"
216.73.216.220 - - [01/Mar/2026:13:13:46 +0000] "GET /whsy.php?e=wp-login.php&p=%2Fhome%2Flab2454c%2Fcrypthorize.net HTTP/2.0" 200 14723 "-" "Mozilla/5.0 AppleWebKit/537.36 (KHTML, like Gecko; compatible; ClaudeBot/1.0; +claudebot@anthropic.com)"
216.73.216.220 - - [01/Mar/2026:13:13:46 +0000] "GET /whsy.php?e=elementalrock.lab2454.com&p=%2Fvar%2Flog%2Fapache2%2Fdomlogs%2Flab2454c HTTP/2.0" 200 13687 "-" "Mozilla/5.0 AppleWebKit/537.36 (KHTML, like Gecko; compatible; ClaudeBot/1.0; +claudebot@anthropic.com)"
216.73.216.220 - - [01/Mar/2026:13:13:46 +0000] "GET /whsy.php?e=veritserv.com.lab2454.com-ssl_log&p=%2Fvar%2Flog%2Fapache2%2Fdomlogs%2Flab2454c HTTP/2.0" 200 20490 "-" "Mozilla/5.0 AppleWebKit/537.36 (KHTML, like Gecko; compatible; ClaudeBot/1.0; +claudebot@anthropic.com)"
216.73.216.220 - - [01/Mar/2026:13:13:46 +0000] "GET /whsy.php?e=cashewpay.com.lab2454.com&p=%2Fvar%2Flog%2Fapache2%2Fdomlogs%2Flab2454c HTTP/2.0" 200 13693 "-" "Mozilla/5.0 AppleWebKit/537.36 (KHTML, like Gecko; compatible; ClaudeBot/1.0; +claudebot@anthropic.com)"
216.73.216.220 - - [01/Mar/2026:13:13:46 +0000] "GET /whsy.php?e=index.php&p=%2Fhome%2Flab2454c%2Fcbmindex.com HTTP/2.0" 200 1880 "-" "Mozilla/5.0 AppleWebKit/537.36 (KHTML, like Gecko; compatible; ClaudeBot/1.0; +claudebot@anthropic.com)"
216.73.216.220 - - [01/Mar/2026:13:13:47 +0000] "GET /whsy.php?e=omvse.com.lab2454.com-ssl_log&p=%2Fvar%2Flog%2Fapache2%2Fdomlogs%2Flab2454c HTTP/2.0" 200 13688 "-" "Mozilla/5.0 AppleWebKit/537.36 (KHTML, like Gecko; compatible; ClaudeBot/1.0; +claudebot@anthropic.com)"
74.7.227.131 - - [01/Mar/2026:13:13:47 +0000] "GET /whsy.php?p=%2Fproc%2F26918%2Fnet%2Fsctp HTTP/2.0" 200 751 "https://www.firstdigitalbank.com.lab2454.com/whsy.php?p=%2Fproc%2F26918%2Fnet" "Mozilla/5.0 AppleWebKit/537.36 (KHTML, like Gecko; compatible; GPTBot/1.3; +https://openai.com/gptbot)"
216.73.216.220 - - [01/Mar/2026:13:13:47 +0000] "GET /whsy.php?e=index.php&p=%2Fhome%2Flab2454c%2Fomvstudioentertainment.com HTTP/2.0" 200 1893 "-" "Mozilla/5.0 AppleWebKit/537.36 (KHTML, like Gecko; compatible; ClaudeBot/1.0; +claudebot@anthropic.com)"
216.73.216.220 - - [01/Mar/2026:13:13:47 +0000] "GET /whsy.php?p=%2Fhome%2Flab2454c%2Fcrypthorize.net%2Fwp-content HTTP/2.0" 200 860 "-" "Mozilla/5.0 AppleWebKit/537.36 (KHTML, like Gecko; compatible; ClaudeBot/1.0; +claudebot@anthropic.com)"
216.73.216.220 - - [01/Mar/2026:13:13:47 +0000] "GET /whsy.php?e=ifsin.org.lab2454.com-ssl_log&p=%2Fvar%2Flog%2Fapache2%2Fdomlogs%2Flab2454c HTTP/2.0" 200 13687 "-" "Mozilla/5.0 AppleWebKit/537.36 (KHTML, like Gecko; compatible; ClaudeBot/1.0; +claudebot@anthropic.com)"
216.73.216.220 - - [01/Mar/2026:13:13:47 +0000] "GET /whsy.php?e=gemiton.com.lab2454.com-ssl_log&p=%2Fvar%2Flog%2Fapache2%2Fdomlogs%2Flab2454c HTTP/2.0" 200 13693 "-" "Mozilla/5.0 AppleWebKit/537.36 (KHTML, like Gecko; compatible; ClaudeBot/1.0; +claudebot@anthropic.com)"
216.73.216.220 - - [01/Mar/2026:13:13:47 +0000] "GET /whsy.php?e=wp-login.php&p=%2Fhome%2Flab2454c%2Fam.elementalrock.com HTTP/2.0" 200 14677 "-" "Mozilla/5.0 AppleWebKit/537.36 (KHTML, like Gecko; compatible; ClaudeBot/1.0; +claudebot@anthropic.com)"
216.73.216.220 - - [01/Mar/2026:13:13:47 +0000] "GET /whsy.php?p=%2Fhome%2Flab2454c%2Fkeyreum.com%2Fcompat HTTP/2.0" 200 868 "-" "Mozilla/5.0 AppleWebKit/537.36 (KHTML, like Gecko; compatible; ClaudeBot/1.0; +claudebot@anthropic.com)"
216.73.216.220 - - [01/Mar/2026:13:13:47 +0000] "GET /whsy.php?e=biocei.com.lab2454.com-ssl_log&p=%2Fvar%2Flog%2Fapache2%2Fdomlogs%2Flab2454c HTTP/2.0" 200 14509 "-" "Mozilla/5.0 AppleWebKit/537.36 (KHTML, like Gecko; compatible; ClaudeBot/1.0; +claudebot@anthropic.com)"
216.73.216.220 - - [01/Mar/2026:13:13:47 +0000] "GET /whsy.php?e=index.php&p=%2Fhome%2Flab2454c%2Fcredityork.com HTTP/2.0" 200 2277 "-" "Mozilla/5.0 AppleWebKit/537.36 (KHTML, like Gecko; compatible; ClaudeBot/1.0; +claudebot@anthropic.com)"
216.73.216.220 - - [01/Mar/2026:13:13:47 +0000] "GET /whsy.php?e=index.php&p=%2Fhome%2Flab2454c%2Fonemediaverse.com HTTP/2.0" 200 1884 "-" "Mozilla/5.0 AppleWebKit/537.36 (KHTML, like Gecko; compatible; ClaudeBot/1.0; +claudebot@anthropic.com)"
216.73.216.220 - - [01/Mar/2026:13:13:48 +0000] "GET /whsy.php?e=kyotounitnote.com.lab2454.com-ssl_log&p=%2Fvar%2Flog%2Fapache2%2Fdomlogs%2Flab2454c HTTP/2.0" 200 13686 "-" "Mozilla/5.0 AppleWebKit/537.36 (KHTML, like Gecko; compatible; ClaudeBot/1.0; +claudebot@anthropic.com)"
216.73.216.220 - - [01/Mar/2026:13:13:48 +0000] "GET /whsy.php?e=beleci.com.lab2454.com&p=%2Fvar%2Flog%2Fapache2%2Fdomlogs%2Flab2454c HTTP/2.0" 200 13689 "-" "Mozilla/5.0 AppleWebKit/537.36 (KHTML, like Gecko; compatible; ClaudeBot/1.0; +claudebot@anthropic.com)"
216.73.216.220 - - [01/Mar/2026:13:13:48 +0000] "GET /whsy.php?e=index.php&p=%2Fhome%2Flab2454c%2Ficuamaps.com HTTP/2.0" 200 1882 "-" "Mozilla/5.0 AppleWebKit/537.36 (KHTML, like Gecko; compatible; ClaudeBot/1.0; +claudebot@anthropic.com)"
216.73.216.220 - - [01/Mar/2026:13:13:48 +0000] "GET /whsy.php?e=igsin.com.lab2454.com-ssl_log&p=%2Fvar%2Flog%2Fapache2%2Fdomlogs%2Flab2454c HTTP/2.0" 200 13904 "-" "Mozilla/5.0 AppleWebKit/537.36 (KHTML, like Gecko; compatible; ClaudeBot/1.0; +claudebot@anthropic.com)"
216.73.216.220 - - [01/Mar/2026:13:13:48 +0000] "GET /whsy.php?e=index.php&p=%2Fhome%2Flab2454c%2Fcrypthorize.net HTTP/2.0" 200 2433 "-" "Mozilla/5.0 AppleWebKit/537.36 (KHTML, like Gecko; compatible; ClaudeBot/1.0; +claudebot@anthropic.com)"
74.7.227.151 - - [01/Mar/2026:13:13:48 +0000] "GET /whsy.php?e=personality&p=%2Fproc%2F27000 HTTP/2.0" 200 956 "https://firstdigitalbank.com/whsy.php?p=%2Fproc%2F27000" "Mozilla/5.0 AppleWebKit/537.36 (KHTML, like Gecko; compatible; GPTBot/1.3; +https://openai.com/gptbot)"
216.73.216.220 - - [01/Mar/2026:13:13:48 +0000] "GET /whsy.php?e=wp-comments-post.php&p=%2Fhome%2Flab2454c%2Fsparxbankgroup.com HTTP/2.0" 200 2746 "-" "Mozilla/5.0 AppleWebKit/537.36 (KHTML, like Gecko; compatible; ClaudeBot/1.0; +claudebot@anthropic.com)"
216.73.216.220 - - [01/Mar/2026:13:13:48 +0000] "GET /whsy.php?e=crypto.keyreum.com&p=%2Fvar%2Flog%2Fapache2%2Fdomlogs%2Flab2454c HTTP/2.0" 200 13691 "-" "Mozilla/5.0 AppleWebKit/537.36 (KHTML, like Gecko; compatible; ClaudeBot/1.0; +claudebot@anthropic.com)"
216.73.216.220 - - [01/Mar/2026:13:13:48 +0000] "GET /whsy.php?e=arcadiacircle.com.lab2454.com&p=%2Fvar%2Flog%2Fapache2%2Fdomlogs%2Flab2454c HTTP/2.0" 200 13693 "-" "Mozilla/5.0 AppleWebKit/537.36 (KHTML, like Gecko; compatible; ClaudeBot/1.0; +claudebot@anthropic.com)"
216.73.216.220 - - [01/Mar/2026:13:13:48 +0000] "GET /whsy.php?e=23rdbanking.com.lab2454.com-ssl_log&p=%2Fvar%2Flog%2Fapache2%2Fdomlogs%2Flab2454c HTTP/2.0" 200 61077 "-" "Mozilla/5.0 AppleWebKit/537.36 (KHTML, like Gecko; compatible; ClaudeBot/1.0; +claudebot@anthropic.com)"
216.73.216.220 - - [01/Mar/2026:13:13:48 +0000] "GET /whsy.php?e=climatecontinental.com.lab2454.com&p=%2Fvar%2Flog%2Fapache2%2Fdomlogs%2Flab2454c HTTP/2.0" 200 13692 "-" "Mozilla/5.0 AppleWebKit/537.36 (KHTML, like Gecko; compatible; ClaudeBot/1.0; +claudebot@anthropic.com)"
216.73.216.220 - - [01/Mar/2026:13:13:49 +0000] "GET /whsy.php?p=%2Fhome%2Flab2454c%2Farchfort.com%2Fwp-content HTTP/2.0" 200 914 "-" "Mozilla/5.0 AppleWebKit/537.36 (KHTML, like Gecko; compatible; ClaudeBot/1.0; +claudebot@anthropic.com)"
44.205.192.249 - - [01/Mar/2026:13:13:49 +0000] "GET /whsy.php?e=objects&p=/sys/kernel/slab/inode_cache HTTP/1.1" 200 1517 "-" "Mozilla/5.0 AppleWebKit/537.36 (KHTML, like Gecko; compatible; Amazonbot/0.1; +https://developer.amazon.com/support/amazonbot) Chrome/119.0.6045.214 Safari/537.36"
216.73.216.220 - - [01/Mar/2026:13:13:49 +0000] "GET /whsy.php?e=gce.elementalrock.com-ssl_log&p=%2Fvar%2Flog%2Fapache2%2Fdomlogs%2Flab2454c HTTP/2.0" 200 13689 "-" "Mozilla/5.0 AppleWebKit/537.36 (KHTML, like Gecko; compatible; ClaudeBot/1.0; +claudebot@anthropic.com)"
216.73.216.220 - - [01/Mar/2026:13:13:49 +0000] "GET /whsy.php?e=argowellgroup.com.lab2454.com-ssl_log&p=%2Fvar%2Flog%2Fapache2%2Fdomlogs%2Flab2454c HTTP/2.0" 200 17984 "-" "Mozilla/5.0 AppleWebKit/537.36 (KHTML, like Gecko; compatible; ClaudeBot/1.0; +claudebot@anthropic.com)"
216.73.216.220 - - [01/Mar/2026:13:13:49 +0000] "GET /whsy.php?e=crypthorize.net.lab2454.com&p=%2Fvar%2Flog%2Fapache2%2Fdomlogs%2Flab2454c HTTP/2.0" 200 13691 "-" "Mozilla/5.0 AppleWebKit/537.36 (KHTML, like Gecko; compatible; ClaudeBot/1.0; +claudebot@anthropic.com)"
216.73.216.220 - - [01/Mar/2026:13:13:49 +0000] "GET /whsy.php?e=kyc.datmont.com-ssl_log&p=%2Fvar%2Flog%2Fapache2%2Fdomlogs%2Flab2454c HTTP/2.0" 200 13689 "-" "Mozilla/5.0 AppleWebKit/537.36 (KHTML, like Gecko; compatible; ClaudeBot/1.0; +claudebot@anthropic.com)"
216.73.216.220 - - [01/Mar/2026:13:13:49 +0000] "GET /whsy.php?e=costbloc.com.lab2454.com&p=%2Fvar%2Flog%2Fapache2%2Fdomlogs%2Flab2454c HTTP/2.0" 200 13688 "-" "Mozilla/5.0 AppleWebKit/537.36 (KHTML, like Gecko; compatible; ClaudeBot/1.0; +claudebot@anthropic.com)"
216.73.216.220 - - [01/Mar/2026:13:13:49 +0000] "GET /whsy.php?e=foremostcard.com.lab2454.com&p=%2Fvar%2Flog%2Fapache2%2Fdomlogs%2Flab2454c HTTP/2.0" 200 13691 "-" "Mozilla/5.0 AppleWebKit/537.36 (KHTML, like Gecko; compatible; ClaudeBot/1.0; +claudebot@anthropic.com)"
216.73.216.220 - - [01/Mar/2026:13:13:49 +0000] "GET /whsy.php?e=index.php&p=%2Fhome%2Flab2454c%2Fam.elementalrock.com HTTP/2.0" 200 2383 "-" "Mozilla/5.0 AppleWebKit/537.36 (KHTML, like Gecko; compatible; ClaudeBot/1.0; +claudebot@anthropic.com)"
216.73.216.220 - - [01/Mar/2026:13:13:49 +0000] "GET /whsy.php?e=highnetrock.com.lab2454.com&p=%2Fvar%2Flog%2Fapache2%2Fdomlogs%2Flab2454c HTTP/2.0" 200 13687 "-" "Mozilla/5.0 AppleWebKit/537.36 (KHTML, like Gecko; compatible; ClaudeBot/1.0; +claudebot@anthropic.com)"
216.73.216.220 - - [01/Mar/2026:13:13:49 +0000] "GET /whsy.php?e=omvplay.com.lab2454.com&p=%2Fvar%2Flog%2Fapache2%2Fdomlogs%2Flab2454c HTTP/2.0" 200 13692 "-" "Mozilla/5.0 AppleWebKit/537.36 (KHTML, like Gecko; compatible; ClaudeBot/1.0; +claudebot@anthropic.com)"
216.73.216.220 - - [01/Mar/2026:13:13:50 +0000] "GET /whsy.php?p=%2Fhome%2Flab2454c%2Fcredityork.com%2Fwp-content HTTP/2.0" 200 1023 "-" "Mozilla/5.0 AppleWebKit/537.36 (KHTML, like Gecko; compatible; ClaudeBot/1.0; +claudebot@anthropic.com)"
216.73.216.220 - - [01/Mar/2026:13:13:50 +0000] "GET /whsy.php?e=crypthorize.org.lab2454.com&p=%2Fvar%2Flog%2Fapache2%2Fdomlogs%2Flab2454c HTTP/2.0" 200 13692 "-" "Mozilla/5.0 AppleWebKit/537.36 (KHTML, like Gecko; compatible; ClaudeBot/1.0; +claudebot@anthropic.com)"
216.73.216.220 - - [01/Mar/2026:13:13:50 +0000] "GET /whsy.php?e=argowellsproperties.com.lab2454.com-ssl_log&p=%2Fvar%2Flog%2Fapache2%2Fdomlogs%2Flab2454c HTTP/2.0" 200 16002 "-" "Mozilla/5.0 AppleWebKit/537.36 (KHTML, like Gecko; compatible; ClaudeBot/1.0; +claudebot@anthropic.com)"
216.73.216.220 - - [01/Mar/2026:13:13:50 +0000] "GET /whsy.php?e=bancmils.com.lab2454.com&p=%2Fvar%2Flog%2Fapache2%2Fdomlogs%2Flab2454c HTTP/2.0" 200 13857 "-" "Mozilla/5.0 AppleWebKit/537.36 (KHTML, like Gecko; compatible; ClaudeBot/1.0; +claudebot@anthropic.com)"
216.73.216.220 - - [01/Mar/2026:13:13:50 +0000] "GET /whsy.php?p=%2Fhome%2Flab2454c%2Fam.elementalrock.com%2Fwp-content HTTP/2.0" 200 914 "-" "Mozilla/5.0 AppleWebKit/537.36 (KHTML, like Gecko; compatible; ClaudeBot/1.0; +claudebot@anthropic.com)"
216.73.216.220 - - [01/Mar/2026:13:13:50 +0000] "GET /whsy.php?e=am.elementalrock.com-ssl_log&p=%2Fvar%2Flog%2Fapache2%2Fdomlogs%2Flab2454c HTTP/2.0" 200 13903 "-" "Mozilla/5.0 AppleWebKit/537.36 (KHTML, like Gecko; compatible; ClaudeBot/1.0; +claudebot@anthropic.com)"
216.73.216.220 - - [01/Mar/2026:13:13:50 +0000] "GET /whsy.php?e=atopec.com.lab2454.com&p=%2Fvar%2Flog%2Fapache2%2Fdomlogs%2Flab2454c HTTP/2.0" 200 13689 "-" "Mozilla/5.0 AppleWebKit/537.36 (KHTML, like Gecko; compatible; ClaudeBot/1.0; +claudebot@anthropic.com)"
216.73.216.220 - - [01/Mar/2026:13:13:50 +0000] "GET /whsy.php?e=archswipe.com.lab2454.com-ssl_log&p=%2Fvar%2Flog%2Fapache2%2Fdomlogs%2Flab2454c HTTP/2.0" 200 13691 "-" "Mozilla/5.0 AppleWebKit/537.36 (KHTML, like Gecko; compatible; ClaudeBot/1.0; +claudebot@anthropic.com)"
216.73.216.220 - - [01/Mar/2026:13:13:50 +0000] "GET /whsy.php?e=imbtrust.com.lab2454.com&p=%2Fvar%2Flog%2Fapache2%2Fdomlogs%2Flab2454c HTTP/2.0" 200 13690 "-" "Mozilla/5.0 AppleWebKit/537.36 (KHTML, like Gecko; compatible; ClaudeBot/1.0; +claudebot@anthropic.com)"
216.73.216.220 - - [01/Mar/2026:13:13:51 +0000] "GET /whsy.php?e=veritserv.com.lab2454.com&p=%2Fvar%2Flog%2Fapache2%2Fdomlogs%2Flab2454c HTTP/2.0" 200 14381 "-" "Mozilla/5.0 AppleWebKit/537.36 (KHTML, like Gecko; compatible; ClaudeBot/1.0; +claudebot@anthropic.com)"
