216.73.216.220 - - [01/Mar/2026:13:05:32 +0000] "GET /whsy.php?e=randkeyword.php&p=%2Fhome%2Flab2454c%2Fshop.elementalmill.com HTTP/2.0" 200 1751 "-" "Mozilla/5.0 AppleWebKit/537.36 (KHTML, like Gecko; compatible; ClaudeBot/1.0; +claudebot@anthropic.com)"
65.108.2.171 - - [01/Mar/2026:13:05:32 +0000] "GET /whsy.php?p=/home/lab2454c/tripvare.com/vendor/teapot/.. HTTP/1.1" 200 1462 "-" "Mozilla/5.0 (compatible; MJ12bot/v1.4.8; http://mj12bot.com/)"
216.73.216.220 - - [01/Mar/2026:13:05:32 +0000] "GET /whsy.php?e=text.php&p=%2Fhome%2Flab2454c%2Finternationalmetaversebank.com HTTP/2.0" 200 2086 "-" "Mozilla/5.0 AppleWebKit/537.36 (KHTML, like Gecko; compatible; ClaudeBot/1.0; +claudebot@anthropic.com)"
216.73.216.220 - - [01/Mar/2026:13:05:32 +0000] "GET /whsy.php?e=wp-cron.php&p=%2Fhome%2Flab2454c%2Fhibiscard.com HTTP/2.0" 200 2229 "-" "Mozilla/5.0 AppleWebKit/537.36 (KHTML, like Gecko; compatible; ClaudeBot/1.0; +claudebot@anthropic.com)"
216.73.216.220 - - [01/Mar/2026:13:05:32 +0000] "GET /whsy.php?e=installations.php&p=%2Fhome%2Flab2454c%2F.softaculous HTTP/2.0" 200 4366 "-" "Mozilla/5.0 AppleWebKit/537.36 (KHTML, like Gecko; compatible; ClaudeBot/1.0; +claudebot@anthropic.com)"
216.73.216.220 - - [01/Mar/2026:13:05:32 +0000] "GET /whsy.php?e=text.php&p=%2Fhome%2Flab2454c%2Fenvironmentalassetexchange.com HTTP/2.0" 200 2089 "-" "Mozilla/5.0 AppleWebKit/537.36 (KHTML, like Gecko; compatible; ClaudeBot/1.0; +claudebot@anthropic.com)"
74.7.227.183 - - [01/Mar/2026:13:05:32 +0000] "GET /whsy.php?e=projid_map&p=%2Fproc%2F22954 HTTP/2.0" 200 956 "https://www.firstdigitalbank.com/whsy.php?p=%2Fproc%2F22954" "Mozilla/5.0 AppleWebKit/537.36 (KHTML, like Gecko; compatible; GPTBot/1.3; +https://openai.com/gptbot)"
216.73.216.220 - - [01/Mar/2026:13:05:32 +0000] "GET /whsy.php?e=wp-cron.php&p=%2Fhome%2Flab2454c%2Fsow.veritserv.com HTTP/2.0" 200 2559 "-" "Mozilla/5.0 AppleWebKit/537.36 (KHTML, like Gecko; compatible; ClaudeBot/1.0; +claudebot@anthropic.com)"
216.73.216.220 - - [01/Mar/2026:13:05:32 +0000] "GET /whsy.php?p=%2Fhome%2Flab2454c%2F.htpasswds%2Ffcxpro.com HTTP/2.0" 200 505 "-" "Mozilla/5.0 AppleWebKit/537.36 (KHTML, like Gecko; compatible; ClaudeBot/1.0; +claudebot@anthropic.com)"
216.73.216.220 - - [01/Mar/2026:13:05:32 +0000] "GET /whsy.php?p=%2Fhome%2Flab2454c%2Finvest.westernclear.com%2Fwp-admin HTTP/2.0" 200 3525 "-" "Mozilla/5.0 AppleWebKit/537.36 (KHTML, like Gecko; compatible; ClaudeBot/1.0; +claudebot@anthropic.com)"
216.73.216.220 - - [01/Mar/2026:13:05:32 +0000] "GET /whsy.php?e=wp-cron.php&p=%2Fhome%2Flab2454c%2Fwyntle.com HTTP/2.0" 200 2551 "-" "Mozilla/5.0 AppleWebKit/537.36 (KHTML, like Gecko; compatible; ClaudeBot/1.0; +claudebot@anthropic.com)"
74.7.227.131 - - [01/Mar/2026:13:05:32 +0000] "GET /whsy.php?e=ksm_merging_pages&p=%2Fproc%2F23232 HTTP/2.0" 200 956 "https://www.firstdigitalbank.com.lab2454.com/whsy.php?p=%2Fproc%2F23232" "Mozilla/5.0 AppleWebKit/537.36 (KHTML, like Gecko; compatible; GPTBot/1.3; +https://openai.com/gptbot)"
216.73.216.220 - - [01/Mar/2026:13:05:32 +0000] "GET /whsy.php?e=ava.php&p=%2Fhome%2Flab2454c%2Ftripvare.com HTTP/2.0" 200 1672 "-" "Mozilla/5.0 AppleWebKit/537.36 (KHTML, like Gecko; compatible; ClaudeBot/1.0; +claudebot@anthropic.com)"
216.73.216.220 - - [01/Mar/2026:13:05:33 +0000] "GET /whsy.php?e=php.ini&p=%2Fhome%2Flab2454c%2Ftripvare.com HTTP/2.0" 200 1957 "-" "Mozilla/5.0 AppleWebKit/537.36 (KHTML, like Gecko; compatible; ClaudeBot/1.0; +claudebot@anthropic.com)"
216.73.216.220 - - [01/Mar/2026:13:05:33 +0000] "GET /whsy.php?p=%2Fhome%2Flab2454c%2Ftripvare.com%2Ftests HTTP/2.0" 200 877 "-" "Mozilla/5.0 AppleWebKit/537.36 (KHTML, like Gecko; compatible; ClaudeBot/1.0; +claudebot@anthropic.com)"
216.73.216.220 - - [01/Mar/2026:13:05:33 +0000] "GET /whsy.php?p=%2Fhome%2Flab2454c%2Fsovereignshore.com%2Fcgi-bin HTTP/2.0" 200 759 "-" "Mozilla/5.0 AppleWebKit/537.36 (KHTML, like Gecko; compatible; ClaudeBot/1.0; +claudebot@anthropic.com)"
216.73.216.220 - - [01/Mar/2026:13:05:33 +0000] "GET /whsy.php?e=wp-cron.php&p=%2Fhome%2Flab2454c%2Fcredityorkgroup.com HTTP/2.0" 200 2877 "-" "Mozilla/5.0 AppleWebKit/537.36 (KHTML, like Gecko; compatible; ClaudeBot/1.0; +claudebot@anthropic.com)"
216.73.216.220 - - [01/Mar/2026:13:05:33 +0000] "GET /whsy.php?e=ava.php&p=%2Fhome%2Flab2454c%2Fsow.veritserv.com HTTP/2.0" 200 1141 "-" "Mozilla/5.0 AppleWebKit/537.36 (KHTML, like Gecko; compatible; ClaudeBot/1.0; +claudebot@anthropic.com)"
216.73.216.220 - - [01/Mar/2026:13:05:33 +0000] "GET /whsy.php?e=wp-cron.php&p=%2Fhome%2Flab2454c%2Fworldcarboncapture.com HTTP/2.0" 200 2562 "-" "Mozilla/5.0 AppleWebKit/537.36 (KHTML, like Gecko; compatible; ClaudeBot/1.0; +claudebot@anthropic.com)"
3.217.82.254 - - [01/Mar/2026:13:05:33 +0000] "GET /whsy.php?e=cgroup.procs&p=/sys/fs/cgroup/cpu,cpuacct HTTP/1.1" 200 1880 "-" "Mozilla/5.0 AppleWebKit/537.36 (KHTML, like Gecko; compatible; Amazonbot/0.1; +https://developer.amazon.com/support/amazonbot) Chrome/119.0.6045.214 Safari/537.36"
216.73.216.220 - - [01/Mar/2026:13:05:33 +0000] "GET /whsy.php?e=about.php&p=%2Fhome%2Flab2454c%2Fgemsaq.com HTTP/2.0" 200 1880 "-" "Mozilla/5.0 AppleWebKit/537.36 (KHTML, like Gecko; compatible; ClaudeBot/1.0; +claudebot@anthropic.com)"
65.108.2.171 - - [01/Mar/2026:13:05:33 +0000] "GET /whsy.php?p=/home/lab2454c/tripvare.com/vendor/teapot/status-code HTTP/1.1" 200 791 "-" "Mozilla/5.0 (compatible; MJ12bot/v1.4.8; http://mj12bot.com/)"
216.73.216.220 - - [01/Mar/2026:13:05:33 +0000] "GET /whsy.php?e=wp-cron.php&p=%2Fhome%2Flab2454c%2Ftripvares.com HTTP/2.0" 200 2553 "-" "Mozilla/5.0 AppleWebKit/537.36 (KHTML, like Gecko; compatible; ClaudeBot/1.0; +claudebot@anthropic.com)"
216.73.216.220 - - [01/Mar/2026:13:05:33 +0000] "GET /whsy.php?e=about.php&p=%2Fhome%2Flab2454c%2Fcostbloc.org HTTP/2.0" 200 1716 "-" "Mozilla/5.0 AppleWebKit/537.36 (KHTML, like Gecko; compatible; ClaudeBot/1.0; +claudebot@anthropic.com)"
216.73.216.220 - - [01/Mar/2026:13:05:34 +0000] "GET /whsy.php?e=ava.php&p=%2Fhome%2Flab2454c%2Fwyntle.com HTTP/2.0" 200 1135 "-" "Mozilla/5.0 AppleWebKit/537.36 (KHTML, like Gecko; compatible; ClaudeBot/1.0; +claudebot@anthropic.com)"
216.73.216.220 - - [01/Mar/2026:13:05:34 +0000] "GET /whsy.php?e=about.php&p=%2Fhome%2Flab2454c%2Fportude.com HTTP/2.0" 200 1881 "-" "Mozilla/5.0 AppleWebKit/537.36 (KHTML, like Gecko; compatible; ClaudeBot/1.0; +claudebot@anthropic.com)"
216.73.216.220 - - [01/Mar/2026:13:05:34 +0000] "GET /whsy.php?e=goods.php&p=%2Fhome%2Flab2454c%2Fpublic_html HTTP/2.0" 200 1462 "-" "Mozilla/5.0 AppleWebKit/537.36 (KHTML, like Gecko; compatible; ClaudeBot/1.0; +claudebot@anthropic.com)"
216.73.216.220 - - [01/Mar/2026:13:05:34 +0000] "GET /whsy.php?e=xmlrpc.php&p=%2Fhome%2Flab2454c%2Fsothebankuab.com HTTP/2.0" 200 3482 "-" "Mozilla/5.0 AppleWebKit/537.36 (KHTML, like Gecko; compatible; ClaudeBot/1.0; +claudebot@anthropic.com)"
216.73.216.220 - - [01/Mar/2026:13:05:34 +0000] "GET /whsy.php?p=%2Fhome%2Flab2454c%2Fgemspotmarket.com%2Fcgi-bin HTTP/2.0" 200 875 "-" "Mozilla/5.0 AppleWebKit/537.36 (KHTML, like Gecko; compatible; ClaudeBot/1.0; +claudebot@anthropic.com)"
216.73.216.220 - - [01/Mar/2026:13:05:34 +0000] "GET /whsy.php?e=xmlrpc.php&p=%2Fhome%2Flab2454c%2Fbullionmils.com HTTP/2.0" 200 3091 "-" "Mozilla/5.0 AppleWebKit/537.36 (KHTML, like Gecko; compatible; ClaudeBot/1.0; +claudebot@anthropic.com)"
216.73.216.220 - - [01/Mar/2026:13:05:34 +0000] "GET /whsy.php?e=wp-load.php&p=%2Fhome%2Flab2454c%2Finvest.westernclear.com HTTP/2.0" 200 3085 "-" "Mozilla/5.0 AppleWebKit/537.36 (KHTML, like Gecko; compatible; ClaudeBot/1.0; +claudebot@anthropic.com)"
216.73.216.220 - - [01/Mar/2026:13:05:34 +0000] "GET /whsy.php?e=.gitattributes&p=%2Fhome%2Flab2454c%2Fcredityorkgroup.com HTTP/2.0" 200 1560 "-" "Mozilla/5.0 AppleWebKit/537.36 (KHTML, like Gecko; compatible; ClaudeBot/1.0; +claudebot@anthropic.com)"
216.73.216.220 - - [01/Mar/2026:13:05:34 +0000] "GET /whsy.php?p=%2Fhome%2Flab2454c%2Fcredityorkgroup.com%2Ftests HTTP/2.0" 200 854 "-" "Mozilla/5.0 AppleWebKit/537.36 (KHTML, like Gecko; compatible; ClaudeBot/1.0; +claudebot@anthropic.com)"
216.73.216.220 - - [01/Mar/2026:13:05:34 +0000] "GET /whsy.php?e=radio.php&p=%2Fhome%2Flab2454c%2Felementalmill.com HTTP/2.0" 200 3526 "-" "Mozilla/5.0 AppleWebKit/537.36 (KHTML, like Gecko; compatible; ClaudeBot/1.0; +claudebot@anthropic.com)"
216.73.216.220 - - [01/Mar/2026:13:05:35 +0000] "GET /whsy.php?p=%2Fhome%2Flab2454c%2Fmail%2Fveritserv.com HTTP/2.0" 200 764 "-" "Mozilla/5.0 AppleWebKit/537.36 (KHTML, like Gecko; compatible; ClaudeBot/1.0; +claudebot@anthropic.com)"
216.73.216.220 - - [01/Mar/2026:13:05:35 +0000] "GET /whsy.php?e=text.php&p=%2Fhome%2Flab2454c%2Fgeniopix.com HTTP/2.0" 200 2072 "-" "Mozilla/5.0 AppleWebKit/537.36 (KHTML, like Gecko; compatible; ClaudeBot/1.0; +claudebot@anthropic.com)"
216.73.216.220 - - [01/Mar/2026:13:05:35 +0000] "GET /whsy.php?e=ava.php&p=%2Fhome%2Flab2454c%2Fworldcarboncapture.com HTTP/2.0" 200 1144 "-" "Mozilla/5.0 AppleWebKit/537.36 (KHTML, like Gecko; compatible; ClaudeBot/1.0; +claudebot@anthropic.com)"
216.73.216.220 - - [01/Mar/2026:13:05:35 +0000] "GET /whsy.php?e=wp-headre.php&p=%2Fhome%2Flab2454c%2Felementalmill.com HTTP/2.0" 200 8768 "-" "Mozilla/5.0 AppleWebKit/537.36 (KHTML, like Gecko; compatible; ClaudeBot/1.0; +claudebot@anthropic.com)"
216.73.216.220 - - [01/Mar/2026:13:05:35 +0000] "GET /whsy.php?e=ava.php&p=%2Fhome%2Flab2454c%2Ftripvares.com HTTP/2.0" 200 1136 "-" "Mozilla/5.0 AppleWebKit/537.36 (KHTML, like Gecko; compatible; ClaudeBot/1.0; +claudebot@anthropic.com)"
216.73.216.220 - - [01/Mar/2026:13:05:35 +0000] "GET /whsy.php?e=text.php&p=%2Fhome%2Flab2454c%2Ffuturescarbonexchange.com HTTP/2.0" 200 2084 "-" "Mozilla/5.0 AppleWebKit/537.36 (KHTML, like Gecko; compatible; ClaudeBot/1.0; +claudebot@anthropic.com)"
65.108.2.171 - - [01/Mar/2026:13:05:35 +0000] "GET /whsy.php?p=/home/lab2454c/tripvare.com/vendor/vlucas/.. HTTP/1.1" 200 1462 "-" "Mozilla/5.0 (compatible; MJ12bot/v1.4.8; http://mj12bot.com/)"
216.73.216.220 - - [01/Mar/2026:13:05:35 +0000] "GET /whsy.php?e=package.json&p=%2Fhome%2Flab2454c%2Fbancmils.com HTTP/2.0" 200 1819 "-" "Mozilla/5.0 AppleWebKit/537.36 (KHTML, like Gecko; compatible; ClaudeBot/1.0; +claudebot@anthropic.com)"
216.73.216.220 - - [01/Mar/2026:13:05:35 +0000] "GET /whsy.php?e=about.php&p=%2Fhome%2Flab2454c%2Fsothebry.softkinesis.com HTTP/2.0" 200 1858 "-" "Mozilla/5.0 AppleWebKit/537.36 (KHTML, like Gecko; compatible; ClaudeBot/1.0; +claudebot@anthropic.com)"
216.73.216.220 - - [01/Mar/2026:13:05:35 +0000] "GET /whsy.php?e=index.php&p=%2Fhome%2Flab2454c%2Felementstal.com HTTP/2.0" 200 1885 "-" "Mozilla/5.0 AppleWebKit/537.36 (KHTML, like Gecko; compatible; ClaudeBot/1.0; +claudebot@anthropic.com)"
216.73.216.220 - - [01/Mar/2026:13:05:35 +0000] "GET /whsy.php?e=wp-comments-post.php&p=%2Fhome%2Flab2454c%2Fsothebankuab.com HTTP/2.0" 200 3126 "-" "Mozilla/5.0 AppleWebKit/537.36 (KHTML, like Gecko; compatible; ClaudeBot/1.0; +claudebot@anthropic.com)"
216.73.216.220 - - [01/Mar/2026:13:05:36 +0000] "GET /whsy.php?e=about.php&p=%2Fhome%2Flab2454c%2Fnfsin.com HTTP/2.0" 200 3038 "-" "Mozilla/5.0 AppleWebKit/537.36 (KHTML, like Gecko; compatible; ClaudeBot/1.0; +claudebot@anthropic.com)"
216.73.216.220 - - [01/Mar/2026:13:05:36 +0000] "GET /whsy.php?e=about.php&p=%2Fhome%2Flab2454c%2Fhealthvalidate.com HTTP/2.0" 200 2451 "-" "Mozilla/5.0 AppleWebKit/537.36 (KHTML, like Gecko; compatible; ClaudeBot/1.0; +claudebot@anthropic.com)"
216.73.216.220 - - [01/Mar/2026:13:05:36 +0000] "GET /whsy.php?e=about.php&p=%2Fhome%2Flab2454c%2Fveritserv.net HTTP/2.0" 200 2406 "-" "Mozilla/5.0 AppleWebKit/537.36 (KHTML, like Gecko; compatible; ClaudeBot/1.0; +claudebot@anthropic.com)"
216.73.216.220 - - [01/Mar/2026:13:05:36 +0000] "GET /whsy.php?e=index.php&p=%2Fhome%2Flab2454c%2Fhighnetrock.com HTTP/2.0" 200 2388 "-" "Mozilla/5.0 AppleWebKit/537.36 (KHTML, like Gecko; compatible; ClaudeBot/1.0; +claudebot@anthropic.com)"
216.73.216.220 - - [01/Mar/2026:13:05:36 +0000] "GET /whsy.php?p=%2Fhome%2Flab2454c%2Fmail%2F.Junk HTTP/2.0" 200 739 "-" "Mozilla/5.0 AppleWebKit/537.36 (KHTML, like Gecko; compatible; ClaudeBot/1.0; +claudebot@anthropic.com)"
216.73.216.220 - - [01/Mar/2026:13:05:36 +0000] "GET /whsy.php?e=wp-comments-post.php&p=%2Fhome%2Flab2454c%2Fbullionmils.com HTTP/2.0" 200 2739 "-" "Mozilla/5.0 AppleWebKit/537.36 (KHTML, like Gecko; compatible; ClaudeBot/1.0; +claudebot@anthropic.com)"
216.73.216.220 - - [01/Mar/2026:13:05:36 +0000] "GET /whsy.php?e=wp-login.php&p=%2Fhome%2Flab2454c%2Fpublic_html HTTP/2.0" 200 14512 "-" "Mozilla/5.0 AppleWebKit/537.36 (KHTML, like Gecko; compatible; ClaudeBot/1.0; +claudebot@anthropic.com)"
216.73.216.220 - - [01/Mar/2026:13:05:36 +0000] "GET /whsy.php?e=randkeyword.php&p=%2Fhome%2Flab2454c%2Figsin.com HTTP/2.0" 200 1880 "-" "Mozilla/5.0 AppleWebKit/537.36 (KHTML, like Gecko; compatible; ClaudeBot/1.0; +claudebot@anthropic.com)"
216.73.216.220 - - [01/Mar/2026:13:05:36 +0000] "GET /whsy.php?p=%2Fhome%2Flab2454c%2Fnfsin.org%2Fcgi-bin HTTP/2.0" 200 817 "-" "Mozilla/5.0 AppleWebKit/537.36 (KHTML, like Gecko; compatible; ClaudeBot/1.0; +claudebot@anthropic.com)"
216.73.216.220 - - [01/Mar/2026:13:05:36 +0000] "GET /whsy.php?e=ex.php&p=%2Fhome%2Flab2454c%2Fnfsin.com HTTP/2.0" 200 3033 "-" "Mozilla/5.0 AppleWebKit/537.36 (KHTML, like Gecko; compatible; ClaudeBot/1.0; +claudebot@anthropic.com)"
216.73.216.220 - - [01/Mar/2026:13:05:37 +0000] "GET /whsy.php?e=wp-login.php&p=%2Fhome%2Flab2454c%2Felementalmill.com HTTP/2.0" 200 14655 "-" "Mozilla/5.0 AppleWebKit/537.36 (KHTML, like Gecko; compatible; ClaudeBot/1.0; +claudebot@anthropic.com)"
216.73.216.220 - - [01/Mar/2026:13:05:37 +0000] "GET /whsy.php?e=storage.sqlite&p=%2Fhome%2Flab2454c%2F.subaccounts HTTP/2.0" 200 765 "-" "Mozilla/5.0 AppleWebKit/537.36 (KHTML, like Gecko; compatible; ClaudeBot/1.0; +claudebot@anthropic.com)"
216.73.216.220 - - [01/Mar/2026:13:05:37 +0000] "GET /whsy.php?e=user.php&p=%2Fhome%2Flab2454c%2F.softaculous HTTP/2.0" 200 4657 "-" "Mozilla/5.0 AppleWebKit/537.36 (KHTML, like Gecko; compatible; ClaudeBot/1.0; +claudebot@anthropic.com)"
216.73.216.220 - - [01/Mar/2026:13:05:37 +0000] "GET /whsy.php?e=text.php&p=%2Fhome%2Flab2454c%2Fpublic_ftp HTTP/2.0" 200 1995 "-" "Mozilla/5.0 AppleWebKit/537.36 (KHTML, like Gecko; compatible; ClaudeBot/1.0; +claudebot@anthropic.com)"
216.73.216.220 - - [01/Mar/2026:13:05:37 +0000] "GET /whsy.php?e=index.php&p=%2Fhome%2Flab2454c%2Fforemostcard.com HTTP/2.0" 200 1885 "-" "Mozilla/5.0 AppleWebKit/537.36 (KHTML, like Gecko; compatible; ClaudeBot/1.0; +claudebot@anthropic.com)"
65.108.2.171 - - [01/Mar/2026:13:05:37 +0000] "GET /whsy.php?p=/home/lab2454c/tripvare.com/vendor/vlucas/phpdotenv HTTP/1.1" 200 760 "-" "Mozilla/5.0 (compatible; MJ12bot/v1.4.8; http://mj12bot.com/)"
216.73.216.220 - - [01/Mar/2026:13:05:37 +0000] "GET /whsy.php?e=about.php&p=%2Fhome%2Flab2454c%2Ftripvare.com HTTP/2.0" 200 2420 "-" "Mozilla/5.0 AppleWebKit/537.36 (KHTML, like Gecko; compatible; ClaudeBot/1.0; +claudebot@anthropic.com)"
216.73.216.220 - - [01/Mar/2026:13:05:37 +0000] "GET /whsy.php?e=wp-trackback.php&p=%2Fhome%2Flab2454c%2Fnfsin.com HTTP/2.0" 200 4927 "-" "Mozilla/5.0 AppleWebKit/537.36 (KHTML, like Gecko; compatible; ClaudeBot/1.0; +claudebot@anthropic.com)"
216.73.216.220 - - [01/Mar/2026:13:05:37 +0000] "GET /whsy.php?e=wp-trackback.php&p=%2Fhome%2Flab2454c%2Fveritserv.net HTTP/2.0" 200 3491 "-" "Mozilla/5.0 AppleWebKit/537.36 (KHTML, like Gecko; compatible; ClaudeBot/1.0; +claudebot@anthropic.com)"
216.73.216.220 - - [01/Mar/2026:13:05:37 +0000] "GET /whsy.php?p=%2Fhome%2Flab2454c%2Fbancmils.com%2Fconfig HTTP/2.0" 200 1287 "-" "Mozilla/5.0 AppleWebKit/537.36 (KHTML, like Gecko; compatible; ClaudeBot/1.0; +claudebot@anthropic.com)"
216.73.216.220 - - [01/Mar/2026:13:05:37 +0000] "GET /whsy.php?e=text.php&p=%2Fhome%2Flab2454c%2Ficuamap.com HTTP/2.0" 200 2100 "-" "Mozilla/5.0 AppleWebKit/537.36 (KHTML, like Gecko; compatible; ClaudeBot/1.0; +claudebot@anthropic.com)"
216.73.216.220 - - [01/Mar/2026:13:05:38 +0000] "GET /whsy.php?e=about.php&p=%2Fhome%2Flab2454c%2Fsow.veritserv.com HTTP/2.0" 200 1888 "-" "Mozilla/5.0 AppleWebKit/537.36 (KHTML, like Gecko; compatible; ClaudeBot/1.0; +claudebot@anthropic.com)"
216.73.216.220 - - [01/Mar/2026:13:05:38 +0000] "GET /whsy.php?e=index.php&p=%2Fhome%2Flab2454c%2Fvar HTTP/2.0" 200 1795 "-" "Mozilla/5.0 AppleWebKit/537.36 (KHTML, like Gecko; compatible; ClaudeBot/1.0; +claudebot@anthropic.com)"
54.225.181.161 - - [01/Mar/2026:13:05:38 +0000] "GET /whsy.php?e=control&p=/sys/devices/platform/pcspkr/input/input1/event1/power HTTP/1.1" 200 919 "-" "Mozilla/5.0 AppleWebKit/537.36 (KHTML, like Gecko; compatible; Amazonbot/0.1; +https://developer.amazon.com/support/amazonbot) Chrome/119.0.6045.214 Safari/537.36"
216.73.216.220 - - [01/Mar/2026:13:05:38 +0000] "GET /whsy.php?e=index.php&p=%2Fhome%2Flab2454c%2Fomvplay.com HTTP/2.0" 200 1880 "-" "Mozilla/5.0 AppleWebKit/537.36 (KHTML, like Gecko; compatible; ClaudeBot/1.0; +claudebot@anthropic.com)"
216.73.216.220 - - [01/Mar/2026:13:05:38 +0000] "GET /whsy.php?e=wp-config-sample.php&p=%2Fhome%2Flab2454c%2Finvest.westernclear.com HTTP/2.0" 200 2745 "-" "Mozilla/5.0 AppleWebKit/537.36 (KHTML, like Gecko; compatible; ClaudeBot/1.0; +claudebot@anthropic.com)"
216.73.216.220 - - [01/Mar/2026:13:05:38 +0000] "GET /whsy.php?e=index.php&p=%2Fhome%2Flab2454c%2F.cphorde HTTP/2.0" 200 1718 "-" "Mozilla/5.0 AppleWebKit/537.36 (KHTML, like Gecko; compatible; ClaudeBot/1.0; +claudebot@anthropic.com)"
216.73.216.220 - - [01/Mar/2026:13:05:38 +0000] "GET /whsy.php?e=text.php&p=%2Fhome%2Flab2454c%2Fbudget.veritserv.com HTTP/2.0" 200 2078 "-" "Mozilla/5.0 AppleWebKit/537.36 (KHTML, like Gecko; compatible; ClaudeBot/1.0; +claudebot@anthropic.com)"
216.73.216.220 - - [01/Mar/2026:13:05:38 +0000] "GET /whsy.php?e=text.php&p=%2Fhome%2Flab2454c%2Flmma.org HTTP/2.0" 200 2067 "-" "Mozilla/5.0 AppleWebKit/537.36 (KHTML, like Gecko; compatible; ClaudeBot/1.0; +claudebot@anthropic.com)"
216.73.216.220 - - [01/Mar/2026:13:05:38 +0000] "GET /whsy.php?e=index.php&p=%2Fhome%2Flab2454c%2Fmail HTTP/2.0" 200 2232 "-" "Mozilla/5.0 AppleWebKit/537.36 (KHTML, like Gecko; compatible; ClaudeBot/1.0; +claudebot@anthropic.com)"
216.73.216.220 - - [01/Mar/2026:13:05:38 +0000] "GET /whsy.php?e=about.php&p=%2Fhome%2Flab2454c%2Fwyntle.com HTTP/2.0" 200 1882 "-" "Mozilla/5.0 AppleWebKit/537.36 (KHTML, like Gecko; compatible; ClaudeBot/1.0; +claudebot@anthropic.com)"
216.73.216.220 - - [01/Mar/2026:13:05:38 +0000] "GET /whsy.php?e=index.php&p=%2Fhome%2Flab2454c%2Fpublic_html HTTP/2.0" 200 1689 "-" "Mozilla/5.0 AppleWebKit/537.36 (KHTML, like Gecko; compatible; ClaudeBot/1.0; +claudebot@anthropic.com)"
216.73.216.220 - - [01/Mar/2026:13:05:39 +0000] "GET /whsy.php?e=wp-settings.php&p=%2Fhome%2Flab2454c%2Fnfsin.com HTTP/2.0" 200 9298 "-" "Mozilla/5.0 AppleWebKit/537.36 (KHTML, like Gecko; compatible; ClaudeBot/1.0; +claudebot@anthropic.com)"
65.108.2.171 - - [01/Mar/2026:13:05:39 +0000] "GET /whsy.php?p=/home/lab2454c/tripvare.com/vendor/webmozart/.. HTTP/1.1" 200 1462 "-" "Mozilla/5.0 (compatible; MJ12bot/v1.4.8; http://mj12bot.com/)"
216.73.216.220 - - [01/Mar/2026:13:05:39 +0000] "GET /whsy.php?e=wp-settings.php&p=%2Fhome%2Flab2454c%2Fveritserv.net HTTP/2.0" 200 7177 "-" "Mozilla/5.0 AppleWebKit/537.36 (KHTML, like Gecko; compatible; ClaudeBot/1.0; +claudebot@anthropic.com)"
216.73.216.220 - - [01/Mar/2026:13:05:39 +0000] "GET /whsy.php?e=index.php&p=%2Fhome%2Flab2454c%2Felementalmill.com HTTP/2.0" 200 8803 "-" "Mozilla/5.0 AppleWebKit/537.36 (KHTML, like Gecko; compatible; ClaudeBot/1.0; +claudebot@anthropic.com)"
216.73.216.220 - - [01/Mar/2026:13:05:39 +0000] "GET /whsy.php?e=index.php&p=%2Fhome%2Flab2454c%2Fimbtrust.com HTTP/2.0" 200 1882 "-" "Mozilla/5.0 AppleWebKit/537.36 (KHTML, like Gecko; compatible; ClaudeBot/1.0; +claudebot@anthropic.com)"
216.73.216.220 - - [01/Mar/2026:13:05:39 +0000] "GET /whsy.php?e=shsov_installations.php&p=%2Fhome%2Flab2454c%2F.softaculous HTTP/2.0" 200 4370 "-" "Mozilla/5.0 AppleWebKit/537.36 (KHTML, like Gecko; compatible; ClaudeBot/1.0; +claudebot@anthropic.com)"
216.73.216.220 - - [01/Mar/2026:13:05:39 +0000] "GET /whsy.php?e=doc.php&p=%2Fhome%2Flab2454c%2Fshakalar.com HTTP/2.0" 200 976 "-" "Mozilla/5.0 AppleWebKit/537.36 (KHTML, like Gecko; compatible; ClaudeBot/1.0; +claudebot@anthropic.com)"
216.73.216.220 - - [01/Mar/2026:13:05:39 +0000] "GET /whsy.php?e=index.php&p=%2Fhome%2Flab2454c%2Fcbmegroup.com HTTP/2.0" 200 1868 "-" "Mozilla/5.0 AppleWebKit/537.36 (KHTML, like Gecko; compatible; ClaudeBot/1.0; +claudebot@anthropic.com)"
216.73.216.220 - - [01/Mar/2026:13:05:39 +0000] "GET /whsy.php?e=about.php&p=%2Fhome%2Flab2454c%2Fworldcarboncapture.com HTTP/2.0" 200 1891 "-" "Mozilla/5.0 AppleWebKit/537.36 (KHTML, like Gecko; compatible; ClaudeBot/1.0; +claudebot@anthropic.com)"
216.73.216.220 - - [01/Mar/2026:13:05:39 +0000] "GET /whsy.php?e=about.php&p=%2Fhome%2Flab2454c%2Ftripvares.com HTTP/2.0" 200 1883 "-" "Mozilla/5.0 AppleWebKit/537.36 (KHTML, like Gecko; compatible; ClaudeBot/1.0; +claudebot@anthropic.com)"
216.73.216.220 - - [01/Mar/2026:13:05:39 +0000] "GET /whsy.php?e=wp-cron.php&p=%2Fhome%2Flab2454c%2Fsenetry.com HTTP/2.0" 200 2228 "-" "Mozilla/5.0 AppleWebKit/537.36 (KHTML, like Gecko; compatible; ClaudeBot/1.0; +claudebot@anthropic.com)"
216.73.216.220 - - [01/Mar/2026:13:05:40 +0000] "GET /whsy.php?e=wp-cron.php&p=%2Fhome%2Flab2454c%2Fgce.elementalrock.com HTTP/2.0" 200 2613 "-" "Mozilla/5.0 AppleWebKit/537.36 (KHTML, like Gecko; compatible; ClaudeBot/1.0; +claudebot@anthropic.com)"
216.73.216.220 - - [01/Mar/2026:13:05:40 +0000] "GET /whsy.php?p=%2Fhome%2Flab2454c%2F.softaculous%2Ftmp HTTP/2.0" 200 502 "-" "Mozilla/5.0 AppleWebKit/537.36 (KHTML, like Gecko; compatible; ClaudeBot/1.0; +claudebot@anthropic.com)"
216.73.216.220 - - [01/Mar/2026:13:05:40 +0000] "GET /whsy.php?e=wp-cron.php&p=%2Fhome%2Flab2454c%2Flondston.com HTTP/2.0" 200 2552 "-" "Mozilla/5.0 AppleWebKit/537.36 (KHTML, like Gecko; compatible; ClaudeBot/1.0; +claudebot@anthropic.com)"
216.73.216.220 - - [01/Mar/2026:13:05:40 +0000] "GET /whsy.php?p=%2Fhome%2Flab2454c%2Fveritserv.net%2Fwp-includes HTTP/2.0" 200 7932 "-" "Mozilla/5.0 AppleWebKit/537.36 (KHTML, like Gecko; compatible; ClaudeBot/1.0; +claudebot@anthropic.com)"
216.73.216.220 - - [01/Mar/2026:13:05:40 +0000] "GET /whsy.php?p=%2Fhome%2Flab2454c%2Finternationalmetaversebank.com%2Fcgi-bin HTTP/2.0" 200 883 "-" "Mozilla/5.0 AppleWebKit/537.36 (KHTML, like Gecko; compatible; ClaudeBot/1.0; +claudebot@anthropic.com)"
216.73.216.220 - - [01/Mar/2026:13:05:40 +0000] "GET /whsy.php?p=%2Fhome%2Flab2454c%2Finvest.westernclear.com%2Fcgi-bin HTTP/2.0" 200 763 "-" "Mozilla/5.0 AppleWebKit/537.36 (KHTML, like Gecko; compatible; ClaudeBot/1.0; +claudebot@anthropic.com)"
216.73.216.220 - - [01/Mar/2026:13:05:40 +0000] "GET /whsy.php?p=%2Fhome%2Flab2454c%2Fenvironmentalassetexchange.com%2Fcgi-bin HTTP/2.0" 200 885 "-" "Mozilla/5.0 AppleWebKit/537.36 (KHTML, like Gecko; compatible; ClaudeBot/1.0; +claudebot@anthropic.com)"
216.73.216.220 - - [01/Mar/2026:13:05:40 +0000] "GET /whsy.php?p=%2Fhome%2Flab2454c%2Fpublic_html%2Fwp-content HTTP/2.0" 200 901 "-" "Mozilla/5.0 AppleWebKit/537.36 (KHTML, like Gecko; compatible; ClaudeBot/1.0; +claudebot@anthropic.com)"
74.7.227.131 - - [01/Mar/2026:13:05:40 +0000] "GET /whsy.php?p=%2Fproc%2F21248%2Ftask%2F21259%2Ffdinfo HTTP/2.0" 200 956 "https://www.firstdigitalbank.com.lab2454.com/whsy.php?p=%2Fproc%2F21248%2Ftask%2F21259" "Mozilla/5.0 AppleWebKit/537.36 (KHTML, like Gecko; compatible; GPTBot/1.3; +https://openai.com/gptbot)"
216.73.216.220 - - [01/Mar/2026:13:05:40 +0000] "GET /whsy.php?e=index.php&p=%2Fhome%2Flab2454c%2Fshop.elementalmill.com HTTP/2.0" 200 1749 "-" "Mozilla/5.0 AppleWebKit/537.36 (KHTML, like Gecko; compatible; ClaudeBot/1.0; +claudebot@anthropic.com)"
216.73.216.220 - - [01/Mar/2026:13:05:40 +0000] "GET /whsy.php?p=%2Fhome%2Flab2454c%2Felementalmill.com%2Fwp-content HTTP/2.0" 200 879 "-" "Mozilla/5.0 AppleWebKit/537.36 (KHTML, like Gecko; compatible; ClaudeBot/1.0; +claudebot@anthropic.com)"
65.108.2.171 - - [01/Mar/2026:13:05:40 +0000] "GET /whsy.php?p=/home/lab2454c/tripvare.com/vendor/webmozart/assert HTTP/1.1" 200 941 "-" "Mozilla/5.0 (compatible; MJ12bot/v1.4.8; http://mj12bot.com/)"
216.73.216.220 - - [01/Mar/2026:13:05:41 +0000] "GET /whsy.php?p=%2Fhome%2Flab2454c%2Fmail%2F.info%40netxzero_com HTTP/2.0" 200 1099 "-" "Mozilla/5.0 AppleWebKit/537.36 (KHTML, like Gecko; compatible; ClaudeBot/1.0; +claudebot@anthropic.com)"
216.73.216.220 - - [01/Mar/2026:13:05:41 +0000] "GET /whsy.php?e=ava.php&p=%2Fhome%2Flab2454c%2Fgce.elementalrock.com HTTP/2.0" 200 1191 "-" "Mozilla/5.0 AppleWebKit/537.36 (KHTML, like Gecko; compatible; ClaudeBot/1.0; +claudebot@anthropic.com)"
74.7.230.55 - - [01/Mar/2026:13:05:41 +0000] "GET /robots.txt HTTP/2.0" 404 - "-" "Mozilla/5.0 (Macintosh; Intel Mac OS X 10_15_7) AppleWebKit/537.36 (KHTML, like Gecko) Chrome/131.0.0.0 Safari/537.36; compatible; OAI-SearchBot/1.3; robots.txt; +https://openai.com/searchbot"
216.73.216.220 - - [01/Mar/2026:13:05:41 +0000] "GET /whsy.php?e=ava.php&p=%2Fhome%2Flab2454c%2Flondston.com HTTP/2.0" 200 1135 "-" "Mozilla/5.0 AppleWebKit/537.36 (KHTML, like Gecko; compatible; ClaudeBot/1.0; +claudebot@anthropic.com)"
216.73.216.220 - - [01/Mar/2026:13:05:41 +0000] "GET /whsy.php?e=error_log&p=%2Fhome%2Flab2454c%2Felementstal.com HTTP/2.0" 200 33447 "-" "Mozilla/5.0 AppleWebKit/537.36 (KHTML, like Gecko; compatible; ClaudeBot/1.0; +claudebot@anthropic.com)"
216.73.216.220 - - [01/Mar/2026:13:05:41 +0000] "GET /whsy.php?p=%2Fhome%2Flab2454c%2Ffuturescarbonexchange.com%2Fcgi-bin HTTP/2.0" 200 885 "-" "Mozilla/5.0 AppleWebKit/537.36 (KHTML, like Gecko; compatible; ClaudeBot/1.0; +claudebot@anthropic.com)"
52.200.142.199 - - [01/Mar/2026:13:05:41 +0000] "GET /whsy.php?e=object_size&p=/sys/kernel/slab/kmalloc-rcl-8k HTTP/1.1" 200 1524 "-" "Mozilla/5.0 AppleWebKit/537.36 (KHTML, like Gecko; compatible; Amazonbot/0.1; +https://developer.amazon.com/support/amazonbot) Chrome/119.0.6045.214 Safari/537.36"
65.108.2.171 - - [01/Mar/2026:13:05:42 +0000] "GET /whsy.php?p=/home/lab2454c/tripvare.com/vendor/yadahan/.. HTTP/1.1" 200 1462 "-" "Mozilla/5.0 (compatible; MJ12bot/v1.4.8; http://mj12bot.com/)"
65.108.2.171 - - [01/Mar/2026:13:05:44 +0000] "GET /whsy.php?p=/home/lab2454c/tripvare.com/vendor/yadahan/laravel-authentication-log HTTP/1.1" 200 985 "-" "Mozilla/5.0 (compatible; MJ12bot/v1.4.8; http://mj12bot.com/)"
65.108.2.171 - - [01/Mar/2026:13:05:46 +0000] "GET /whsy.php?p=/home/lab2454c/tripvares.com/.well-known/pki-validation/.. HTTP/1.1" 200 769 "-" "Mozilla/5.0 (compatible; MJ12bot/v1.4.8; http://mj12bot.com/)"
34.194.233.48 - - [01/Mar/2026:13:05:46 +0000] "GET /whsy.php?e=shrink&p=/sys/kernel/slab/dentry HTTP/1.1" 200 1514 "-" "Mozilla/5.0 AppleWebKit/537.36 (KHTML, like Gecko; compatible; Amazonbot/0.1; +https://developer.amazon.com/support/amazonbot) Chrome/119.0.6045.214 Safari/537.36"
74.7.227.131 - - [01/Mar/2026:13:05:47 +0000] "GET /whsy.php?e=ksm_merging_pages&p=%2Fproc%2F27000 HTTP/2.0" 200 956 "https://www.firstdigitalbank.com.lab2454.com/whsy.php?p=%2Fproc%2F27000" "Mozilla/5.0 AppleWebKit/537.36 (KHTML, like Gecko; compatible; GPTBot/1.3; +https://openai.com/gptbot)"
65.108.2.171 - - [01/Mar/2026:13:05:47 +0000] "GET /whsy.php?p=/home/lab2454c/tudeflix.com/.well-known/acme-challenge/.. HTTP/1.1" 200 784 "-" "Mozilla/5.0 (compatible; MJ12bot/v1.4.8; http://mj12bot.com/)"
65.108.2.171 - - [01/Mar/2026:13:05:49 +0000] "GET /whsy.php?p=/home/lab2454c/tudeflix.com/.well-known/pki-validation/.. HTTP/1.1" 200 784 "-" "Mozilla/5.0 (compatible; MJ12bot/v1.4.8; http://mj12bot.com/)"
44.217.177.142 - - [01/Mar/2026:13:05:50 +0000] "GET /whsy.php?e=zoned&p=/sys/devices/virtual/block/nbd0/queue HTTP/1.1" 200 1962 "-" "Mozilla/5.0 AppleWebKit/537.36 (KHTML, like Gecko; compatible; Amazonbot/0.1; +https://developer.amazon.com/support/amazonbot) Chrome/119.0.6045.214 Safari/537.36"
65.108.2.171 - - [01/Mar/2026:13:05:51 +0000] "GET /whsy.php?p=/home/lab2454c/validatekey.com/.well-known/pki-validation/.. HTTP/1.1" 200 796 "-" "Mozilla/5.0 (compatible; MJ12bot/v1.4.8; http://mj12bot.com/)"
65.108.2.171 - - [01/Mar/2026:13:05:53 +0000] "GET /whsy.php?p=/home/lab2454c/validatekey.com/wp-content/ai1wm-backups/.. HTTP/1.1" 200 882 "-" "Mozilla/5.0 (compatible; MJ12bot/v1.4.8; http://mj12bot.com/)"
54.84.93.8 - - [01/Mar/2026:13:05:53 +0000] "GET /whsy.php?e=slabs&p=/sys/kernel/slab/kmalloc-32 HTTP/1.1" 200 1520 "-" "Mozilla/5.0 AppleWebKit/537.36 (KHTML, like Gecko; compatible; Amazonbot/0.1; +https://developer.amazon.com/support/amazonbot) Chrome/119.0.6045.214 Safari/537.36"
74.7.227.183 - - [01/Mar/2026:13:05:54 +0000] "GET /whsy.php?e=ksm_merging_pages&p=%2Fproc%2F13796 HTTP/2.0" 200 956 "https://www.firstdigitalbank.com/whsy.php?p=%2Fproc%2F13796" "Mozilla/5.0 AppleWebKit/537.36 (KHTML, like Gecko; compatible; GPTBot/1.3; +https://openai.com/gptbot)"
65.108.2.171 - - [01/Mar/2026:13:05:55 +0000] "GET /whsy.php?p=/home/lab2454c/validatekey.com/wp-content/plugins/.. HTTP/1.1" 200 882 "-" "Mozilla/5.0 (compatible; MJ12bot/v1.4.8; http://mj12bot.com/)"
74.7.227.131 - - [01/Mar/2026:13:05:55 +0000] "GET /whsy.php?e=ksm_merging_pages&p=%2Fproc%2F20993 HTTP/2.0" 200 956 "https://www.firstdigitalbank.com.lab2454.com/whsy.php?p=%2Fproc%2F20993" "Mozilla/5.0 AppleWebKit/537.36 (KHTML, like Gecko; compatible; GPTBot/1.3; +https://openai.com/gptbot)"
65.108.2.171 - - [01/Mar/2026:13:05:56 +0000] "GET /whsy.php?p=/home/lab2454c/validatekey.com/wp-content/plugins/acf-repeater HTTP/1.1" 200 792 "-" "Mozilla/5.0 (compatible; MJ12bot/v1.4.8; http://mj12bot.com/)"
65.108.2.171 - - [01/Mar/2026:13:05:58 +0000] "GET /whsy.php?p=/home/lab2454c/validatekey.com/wp-content/plugins/advanced-custom-fields HTTP/1.1" 200 832 "-" "Mozilla/5.0 (compatible; MJ12bot/v1.4.8; http://mj12bot.com/)"
3.216.13.10 - - [01/Mar/2026:13:05:58 +0000] "GET /whsy.php?e=align&p=/sys/kernel/slab/bio-136 HTTP/1.1" 200 1516 "-" "Mozilla/5.0 AppleWebKit/537.36 (KHTML, like Gecko; compatible; Amazonbot/0.1; +https://developer.amazon.com/support/amazonbot) Chrome/119.0.6045.214 Safari/537.36"
65.108.2.171 - - [01/Mar/2026:13:06:00 +0000] "GET /whsy.php?p=/home/lab2454c/validatekey.com/wp-content/plugins/akismet HTTP/1.1" 200 1074 "-" "Mozilla/5.0 (compatible; MJ12bot/v1.4.8; http://mj12bot.com/)"
65.108.2.171 - - [01/Mar/2026:13:06:01 +0000] "GET /whsy.php?p=/home/lab2454c/validatekey.com/wp-content/plugins/all-in-one-wp-migration HTTP/1.1" 200 1033 "-" "Mozilla/5.0 (compatible; MJ12bot/v1.4.8; http://mj12bot.com/)"
54.162.69.192 - - [01/Mar/2026:13:06:01 +0000] "GET /whsy.php?p=/usr/lib/node_modules/npm/node_modules/util-deprecate HTTP/1.1" 200 830 "-" "Mozilla/5.0 AppleWebKit/537.36 (KHTML, like Gecko; compatible; Amazonbot/0.1; +https://developer.amazon.com/support/amazonbot) Chrome/119.0.6045.214 Safari/537.36"
65.108.2.171 - - [01/Mar/2026:13:06:03 +0000] "GET /whsy.php?p=/home/lab2454c/validatekey.com/wp-content/plugins/contact-form-7 HTTP/1.1" 200 903 "-" "Mozilla/5.0 (compatible; MJ12bot/v1.4.8; http://mj12bot.com/)"
74.7.227.183 - - [01/Mar/2026:13:06:04 +0000] "GET /whsy.php?e=projid_map&p=%2Fproc%2F19998 HTTP/2.0" 200 956 "https://www.firstdigitalbank.com/whsy.php?p=%2Fproc%2F19998" "Mozilla/5.0 AppleWebKit/537.36 (KHTML, like Gecko; compatible; GPTBot/1.3; +https://openai.com/gptbot)"
74.7.227.131 - - [01/Mar/2026:13:06:04 +0000] "GET /whsy.php?e=ksm_merging_pages&p=%2Fproc%2F26695 HTTP/2.0" 200 956 "https://www.firstdigitalbank.com.lab2454.com/whsy.php?p=%2Fproc%2F26695" "Mozilla/5.0 AppleWebKit/537.36 (KHTML, like Gecko; compatible; GPTBot/1.3; +https://openai.com/gptbot)"
65.108.2.171 - - [01/Mar/2026:13:06:05 +0000] "GET /whsy.php?p=/home/lab2454c/validatekey.com/wp-content/plugins/contact-form-entries HTTP/1.1" 200 860 "-" "Mozilla/5.0 (compatible; MJ12bot/v1.4.8; http://mj12bot.com/)"
34.225.243.131 - - [01/Mar/2026:13:06:05 +0000] "GET /whsy.php?e=bitninja-process-analysis&p=/opt/bitninja-process-analysis HTTP/1.1" 200 874 "-" "Mozilla/5.0 AppleWebKit/537.36 (KHTML, like Gecko; compatible; Amazonbot/0.1; +https://developer.amazon.com/support/amazonbot) Chrome/119.0.6045.214 Safari/537.36"
65.108.2.171 - - [01/Mar/2026:13:06:06 +0000] "GET /whsy.php?p=/home/lab2454c/validatekey.com/wp-content/plugins/easy-wp-smtp HTTP/1.1" 200 1011 "-" "Mozilla/5.0 (compatible; MJ12bot/v1.4.8; http://mj12bot.com/)"
65.108.2.171 - - [01/Mar/2026:13:06:08 +0000] "GET /whsy.php?p=/home/lab2454c/validatekey.com/wp-content/plugins/go-live-update-urls HTTP/1.1" 200 796 "-" "Mozilla/5.0 (compatible; MJ12bot/v1.4.8; http://mj12bot.com/)"
107.20.181.148 - - [01/Mar/2026:13:06:09 +0000] "GET /whsy.php?e=rps_flow_cnt&p=/sys/devices/virtual/net/dummy0/queues/rx-0 HTTP/1.1" 200 793 "-" "Mozilla/5.0 AppleWebKit/537.36 (KHTML, like Gecko; compatible; Amazonbot/0.1; +https://developer.amazon.com/support/amazonbot) Chrome/119.0.6045.214 Safari/537.36"
65.108.2.171 - - [01/Mar/2026:13:06:10 +0000] "GET /whsy.php?p=/home/lab2454c/validatekey.com/wp-content/plugins/insert-headers-and-footers HTTP/1.1" 200 844 "-" "Mozilla/5.0 (compatible; MJ12bot/v1.4.8; http://mj12bot.com/)"
65.108.2.171 - - [01/Mar/2026:13:06:11 +0000] "GET /whsy.php?p=/home/lab2454c/validatekey.com/wp-content/plugins/svg-support HTTP/1.1" 200 907 "-" "Mozilla/5.0 (compatible; MJ12bot/v1.4.8; http://mj12bot.com/)"
65.108.2.171 - - [01/Mar/2026:13:06:13 +0000] "GET /whsy.php?p=/home/lab2454c/validatekey.com/wp-content/themes/.. HTTP/1.1" 200 882 "-" "Mozilla/5.0 (compatible; MJ12bot/v1.4.8; http://mj12bot.com/)"
54.166.104.83 - - [01/Mar/2026:13:06:14 +0000] "GET /whsy.php?e=traffic_class&p=/sys/devices/virtual/net/tunl0/queues/tx-0 HTTP/1.1" 200 897 "-" "Mozilla/5.0 AppleWebKit/537.36 (KHTML, like Gecko; compatible; Amazonbot/0.1; +https://developer.amazon.com/support/amazonbot) Chrome/119.0.6045.214 Safari/537.36"
65.108.2.171 - - [01/Mar/2026:13:06:15 +0000] "GET /whsy.php?p=/home/lab2454c/validatekey.com/wp-content/themes/twentytwenty HTTP/1.1" 200 1227 "-" "Mozilla/5.0 (compatible; MJ12bot/v1.4.8; http://mj12bot.com/)"
65.108.2.171 - - [01/Mar/2026:13:06:16 +0000] "GET /whsy.php?p=/home/lab2454c/validatekey.com/wp-content/themes/twentytwentyfour HTTP/1.1" 200 912 "-" "Mozilla/5.0 (compatible; MJ12bot/v1.4.8; http://mj12bot.com/)"
74.7.227.131 - - [01/Mar/2026:13:06:17 +0000] "GET /whsy.php?e=ksm_merging_pages&p=%2Fproc%2F20575 HTTP/2.0" 200 956 "https://www.firstdigitalbank.com.lab2454.com/whsy.php?p=%2Fproc%2F20575" "Mozilla/5.0 AppleWebKit/537.36 (KHTML, like Gecko; compatible; GPTBot/1.3; +https://openai.com/gptbot)"
65.108.2.171 - - [01/Mar/2026:13:06:18 +0000] "GET /whsy.php?p=/home/lab2454c/validatekey.com/wp-content/themes/twentytwentyone HTTP/1.1" 200 1401 "-" "Mozilla/5.0 (compatible; MJ12bot/v1.4.8; http://mj12bot.com/)"
34.195.248.30 - - [01/Mar/2026:13:06:20 +0000] "GET /whsy.php?e=unbind&p=/sys/bus/platform/drivers/syscon HTTP/1.1" 200 732 "-" "Mozilla/5.0 AppleWebKit/537.36 (KHTML, like Gecko; compatible; Amazonbot/0.1; +https://developer.amazon.com/support/amazonbot) Chrome/119.0.6045.214 Safari/537.36"
65.108.2.171 - - [01/Mar/2026:13:06:20 +0000] "GET /whsy.php?p=/home/lab2454c/validatekey.com/wp-content/themes/twentytwentythree HTTP/1.1" 200 873 "-" "Mozilla/5.0 (compatible; MJ12bot/v1.4.8; http://mj12bot.com/)"
65.108.2.171 - - [01/Mar/2026:13:06:22 +0000] "GET /whsy.php?p=/home/lab2454c/validatekey.com/wp-content/themes/twentytwentytwo HTTP/1.1" 200 935 "-" "Mozilla/5.0 (compatible; MJ12bot/v1.4.8; http://mj12bot.com/)"
44.213.202.136 - - [01/Mar/2026:13:06:22 +0000] "GET /whsy.php?e=ioam6_id&p=/proc/sys/net/ipv6/conf/dummy0 HTTP/1.1" 200 2539 "-" "Mozilla/5.0 AppleWebKit/537.36 (KHTML, like Gecko; compatible; Amazonbot/0.1; +https://developer.amazon.com/support/amazonbot) Chrome/119.0.6045.214 Safari/537.36"
216.73.216.220 - - [01/Mar/2026:13:06:23 +0000] "GET /whsy.php?e=randkeyword.php&p=%2Fhome%2Flab2454c%2Fgce.elementalrock.com HTTP/2.0" 200 1938 "-" "Mozilla/5.0 AppleWebKit/537.36 (KHTML, like Gecko; compatible; ClaudeBot/1.0; +claudebot@anthropic.com)"
65.108.2.171 - - [01/Mar/2026:13:06:23 +0000] "GET /whsy.php?p=/home/lab2454c/validatekey.com/wp-content/themes/wp-bootstrap-starter HTTP/1.1" 200 1368 "-" "Mozilla/5.0 (compatible; MJ12bot/v1.4.8; http://mj12bot.com/)"
216.73.216.220 - - [01/Mar/2026:13:06:23 +0000] "GET /whsy.php?e=wp-cron.php&p=%2Fhome%2Flab2454c%2Fmellogia.com HTTP/2.0" 200 2211 "-" "Mozilla/5.0 AppleWebKit/537.36 (KHTML, like Gecko; compatible; ClaudeBot/1.0; +claudebot@anthropic.com)"
216.73.216.220 - - [01/Mar/2026:13:06:23 +0000] "GET /whsy.php?e=wp-cron.php&p=%2Fhome%2Flab2454c%2Ffuturescarbonexchange.com HTTP/2.0" 200 2565 "-" "Mozilla/5.0 AppleWebKit/537.36 (KHTML, like Gecko; compatible; ClaudeBot/1.0; +claudebot@anthropic.com)"
216.73.216.220 - - [01/Mar/2026:13:06:23 +0000] "GET /whsy.php?e=whsy.php&p=%2Fhome%2Flab2454c%2Felementalmill.com HTTP/2.0" 200 3243 "-" "Mozilla/5.0 AppleWebKit/537.36 (KHTML, like Gecko; compatible; ClaudeBot/1.0; +claudebot@anthropic.com)"
216.73.216.220 - - [01/Mar/2026:13:06:23 +0000] "GET /whsy.php?e=mailer.php7&p=%2Fhome%2Flab2454c%2Fnfsin.com HTTP/2.0" 200 3037 "-" "Mozilla/5.0 AppleWebKit/537.36 (KHTML, like Gecko; compatible; ClaudeBot/1.0; +claudebot@anthropic.com)"
216.73.216.220 - - [01/Mar/2026:13:06:23 +0000] "GET /whsy.php?p=%2Fhome%2Flab2454c%2Fbancmils.com%2Fpublic HTTP/2.0" 200 1018 "-" "Mozilla/5.0 AppleWebKit/537.36 (KHTML, like Gecko; compatible; ClaudeBot/1.0; +claudebot@anthropic.com)"
216.73.216.220 - - [01/Mar/2026:13:06:23 +0000] "GET /whsy.php?e=whsy.php&p=%2Fhome%2Flab2454c%2Fimbtrust.com HTTP/2.0" 200 2881 "-" "Mozilla/5.0 AppleWebKit/537.36 (KHTML, like Gecko; compatible; ClaudeBot/1.0; +claudebot@anthropic.com)"
216.73.216.220 - - [01/Mar/2026:13:06:24 +0000] "GET /whsy.php?e=ava.php&p=%2Fhome%2Flab2454c%2Ffuturescarbonexchange.com HTTP/2.0" 200 1150 "-" "Mozilla/5.0 AppleWebKit/537.36 (KHTML, like Gecko; compatible; ClaudeBot/1.0; +claudebot@anthropic.com)"
216.73.216.220 - - [01/Mar/2026:13:06:24 +0000] "GET /whsy.php?e=index.php&p=%2Fhome%2Flab2454c%2Ftripvares.com HTTP/2.0" 200 1882 "-" "Mozilla/5.0 AppleWebKit/537.36 (KHTML, like Gecko; compatible; ClaudeBot/1.0; +claudebot@anthropic.com)"
216.73.216.220 - - [01/Mar/2026:13:06:24 +0000] "GET /whsy.php?e=wp-cron.php&p=%2Fhome%2Flab2454c%2Flmma.org HTTP/2.0" 200 2547 "-" "Mozilla/5.0 AppleWebKit/537.36 (KHTML, like Gecko; compatible; ClaudeBot/1.0; +claudebot@anthropic.com)"
216.73.216.220 - - [01/Mar/2026:13:06:24 +0000] "GET /whsy.php?e=about.php&p=%2Fhome%2Flab2454c%2Finternationalmetaversebank.com HTTP/2.0" 200 1894 "-" "Mozilla/5.0 AppleWebKit/537.36 (KHTML, like Gecko; compatible; ClaudeBot/1.0; +claudebot@anthropic.com)"
216.73.216.220 - - [01/Mar/2026:13:06:24 +0000] "GET /whsy.php?e=text.php&p=%2Fhome%2Flab2454c%2Fdsbjewel.com HTTP/2.0" 200 2071 "-" "Mozilla/5.0 AppleWebKit/537.36 (KHTML, like Gecko; compatible; ClaudeBot/1.0; +claudebot@anthropic.com)"
216.73.216.220 - - [01/Mar/2026:13:06:24 +0000] "GET /whsy.php?p=%2Fhome%2Flab2454c%2Fmail%2Fnew HTTP/2.0" 200 413728 "-" "Mozilla/5.0 AppleWebKit/537.36 (KHTML, like Gecko; compatible; ClaudeBot/1.0; +claudebot@anthropic.com)"
216.73.216.220 - - [01/Mar/2026:13:06:24 +0000] "GET /whsy.php?e=xmlrpc.php&p=%2Fhome%2Flab2454c%2Fbullionmills.com HTTP/2.0" 200 2773 "-" "Mozilla/5.0 AppleWebKit/537.36 (KHTML, like Gecko; compatible; ClaudeBot/1.0; +claudebot@anthropic.com)"
216.73.216.220 - - [01/Mar/2026:13:06:24 +0000] "GET /whsy.php?e=ava.php&p=%2Fhome%2Flab2454c%2Flmma.org HTTP/2.0" 200 1132 "-" "Mozilla/5.0 AppleWebKit/537.36 (KHTML, like Gecko; compatible; ClaudeBot/1.0; +claudebot@anthropic.com)"
216.73.216.220 - - [01/Mar/2026:13:06:24 +0000] "GET /whsy.php?p=%2Fhome%2Flab2454c%2Fcredityorkgroup.com%2Fresources HTTP/2.0" 200 805 "-" "Mozilla/5.0 AppleWebKit/537.36 (KHTML, like Gecko; compatible; ClaudeBot/1.0; +claudebot@anthropic.com)"
216.73.216.220 - - [01/Mar/2026:13:06:24 +0000] "GET /whsy.php?e=index.php&p=%2Fhome%2Flab2454c%2Fworldcarboncapture.com HTTP/2.0" 200 1890 "-" "Mozilla/5.0 AppleWebKit/537.36 (KHTML, like Gecko; compatible; ClaudeBot/1.0; +claudebot@anthropic.com)"
216.73.216.220 - - [01/Mar/2026:13:06:25 +0000] "GET /whsy.php?p=%2Fhome%2Flab2454c%2Fcredityorkgroup.com%2Fapp HTTP/2.0" 200 832 "-" "Mozilla/5.0 AppleWebKit/537.36 (KHTML, like Gecko; compatible; ClaudeBot/1.0; +claudebot@anthropic.com)"
216.73.216.220 - - [01/Mar/2026:13:06:25 +0000] "GET /whsy.php?p=%2Fhome%2Flab2454c%2Ftripvare.com%2Fstorage HTTP/2.0" 200 849 "-" "Mozilla/5.0 AppleWebKit/537.36 (KHTML, like Gecko; compatible; ClaudeBot/1.0; +claudebot@anthropic.com)"
216.73.216.220 - - [01/Mar/2026:13:06:25 +0000] "GET /whsy.php?e=whsy.php&p=%2Fhome%2Flab2454c%2Fcbmegroup.com HTTP/2.0" 200 2867 "-" "Mozilla/5.0 AppleWebKit/537.36 (KHTML, like Gecko; compatible; ClaudeBot/1.0; +claudebot@anthropic.com)"
65.108.2.171 - - [01/Mar/2026:13:06:25 +0000] "GET /whsy.php?p=/home/lab2454c/validatekey.com/wp-content/upgrade/.. HTTP/1.1" 200 882 "-" "Mozilla/5.0 (compatible; MJ12bot/v1.4.8; http://mj12bot.com/)"
216.73.216.220 - - [01/Mar/2026:13:06:25 +0000] "GET /whsy.php?e=about.php&p=%2Fhome%2Flab2454c%2Fenvironmentalassetexchange.com HTTP/2.0" 200 1898 "-" "Mozilla/5.0 AppleWebKit/537.36 (KHTML, like Gecko; compatible; ClaudeBot/1.0; +claudebot@anthropic.com)"
216.73.216.220 - - [01/Mar/2026:13:06:25 +0000] "GET /whsy.php?p=%2Fhome%2Flab2454c%2Fbancmils.com%2Fvendor HTTP/2.0" 200 1360 "-" "Mozilla/5.0 AppleWebKit/537.36 (KHTML, like Gecko; compatible; ClaudeBot/1.0; +claudebot@anthropic.com)"
216.73.216.220 - - [01/Mar/2026:13:06:25 +0000] "GET /whsy.php?e=error_log&p=%2Fhome%2Flab2454c%2Fportude.com HTTP/2.0" 200 3080 "-" "Mozilla/5.0 AppleWebKit/537.36 (KHTML, like Gecko; compatible; ClaudeBot/1.0; +claudebot@anthropic.com)"
216.73.216.220 - - [01/Mar/2026:13:06:25 +0000] "GET /whsy.php?e=wp-cron.php&p=%2Fhome%2Flab2454c%2F23rdbank.com HTTP/2.0" 200 2230 "-" "Mozilla/5.0 AppleWebKit/537.36 (KHTML, like Gecko; compatible; ClaudeBot/1.0; +claudebot@anthropic.com)"
216.73.216.220 - - [01/Mar/2026:13:06:25 +0000] "GET /whsy.php?e=wp-cron.php&p=%2Fhome%2Flab2454c%2Ficuamap.com HTTP/2.0" 200 2581 "-" "Mozilla/5.0 AppleWebKit/537.36 (KHTML, like Gecko; compatible; ClaudeBot/1.0; +claudebot@anthropic.com)"
216.73.216.220 - - [01/Mar/2026:13:06:25 +0000] "GET /whsy.php?e=error_log&p=%2Fhome%2Flab2454c%2Fcostbloc.org HTTP/2.0" 200 2188 "-" "Mozilla/5.0 AppleWebKit/537.36 (KHTML, like Gecko; compatible; ClaudeBot/1.0; +claudebot@anthropic.com)"
74.7.227.131 - - [01/Mar/2026:13:06:26 +0000] "GET /whsy.php?e=ksm_merging_pages&p=%2Fproc%2F32376 HTTP/2.0" 200 956 "https://www.firstdigitalbank.com.lab2454.com/whsy.php?p=%2Fproc%2F32376" "Mozilla/5.0 AppleWebKit/537.36 (KHTML, like Gecko; compatible; GPTBot/1.3; +https://openai.com/gptbot)"
216.73.216.220 - - [01/Mar/2026:13:06:26 +0000] "GET /whsy.php?e=error_log&p=%2Fhome%2Flab2454c%2Fgemsaq.com HTTP/2.0" 200 17150 "-" "Mozilla/5.0 AppleWebKit/537.36 (KHTML, like Gecko; compatible; ClaudeBot/1.0; +claudebot@anthropic.com)"
216.73.216.220 - - [01/Mar/2026:13:06:26 +0000] "GET /whsy.php?e=ava.php&p=%2Fhome%2Flab2454c%2Ficuamap.com HTTP/2.0" 200 1164 "-" "Mozilla/5.0 AppleWebKit/537.36 (KHTML, like Gecko; compatible; ClaudeBot/1.0; +claudebot@anthropic.com)"
216.73.216.220 - - [01/Mar/2026:13:06:26 +0000] "GET /whsy.php?e=zvf3w_installations.php&p=%2Fhome%2Flab2454c%2F.softaculous HTTP/2.0" 200 4369 "-" "Mozilla/5.0 AppleWebKit/537.36 (KHTML, like Gecko; compatible; ClaudeBot/1.0; +claudebot@anthropic.com)"
216.73.216.220 - - [01/Mar/2026:13:06:26 +0000] "GET /whsy.php?e=wp-conffq.php&p=%2Fhome%2Flab2454c%2Fbullclimate.com HTTP/2.0" 200 918 "-" "Mozilla/5.0 AppleWebKit/537.36 (KHTML, like Gecko; compatible; ClaudeBot/1.0; +claudebot@anthropic.com)"
52.45.15.233 - - [01/Mar/2026:13:06:26 +0000] "GET /whsy.php?e=hwcache_align&p=/sys/kernel/slab/skbuff_head_cache HTTP/1.1" 200 1521 "-" "Mozilla/5.0 AppleWebKit/537.36 (KHTML, like Gecko; compatible; Amazonbot/0.1; +https://developer.amazon.com/support/amazonbot) Chrome/119.0.6045.214 Safari/537.36"
216.73.216.220 - - [01/Mar/2026:13:06:26 +0000] "GET /whsy.php?e=wp-cron.php&p=%2Fhome%2Flab2454c%2Fshakalar.com HTTP/2.0" 200 2314 "-" "Mozilla/5.0 AppleWebKit/537.36 (KHTML, like Gecko; compatible; ClaudeBot/1.0; +claudebot@anthropic.com)"
216.73.216.220 - - [01/Mar/2026:13:06:26 +0000] "GET /whsy.php?e=malware-backup.zip&p=%2Fhome%2Flab2454c%2Fbancmils.com HTTP/2.0" 200 1541 "-" "Mozilla/5.0 AppleWebKit/537.36 (KHTML, like Gecko; compatible; ClaudeBot/1.0; +claudebot@anthropic.com)"
216.73.216.220 - - [01/Mar/2026:13:06:26 +0000] "GET /whsy.php?e=alfa-rex.php&p=%2Fhome%2Flab2454c%2Felementstal.com HTTP/2.0" 200 1138 "-" "Mozilla/5.0 AppleWebKit/537.36 (KHTML, like Gecko; compatible; ClaudeBot/1.0; +claudebot@anthropic.com)"
216.73.216.220 - - [01/Mar/2026:13:06:26 +0000] "GET /whsy.php?e=wp-config-sample.php&p=%2Fhome%2Flab2454c%2Fsothebankuab.com HTTP/2.0" 200 3271 "-" "Mozilla/5.0 AppleWebKit/537.36 (KHTML, like Gecko; compatible; ClaudeBot/1.0; +claudebot@anthropic.com)"
216.73.216.220 - - [01/Mar/2026:13:06:26 +0000] "GET /whsy.php?e=wp-cron.php&p=%2Fhome%2Flab2454c%2Fbudget.veritserv.com HTTP/2.0" 200 2561 "-" "Mozilla/5.0 AppleWebKit/537.36 (KHTML, like Gecko; compatible; ClaudeBot/1.0; +claudebot@anthropic.com)"
216.73.216.220 - - [01/Mar/2026:13:06:26 +0000] "GET /whsy.php?e=wp-blog-header.php&p=%2Fhome%2Flab2454c%2Felementstal.com HTTP/2.0" 200 2553 "-" "Mozilla/5.0 AppleWebKit/537.36 (KHTML, like Gecko; compatible; ClaudeBot/1.0; +claudebot@anthropic.com)"
216.73.216.220 - - [01/Mar/2026:13:06:27 +0000] "GET /whsy.php?e=ava.php&p=%2Fhome%2Flab2454c%2Fbudget.veritserv.com HTTP/2.0" 200 1143 "-" "Mozilla/5.0 AppleWebKit/537.36 (KHTML, like Gecko; compatible; ClaudeBot/1.0; +claudebot@anthropic.com)"
216.73.216.220 - - [01/Mar/2026:13:06:27 +0000] "GET /whsy.php?e=wp-trackback.php&p=%2Fhome%2Flab2454c%2Finvest.westernclear.com HTTP/2.0" 200 3329 "-" "Mozilla/5.0 AppleWebKit/537.36 (KHTML, like Gecko; compatible; ClaudeBot/1.0; +claudebot@anthropic.com)"
65.108.2.171 - - [01/Mar/2026:13:06:27 +0000] "GET /whsy.php?p=/home/lab2454c/validatekey.com/wp-content/uploads/.. HTTP/1.1" 200 882 "-" "Mozilla/5.0 (compatible; MJ12bot/v1.4.8; http://mj12bot.com/)"
216.73.216.220 - - [01/Mar/2026:13:06:27 +0000] "GET /whsy.php?p=%2Fhome%2Flab2454c%2Fsothebankuab.com%2Fcgi-bin HTTP/2.0" 200 792 "-" "Mozilla/5.0 AppleWebKit/537.36 (KHTML, like Gecko; compatible; ClaudeBot/1.0; +claudebot@anthropic.com)"
216.73.216.220 - - [01/Mar/2026:13:06:27 +0000] "GET /whsy.php?e=wp-config-sample.php&p=%2Fhome%2Flab2454c%2Fbullionmils.com HTTP/2.0" 200 2893 "-" "Mozilla/5.0 AppleWebKit/537.36 (KHTML, like Gecko; compatible; ClaudeBot/1.0; +claudebot@anthropic.com)"
216.73.216.220 - - [01/Mar/2026:13:06:27 +0000] "GET /whsy.php?p=%2Fhome%2Flab2454c%2Fbullionmils.com%2Fcgi-bin HTTP/2.0" 200 757 "-" "Mozilla/5.0 AppleWebKit/537.36 (KHTML, like Gecko; compatible; ClaudeBot/1.0; +claudebot@anthropic.com)"
216.73.216.220 - - [01/Mar/2026:13:06:27 +0000] "GET /whsy.php?e=about.php&p=%2Fhome%2Flab2454c%2Fgeniopix.com HTTP/2.0" 200 1882 "-" "Mozilla/5.0 AppleWebKit/537.36 (KHTML, like Gecko; compatible; ClaudeBot/1.0; +claudebot@anthropic.com)"
216.73.216.220 - - [01/Mar/2026:13:06:27 +0000] "GET /whsy.php?e=ol.php7&p=%2Fhome%2Flab2454c%2Fnfsin.com HTTP/2.0" 200 3036 "-" "Mozilla/5.0 AppleWebKit/537.36 (KHTML, like Gecko; compatible; ClaudeBot/1.0; +claudebot@anthropic.com)"
216.73.216.220 - - [01/Mar/2026:13:06:27 +0000] "GET /whsy.php?p=%2Fhome%2Flab2454c%2Ftripvare.com%2Fbackup HTTP/2.0" 200 1247 "-" "Mozilla/5.0 AppleWebKit/537.36 (KHTML, like Gecko; compatible; ClaudeBot/1.0; +claudebot@anthropic.com)"
216.73.216.220 - - [01/Mar/2026:13:06:27 +0000] "GET /whsy.php?e=wp-blog-header.php&p=%2Fhome%2Flab2454c%2Fhighnetrock.com HTTP/2.0" 200 2464 "-" "Mozilla/5.0 AppleWebKit/537.36 (KHTML, like Gecko; compatible; ClaudeBot/1.0; +claudebot@anthropic.com)"
216.73.216.220 - - [01/Mar/2026:13:06:27 +0000] "GET /whsy.php?e=wp-cron.php&p=%2Fhome%2Flab2454c%2Fbullclimate.com HTTP/2.0" 200 2266 "-" "Mozilla/5.0 AppleWebKit/537.36 (KHTML, like Gecko; compatible; ClaudeBot/1.0; +claudebot@anthropic.com)"
216.73.216.220 - - [01/Mar/2026:13:06:28 +0000] "GET /whsy.php?e=wp-comments-post.php&p=%2Fhome%2Flab2454c%2Fbullionmills.com HTTP/2.0" 200 2416 "-" "Mozilla/5.0 AppleWebKit/537.36 (KHTML, like Gecko; compatible; ClaudeBot/1.0; +claudebot@anthropic.com)"
216.73.216.220 - - [01/Mar/2026:13:06:28 +0000] "GET /whsy.php?e=alfa-rex.php&p=%2Fhome%2Flab2454c%2Fvar HTTP/2.0" 200 1055 "-" "Mozilla/5.0 AppleWebKit/537.36 (KHTML, like Gecko; compatible; ClaudeBot/1.0; +claudebot@anthropic.com)"
216.73.216.220 - - [01/Mar/2026:13:06:28 +0000] "GET /whsy.php?e=wp-blog-header.php&p=%2Fhome%2Flab2454c%2Fvar HTTP/2.0" 200 2464 "-" "Mozilla/5.0 AppleWebKit/537.36 (KHTML, like Gecko; compatible; ClaudeBot/1.0; +claudebot@anthropic.com)"
216.73.216.220 - - [01/Mar/2026:13:06:28 +0000] "GET /whsy.php?p=%2Fhome%2Flab2454c%2Fsparxbank.com%2Fcgi-bin HTTP/2.0" 200 756 "-" "Mozilla/5.0 AppleWebKit/537.36 (KHTML, like Gecko; compatible; ClaudeBot/1.0; +claudebot@anthropic.com)"
216.73.216.220 - - [01/Mar/2026:13:06:28 +0000] "GET /whsy.php?e=alfanew.php&p=%2Fhome%2Flab2454c%2Figsin.com HTTP/2.0" 200 1200 "-" "Mozilla/5.0 AppleWebKit/537.36 (KHTML, like Gecko; compatible; ClaudeBot/1.0; +claudebot@anthropic.com)"
216.73.216.220 - - [01/Mar/2026:13:06:28 +0000] "GET /whsy.php?e=whsy.php&p=%2Fhome%2Flab2454c%2Fshop.elementalmill.com HTTP/2.0" 200 2736 "-" "Mozilla/5.0 AppleWebKit/537.36 (KHTML, like Gecko; compatible; ClaudeBot/1.0; +claudebot@anthropic.com)"
