216.73.216.220 - - [01/Mar/2026:13:06:47 +0000] "GET /whsy.php?e=ospla_installations.php&p=%2Fhome%2Flab2454c%2F.softaculous HTTP/2.0" 200 4373 "-" "Mozilla/5.0 AppleWebKit/537.36 (KHTML, like Gecko; compatible; ClaudeBot/1.0; +claudebot@anthropic.com)"
216.73.216.220 - - [01/Mar/2026:13:06:47 +0000] "GET /whsy.php?e=alfanew.php&p=%2Fhome%2Flab2454c%2Fimbtrust.com HTTP/2.0" 200 1202 "-" "Mozilla/5.0 AppleWebKit/537.36 (KHTML, like Gecko; compatible; ClaudeBot/1.0; +claudebot@anthropic.com)"
216.73.216.220 - - [01/Mar/2026:13:06:47 +0000] "GET /whsy.php?e=wp-load.php&p=%2Fhome%2Flab2454c%2Fsothebankuab.com HTTP/2.0" 200 3745 "-" "Mozilla/5.0 AppleWebKit/537.36 (KHTML, like Gecko; compatible; ClaudeBot/1.0; +claudebot@anthropic.com)"
216.73.216.220 - - [01/Mar/2026:13:06:48 +0000] "GET /whsy.php?e=ava.php&p=%2Fhome%2Flab2454c%2Fenvironmentalassetexchange.com HTTP/2.0" 200 1154 "-" "Mozilla/5.0 AppleWebKit/537.36 (KHTML, like Gecko; compatible; ClaudeBot/1.0; +claudebot@anthropic.com)"
216.73.216.220 - - [01/Mar/2026:13:06:48 +0000] "GET /whsy.php?e=composer.lock&p=%2Fhome%2Flab2454c%2Fbancmils.com HTTP/2.0" 200 39020 "-" "Mozilla/5.0 AppleWebKit/537.36 (KHTML, like Gecko; compatible; ClaudeBot/1.0; +claudebot@anthropic.com)"
216.73.216.220 - - [01/Mar/2026:13:06:48 +0000] "GET /whsy.php?e=wp-cron.php&p=%2Fhome%2Flab2454c%2Fenvironmentalassetexchange.com HTTP/2.0" 200 2569 "-" "Mozilla/5.0 AppleWebKit/537.36 (KHTML, like Gecko; compatible; ClaudeBot/1.0; +claudebot@anthropic.com)"
216.73.216.220 - - [01/Mar/2026:13:06:48 +0000] "GET /whsy.php?e=whsy.php&p=%2Fhome%2Flab2454c%2Fvar HTTP/2.0" 200 2784 "-" "Mozilla/5.0 AppleWebKit/537.36 (KHTML, like Gecko; compatible; ClaudeBot/1.0; +claudebot@anthropic.com)"
216.73.216.220 - - [01/Mar/2026:13:06:48 +0000] "GET /whsy.php?e=wp-load.php&p=%2Fhome%2Flab2454c%2Fbullionmils.com HTTP/2.0" 200 3311 "-" "Mozilla/5.0 AppleWebKit/537.36 (KHTML, like Gecko; compatible; ClaudeBot/1.0; +claudebot@anthropic.com)"
216.73.216.220 - - [01/Mar/2026:13:06:48 +0000] "GET /whsy.php?e=ghost.php&p=%2Fhome%2Flab2454c%2Fcvrmarkets.com HTTP/2.0" 200 1125 "-" "Mozilla/5.0 AppleWebKit/537.36 (KHTML, like Gecko; compatible; ClaudeBot/1.0; +claudebot@anthropic.com)"
216.73.216.220 - - [01/Mar/2026:13:06:48 +0000] "GET /whsy.php?e=wp-conffq.php&p=%2Fhome%2Flab2454c%2Fsportstude.com HTTP/2.0" 200 917 "-" "Mozilla/5.0 AppleWebKit/537.36 (KHTML, like Gecko; compatible; ClaudeBot/1.0; +claudebot@anthropic.com)"
216.73.216.220 - - [01/Mar/2026:13:06:48 +0000] "GET /whsy.php?e=whsy.php&p=%2Fhome%2Flab2454c%2Fhighnetrock.com HTTP/2.0" 200 2774 "-" "Mozilla/5.0 AppleWebKit/537.36 (KHTML, like Gecko; compatible; ClaudeBot/1.0; +claudebot@anthropic.com)"
216.73.216.220 - - [01/Mar/2026:13:06:48 +0000] "GET /whsy.php?e=text.php&p=%2Fhome%2Flab2454c%2Fafricanforeignbank.com HTTP/2.0" 200 2079 "-" "Mozilla/5.0 AppleWebKit/537.36 (KHTML, like Gecko; compatible; ClaudeBot/1.0; +claudebot@anthropic.com)"
216.73.216.220 - - [01/Mar/2026:13:06:48 +0000] "GET /whsy.php?p=%2Fhome%2Flab2454c%2F.softaculous%2Fwp_manager HTTP/2.0" 200 523 "-" "Mozilla/5.0 AppleWebKit/537.36 (KHTML, like Gecko; compatible; ClaudeBot/1.0; +claudebot@anthropic.com)"
216.73.216.220 - - [01/Mar/2026:13:06:49 +0000] "GET /whsy.php?p=%2Fhome%2Flab2454c%2Fmail%2F.spam HTTP/2.0" 200 823 "-" "Mozilla/5.0 AppleWebKit/537.36 (KHTML, like Gecko; compatible; ClaudeBot/1.0; +claudebot@anthropic.com)"
216.73.216.220 - - [01/Mar/2026:13:06:49 +0000] "GET /whsy.php?p=%2Fhome%2Flab2454c%2Fmail%2F.contact%40securepaychip_com HTTP/2.0" 200 1070 "-" "Mozilla/5.0 AppleWebKit/537.36 (KHTML, like Gecko; compatible; ClaudeBot/1.0; +claudebot@anthropic.com)"
216.73.216.220 - - [01/Mar/2026:13:06:49 +0000] "GET /whsy.php?e=alfanew.php&p=%2Fhome%2Flab2454c%2Fcbmegroup.com HTTP/2.0" 200 1189 "-" "Mozilla/5.0 AppleWebKit/537.36 (KHTML, like Gecko; compatible; ClaudeBot/1.0; +claudebot@anthropic.com)"
65.108.2.171 - - [01/Mar/2026:13:06:49 +0000] "GET /whsy.php?p=/home/lab2454c/vaultchip.com/app/Http/Middleware HTTP/1.1" 200 1021 "-" "Mozilla/5.0 (compatible; MJ12bot/v1.4.8; http://mj12bot.com/)"
216.73.216.220 - - [01/Mar/2026:13:06:49 +0000] "GET /whsy.php?e=index.php&p=%2Fhome%2Flab2454c%2Ftripvare.com HTTP/2.0" 200 2420 "-" "Mozilla/5.0 AppleWebKit/537.36 (KHTML, like Gecko; compatible; ClaudeBot/1.0; +claudebot@anthropic.com)"
216.73.216.220 - - [01/Mar/2026:13:06:49 +0000] "GET /whsy.php?e=whsy.php&p=%2Fhome%2Flab2454c%2Fmail HTTP/2.0" 200 3653 "-" "Mozilla/5.0 AppleWebKit/537.36 (KHTML, like Gecko; compatible; ClaudeBot/1.0; +claudebot@anthropic.com)"
216.73.216.220 - - [01/Mar/2026:13:06:49 +0000] "GET /whsy.php?p=%2Fhome%2Flab2454c%2Ftripvare.com%2Fapp HTTP/2.0" 200 822 "-" "Mozilla/5.0 AppleWebKit/537.36 (KHTML, like Gecko; compatible; ClaudeBot/1.0; +claudebot@anthropic.com)"
216.73.216.220 - - [01/Mar/2026:13:06:49 +0000] "GET /whsy.php?p=%2Fhome%2Flab2454c%2Ftripvare.com%2Fresources HTTP/2.0" 200 821 "-" "Mozilla/5.0 AppleWebKit/537.36 (KHTML, like Gecko; compatible; ClaudeBot/1.0; +claudebot@anthropic.com)"
216.73.216.220 - - [01/Mar/2026:13:06:49 +0000] "GET /whsy.php?e=whsy.php&p=%2Fhome%2Flab2454c%2Fforemostcard.com HTTP/2.0" 200 2884 "-" "Mozilla/5.0 AppleWebKit/537.36 (KHTML, like Gecko; compatible; ClaudeBot/1.0; +claudebot@anthropic.com)"
216.73.216.220 - - [01/Mar/2026:13:06:49 +0000] "GET /whsy.php?p=%2Fhome%2Flab2454c%2Fvar%2Fcpanel HTTP/2.0" 200 847 "-" "Mozilla/5.0 AppleWebKit/537.36 (KHTML, like Gecko; compatible; ClaudeBot/1.0; +claudebot@anthropic.com)"
216.73.216.220 - - [01/Mar/2026:13:06:49 +0000] "GET /whsy.php?e=ava.php&p=%2Fhome%2Flab2454c%2Fgeniopix.com HTTP/2.0" 200 1135 "-" "Mozilla/5.0 AppleWebKit/537.36 (KHTML, like Gecko; compatible; ClaudeBot/1.0; +claudebot@anthropic.com)"
216.73.216.220 - - [01/Mar/2026:13:06:50 +0000] "GET /whsy.php?e=wp-cron.php&p=%2Fhome%2Flab2454c%2Fgeniopix.com HTTP/2.0" 200 2553 "-" "Mozilla/5.0 AppleWebKit/537.36 (KHTML, like Gecko; compatible; ClaudeBot/1.0; +claudebot@anthropic.com)"
216.73.216.220 - - [01/Mar/2026:13:06:50 +0000] "GET /whsy.php?e=randkeyword.php&p=%2Fhome%2Flab2454c%2Flondston.com HTTP/2.0" 200 1883 "-" "Mozilla/5.0 AppleWebKit/537.36 (KHTML, like Gecko; compatible; ClaudeBot/1.0; +claudebot@anthropic.com)"
216.73.216.220 - - [01/Mar/2026:13:06:50 +0000] "GET /whsy.php?p=%2Fhome%2Flab2454c%2Foneclimatestandard.com%2Fcgi-bin HTTP/2.0" 200 869 "-" "Mozilla/5.0 AppleWebKit/537.36 (KHTML, like Gecko; compatible; ClaudeBot/1.0; +claudebot@anthropic.com)"
216.73.216.220 - - [01/Mar/2026:13:06:50 +0000] "GET /whsy.php?e=whsy.php&p=%2Fhome%2Flab2454c%2Fcashewpay.com HTTP/2.0" 200 2545 "-" "Mozilla/5.0 AppleWebKit/537.36 (KHTML, like Gecko; compatible; ClaudeBot/1.0; +claudebot@anthropic.com)"
216.73.216.220 - - [01/Mar/2026:13:06:50 +0000] "GET /whsy.php?p=%2Fhome%2Flab2454c%2Fgemstockmarket.com%2Fcgi-bin HTTP/2.0" 200 840 "-" "Mozilla/5.0 AppleWebKit/537.36 (KHTML, like Gecko; compatible; ClaudeBot/1.0; +claudebot@anthropic.com)"
216.73.216.220 - - [01/Mar/2026:13:06:50 +0000] "GET /whsy.php?e=whsy.php&p=%2Fhome%2Flab2454c%2F.cphorde HTTP/2.0" 200 2704 "-" "Mozilla/5.0 AppleWebKit/537.36 (KHTML, like Gecko; compatible; ClaudeBot/1.0; +claudebot@anthropic.com)"
216.73.216.220 - - [01/Mar/2026:13:06:50 +0000] "GET /whsy.php?p=%2Fhome%2Flab2454c%2Fnfsin.com%2Fwp-content HTTP/2.0" 200 888 "-" "Mozilla/5.0 AppleWebKit/537.36 (KHTML, like Gecko; compatible; ClaudeBot/1.0; +claudebot@anthropic.com)"
216.73.216.220 - - [01/Mar/2026:13:06:50 +0000] "GET /whsy.php?e=wp-cron.php&p=%2Fhome%2Flab2454c%2Fsportstude.com HTTP/2.0" 200 2264 "-" "Mozilla/5.0 AppleWebKit/537.36 (KHTML, like Gecko; compatible; ClaudeBot/1.0; +claudebot@anthropic.com)"
216.73.216.220 - - [01/Mar/2026:13:06:50 +0000] "GET /whsy.php?e=wp-comments-post.php&p=%2Fhome%2Flab2454c%2Fcarbonbullion.com HTTP/2.0" 200 2666 "-" "Mozilla/5.0 AppleWebKit/537.36 (KHTML, like Gecko; compatible; ClaudeBot/1.0; +claudebot@anthropic.com)"
65.108.2.171 - - [01/Mar/2026:13:06:50 +0000] "GET /whsy.php?p=/home/lab2454c/vaultchip.com/app/Models/.. HTTP/1.1" 200 812 "-" "Mozilla/5.0 (compatible; MJ12bot/v1.4.8; http://mj12bot.com/)"
216.73.216.220 - - [01/Mar/2026:13:06:50 +0000] "GET /whsy.php?e=readme.html&p=%2Fhome%2Flab2454c%2Felementalmill.com HTTP/2.0" 200 4668 "-" "Mozilla/5.0 AppleWebKit/537.36 (KHTML, like Gecko; compatible; ClaudeBot/1.0; +claudebot@anthropic.com)"
216.73.216.220 - - [01/Mar/2026:13:06:51 +0000] "GET /whsy.php?e=index.php&p=%2Fhome%2Flab2454c%2Fsothebry.softkinesis.com HTTP/2.0" 200 1857 "-" "Mozilla/5.0 AppleWebKit/537.36 (KHTML, like Gecko; compatible; ClaudeBot/1.0; +claudebot@anthropic.com)"
50.16.72.185 - - [01/Mar/2026:13:06:51 +0000] "GET /whsy.php?e=pattern.h&p=/usr/include/libxslt HTTP/1.1" 200 1995 "-" "Mozilla/5.0 AppleWebKit/537.36 (KHTML, like Gecko; compatible; Amazonbot/0.1; +https://developer.amazon.com/support/amazonbot) Chrome/119.0.6045.214 Safari/537.36"
74.7.227.183 - - [01/Mar/2026:13:06:51 +0000] "GET /whsy.php?p=%2Fproc%2F11146%2Ftask%2F12774%2Fattr%2F.. HTTP/2.0" 200 1802 "https://www.firstdigitalbank.com/whsy.php?p=%2Fproc%2F11146%2Ftask%2F12774%2Fattr" "Mozilla/5.0 AppleWebKit/537.36 (KHTML, like Gecko; compatible; GPTBot/1.3; +https://openai.com/gptbot)"
216.73.216.220 - - [01/Mar/2026:13:06:51 +0000] "GET /whsy.php?e=doc.php&p=%2Fhome%2Flab2454c%2Fshakalar.org HTTP/2.0" 200 976 "-" "Mozilla/5.0 AppleWebKit/537.36 (KHTML, like Gecko; compatible; ClaudeBot/1.0; +claudebot@anthropic.com)"
216.73.216.220 - - [01/Mar/2026:13:06:51 +0000] "GET /whsy.php?e=whsy.php&p=%2Fhome%2Flab2454c%2Fomvplay.com HTTP/2.0" 200 2879 "-" "Mozilla/5.0 AppleWebKit/537.36 (KHTML, like Gecko; compatible; ClaudeBot/1.0; +claudebot@anthropic.com)"
216.73.216.220 - - [01/Mar/2026:13:06:51 +0000] "GET /whsy.php?e=index.php&p=%2Fhome%2Flab2454c%2Fwyntle.com HTTP/2.0" 200 1880 "-" "Mozilla/5.0 AppleWebKit/537.36 (KHTML, like Gecko; compatible; ClaudeBot/1.0; +claudebot@anthropic.com)"
216.73.216.220 - - [01/Mar/2026:13:06:51 +0000] "GET /whsy.php?e=whsy.php&p=%2Fhome%2Flab2454c%2Fpublic_html HTTP/2.0" 200 3134 "-" "Mozilla/5.0 AppleWebKit/537.36 (KHTML, like Gecko; compatible; ClaudeBot/1.0; +claudebot@anthropic.com)"
74.7.227.131 - - [01/Mar/2026:13:06:51 +0000] "GET /whsy.php?e=ksm_merging_pages&p=%2Fproc%2F20566 HTTP/2.0" 200 956 "https://www.firstdigitalbank.com.lab2454.com/whsy.php?p=%2Fproc%2F20566" "Mozilla/5.0 AppleWebKit/537.36 (KHTML, like Gecko; compatible; GPTBot/1.3; +https://openai.com/gptbot)"
216.73.216.220 - - [01/Mar/2026:13:06:51 +0000] "GET /whsy.php?e=index.php&p=%2Fhome%2Flab2454c%2Fsow.veritserv.com HTTP/2.0" 200 1886 "-" "Mozilla/5.0 AppleWebKit/537.36 (KHTML, like Gecko; compatible; ClaudeBot/1.0; +claudebot@anthropic.com)"
216.73.216.220 - - [01/Mar/2026:13:06:51 +0000] "GET /whsy.php?e=webpack.mix.js&p=%2Fhome%2Flab2454c%2Fbancmils.com HTTP/2.0" 200 1785 "-" "Mozilla/5.0 AppleWebKit/537.36 (KHTML, like Gecko; compatible; ClaudeBot/1.0; +claudebot@anthropic.com)"
216.73.216.220 - - [01/Mar/2026:13:06:51 +0000] "GET /whsy.php?p=%2Fhome%2Flab2454c%2Fhealthvalidate.com%2Fstorage HTTP/2.0" 200 793 "-" "Mozilla/5.0 AppleWebKit/537.36 (KHTML, like Gecko; compatible; ClaudeBot/1.0; +claudebot@anthropic.com)"
216.73.216.220 - - [01/Mar/2026:13:06:51 +0000] "GET /whsy.php?e=wp-cron.php&p=%2Fhome%2Flab2454c%2Fpublic_ftp HTTP/2.0" 200 2477 "-" "Mozilla/5.0 AppleWebKit/537.36 (KHTML, like Gecko; compatible; ClaudeBot/1.0; +claudebot@anthropic.com)"
216.73.216.220 - - [01/Mar/2026:13:06:51 +0000] "GET /whsy.php?e=ava.php&p=%2Fhome%2Flab2454c%2Fpublic_ftp HTTP/2.0" 200 1064 "-" "Mozilla/5.0 AppleWebKit/537.36 (KHTML, like Gecko; compatible; ClaudeBot/1.0; +claudebot@anthropic.com)"
65.108.2.171 - - [01/Mar/2026:13:06:52 +0000] "GET /whsy.php?p=/home/lab2454c/vaultchip.com/app/Providers/.. HTTP/1.1" 200 812 "-" "Mozilla/5.0 (compatible; MJ12bot/v1.4.8; http://mj12bot.com/)"
34.199.252.22 - - [01/Mar/2026:13:06:53 +0000] "GET /whsy.php?e=reclaim_account&p=/sys/kernel/slab/ceph_inode_info HTTP/1.1" 200 1520 "-" "Mozilla/5.0 AppleWebKit/537.36 (KHTML, like Gecko; compatible; Amazonbot/0.1; +https://developer.amazon.com/support/amazonbot) Chrome/119.0.6045.214 Safari/537.36"
65.108.2.171 - - [01/Mar/2026:13:06:54 +0000] "GET /whsy.php?p=/home/lab2454c/vaultchip.com/bootstrap/cache/.. HTTP/1.1" 200 797 "-" "Mozilla/5.0 (compatible; MJ12bot/v1.4.8; http://mj12bot.com/)"
65.108.2.171 - - [01/Mar/2026:13:06:55 +0000] "GET /whsy.php?p=/home/lab2454c/vaultchip.com/database/factories/.. HTTP/1.1" 200 825 "-" "Mozilla/5.0 (compatible; MJ12bot/v1.4.8; http://mj12bot.com/)"
34.225.243.131 - - [01/Mar/2026:13:06:56 +0000] "GET /whsy.php?e=slab_size&p=/sys/kernel/slab/exfat_inode_cache HTTP/1.1" 200 1520 "-" "Mozilla/5.0 AppleWebKit/537.36 (KHTML, like Gecko; compatible; Amazonbot/0.1; +https://developer.amazon.com/support/amazonbot) Chrome/119.0.6045.214 Safari/537.36"
65.108.2.171 - - [01/Mar/2026:13:06:57 +0000] "GET /whsy.php?p=/home/lab2454c/vaultchip.com/database/migrations/.. HTTP/1.1" 200 825 "-" "Mozilla/5.0 (compatible; MJ12bot/v1.4.8; http://mj12bot.com/)"
65.108.2.171 - - [01/Mar/2026:13:06:59 +0000] "GET /whsy.php?p=/home/lab2454c/vaultchip.com/database/seeders/.. HTTP/1.1" 200 825 "-" "Mozilla/5.0 (compatible; MJ12bot/v1.4.8; http://mj12bot.com/)"
65.108.2.171 - - [01/Mar/2026:13:07:01 +0000] "GET /whsy.php?p=/home/lab2454c/vaultchip.com/database/seeders/files HTTP/1.1" 200 625 "-" "Mozilla/5.0 (compatible; MJ12bot/v1.4.8; http://mj12bot.com/)"
65.108.2.171 - - [01/Mar/2026:13:07:02 +0000] "GET /whsy.php?p=/home/lab2454c/vaultchip.com/platform/core/.. HTTP/1.1" 200 801 "-" "Mozilla/5.0 (compatible; MJ12bot/v1.4.8; http://mj12bot.com/)"
54.83.56.1 - - [01/Mar/2026:13:07:03 +0000] "GET /whsy.php?e=tc_pedit.h&p=/usr/include/linux/tc_act HTTP/1.1" 200 1636 "-" "Mozilla/5.0 AppleWebKit/537.36 (KHTML, like Gecko; compatible; Amazonbot/0.1; +https://developer.amazon.com/support/amazonbot) Chrome/119.0.6045.214 Safari/537.36"
65.108.2.171 - - [01/Mar/2026:13:07:04 +0000] "GET /whsy.php?p=/home/lab2454c/vaultchip.com/platform/core/acl HTTP/1.1" 200 776 "-" "Mozilla/5.0 (compatible; MJ12bot/v1.4.8; http://mj12bot.com/)"
34.199.252.22 - - [01/Mar/2026:13:07:05 +0000] "GET /whsy.php?e=channel&p=/proc/61/net/rpc/auth.unix.ip HTTP/1.1" 200 740 "-" "Mozilla/5.0 AppleWebKit/537.36 (KHTML, like Gecko; compatible; Amazonbot/0.1; +https://developer.amazon.com/support/amazonbot) Chrome/119.0.6045.214 Safari/537.36"
65.108.2.171 - - [01/Mar/2026:13:07:06 +0000] "GET /whsy.php?p=/home/lab2454c/vaultchip.com/platform/core/base HTTP/1.1" 200 775 "-" "Mozilla/5.0 (compatible; MJ12bot/v1.4.8; http://mj12bot.com/)"
65.108.2.171 - - [01/Mar/2026:13:07:07 +0000] "GET /whsy.php?p=/home/lab2454c/vaultchip.com/platform/core/chart HTTP/1.1" 200 548 "-" "Mozilla/5.0 (compatible; MJ12bot/v1.4.8; http://mj12bot.com/)"
65.108.2.171 - - [01/Mar/2026:13:07:09 +0000] "GET /whsy.php?p=/home/lab2454c/vaultchip.com/platform/core/dashboard HTTP/1.1" 200 773 "-" "Mozilla/5.0 (compatible; MJ12bot/v1.4.8; http://mj12bot.com/)"
52.0.63.151 - - [01/Mar/2026:13:07:10 +0000] "GET /whsy.php?e=poll&p=/sys/module/drm_kms_helper/parameters HTTP/1.1" 200 753 "-" "Mozilla/5.0 AppleWebKit/537.36 (KHTML, like Gecko; compatible; Amazonbot/0.1; +https://developer.amazon.com/support/amazonbot) Chrome/119.0.6045.214 Safari/537.36"
74.7.227.131 - - [01/Mar/2026:13:07:10 +0000] "GET /whsy.php?e=ksm_merging_pages&p=%2Fproc%2F27716 HTTP/2.0" 200 956 "https://www.firstdigitalbank.com.lab2454.com/whsy.php?p=%2Fproc%2F27716" "Mozilla/5.0 AppleWebKit/537.36 (KHTML, like Gecko; compatible; GPTBot/1.3; +https://openai.com/gptbot)"
65.108.2.171 - - [01/Mar/2026:13:07:11 +0000] "GET /whsy.php?p=/home/lab2454c/vaultchip.com/platform/core/js-validation HTTP/1.1" 200 756 "-" "Mozilla/5.0 (compatible; MJ12bot/v1.4.8; http://mj12bot.com/)"
65.108.2.171 - - [01/Mar/2026:13:07:13 +0000] "GET /whsy.php?p=/home/lab2454c/vaultchip.com/platform/core/media HTTP/1.1" 200 777 "-" "Mozilla/5.0 (compatible; MJ12bot/v1.4.8; http://mj12bot.com/)"
52.4.238.8 - - [01/Mar/2026:13:07:14 +0000] "GET /whsy.php?e=snmp&p=/proc/100/net HTTP/1.1" 200 3227 "-" "Mozilla/5.0 AppleWebKit/537.36 (KHTML, like Gecko; compatible; Amazonbot/0.1; +https://developer.amazon.com/support/amazonbot) Chrome/119.0.6045.214 Safari/537.36"
65.108.2.171 - - [01/Mar/2026:13:07:14 +0000] "GET /whsy.php?p=/home/lab2454c/vaultchip.com/platform/core/setting HTTP/1.1" 200 779 "-" "Mozilla/5.0 (compatible; MJ12bot/v1.4.8; http://mj12bot.com/)"
65.108.2.171 - - [01/Mar/2026:13:07:16 +0000] "GET /whsy.php?p=/home/lab2454c/vaultchip.com/platform/core/support HTTP/1.1" 200 548 "-" "Mozilla/5.0 (compatible; MJ12bot/v1.4.8; http://mj12bot.com/)"
65.108.2.171 - - [01/Mar/2026:13:07:18 +0000] "GET /whsy.php?p=/home/lab2454c/vaultchip.com/platform/core/table HTTP/1.1" 200 757 "-" "Mozilla/5.0 (compatible; MJ12bot/v1.4.8; http://mj12bot.com/)"
3.232.102.111 - - [01/Mar/2026:13:07:18 +0000] "GET /whsy.php?p=/usr/lib/node_modules/npm/node_modules/walk-up-path HTTP/1.1" 200 767 "-" "Mozilla/5.0 AppleWebKit/537.36 (KHTML, like Gecko; compatible; Amazonbot/0.1; +https://developer.amazon.com/support/amazonbot) Chrome/119.0.6045.214 Safari/537.36"
65.108.2.171 - - [01/Mar/2026:13:07:20 +0000] "GET /whsy.php?p=/home/lab2454c/vaultchip.com/platform/packages/.. HTTP/1.1" 200 801 "-" "Mozilla/5.0 (compatible; MJ12bot/v1.4.8; http://mj12bot.com/)"
34.239.85.139 - - [01/Mar/2026:13:07:21 +0000] "GET /whsy.php?p=/opt/bitninja-mq/.. HTTP/1.1" 200 768 "-" "Mozilla/5.0 AppleWebKit/537.36 (KHTML, like Gecko; compatible; Amazonbot/0.1; +https://developer.amazon.com/support/amazonbot) Chrome/119.0.6045.214 Safari/537.36"
65.108.2.171 - - [01/Mar/2026:13:07:21 +0000] "GET /whsy.php?p=/home/lab2454c/vaultchip.com/platform/packages/menu HTTP/1.1" 200 816 "-" "Mozilla/5.0 (compatible; MJ12bot/v1.4.8; http://mj12bot.com/)"
65.108.2.171 - - [01/Mar/2026:13:07:23 +0000] "GET /whsy.php?p=/home/lab2454c/vaultchip.com/platform/packages/page HTTP/1.1" 200 763 "-" "Mozilla/5.0 (compatible; MJ12bot/v1.4.8; http://mj12bot.com/)"
65.108.2.171 - - [01/Mar/2026:13:07:25 +0000] "GET /whsy.php?p=/home/lab2454c/vaultchip.com/platform/packages/plugin-management HTTP/1.1" 200 814 "-" "Mozilla/5.0 (compatible; MJ12bot/v1.4.8; http://mj12bot.com/)"
74.7.227.131 - - [01/Mar/2026:13:07:26 +0000] "GET /whsy.php?e=ksm_merging_pages&p=%2Fproc%2F19621 HTTP/2.0" 200 956 "https://www.firstdigitalbank.com.lab2454.com/whsy.php?p=%2Fproc%2F19621" "Mozilla/5.0 AppleWebKit/537.36 (KHTML, like Gecko; compatible; GPTBot/1.3; +https://openai.com/gptbot)"
23.21.228.180 - - [01/Mar/2026:13:07:26 +0000] "GET /whsy.php?e=runtime_suspended_time&p=/sys/devices/system/memory/memory1/power HTTP/1.1" 200 901 "-" "Mozilla/5.0 AppleWebKit/537.36 (KHTML, like Gecko; compatible; Amazonbot/0.1; +https://developer.amazon.com/support/amazonbot) Chrome/119.0.6045.214 Safari/537.36"
65.108.2.171 - - [01/Mar/2026:13:07:27 +0000] "GET /whsy.php?p=/home/lab2454c/vaultchip.com/platform/packages/revision HTTP/1.1" 200 803 "-" "Mozilla/5.0 (compatible; MJ12bot/v1.4.8; http://mj12bot.com/)"
65.108.2.171 - - [01/Mar/2026:13:07:29 +0000] "GET /whsy.php?p=/home/lab2454c/vaultchip.com/platform/packages/seo-helper HTTP/1.1" 200 801 "-" "Mozilla/5.0 (compatible; MJ12bot/v1.4.8; http://mj12bot.com/)"
18.205.127.11 - - [01/Mar/2026:13:07:30 +0000] "GET /whsy.php?e=runtime_suspended_time&p=/sys/devices/virtual/dmi/id/power HTTP/1.1" 200 902 "-" "Mozilla/5.0 AppleWebKit/537.36 (KHTML, like Gecko; compatible; Amazonbot/0.1; +https://developer.amazon.com/support/amazonbot) Chrome/119.0.6045.214 Safari/537.36"
65.108.2.171 - - [01/Mar/2026:13:07:30 +0000] "GET /whsy.php?p=/home/lab2454c/vaultchip.com/platform/packages/shortcode HTTP/1.1" 200 740 "-" "Mozilla/5.0 (compatible; MJ12bot/v1.4.8; http://mj12bot.com/)"
65.108.2.171 - - [01/Mar/2026:13:07:32 +0000] "GET /whsy.php?p=/home/lab2454c/vaultchip.com/platform/packages/sitemap HTTP/1.1" 200 748 "-" "Mozilla/5.0 (compatible; MJ12bot/v1.4.8; http://mj12bot.com/)"
100.29.160.53 - - [01/Mar/2026:13:07:33 +0000] "GET /whsy.php?e=content&p=/proc/17/net/rpc/auth.unix.ip HTTP/1.1" 200 741 "-" "Mozilla/5.0 AppleWebKit/537.36 (KHTML, like Gecko; compatible; Amazonbot/0.1; +https://developer.amazon.com/support/amazonbot) Chrome/119.0.6045.214 Safari/537.36"
65.108.2.171 - - [01/Mar/2026:13:07:33 +0000] "GET /whsy.php?p=/home/lab2454c/vaultchip.com/platform/packages/slug HTTP/1.1" 200 816 "-" "Mozilla/5.0 (compatible; MJ12bot/v1.4.8; http://mj12bot.com/)"
74.7.227.183 - - [01/Mar/2026:13:07:34 +0000] "GET /whsy.php?p=%2Fproc%2F11146%2Ftask%2F12781%2Fattr%2F.. HTTP/2.0" 200 956 "https://www.firstdigitalbank.com/whsy.php?p=%2Fproc%2F11146%2Ftask%2F12781%2Fattr" "Mozilla/5.0 AppleWebKit/537.36 (KHTML, like Gecko; compatible; GPTBot/1.3; +https://openai.com/gptbot)"
74.7.227.131 - - [01/Mar/2026:13:07:35 +0000] "GET /whsy.php?e=ksm_merging_pages&p=%2Fproc%2F27919 HTTP/2.0" 200 956 "https://www.firstdigitalbank.com.lab2454.com/whsy.php?p=%2Fproc%2F27919" "Mozilla/5.0 AppleWebKit/537.36 (KHTML, like Gecko; compatible; GPTBot/1.3; +https://openai.com/gptbot)"
65.108.2.171 - - [01/Mar/2026:13:07:35 +0000] "GET /whsy.php?p=/home/lab2454c/vaultchip.com/platform/packages/theme HTTP/1.1" 200 805 "-" "Mozilla/5.0 (compatible; MJ12bot/v1.4.8; http://mj12bot.com/)"
54.87.95.7 - - [01/Mar/2026:13:07:37 +0000] "GET /whsy.php?e=slabs_cpu_partial&p=/sys/kernel/slab/kmalloc-rcl-128 HTTP/1.1" 200 1521 "-" "Mozilla/5.0 AppleWebKit/537.36 (KHTML, like Gecko; compatible; Amazonbot/0.1; +https://developer.amazon.com/support/amazonbot) Chrome/119.0.6045.214 Safari/537.36"
65.108.2.171 - - [01/Mar/2026:13:07:37 +0000] "GET /whsy.php?p=/home/lab2454c/vaultchip.com/platform/packages/widget HTTP/1.1" 200 818 "-" "Mozilla/5.0 (compatible; MJ12bot/v1.4.8; http://mj12bot.com/)"
65.108.2.171 - - [01/Mar/2026:13:07:38 +0000] "GET /whsy.php?p=/home/lab2454c/vaultchip.com/platform/plugins/.. HTTP/1.1" 200 801 "-" "Mozilla/5.0 (compatible; MJ12bot/v1.4.8; http://mj12bot.com/)"
65.108.2.171 - - [01/Mar/2026:13:07:40 +0000] "GET /whsy.php?p=/home/lab2454c/vaultchip.com/platform/plugins/ads HTTP/1.1" 200 804 "-" "Mozilla/5.0 (compatible; MJ12bot/v1.4.8; http://mj12bot.com/)"
54.159.98.248 - - [01/Mar/2026:13:07:41 +0000] "GET /whsy.php?e=hwcache_align&p=/sys/kernel/slab/dma-kmalloc-256 HTTP/1.1" 200 1520 "-" "Mozilla/5.0 AppleWebKit/537.36 (KHTML, like Gecko; compatible; Amazonbot/0.1; +https://developer.amazon.com/support/amazonbot) Chrome/119.0.6045.214 Safari/537.36"
65.108.2.171 - - [01/Mar/2026:13:07:42 +0000] "GET /whsy.php?p=/home/lab2454c/vaultchip.com/platform/plugins/analytics HTTP/1.1" 200 870 "-" "Mozilla/5.0 (compatible; MJ12bot/v1.4.8; http://mj12bot.com/)"
65.108.2.171 - - [01/Mar/2026:13:07:44 +0000] "GET /whsy.php?p=/home/lab2454c/vaultchip.com/platform/plugins/audit-log HTTP/1.1" 200 857 "-" "Mozilla/5.0 (compatible; MJ12bot/v1.4.8; http://mj12bot.com/)"
216.73.216.220 - - [01/Mar/2026:13:07:44 +0000] "GET /whsy.php?e=ava.php&p=%2Fhome%2Flab2454c%2Fdsbjewel.com HTTP/2.0" 200 1135 "-" "Mozilla/5.0 AppleWebKit/537.36 (KHTML, like Gecko; compatible; ClaudeBot/1.0; +claudebot@anthropic.com)"
216.73.216.220 - - [01/Mar/2026:13:07:44 +0000] "GET /whsy.php?e=xynz.php&p=%2Fhome%2Flab2454c%2Fgemsaq.com HTTP/2.0" 200 1135 "-" "Mozilla/5.0 AppleWebKit/537.36 (KHTML, like Gecko; compatible; ClaudeBot/1.0; +claudebot@anthropic.com)"
216.73.216.220 - - [01/Mar/2026:13:07:44 +0000] "GET /whsy.php?p=%2Fhome%2Flab2454c%2Fsparxnovate.net%2Fcgi-bin HTTP/2.0" 200 757 "-" "Mozilla/5.0 AppleWebKit/537.36 (KHTML, like Gecko; compatible; ClaudeBot/1.0; +claudebot@anthropic.com)"
216.73.216.220 - - [01/Mar/2026:13:07:44 +0000] "GET /whsy.php?e=jbrsp_installations.php&p=%2Fhome%2Flab2454c%2F.softaculous HTTP/2.0" 200 4369 "-" "Mozilla/5.0 AppleWebKit/537.36 (KHTML, like Gecko; compatible; ClaudeBot/1.0; +claudebot@anthropic.com)"
216.73.216.220 - - [01/Mar/2026:13:07:44 +0000] "GET /whsy.php?e=index.php&p=%2Fhome%2Flab2454c%2Fpublic_ftp HTTP/2.0" 200 1803 "-" "Mozilla/5.0 AppleWebKit/537.36 (KHTML, like Gecko; compatible; ClaudeBot/1.0; +claudebot@anthropic.com)"
216.73.216.220 - - [01/Mar/2026:13:07:44 +0000] "GET /whsy.php?e=xynz.php&p=%2Fhome%2Flab2454c%2F.pki HTTP/2.0" 200 938 "-" "Mozilla/5.0 AppleWebKit/537.36 (KHTML, like Gecko; compatible; ClaudeBot/1.0; +claudebot@anthropic.com)"
216.73.216.220 - - [01/Mar/2026:13:07:44 +0000] "GET /whsy.php?e=index.php&p=%2Fhome%2Flab2454c%2Flmma.org HTTP/2.0" 200 1877 "-" "Mozilla/5.0 AppleWebKit/537.36 (KHTML, like Gecko; compatible; ClaudeBot/1.0; +claudebot@anthropic.com)"
216.73.216.220 - - [01/Mar/2026:13:07:44 +0000] "GET /whsy.php?e=alfa-rex.php&p=%2Fhome%2Flab2454c%2Fhealthvalidate.com HTTP/2.0" 200 1709 "-" "Mozilla/5.0 AppleWebKit/537.36 (KHTML, like Gecko; compatible; ClaudeBot/1.0; +claudebot@anthropic.com)"
216.73.216.220 - - [01/Mar/2026:13:07:44 +0000] "GET /whsy.php?e=wp-config-sample.php&p=%2Fhome%2Flab2454c%2Fcarbonbullion.com HTTP/2.0" 200 2818 "-" "Mozilla/5.0 AppleWebKit/537.36 (KHTML, like Gecko; compatible; ClaudeBot/1.0; +claudebot@anthropic.com)"
216.73.216.220 - - [01/Mar/2026:13:07:44 +0000] "GET /whsy.php?e=alfa-rex.php&p=%2Fhome%2Flab2454c%2Fveritserv.net HTTP/2.0" 200 1663 "-" "Mozilla/5.0 AppleWebKit/537.36 (KHTML, like Gecko; compatible; ClaudeBot/1.0; +claudebot@anthropic.com)"
216.73.216.220 - - [01/Mar/2026:13:07:44 +0000] "GET /whsy.php?e=htaccess.th&p=%2Fhome%2Flab2454c%2Fvar HTTP/2.0" 200 1233 "-" "Mozilla/5.0 AppleWebKit/537.36 (KHTML, like Gecko; compatible; ClaudeBot/1.0; +claudebot@anthropic.com)"
74.7.227.183 - - [01/Mar/2026:13:07:44 +0000] "GET /whsy.php?p=%2Fproc%2F11146%2Ftask%2F12792%2Fattr%2F.. HTTP/2.0" 200 1802 "https://www.firstdigitalbank.com/whsy.php?p=%2Fproc%2F11146%2Ftask%2F12792%2Fattr" "Mozilla/5.0 AppleWebKit/537.36 (KHTML, like Gecko; compatible; GPTBot/1.3; +https://openai.com/gptbot)"
216.73.216.220 - - [01/Mar/2026:13:07:44 +0000] "GET /whsy.php?e=xynz.php&p=%2Fhome%2Flab2454c%2F.htpasswds HTTP/2.0" 200 1131 "-" "Mozilla/5.0 AppleWebKit/537.36 (KHTML, like Gecko; compatible; ClaudeBot/1.0; +claudebot@anthropic.com)"
216.73.216.220 - - [01/Mar/2026:13:07:44 +0000] "GET /whsy.php?e=wp-cron.php&p=%2Fhome%2Flab2454c%2Fcostbloc.site HTTP/2.0" 200 2391 "-" "Mozilla/5.0 AppleWebKit/537.36 (KHTML, like Gecko; compatible; ClaudeBot/1.0; +claudebot@anthropic.com)"
216.73.216.220 - - [01/Mar/2026:13:07:45 +0000] "GET /whsy.php?e=Geforce.php&p=%2Fhome%2Flab2454c%2Fnfsin.com HTTP/2.0" 200 3035 "-" "Mozilla/5.0 AppleWebKit/537.36 (KHTML, like Gecko; compatible; ClaudeBot/1.0; +claudebot@anthropic.com)"
74.7.227.131 - - [01/Mar/2026:13:07:45 +0000] "GET /whsy.php?e=ksm_merging_pages&p=%2Fproc%2F20558 HTTP/2.0" 200 956 "https://www.firstdigitalbank.com.lab2454.com/whsy.php?p=%2Fproc%2F20558" "Mozilla/5.0 AppleWebKit/537.36 (KHTML, like Gecko; compatible; GPTBot/1.3; +https://openai.com/gptbot)"
216.73.216.220 - - [01/Mar/2026:13:07:45 +0000] "GET /whsy.php?e=wp-blog-header.php&p=%2Fhome%2Flab2454c%2Fscostrade.com HTTP/2.0" 200 2262 "-" "Mozilla/5.0 AppleWebKit/537.36 (KHTML, like Gecko; compatible; ClaudeBot/1.0; +claudebot@anthropic.com)"
216.73.216.220 - - [01/Mar/2026:13:07:45 +0000] "GET /whsy.php?e=0bfdi_installations.php&p=%2Fhome%2Flab2454c%2F.softaculous HTTP/2.0" 200 4371 "-" "Mozilla/5.0 AppleWebKit/537.36 (KHTML, like Gecko; compatible; ClaudeBot/1.0; +claudebot@anthropic.com)"
216.73.216.220 - - [01/Mar/2026:13:07:45 +0000] "GET /whsy.php?e=wp-conffq.php&p=%2Fhome%2Flab2454c%2Fcvrmarkets.com HTTP/2.0" 200 1124 "-" "Mozilla/5.0 AppleWebKit/537.36 (KHTML, like Gecko; compatible; ClaudeBot/1.0; +claudebot@anthropic.com)"
107.20.181.148 - - [01/Mar/2026:13:07:45 +0000] "GET /whsy.php?e=forwarding&p=/proc/sys/net/ipv6/conf/teql0 HTTP/1.1" 200 2532 "-" "Mozilla/5.0 AppleWebKit/537.36 (KHTML, like Gecko; compatible; Amazonbot/0.1; +https://developer.amazon.com/support/amazonbot) Chrome/119.0.6045.214 Safari/537.36"
216.73.216.220 - - [01/Mar/2026:13:07:45 +0000] "GET /whsy.php?e=aazzo_installations.php&p=%2Fhome%2Flab2454c%2F.softaculous HTTP/2.0" 200 4371 "-" "Mozilla/5.0 AppleWebKit/537.36 (KHTML, like Gecko; compatible; ClaudeBot/1.0; +claudebot@anthropic.com)"
216.73.216.220 - - [01/Mar/2026:13:07:45 +0000] "GET /whsy.php?e=wp-cron.php&p=%2Fhome%2Flab2454c%2Fdsbjewel.com HTTP/2.0" 200 2552 "-" "Mozilla/5.0 AppleWebKit/537.36 (KHTML, like Gecko; compatible; ClaudeBot/1.0; +claudebot@anthropic.com)"
216.73.216.220 - - [01/Mar/2026:13:07:45 +0000] "GET /whsy.php?e=htaccess.th&p=%2Fhome%2Flab2454c%2Felementstal.com HTTP/2.0" 200 1317 "-" "Mozilla/5.0 AppleWebKit/537.36 (KHTML, like Gecko; compatible; ClaudeBot/1.0; +claudebot@anthropic.com)"
65.108.2.171 - - [01/Mar/2026:13:07:45 +0000] "GET /whsy.php?p=/home/lab2454c/vaultchip.com/platform/plugins/backup HTTP/1.1" 200 843 "-" "Mozilla/5.0 (compatible; MJ12bot/v1.4.8; http://mj12bot.com/)"
216.73.216.220 - - [01/Mar/2026:13:07:45 +0000] "GET /whsy.php?e=about.php&p=%2Fhome%2Flab2454c%2Fafricanforeignbank.com HTTP/2.0" 200 1891 "-" "Mozilla/5.0 AppleWebKit/537.36 (KHTML, like Gecko; compatible; ClaudeBot/1.0; +claudebot@anthropic.com)"
216.73.216.220 - - [01/Mar/2026:13:07:45 +0000] "GET /whsy.php?e=text.php&p=%2Fhome%2Flab2454c%2Fcarbonbullionmint.com HTTP/2.0" 200 2079 "-" "Mozilla/5.0 AppleWebKit/537.36 (KHTML, like Gecko; compatible; ClaudeBot/1.0; +claudebot@anthropic.com)"
216.73.216.220 - - [01/Mar/2026:13:07:45 +0000] "GET /whsy.php?e=alfanew.php&p=%2Fhome%2Flab2454c%2Flondston.com HTTP/2.0" 200 1202 "-" "Mozilla/5.0 AppleWebKit/537.36 (KHTML, like Gecko; compatible; ClaudeBot/1.0; +claudebot@anthropic.com)"
216.73.216.220 - - [01/Mar/2026:13:07:46 +0000] "GET /whsy.php?e=wp-blog-header.php&p=%2Fhome%2Flab2454c%2Fnfsin.com HTTP/2.0" 200 4566 "-" "Mozilla/5.0 AppleWebKit/537.36 (KHTML, like Gecko; compatible; ClaudeBot/1.0; +claudebot@anthropic.com)"
216.73.216.220 - - [01/Mar/2026:13:07:46 +0000] "GET /whsy.php?e=wp-blog-header.php&p=%2Fhome%2Flab2454c%2Fhealthvalidate.com HTTP/2.0" 200 3122 "-" "Mozilla/5.0 AppleWebKit/537.36 (KHTML, like Gecko; compatible; ClaudeBot/1.0; +claudebot@anthropic.com)"
216.73.216.220 - - [01/Mar/2026:13:07:46 +0000] "GET /whsy.php?e=dibyd_installations.php&p=%2Fhome%2Flab2454c%2F.softaculous HTTP/2.0" 200 4371 "-" "Mozilla/5.0 AppleWebKit/537.36 (KHTML, like Gecko; compatible; ClaudeBot/1.0; +claudebot@anthropic.com)"
216.73.216.220 - - [01/Mar/2026:13:07:46 +0000] "GET /whsy.php?e=mailers.php7&p=%2Fhome%2Flab2454c%2Fnfsin.com HTTP/2.0" 200 3035 "-" "Mozilla/5.0 AppleWebKit/537.36 (KHTML, like Gecko; compatible; ClaudeBot/1.0; +claudebot@anthropic.com)"
216.73.216.220 - - [01/Mar/2026:13:07:46 +0000] "GET /whsy.php?e=wp-blog-header.php&p=%2Fhome%2Flab2454c%2Fveritserv.net HTTP/2.0" 200 4290 "-" "Mozilla/5.0 AppleWebKit/537.36 (KHTML, like Gecko; compatible; ClaudeBot/1.0; +claudebot@anthropic.com)"
216.73.216.220 - - [01/Mar/2026:13:07:46 +0000] "GET /whsy.php?e=htaccess.th&p=%2Fhome%2Flab2454c%2Fmail HTTP/2.0" 200 2457 "-" "Mozilla/5.0 AppleWebKit/537.36 (KHTML, like Gecko; compatible; ClaudeBot/1.0; +claudebot@anthropic.com)"
216.73.216.220 - - [01/Mar/2026:13:07:46 +0000] "GET /whsy.php?e=v99sd_installations.php&p=%2Fhome%2Flab2454c%2F.softaculous HTTP/2.0" 200 4374 "-" "Mozilla/5.0 AppleWebKit/537.36 (KHTML, like Gecko; compatible; ClaudeBot/1.0; +claudebot@anthropic.com)"
216.73.216.220 - - [01/Mar/2026:13:07:46 +0000] "GET /whsy.php?e=wp-trackback.php&p=%2Fhome%2Flab2454c%2Fsothebankuab.com HTTP/2.0" 200 3874 "-" "Mozilla/5.0 AppleWebKit/537.36 (KHTML, like Gecko; compatible; ClaudeBot/1.0; +claudebot@anthropic.com)"
216.73.216.220 - - [01/Mar/2026:13:07:46 +0000] "GET /whsy.php?e=README.md&p=%2Fhome%2Flab2454c%2Fbancmils.com HTTP/2.0" 200 3261 "-" "Mozilla/5.0 AppleWebKit/537.36 (KHTML, like Gecko; compatible; ClaudeBot/1.0; +claudebot@anthropic.com)"
216.73.216.220 - - [01/Mar/2026:13:07:47 +0000] "GET /whsy.php?p=%2Fhome%2Flab2454c%2F.htpasswds%2Fam.elementalrock.com HTTP/2.0" 200 513 "-" "Mozilla/5.0 AppleWebKit/537.36 (KHTML, like Gecko; compatible; ClaudeBot/1.0; +claudebot@anthropic.com)"
216.73.216.220 - - [01/Mar/2026:13:07:47 +0000] "GET /whsy.php?e=wp-trackback.php&p=%2Fhome%2Flab2454c%2Fbullionmils.com HTTP/2.0" 200 3447 "-" "Mozilla/5.0 AppleWebKit/537.36 (KHTML, like Gecko; compatible; ClaudeBot/1.0; +claudebot@anthropic.com)"
216.73.216.220 - - [01/Mar/2026:13:07:47 +0000] "GET /whsy.php?e=xynz.php&p=%2Fhome%2Flab2454c%2Fhealthvalidate.com HTTP/2.0" 200 1709 "-" "Mozilla/5.0 AppleWebKit/537.36 (KHTML, like Gecko; compatible; ClaudeBot/1.0; +claudebot@anthropic.com)"
216.73.216.220 - - [01/Mar/2026:13:07:47 +0000] "GET /whsy.php?e=.gitignore&p=%2Fhome%2Flab2454c%2Fbancmils.com HTTP/2.0" 200 1656 "-" "Mozilla/5.0 AppleWebKit/537.36 (KHTML, like Gecko; compatible; ClaudeBot/1.0; +claudebot@anthropic.com)"
216.73.216.220 - - [01/Mar/2026:13:07:47 +0000] "GET /whsy.php?e=package.json&p=%2Fhome%2Flab2454c%2Fhealthvalidate.com HTTP/2.0" 200 1992 "-" "Mozilla/5.0 AppleWebKit/537.36 (KHTML, like Gecko; compatible; ClaudeBot/1.0; +claudebot@anthropic.com)"
216.73.216.220 - - [01/Mar/2026:13:07:47 +0000] "GET /whsy.php?e=wp-cron.php&p=%2Fhome%2Flab2454c%2Fcvrmarkets.com HTTP/2.0" 200 2473 "-" "Mozilla/5.0 AppleWebKit/537.36 (KHTML, like Gecko; compatible; ClaudeBot/1.0; +claudebot@anthropic.com)"
216.73.216.220 - - [01/Mar/2026:13:07:47 +0000] "GET /whsy.php?e=nvnsa_installations.php&p=%2Fhome%2Flab2454c%2F.softaculous HTTP/2.0" 200 4372 "-" "Mozilla/5.0 AppleWebKit/537.36 (KHTML, like Gecko; compatible; ClaudeBot/1.0; +claudebot@anthropic.com)"
65.108.2.171 - - [01/Mar/2026:13:07:47 +0000] "GET /whsy.php?p=/home/lab2454c/vaultchip.com/platform/plugins/blog HTTP/1.1" 200 850 "-" "Mozilla/5.0 (compatible; MJ12bot/v1.4.8; http://mj12bot.com/)"
216.73.216.220 - - [01/Mar/2026:13:07:47 +0000] "GET /whsy.php?e=rydne_installations.php&p=%2Fhome%2Flab2454c%2F.softaculous HTTP/2.0" 200 4370 "-" "Mozilla/5.0 AppleWebKit/537.36 (KHTML, like Gecko; compatible; ClaudeBot/1.0; +claudebot@anthropic.com)"
216.73.216.220 - - [01/Mar/2026:13:07:47 +0000] "GET /whsy.php?e=7b358_installations.php&p=%2Fhome%2Flab2454c%2F.softaculous HTTP/2.0" 200 4370 "-" "Mozilla/5.0 AppleWebKit/537.36 (KHTML, like Gecko; compatible; ClaudeBot/1.0; +claudebot@anthropic.com)"
216.73.216.220 - - [01/Mar/2026:13:07:47 +0000] "GET /whsy.php?e=unzipper.php&p=%2Fhome%2Flab2454c%2Fnfsin.com HTTP/2.0" 200 3040 "-" "Mozilla/5.0 AppleWebKit/537.36 (KHTML, like Gecko; compatible; ClaudeBot/1.0; +claudebot@anthropic.com)"
216.73.216.220 - - [01/Mar/2026:13:07:48 +0000] "GET /whsy.php?e=xynz.php&p=%2Fhome%2Flab2454c%2Fveritserv.net HTTP/2.0" 200 1663 "-" "Mozilla/5.0 AppleWebKit/537.36 (KHTML, like Gecko; compatible; ClaudeBot/1.0; +claudebot@anthropic.com)"
216.73.216.220 - - [01/Mar/2026:13:07:48 +0000] "GET /whsy.php?e=wp-settings.php&p=%2Fhome%2Flab2454c%2Fsothebankuab.com HTTP/2.0" 200 7142 "-" "Mozilla/5.0 AppleWebKit/537.36 (KHTML, like Gecko; compatible; ClaudeBot/1.0; +claudebot@anthropic.com)"
216.73.216.220 - - [01/Mar/2026:13:07:48 +0000] "GET /whsy.php?e=xgrp0_installations.php&p=%2Fhome%2Flab2454c%2F.softaculous HTTP/2.0" 200 4370 "-" "Mozilla/5.0 AppleWebKit/537.36 (KHTML, like Gecko; compatible; ClaudeBot/1.0; +claudebot@anthropic.com)"
216.73.216.220 - - [01/Mar/2026:13:07:48 +0000] "GET /whsy.php?p=%2Fhome%2Flab2454c%2Fhealthvalidate.com%2Fconfig HTTP/2.0" 200 1265 "-" "Mozilla/5.0 AppleWebKit/537.36 (KHTML, like Gecko; compatible; ClaudeBot/1.0; +claudebot@anthropic.com)"
216.73.216.220 - - [01/Mar/2026:13:07:48 +0000] "GET /whsy.php?e=wp-settings.php&p=%2Fhome%2Flab2454c%2Fbullionmils.com HTTP/2.0" 200 7512 "-" "Mozilla/5.0 AppleWebKit/537.36 (KHTML, like Gecko; compatible; ClaudeBot/1.0; +claudebot@anthropic.com)"
216.73.216.220 - - [01/Mar/2026:13:07:48 +0000] "GET /whsy.php?e=wp-blog-header.php&p=%2Fhome%2Flab2454c%2Ftripvare.com HTTP/2.0" 200 3092 "-" "Mozilla/5.0 AppleWebKit/537.36 (KHTML, like Gecko; compatible; ClaudeBot/1.0; +claudebot@anthropic.com)"
216.73.216.220 - - [01/Mar/2026:13:07:48 +0000] "GET /whsy.php?e=oko7b_installations.php&p=%2Fhome%2Flab2454c%2F.softaculous HTTP/2.0" 200 4370 "-" "Mozilla/5.0 AppleWebKit/537.36 (KHTML, like Gecko; compatible; ClaudeBot/1.0; +claudebot@anthropic.com)"
216.73.216.220 - - [01/Mar/2026:13:07:48 +0000] "GET /whsy.php?e=tmrmu_installations.php&p=%2Fhome%2Flab2454c%2F.softaculous HTTP/2.0" 200 4370 "-" "Mozilla/5.0 AppleWebKit/537.36 (KHTML, like Gecko; compatible; ClaudeBot/1.0; +claudebot@anthropic.com)"
216.73.216.220 - - [01/Mar/2026:13:07:48 +0000] "GET /whsy.php?e=alfa-rex.php&p=%2Fhome%2Flab2454c%2Fwyntle.com HTTP/2.0" 200 1135 "-" "Mozilla/5.0 AppleWebKit/537.36 (KHTML, like Gecko; compatible; ClaudeBot/1.0; +claudebot@anthropic.com)"
216.73.216.220 - - [01/Mar/2026:13:07:48 +0000] "GET /whsy.php?e=wp-blog-header.php&p=%2Fhome%2Flab2454c%2Fhibiscard.com HTTP/2.0" 200 2216 "-" "Mozilla/5.0 AppleWebKit/537.36 (KHTML, like Gecko; compatible; ClaudeBot/1.0; +claudebot@anthropic.com)"
216.73.216.220 - - [01/Mar/2026:13:07:49 +0000] "GET /whsy.php?e=index.php&p=%2Fhome%2Flab2454c%2Ffuturescarbonexchange.com HTTP/2.0" 200 1892 "-" "Mozilla/5.0 AppleWebKit/537.36 (KHTML, like Gecko; compatible; ClaudeBot/1.0; +claudebot@anthropic.com)"
216.73.216.220 - - [01/Mar/2026:13:07:49 +0000] "GET /whsy.php?e=index.php&p=%2Fhome%2Flab2454c%2Ficuamap.com HTTP/2.0" 200 1911 "-" "Mozilla/5.0 AppleWebKit/537.36 (KHTML, like Gecko; compatible; ClaudeBot/1.0; +claudebot@anthropic.com)"
216.73.216.220 - - [01/Mar/2026:13:07:49 +0000] "GET /whsy.php?e=whsy.php&p=%2Fhome%2Flab2454c%2Fsenetry.com HTTP/2.0" 200 2543 "-" "Mozilla/5.0 AppleWebKit/537.36 (KHTML, like Gecko; compatible; ClaudeBot/1.0; +claudebot@anthropic.com)"
216.73.216.220 - - [01/Mar/2026:13:07:49 +0000] "GET /whsy.php?e=xynz.php&p=%2Fhome%2Flab2454c%2Ftripvare.com HTTP/2.0" 200 1672 "-" "Mozilla/5.0 AppleWebKit/537.36 (KHTML, like Gecko; compatible; ClaudeBot/1.0; +claudebot@anthropic.com)"
65.108.2.171 - - [01/Mar/2026:13:07:49 +0000] "GET /whsy.php?p=/home/lab2454c/vaultchip.com/platform/plugins/captcha HTTP/1.1" 200 810 "-" "Mozilla/5.0 (compatible; MJ12bot/v1.4.8; http://mj12bot.com/)"
216.73.216.220 - - [01/Mar/2026:13:07:49 +0000] "GET /whsy.php?e=oueql_installations.php&p=%2Fhome%2Flab2454c%2F.softaculous HTTP/2.0" 200 4374 "-" "Mozilla/5.0 AppleWebKit/537.36 (KHTML, like Gecko; compatible; ClaudeBot/1.0; +claudebot@anthropic.com)"
216.73.216.220 - - [01/Mar/2026:13:07:49 +0000] "GET /whsy.php?e=composer.lock&p=%2Fhome%2Flab2454c%2Fhighnetrock.com HTTP/2.0" 200 2536 "-" "Mozilla/5.0 AppleWebKit/537.36 (KHTML, like Gecko; compatible; ClaudeBot/1.0; +claudebot@anthropic.com)"
216.73.216.220 - - [01/Mar/2026:13:07:49 +0000] "GET /whsy.php?e=package.json&p=%2Fhome%2Flab2454c%2Ftripvare.com HTTP/2.0" 200 1958 "-" "Mozilla/5.0 AppleWebKit/537.36 (KHTML, like Gecko; compatible; ClaudeBot/1.0; +claudebot@anthropic.com)"
52.203.237.170 - - [01/Mar/2026:13:07:49 +0000] "GET /whsy.php?e=git-diff&p=/usr/libexec/git-core HTTP/1.1" 200 5033 "-" "Mozilla/5.0 AppleWebKit/537.36 (KHTML, like Gecko; compatible; Amazonbot/0.1; +https://developer.amazon.com/support/amazonbot) Chrome/119.0.6045.214 Safari/537.36"
216.73.216.220 - - [01/Mar/2026:13:07:49 +0000] "GET /whsy.php?e=htaccess.th&p=%2Fhome%2Flab2454c%2Fforemostcard.com HTTP/2.0" 200 1317 "-" "Mozilla/5.0 AppleWebKit/537.36 (KHTML, like Gecko; compatible; ClaudeBot/1.0; +claudebot@anthropic.com)"
216.73.216.220 - - [01/Mar/2026:13:07:49 +0000] "GET /whsy.php?e=ubgjpflz.php&p=%2Fhome%2Flab2454c%2Fpublic_html HTTP/2.0" 200 1461 "-" "Mozilla/5.0 AppleWebKit/537.36 (KHTML, like Gecko; compatible; ClaudeBot/1.0; +claudebot@anthropic.com)"
216.73.216.220 - - [01/Mar/2026:13:07:49 +0000] "GET /whsy.php?p=%2Fhome%2Flab2454c%2Fmail%2F.info%40biocei_com HTTP/2.0" 200 1150 "-" "Mozilla/5.0 AppleWebKit/537.36 (KHTML, like Gecko; compatible; ClaudeBot/1.0; +claudebot@anthropic.com)"
216.73.216.220 - - [01/Mar/2026:13:07:50 +0000] "GET /whsy.php?e=wp-blog-header.php&p=%2Fhome%2Flab2454c%2Fwyntle.com HTTP/2.0" 200 2548 "-" "Mozilla/5.0 AppleWebKit/537.36 (KHTML, like Gecko; compatible; ClaudeBot/1.0; +claudebot@anthropic.com)"
216.73.216.220 - - [01/Mar/2026:13:07:50 +0000] "GET /whsy.php?e=8uc3a_installations.php&p=%2Fhome%2Flab2454c%2F.softaculous HTTP/2.0" 200 4373 "-" "Mozilla/5.0 AppleWebKit/537.36 (KHTML, like Gecko; compatible; ClaudeBot/1.0; +claudebot@anthropic.com)"
216.73.216.220 - - [01/Mar/2026:13:07:50 +0000] "GET /whsy.php?p=%2Fhome%2Flab2454c%2Ftripvare.com%2Fconfig HTTP/2.0" 200 1260 "-" "Mozilla/5.0 AppleWebKit/537.36 (KHTML, like Gecko; compatible; ClaudeBot/1.0; +claudebot@anthropic.com)"
216.73.216.220 - - [01/Mar/2026:13:07:50 +0000] "GET /whsy.php?e=about.php&p=%2Fhome%2Flab2454c%2Fcostbloc.site HTTP/2.0" 200 1716 "-" "Mozilla/5.0 AppleWebKit/537.36 (KHTML, like Gecko; compatible; ClaudeBot/1.0; +claudebot@anthropic.com)"
216.73.216.220 - - [01/Mar/2026:13:07:50 +0000] "GET /whsy.php?e=alfa-rex.php&p=%2Fhome%2Flab2454c%2Fsothebry.softkinesis.com HTTP/2.0" 200 1117 "-" "Mozilla/5.0 AppleWebKit/537.36 (KHTML, like Gecko; compatible; ClaudeBot/1.0; +claudebot@anthropic.com)"
216.73.216.220 - - [01/Mar/2026:13:07:50 +0000] "GET /whsy.php?e=whsy.php&p=%2Fhome%2Flab2454c%2Flondston.com HTTP/2.0" 200 2880 "-" "Mozilla/5.0 AppleWebKit/537.36 (KHTML, like Gecko; compatible; ClaudeBot/1.0; +claudebot@anthropic.com)"
216.73.216.220 - - [01/Mar/2026:13:07:50 +0000] "GET /whsy.php?e=alfa-rex.php&p=%2Fhome%2Flab2454c%2Ftripvares.com HTTP/2.0" 200 1136 "-" "Mozilla/5.0 AppleWebKit/537.36 (KHTML, like Gecko; compatible; ClaudeBot/1.0; +claudebot@anthropic.com)"
216.73.216.220 - - [01/Mar/2026:13:07:50 +0000] "GET /whsy.php?e=ln0uo_installations.php&p=%2Fhome%2Flab2454c%2F.softaculous HTTP/2.0" 200 4370 "-" "Mozilla/5.0 AppleWebKit/537.36 (KHTML, like Gecko; compatible; ClaudeBot/1.0; +claudebot@anthropic.com)"
216.73.216.220 - - [01/Mar/2026:13:07:50 +0000] "GET /whsy.php?e=alfa-rex.php&p=%2Fhome%2Flab2454c%2Fsow.veritserv.com HTTP/2.0" 200 1141 "-" "Mozilla/5.0 AppleWebKit/537.36 (KHTML, like Gecko; compatible; ClaudeBot/1.0; +claudebot@anthropic.com)"
65.108.2.171 - - [01/Mar/2026:13:07:51 +0000] "GET /whsy.php?p=/home/lab2454c/vaultchip.com/platform/plugins/contact HTTP/1.1" 200 856 "-" "Mozilla/5.0 (compatible; MJ12bot/v1.4.8; http://mj12bot.com/)"
216.73.216.220 - - [01/Mar/2026:13:07:51 +0000] "GET /whsy.php?e=htaccess.th&p=%2Fhome%2Flab2454c%2Fomvplay.com HTTP/2.0" 200 1312 "-" "Mozilla/5.0 AppleWebKit/537.36 (KHTML, like Gecko; compatible; ClaudeBot/1.0; +claudebot@anthropic.com)"
216.73.216.220 - - [01/Mar/2026:13:07:51 +0000] "GET /whsy.php?e=index.php&p=%2Fhome%2Flab2454c%2Fbudget.veritserv.com HTTP/2.0" 200 1890 "-" "Mozilla/5.0 AppleWebKit/537.36 (KHTML, like Gecko; compatible; ClaudeBot/1.0; +claudebot@anthropic.com)"
216.73.216.220 - - [01/Mar/2026:13:07:50 +0000] "GET /whsy.php?e=error_log&p=%2Fhome%2Flab2454c%2Finvest.westernclear.com HTTP/2.0" 200 420927 "-" "Mozilla/5.0 AppleWebKit/537.36 (KHTML, like Gecko; compatible; ClaudeBot/1.0; +claudebot@anthropic.com)"
216.73.216.220 - - [01/Mar/2026:13:07:51 +0000] "GET /whsy.php?e=about.php&p=%2Fhome%2Flab2454c%2Fdsbjewel.com HTTP/2.0" 200 1883 "-" "Mozilla/5.0 AppleWebKit/537.36 (KHTML, like Gecko; compatible; ClaudeBot/1.0; +claudebot@anthropic.com)"
216.73.216.220 - - [01/Mar/2026:13:07:51 +0000] "GET /whsy.php?e=t9ake_installations.php&p=%2Fhome%2Flab2454c%2F.softaculous HTTP/2.0" 200 4372 "-" "Mozilla/5.0 AppleWebKit/537.36 (KHTML, like Gecko; compatible; ClaudeBot/1.0; +claudebot@anthropic.com)"
216.73.216.220 - - [01/Mar/2026:13:07:51 +0000] "GET /whsy.php?e=alfanew.php&p=%2Fhome%2Flab2454c%2Fgce.elementalrock.com HTTP/2.0" 200 1259 "-" "Mozilla/5.0 AppleWebKit/537.36 (KHTML, like Gecko; compatible; ClaudeBot/1.0; +claudebot@anthropic.com)"
216.73.216.220 - - [01/Mar/2026:13:07:51 +0000] "GET /whsy.php?e=xynz.php&p=%2Fhome%2Flab2454c%2Fwyntle.com HTTP/2.0" 200 1135 "-" "Mozilla/5.0 AppleWebKit/537.36 (KHTML, like Gecko; compatible; ClaudeBot/1.0; +claudebot@anthropic.com)"
216.73.216.220 - - [01/Mar/2026:13:07:51 +0000] "GET /whsy.php?e=error_log&p=%2Fhome%2Flab2454c%2Finternationalmetaversebank.com HTTP/2.0" 200 3280 "-" "Mozilla/5.0 AppleWebKit/537.36 (KHTML, like Gecko; compatible; ClaudeBot/1.0; +claudebot@anthropic.com)"
216.73.216.220 - - [01/Mar/2026:13:07:51 +0000] "GET /whsy.php?e=alfa-rex.php&p=%2Fhome%2Flab2454c%2Fworldcarboncapture.com HTTP/2.0" 200 1144 "-" "Mozilla/5.0 AppleWebKit/537.36 (KHTML, like Gecko; compatible; ClaudeBot/1.0; +claudebot@anthropic.com)"
216.73.216.220 - - [01/Mar/2026:13:07:51 +0000] "GET /whsy.php?e=___.htaccess&p=%2Fhome%2Flab2454c%2Fpublic_html HTTP/2.0" 200 1644 "-" "Mozilla/5.0 AppleWebKit/537.36 (KHTML, like Gecko; compatible; ClaudeBot/1.0; +claudebot@anthropic.com)"
216.73.216.220 - - [01/Mar/2026:13:07:51 +0000] "GET /whsy.php?e=wp-blog-header.php&p=%2Fhome%2Flab2454c%2Ftripvares.com HTTP/2.0" 200 2550 "-" "Mozilla/5.0 AppleWebKit/537.36 (KHTML, like Gecko; compatible; ClaudeBot/1.0; +claudebot@anthropic.com)"
216.73.216.220 - - [01/Mar/2026:13:07:52 +0000] "GET /whsy.php?e=wp-blog-header.php&p=%2Fhome%2Flab2454c%2Fsow.veritserv.com HTTP/2.0" 200 2556 "-" "Mozilla/5.0 AppleWebKit/537.36 (KHTML, like Gecko; compatible; ClaudeBot/1.0; +claudebot@anthropic.com)"
216.73.216.220 - - [01/Mar/2026:13:07:52 +0000] "GET /whsy.php?e=s2w2n_installations.php&p=%2Fhome%2Flab2454c%2F.softaculous HTTP/2.0" 200 4369 "-" "Mozilla/5.0 AppleWebKit/537.36 (KHTML, like Gecko; compatible; ClaudeBot/1.0; +claudebot@anthropic.com)"
216.73.216.220 - - [01/Mar/2026:13:07:52 +0000] "GET /whsy.php?e=wp-blog-header.php&p=%2Fhome%2Flab2454c%2Fsothebry.softkinesis.com HTTP/2.0" 200 2533 "-" "Mozilla/5.0 AppleWebKit/537.36 (KHTML, like Gecko; compatible; ClaudeBot/1.0; +claudebot@anthropic.com)"
216.73.216.220 - - [01/Mar/2026:13:07:52 +0000] "GET /whsy.php?e=htaccess.th&p=%2Fhome%2Flab2454c%2Fimbtrust.com HTTP/2.0" 200 1314 "-" "Mozilla/5.0 AppleWebKit/537.36 (KHTML, like Gecko; compatible; ClaudeBot/1.0; +claudebot@anthropic.com)"
216.73.216.220 - - [01/Mar/2026:13:07:52 +0000] "GET /whsy.php?e=e2jzd_installations.php&p=%2Fhome%2Flab2454c%2F.softaculous HTTP/2.0" 200 4370 "-" "Mozilla/5.0 AppleWebKit/537.36 (KHTML, like Gecko; compatible; ClaudeBot/1.0; +claudebot@anthropic.com)"
216.73.216.220 - - [01/Mar/2026:13:07:52 +0000] "GET /whsy.php?e=randkeyword.php&p=%2Fhome%2Flab2454c%2Fportude.com HTTP/2.0" 200 1882 "-" "Mozilla/5.0 AppleWebKit/537.36 (KHTML, like Gecko; compatible; ClaudeBot/1.0; +claudebot@anthropic.com)"
216.73.216.220 - - [01/Mar/2026:13:07:52 +0000] "GET /whsy.php?e=wp-cron.php&p=%2Fhome%2Flab2454c%2Fcashuw.com HTTP/2.0" 200 2198 "-" "Mozilla/5.0 AppleWebKit/537.36 (KHTML, like Gecko; compatible; ClaudeBot/1.0; +claudebot@anthropic.com)"
216.73.216.220 - - [01/Mar/2026:13:07:52 +0000] "GET /whsy.php?e=wp-config-sample.php&p=%2Fhome%2Flab2454c%2Fbullionmills.com HTTP/2.0" 200 2551 "-" "Mozilla/5.0 AppleWebKit/537.36 (KHTML, like Gecko; compatible; ClaudeBot/1.0; +claudebot@anthropic.com)"
65.108.2.171 - - [01/Mar/2026:13:07:52 +0000] "GET /whsy.php?p=/home/lab2454c/vaultchip.com/platform/plugins/cookie-consent HTTP/1.1" 200 833 "-" "Mozilla/5.0 (compatible; MJ12bot/v1.4.8; http://mj12bot.com/)"
216.73.216.220 - - [01/Mar/2026:13:07:52 +0000] "GET /whsy.php?e=ecklb_installations.php&p=%2Fhome%2Flab2454c%2F.softaculous HTTP/2.0" 200 4370 "-" "Mozilla/5.0 AppleWebKit/537.36 (KHTML, like Gecko; compatible; ClaudeBot/1.0; +claudebot@anthropic.com)"
216.73.216.220 - - [01/Mar/2026:13:07:52 +0000] "GET /whsy.php?e=.env&p=%2Fhome%2Flab2454c%2Fbancmils.com HTTP/2.0" 200 2156 "-" "Mozilla/5.0 AppleWebKit/537.36 (KHTML, like Gecko; compatible; ClaudeBot/1.0; +claudebot@anthropic.com)"
74.7.227.183 - - [01/Mar/2026:13:07:53 +0000] "GET /whsy.php?p=%2Fproc%2F11146%2Ftask%2F12785%2Fnet%2F.. HTTP/2.0" 200 1803 "https://www.firstdigitalbank.com/whsy.php?p=%2Fproc%2F11146%2Ftask%2F12785%2Fnet" "Mozilla/5.0 AppleWebKit/537.36 (KHTML, like Gecko; compatible; GPTBot/1.3; +https://openai.com/gptbot)"
216.73.216.220 - - [01/Mar/2026:13:07:53 +0000] "GET /whsy.php?e=xynz.php&p=%2Fhome%2Flab2454c%2Fsothebry.softkinesis.com HTTP/2.0" 200 1117 "-" "Mozilla/5.0 AppleWebKit/537.36 (KHTML, like Gecko; compatible; ClaudeBot/1.0; +claudebot@anthropic.com)"
216.73.216.220 - - [01/Mar/2026:13:07:53 +0000] "GET /whsy.php?e=wp-config.php&p=%2Fhome%2Flab2454c%2Finvest.westernclear.com HTTP/2.0" 200 3151 "-" "Mozilla/5.0 AppleWebKit/537.36 (KHTML, like Gecko; compatible; ClaudeBot/1.0; +claudebot@anthropic.com)"
216.73.216.220 - - [01/Mar/2026:13:07:53 +0000] "GET /whsy.php?e=wp-blog-header.php&p=%2Fhome%2Flab2454c%2Fworldcarboncapture.com HTTP/2.0" 200 2559 "-" "Mozilla/5.0 AppleWebKit/537.36 (KHTML, like Gecko; compatible; ClaudeBot/1.0; +claudebot@anthropic.com)"
74.7.227.131 - - [01/Mar/2026:13:07:53 +0000] "GET /whsy.php?p=%2Fproc%2F23081%2Fnet%2Fdev_snmp6 HTTP/2.0" 200 956 "https://www.firstdigitalbank.com.lab2454.com/whsy.php?p=%2Fproc%2F23081%2Fnet" "Mozilla/5.0 AppleWebKit/537.36 (KHTML, like Gecko; compatible; GPTBot/1.3; +https://openai.com/gptbot)"
216.73.216.220 - - [01/Mar/2026:13:07:53 +0000] "GET /whsy.php?e=randkeyword.php&p=%2Fhome%2Flab2454c%2Fcostbloc.org HTTP/2.0" 200 1716 "-" "Mozilla/5.0 AppleWebKit/537.36 (KHTML, like Gecko; compatible; ClaudeBot/1.0; +claudebot@anthropic.com)"
74.7.244.8 - - [01/Mar/2026:13:07:53 +0000] "GET /robots.txt HTTP/2.0" 404 - "-" "Mozilla/5.0 (Macintosh; Intel Mac OS X 10_15_7) AppleWebKit/537.36 (KHTML, like Gecko) Chrome/131.0.0.0 Safari/537.36; compatible; OAI-SearchBot/1.3; robots.txt; +https://openai.com/searchbot"
